This is the mail archive of the
gcc-testresults@gcc.gnu.org
mailing list for the GCC project.
Results for 4.9.0 20131103 (experimental) testsuite on sparc-unknown-linux-gnu
- From: Mikael Pettersson <mikpelinux at gmail dot com>
- To: gcc-testresults at gcc dot gnu dot org
- Date: Mon, 4 Nov 2013 19:46:43 +0100
- Subject: Results for 4.9.0 20131103 (experimental) testsuite on sparc-unknown-linux-gnu
- Authentication-results: sourceware.org; auth=none
LAST_UPDATED: Obtained from SVN: trunk revision 204338
=== acats tests ===
FAIL: c52103x
FAIL: c52104x
FAIL: c52104y
=== acats Summary ===
# of expected passes 2317
# of unexpected failures 3
Native configuration is sparc-unknown-linux-gnu
=== g++ tests ===
Running target unix
=== g++ Summary ===
# of expected passes 52914
# of expected failures 290
# of unsupported tests 1101
/mnt/scratch/objdir49/gcc/testsuite/g++/../../xg++ version 4.9.0 20131103 (experimental) (GCC)
=== gcc tests ===
Running target unix
FAIL: c-c++-common/cilk-plus/CK/compound_cilk_spawn.c -O0 -flto -g -fcilkplus -L/mnt/scratch/objdir49/sparc-unknown-linux/./libcilkrts/.libs (test for errors, line 22)
FAIL: c-c++-common/cilk-plus/CK/compound_cilk_spawn.c -O0 -flto -g -fcilkplus -L/mnt/scratch/objdir49/sparc-unknown-linux/./libcilkrts/.libs (test for errors, line 23)
FAIL: c-c++-common/cilk-plus/CK/compound_cilk_spawn.c -O0 -flto -g -fcilkplus -L/mnt/scratch/objdir49/sparc-unknown-linux/./libcilkrts/.libs (test for errors, line 24)
FAIL: c-c++-common/cilk-plus/CK/compound_cilk_spawn.c -O0 -flto -g -fcilkplus -L/mnt/scratch/objdir49/sparc-unknown-linux/./libcilkrts/.libs (test for excess errors)
FAIL: c-c++-common/cilk-plus/CK/concec_cilk_spawn.c -O0 -flto -g -fcilkplus -L/mnt/scratch/objdir49/sparc-unknown-linux/./libcilkrts/.libs (test for errors, line 16)
FAIL: c-c++-common/cilk-plus/CK/concec_cilk_spawn.c -O0 -flto -g -fcilkplus -L/mnt/scratch/objdir49/sparc-unknown-linux/./libcilkrts/.libs (test for errors, line 17)
FAIL: c-c++-common/cilk-plus/CK/concec_cilk_spawn.c -O0 -flto -g -fcilkplus -L/mnt/scratch/objdir49/sparc-unknown-linux/./libcilkrts/.libs (test for errors, line 18)
FAIL: c-c++-common/cilk-plus/CK/concec_cilk_spawn.c -O0 -flto -g -fcilkplus -L/mnt/scratch/objdir49/sparc-unknown-linux/./libcilkrts/.libs (test for excess errors)
FAIL: c-c++-common/cilk-plus/CK/invalid_spawns.c -O0 -flto -g -fcilkplus -L/mnt/scratch/objdir49/sparc-unknown-linux/./libcilkrts/.libs (test for errors, line 2)
FAIL: c-c++-common/cilk-plus/CK/invalid_spawns.c -O0 -flto -g -fcilkplus -L/mnt/scratch/objdir49/sparc-unknown-linux/./libcilkrts/.libs (test for errors, line 9)
FAIL: c-c++-common/cilk-plus/CK/invalid_spawns.c -O0 -flto -g -fcilkplus -L/mnt/scratch/objdir49/sparc-unknown-linux/./libcilkrts/.libs (test for excess errors)
FAIL: c-c++-common/cilk-plus/CK/no_args_error.c -O0 -flto -g -fcilkplus -L/mnt/scratch/objdir49/sparc-unknown-linux/./libcilkrts/.libs (test for errors, line 9)
FAIL: c-c++-common/cilk-plus/CK/no_args_error.c -O0 -flto -g -fcilkplus -L/mnt/scratch/objdir49/sparc-unknown-linux/./libcilkrts/.libs (test for excess errors)
FAIL: c-c++-common/cilk-plus/CK/spawn_in_return.c -O0 -flto -g -fcilkplus -L/mnt/scratch/objdir49/sparc-unknown-linux/./libcilkrts/.libs (test for errors, line 7)
FAIL: c-c++-common/cilk-plus/CK/spawn_in_return.c -O0 -flto -g -fcilkplus -L/mnt/scratch/objdir49/sparc-unknown-linux/./libcilkrts/.libs (test for excess errors)
FAIL: c-c++-common/cilk-plus/CK/sync_wo_spawn.c -O0 -flto -g -fcilkplus -L/mnt/scratch/objdir49/sparc-unknown-linux/./libcilkrts/.libs (test for errors, line 6)
FAIL: c-c++-common/cilk-plus/CK/sync_wo_spawn.c -O0 -flto -g -fcilkplus -L/mnt/scratch/objdir49/sparc-unknown-linux/./libcilkrts/.libs (test for excess errors)
FAIL: c-c++-common/cilk-plus/CK/test__cilk.c -O0 -flto -g -fcilkplus -L/mnt/scratch/objdir49/sparc-unknown-linux/./libcilkrts/.libs (test for excess errors)
WARNING: c-c++-common/cilk-plus/CK/test__cilk.c -O0 -flto -g -fcilkplus -L/mnt/scratch/objdir49/sparc-unknown-linux/./libcilkrts/.libs compilation failed to produce executable
FAIL: c-c++-common/cilk-plus/CK/compound_cilk_spawn.c -O2 -flto -g -fcilkplus -L/mnt/scratch/objdir49/sparc-unknown-linux/./libcilkrts/.libs (test for errors, line 22)
FAIL: c-c++-common/cilk-plus/CK/compound_cilk_spawn.c -O2 -flto -g -fcilkplus -L/mnt/scratch/objdir49/sparc-unknown-linux/./libcilkrts/.libs (test for errors, line 23)
FAIL: c-c++-common/cilk-plus/CK/compound_cilk_spawn.c -O2 -flto -g -fcilkplus -L/mnt/scratch/objdir49/sparc-unknown-linux/./libcilkrts/.libs (test for errors, line 24)
FAIL: c-c++-common/cilk-plus/CK/compound_cilk_spawn.c -O2 -flto -g -fcilkplus -L/mnt/scratch/objdir49/sparc-unknown-linux/./libcilkrts/.libs (test for excess errors)
FAIL: c-c++-common/cilk-plus/CK/concec_cilk_spawn.c -O2 -flto -g -fcilkplus -L/mnt/scratch/objdir49/sparc-unknown-linux/./libcilkrts/.libs (test for errors, line 16)
FAIL: c-c++-common/cilk-plus/CK/concec_cilk_spawn.c -O2 -flto -g -fcilkplus -L/mnt/scratch/objdir49/sparc-unknown-linux/./libcilkrts/.libs (test for errors, line 17)
FAIL: c-c++-common/cilk-plus/CK/concec_cilk_spawn.c -O2 -flto -g -fcilkplus -L/mnt/scratch/objdir49/sparc-unknown-linux/./libcilkrts/.libs (test for errors, line 18)
FAIL: c-c++-common/cilk-plus/CK/concec_cilk_spawn.c -O2 -flto -g -fcilkplus -L/mnt/scratch/objdir49/sparc-unknown-linux/./libcilkrts/.libs (test for excess errors)
FAIL: c-c++-common/cilk-plus/CK/invalid_spawns.c -O2 -flto -g -fcilkplus -L/mnt/scratch/objdir49/sparc-unknown-linux/./libcilkrts/.libs (test for errors, line 2)
FAIL: c-c++-common/cilk-plus/CK/invalid_spawns.c -O2 -flto -g -fcilkplus -L/mnt/scratch/objdir49/sparc-unknown-linux/./libcilkrts/.libs (test for errors, line 9)
FAIL: c-c++-common/cilk-plus/CK/invalid_spawns.c -O2 -flto -g -fcilkplus -L/mnt/scratch/objdir49/sparc-unknown-linux/./libcilkrts/.libs (test for excess errors)
FAIL: c-c++-common/cilk-plus/CK/no_args_error.c -O2 -flto -g -fcilkplus -L/mnt/scratch/objdir49/sparc-unknown-linux/./libcilkrts/.libs (test for errors, line 9)
FAIL: c-c++-common/cilk-plus/CK/no_args_error.c -O2 -flto -g -fcilkplus -L/mnt/scratch/objdir49/sparc-unknown-linux/./libcilkrts/.libs (test for excess errors)
FAIL: c-c++-common/cilk-plus/CK/spawn_in_return.c -O2 -flto -g -fcilkplus -L/mnt/scratch/objdir49/sparc-unknown-linux/./libcilkrts/.libs (test for errors, line 7)
FAIL: c-c++-common/cilk-plus/CK/spawn_in_return.c -O2 -flto -g -fcilkplus -L/mnt/scratch/objdir49/sparc-unknown-linux/./libcilkrts/.libs (test for excess errors)
FAIL: c-c++-common/cilk-plus/CK/sync_wo_spawn.c -O2 -flto -g -fcilkplus -L/mnt/scratch/objdir49/sparc-unknown-linux/./libcilkrts/.libs (test for errors, line 6)
FAIL: c-c++-common/cilk-plus/CK/sync_wo_spawn.c -O2 -flto -g -fcilkplus -L/mnt/scratch/objdir49/sparc-unknown-linux/./libcilkrts/.libs (test for excess errors)
FAIL: c-c++-common/cilk-plus/CK/test__cilk.c -O2 -flto -g -fcilkplus -L/mnt/scratch/objdir49/sparc-unknown-linux/./libcilkrts/.libs (test for excess errors)
WARNING: c-c++-common/cilk-plus/CK/test__cilk.c -O2 -flto -g -fcilkplus -L/mnt/scratch/objdir49/sparc-unknown-linux/./libcilkrts/.libs compilation failed to produce executable
FAIL: c-c++-common/cilk-plus/CK/compound_cilk_spawn.c -O3 -flto -g -fcilkplus -L/mnt/scratch/objdir49/sparc-unknown-linux/./libcilkrts/.libs (test for errors, line 22)
FAIL: c-c++-common/cilk-plus/CK/compound_cilk_spawn.c -O3 -flto -g -fcilkplus -L/mnt/scratch/objdir49/sparc-unknown-linux/./libcilkrts/.libs (test for errors, line 23)
FAIL: c-c++-common/cilk-plus/CK/compound_cilk_spawn.c -O3 -flto -g -fcilkplus -L/mnt/scratch/objdir49/sparc-unknown-linux/./libcilkrts/.libs (test for errors, line 24)
FAIL: c-c++-common/cilk-plus/CK/compound_cilk_spawn.c -O3 -flto -g -fcilkplus -L/mnt/scratch/objdir49/sparc-unknown-linux/./libcilkrts/.libs (test for excess errors)
FAIL: c-c++-common/cilk-plus/CK/concec_cilk_spawn.c -O3 -flto -g -fcilkplus -L/mnt/scratch/objdir49/sparc-unknown-linux/./libcilkrts/.libs (test for errors, line 16)
FAIL: c-c++-common/cilk-plus/CK/concec_cilk_spawn.c -O3 -flto -g -fcilkplus -L/mnt/scratch/objdir49/sparc-unknown-linux/./libcilkrts/.libs (test for errors, line 17)
FAIL: c-c++-common/cilk-plus/CK/concec_cilk_spawn.c -O3 -flto -g -fcilkplus -L/mnt/scratch/objdir49/sparc-unknown-linux/./libcilkrts/.libs (test for errors, line 18)
FAIL: c-c++-common/cilk-plus/CK/concec_cilk_spawn.c -O3 -flto -g -fcilkplus -L/mnt/scratch/objdir49/sparc-unknown-linux/./libcilkrts/.libs (test for excess errors)
FAIL: c-c++-common/cilk-plus/CK/invalid_spawns.c -O3 -flto -g -fcilkplus -L/mnt/scratch/objdir49/sparc-unknown-linux/./libcilkrts/.libs (test for errors, line 2)
FAIL: c-c++-common/cilk-plus/CK/invalid_spawns.c -O3 -flto -g -fcilkplus -L/mnt/scratch/objdir49/sparc-unknown-linux/./libcilkrts/.libs (test for errors, line 9)
FAIL: c-c++-common/cilk-plus/CK/invalid_spawns.c -O3 -flto -g -fcilkplus -L/mnt/scratch/objdir49/sparc-unknown-linux/./libcilkrts/.libs (test for excess errors)
FAIL: c-c++-common/cilk-plus/CK/no_args_error.c -O3 -flto -g -fcilkplus -L/mnt/scratch/objdir49/sparc-unknown-linux/./libcilkrts/.libs (test for errors, line 9)
FAIL: c-c++-common/cilk-plus/CK/no_args_error.c -O3 -flto -g -fcilkplus -L/mnt/scratch/objdir49/sparc-unknown-linux/./libcilkrts/.libs (test for excess errors)
FAIL: c-c++-common/cilk-plus/CK/spawn_in_return.c -O3 -flto -g -fcilkplus -L/mnt/scratch/objdir49/sparc-unknown-linux/./libcilkrts/.libs (test for errors, line 7)
FAIL: c-c++-common/cilk-plus/CK/spawn_in_return.c -O3 -flto -g -fcilkplus -L/mnt/scratch/objdir49/sparc-unknown-linux/./libcilkrts/.libs (test for excess errors)
FAIL: c-c++-common/cilk-plus/CK/sync_wo_spawn.c -O3 -flto -g -fcilkplus -L/mnt/scratch/objdir49/sparc-unknown-linux/./libcilkrts/.libs (test for errors, line 6)
FAIL: c-c++-common/cilk-plus/CK/sync_wo_spawn.c -O3 -flto -g -fcilkplus -L/mnt/scratch/objdir49/sparc-unknown-linux/./libcilkrts/.libs (test for excess errors)
FAIL: c-c++-common/cilk-plus/CK/test__cilk.c -O3 -flto -g -fcilkplus -L/mnt/scratch/objdir49/sparc-unknown-linux/./libcilkrts/.libs (test for excess errors)
WARNING: c-c++-common/cilk-plus/CK/test__cilk.c -O3 -flto -g -fcilkplus -L/mnt/scratch/objdir49/sparc-unknown-linux/./libcilkrts/.libs compilation failed to produce executable
XPASS: gcc.dg/binop-xor1.c scan-tree-dump-times optimized "\\\\^" 1
FAIL: gcc.dg/uninit-pred-8_b.c bogus warning (test for bogus messages, line 20)
FAIL: gcc.dg/uninit-pred-9_b.c bogus warning (test for bogus messages, line 24)
FAIL: gcc.dg/tree-prof/crossmodule-indircall-1a.c compilation, -fprofile-generate -D_PROFILE_GENERATE
UNRESOLVED: gcc.dg/tree-prof/crossmodule-indircall-1a.c execution, -fprofile-generate -D_PROFILE_GENERATE
UNRESOLVED: gcc.dg/tree-prof/crossmodule-indircall-1a.c compilation, -fprofile-use -D_PROFILE_USE
UNRESOLVED: gcc.dg/tree-prof/crossmodule-indircall-1a.c execution, -fprofile-use -D_PROFILE_USE
FAIL: gcc.dg/vect/pr58508.c scan-tree-dump-times vect "hoist" 8
FAIL: gcc.dg/vect/vect-reduc-pattern-3.c scan-tree-dump-times vect "vectorized 1 loops" 1
=== gcc Summary ===
# of expected passes 75419
# of unexpected failures 59
# of unexpected successes 1
# of expected failures 222
# of unresolved testcases 3
# of unsupported tests 1597
/mnt/scratch/objdir49/gcc/xgcc version 4.9.0 20131103 (experimental) (GCC)
=== gfortran tests ===
Running target unix
FAIL: gfortran.dg/class_48.f90 -O2 (test for excess errors)
FAIL: gfortran.dg/class_48.f90 -Os (test for excess errors)
=== gfortran Summary ===
# of expected passes 44377
# of unexpected failures 2
# of expected failures 40
# of unsupported tests 277
/mnt/scratch/objdir49/gcc/testsuite/gfortran/../../gfortran version 4.9.0 20131103 (experimental) (GCC)
=== gnat tests ===
Running target unix
FAIL: gnat.dg/null_pointer_deref1.adb execution test
FAIL: gnat.dg/null_pointer_deref3.adb execution test
=== gnat Summary ===
# of expected passes 1183
# of unexpected failures 2
# of expected failures 18
# of unsupported tests 11
/mnt/scratch/objdir49/gcc/gnatmake version 4.9.0 20131103 (experimental)
=== libatomic tests ===
Running target unix
=== libatomic Summary ===
# of expected passes 34
# of unsupported tests 10
=== libgomp tests ===
Running target unix
FAIL: libgomp.c/pr58392.c execution test
=== libgomp Summary ===
# of expected passes 2340
# of unexpected failures 1
# of unsupported tests 1
=== libitm tests ===
Running target unix
=== libitm Summary ===
# of expected passes 26
# of expected failures 3
# of unsupported tests 1
=== libstdc++ tests ===
Running target unix
FAIL: libstdc++-abi/abi_check
FAIL: 22_locale/messages/members/char/1.cc execution test
FAIL: 22_locale/messages/members/char/2.cc execution test
FAIL: 22_locale/messages/members/char/wrapped_env.cc execution test
FAIL: 22_locale/messages/members/char/wrapped_locale.cc execution test
FAIL: 22_locale/messages_byname/named_equivalence.cc execution test
FAIL: experimental/optional/cons/copy.cc (test for excess errors)
WARNING: experimental/optional/cons/copy.cc compilation failed to produce executable
FAIL: experimental/optional/cons/move.cc execution test
FAIL: experimental/optional/cons/value.cc (test for excess errors)
FAIL: experimental/optional/cons/value.cc execution test
FAIL: experimental/optional/constexpr/cons/value.cc (test for excess errors)
=== libstdc++ Summary ===
# of expected passes 9399
# of unexpected failures 11
# of expected failures 40
# of unsupported tests 257
Compiler version: 4.9.0 20131103 (experimental)
Platform: sparc-unknown-linux-gnu
configure flags: --prefix=/mnt/scratch/install49 --with-gmp=/home/mikpe/pkgs/linux-sparc64/gmp-5.1.3 --with-mpfr=/home/mikpe/pkgs/linux-sparc64/mpfr-3.1.2 --with-mpc=/home/mikpe/pkgs/linux-sparc64/mpc-1.0.1 --enable-multilib --disable-plugin --disable-lto --disable-nls --enable-threads=posix --enable-checking=release --disable-libmudflap --enable-languages=c,ada,c++,fortran --build=sparc-unknown-linux --target=sparc-unknown-linux --with-cpu=ultrasparc --enable-targets=all
BOOT_CFLAGS=-g -O2