This is the mail archive of the
gcc-testresults@gcc.gnu.org
mailing list for the GCC project.
Results for 4.9.0 20131031 (experimental) [trunk revision 204270] (GCC) testsuite on hppa1.1-hp-hpux11.11
- From: John David Anglin <dave at hiauly3 dot hia dot nrc dot ca>
- To: dave at hiauly3 dot hia dot nrc dot ca, gcc-testresults at gcc dot gnu dot org
- Date: Fri, 1 Nov 2013 10:22:42 -0400 (EDT)
- Subject: Results for 4.9.0 20131031 (experimental) [trunk revision 204270] (GCC) testsuite on hppa1.1-hp-hpux11.11
- Authentication-results: sourceware.org; auth=none
Native configuration is hppa1.1-hp-hpux11.11
=== g++ tests ===
Running target unix
UNRESOLVED: g++.dg/ext/label13.C -std=gnu++98 compilation failed to produce executable
UNRESOLVED: g++.dg/ext/label13.C -std=gnu++11 compilation failed to produce executable
FAIL: g++.dg/warn/Wunused-3.C -std=gnu++98 (test for excess errors)
FAIL: g++.dg/warn/Wunused-3.C -std=gnu++11 (test for excess errors)
WARNING: program timed out.
FAIL: c-c++-common/simulate-thread/bitfields-2.c -O2 -g -std=c++98 thread simulation test
FAIL: c-c++-common/simulate-thread/bitfields-2.c -O3 -g -std=c++11 thread simulation test
FAIL: c-c++-common/simulate-thread/bitfields-2.c -Os -g thread simulation test
=== g++ Summary ===
# of expected passes 49527
# of unexpected failures 5
# of expected failures 294
# of unresolved testcases 2
# of unsupported tests 1395
/test/gnu/gcc/objdir/gcc/testsuite/g++/../../xg++ version 4.9.0 20131031 (experimental) [trunk revision 204270] (GCC)
=== gcc tests ===
Running target unix
FAIL: c-c++-common/cilk-plus/CK/compound_cilk_spawn.c -O0 -flto -g -fcilkplus (test for errors, line 22)
FAIL: c-c++-common/cilk-plus/CK/compound_cilk_spawn.c -O0 -flto -g -fcilkplus (test for errors, line 23)
FAIL: c-c++-common/cilk-plus/CK/compound_cilk_spawn.c -O0 -flto -g -fcilkplus (test for errors, line 24)
FAIL: c-c++-common/cilk-plus/CK/compound_cilk_spawn.c -O0 -flto -g -fcilkplus (test for excess errors)
FAIL: c-c++-common/cilk-plus/CK/concec_cilk_spawn.c -O0 -flto -g -fcilkplus (test for errors, line 16)
FAIL: c-c++-common/cilk-plus/CK/concec_cilk_spawn.c -O0 -flto -g -fcilkplus (test for errors, line 17)
FAIL: c-c++-common/cilk-plus/CK/concec_cilk_spawn.c -O0 -flto -g -fcilkplus (test for errors, line 18)
FAIL: c-c++-common/cilk-plus/CK/concec_cilk_spawn.c -O0 -flto -g -fcilkplus (test for excess errors)
FAIL: c-c++-common/cilk-plus/CK/invalid_spawns.c -O0 -flto -g -fcilkplus (test for errors, line 2)
FAIL: c-c++-common/cilk-plus/CK/invalid_spawns.c -O0 -flto -g -fcilkplus (test for errors, line 9)
FAIL: c-c++-common/cilk-plus/CK/invalid_spawns.c -O0 -flto -g -fcilkplus (test for excess errors)
FAIL: c-c++-common/cilk-plus/CK/no_args_error.c -O0 -flto -g -fcilkplus (test for errors, line 9)
FAIL: c-c++-common/cilk-plus/CK/no_args_error.c -O0 -flto -g -fcilkplus (test for excess errors)
FAIL: c-c++-common/cilk-plus/CK/spawn_in_return.c -O0 -flto -g -fcilkplus (test for errors, line 7)
FAIL: c-c++-common/cilk-plus/CK/spawn_in_return.c -O0 -flto -g -fcilkplus (test for excess errors)
FAIL: c-c++-common/cilk-plus/CK/sync_wo_spawn.c -O0 -flto -g -fcilkplus (test for errors, line 6)
FAIL: c-c++-common/cilk-plus/CK/sync_wo_spawn.c -O0 -flto -g -fcilkplus (test for excess errors)
FAIL: c-c++-common/cilk-plus/CK/test__cilk.c -O0 -flto -g -fcilkplus (test for excess errors)
UNRESOLVED: c-c++-common/cilk-plus/CK/test__cilk.c -O0 -flto -g -fcilkplus compilation failed to produce executable
FAIL: c-c++-common/cilk-plus/CK/compound_cilk_spawn.c -O2 -flto -g -fcilkplus (test for errors, line 22)
FAIL: c-c++-common/cilk-plus/CK/compound_cilk_spawn.c -O2 -flto -g -fcilkplus (test for errors, line 23)
FAIL: c-c++-common/cilk-plus/CK/compound_cilk_spawn.c -O2 -flto -g -fcilkplus (test for errors, line 24)
FAIL: c-c++-common/cilk-plus/CK/compound_cilk_spawn.c -O2 -flto -g -fcilkplus (test for excess errors)
FAIL: c-c++-common/cilk-plus/CK/concec_cilk_spawn.c -O2 -flto -g -fcilkplus (test for errors, line 16)
FAIL: c-c++-common/cilk-plus/CK/concec_cilk_spawn.c -O2 -flto -g -fcilkplus (test for errors, line 17)
FAIL: c-c++-common/cilk-plus/CK/concec_cilk_spawn.c -O2 -flto -g -fcilkplus (test for errors, line 18)
FAIL: c-c++-common/cilk-plus/CK/concec_cilk_spawn.c -O2 -flto -g -fcilkplus (test for excess errors)
FAIL: c-c++-common/cilk-plus/CK/invalid_spawns.c -O2 -flto -g -fcilkplus (test for errors, line 2)
FAIL: c-c++-common/cilk-plus/CK/invalid_spawns.c -O2 -flto -g -fcilkplus (test for errors, line 9)
FAIL: c-c++-common/cilk-plus/CK/invalid_spawns.c -O2 -flto -g -fcilkplus (test for excess errors)
FAIL: c-c++-common/cilk-plus/CK/no_args_error.c -O2 -flto -g -fcilkplus (test for errors, line 9)
FAIL: c-c++-common/cilk-plus/CK/no_args_error.c -O2 -flto -g -fcilkplus (test for excess errors)
FAIL: c-c++-common/cilk-plus/CK/spawn_in_return.c -O2 -flto -g -fcilkplus (test for errors, line 7)
FAIL: c-c++-common/cilk-plus/CK/spawn_in_return.c -O2 -flto -g -fcilkplus (test for excess errors)
FAIL: c-c++-common/cilk-plus/CK/sync_wo_spawn.c -O2 -flto -g -fcilkplus (test for errors, line 6)
FAIL: c-c++-common/cilk-plus/CK/sync_wo_spawn.c -O2 -flto -g -fcilkplus (test for excess errors)
FAIL: c-c++-common/cilk-plus/CK/test__cilk.c -O2 -flto -g -fcilkplus (test for excess errors)
UNRESOLVED: c-c++-common/cilk-plus/CK/test__cilk.c -O2 -flto -g -fcilkplus compilation failed to produce executable
FAIL: c-c++-common/cilk-plus/CK/compound_cilk_spawn.c -O3 -flto -g -fcilkplus (test for errors, line 22)
FAIL: c-c++-common/cilk-plus/CK/compound_cilk_spawn.c -O3 -flto -g -fcilkplus (test for errors, line 23)
FAIL: c-c++-common/cilk-plus/CK/compound_cilk_spawn.c -O3 -flto -g -fcilkplus (test for errors, line 24)
FAIL: c-c++-common/cilk-plus/CK/compound_cilk_spawn.c -O3 -flto -g -fcilkplus (test for excess errors)
FAIL: c-c++-common/cilk-plus/CK/concec_cilk_spawn.c -O3 -flto -g -fcilkplus (test for errors, line 16)
FAIL: c-c++-common/cilk-plus/CK/concec_cilk_spawn.c -O3 -flto -g -fcilkplus (test for errors, line 17)
FAIL: c-c++-common/cilk-plus/CK/concec_cilk_spawn.c -O3 -flto -g -fcilkplus (test for errors, line 18)
FAIL: c-c++-common/cilk-plus/CK/concec_cilk_spawn.c -O3 -flto -g -fcilkplus (test for excess errors)
FAIL: c-c++-common/cilk-plus/CK/invalid_spawns.c -O3 -flto -g -fcilkplus (test for errors, line 2)
FAIL: c-c++-common/cilk-plus/CK/invalid_spawns.c -O3 -flto -g -fcilkplus (test for errors, line 9)
FAIL: c-c++-common/cilk-plus/CK/invalid_spawns.c -O3 -flto -g -fcilkplus (test for excess errors)
FAIL: c-c++-common/cilk-plus/CK/no_args_error.c -O3 -flto -g -fcilkplus (test for errors, line 9)
FAIL: c-c++-common/cilk-plus/CK/no_args_error.c -O3 -flto -g -fcilkplus (test for excess errors)
FAIL: c-c++-common/cilk-plus/CK/spawn_in_return.c -O3 -flto -g -fcilkplus (test for errors, line 7)
FAIL: c-c++-common/cilk-plus/CK/spawn_in_return.c -O3 -flto -g -fcilkplus (test for excess errors)
FAIL: c-c++-common/cilk-plus/CK/sync_wo_spawn.c -O3 -flto -g -fcilkplus (test for errors, line 6)
FAIL: c-c++-common/cilk-plus/CK/sync_wo_spawn.c -O3 -flto -g -fcilkplus (test for excess errors)
FAIL: c-c++-common/cilk-plus/CK/test__cilk.c -O3 -flto -g -fcilkplus (test for excess errors)
UNRESOLVED: c-c++-common/cilk-plus/CK/test__cilk.c -O3 -flto -g -fcilkplus compilation failed to produce executable
FAIL: gcc.dg/large-size-array-6.c (internal compiler error)
FAIL: gcc.dg/large-size-array-6.c (test for errors, line 6)
FAIL: gcc.dg/large-size-array-6.c (test for excess errors)
WARNING: program timed out.
FAIL: c-c++-common/simulate-thread/bitfields-2.c -O2 -g thread simulation test
FAIL: c-c++-common/simulate-thread/bitfields-2.c -O3 -g thread simulation test
FAIL: gcc.dg/tree-prof/crossmodule-indircall-1a.c compilation, -fprofile-generate -D_PROFILE_GENERATE
UNRESOLVED: gcc.dg/tree-prof/crossmodule-indircall-1a.c execution, -fprofile-generate -D_PROFILE_GENERATE
UNRESOLVED: gcc.dg/tree-prof/crossmodule-indircall-1a.c compilation, -fprofile-use -D_PROFILE_USE
UNRESOLVED: gcc.dg/tree-prof/crossmodule-indircall-1a.c execution, -fprofile-use -D_PROFILE_USE
FAIL: gcc.dg/tree-ssa/scev-3.c scan-tree-dump-times optimized "&a" 1
FAIL: gcc.dg/tree-ssa/ssa-dom-thread-4.c scan-tree-dump-times dom1 "Threaded" 3
FAIL: gcc.dg/tree-ssa/ssa-ifcombine-ccmp-1.c scan-tree-dump optimized "&"
FAIL: gcc.dg/tree-ssa/ssa-ifcombine-ccmp-4.c scan-tree-dump optimized "&"
FAIL: gcc.dg/tree-ssa/ssa-ifcombine-ccmp-5.c scan-tree-dump-times optimized "&" 2
FAIL: gcc.dg/tree-ssa/ssa-ifcombine-ccmp-6.c scan-tree-dump-times optimized "\\\\|" 2
=== gcc Summary ===
# of expected passes 70733
# of unexpected failures 66
# of expected failures 115
# of unresolved testcases 6
# of unsupported tests 1802
/test/gnu/gcc/objdir/gcc/xgcc version 4.9.0 20131031 (experimental) [trunk revision 204270] (GCC)
=== libatomic tests ===
Running target unix
=== libatomic Summary ===
# of expected passes 4
# of unsupported tests 25
=== libgomp tests ===
Running target unix
WARNING: program timed out.
FAIL: libgomp.c/depend-3.c execution test
FAIL: libgomp.c/pr58392.c execution test
FAIL: libgomp.c++/simd-1.C (test for excess errors)
UNRESOLVED: libgomp.c++/simd-1.C compilation failed to produce executable
=== libgomp Summary ===
# of expected passes 597
# of unexpected failures 3
# of unresolved testcases 1
# of unsupported tests 10
=== libstdc++ tests ===
Running target unix
=== libstdc++ Summary ===
# of expected passes 7929
# of expected failures 37
# of unsupported tests 925
Compiler version: 4.9.0 20131031 (experimental) [trunk revision 204270] (GCC)
Platform: hppa1.1-hp-hpux11.11
configure flags:Test Run By dave on Fri Nov 1 01:26:17 2013