This is the mail archive of the
gcc-testresults@gcc.gnu.org
mailing list for the GCC project.
Results for 4.9.0 20131029 (experimental) [trunk revision 204166] (GCC) testsuite on x86_64-unknown-linux-gnu
- From: x32 at gnu-35 dot sc dot intel dot com (H.J. Lu (x32))
- To: gcc-testresults at gcc dot gnu dot org
- Date: Tue, 29 Oct 2013 12:07:18 -0700
- Subject: Results for 4.9.0 20131029 (experimental) [trunk revision 204166] (GCC) testsuite on x86_64-unknown-linux-gnu
- Authentication-results: sourceware.org; auth=none
Native configuration is x86_64-unknown-linux-gnu
=== g++ tests ===
Running target unix/-mx32
FAIL: g++.dg/guality/pr55665.C -O2 line 23 p == 40
FAIL: g++.dg/guality/pr55665.C -O3 -fomit-frame-pointer line 23 p == 40
FAIL: g++.dg/guality/pr55665.C -O3 -g line 23 p == 40
=== g++ Summary ===
# of expected passes 58866
# of unexpected failures 3
# of expected failures 292
# of unsupported tests 957
/export/gnu/import/git/gcc-test-x32/bld/gcc/testsuite/g++/../../xg++ version 4.9.0 20131029 (experimental) [trunk revision 204166] (GCC)
=== gcc tests ===
Running target unix/-mx32
FAIL: gcc.c-torture/unsorted/gen_tst.c, -O2 -flto -fuse-linker-plugin -fno-fat-lto-objects
XPASS: gcc.dg/guality/example.c -O0 execution test
XPASS: gcc.dg/guality/guality.c -O0 execution test
XPASS: gcc.dg/guality/guality.c -O1 execution test
XPASS: gcc.dg/guality/guality.c -Os execution test
XPASS: gcc.dg/guality/guality.c -O2 -flto -fno-use-linker-plugin -flto-partition=none execution test
XPASS: gcc.dg/guality/guality.c -O2 -flto -fuse-linker-plugin -fno-fat-lto-objects execution test
XPASS: gcc.dg/guality/inline-params.c -O2 execution test
XPASS: gcc.dg/guality/inline-params.c -O3 -fomit-frame-pointer execution test
XPASS: gcc.dg/guality/inline-params.c -O3 -g execution test
XPASS: gcc.dg/guality/inline-params.c -Os execution test
XPASS: gcc.dg/guality/inline-params.c -O2 -flto -fno-use-linker-plugin -flto-partition=none execution test
ERROR: gcc.dg/guality/pr36728-4.c -O2 : error executing dg-final: couldn't fork child process: resource temporarily unavailable
UNRESOLVED: gcc.dg/guality/pr36728-4.c -O2 : error executing dg-final: couldn't fork child process: resource temporarily unavailable
FAIL: gcc.dg/guality/pr36728-4.c -O3 -fomit-frame-pointer (test for excess errors)
FAIL: gcc.dg/guality/pr36728-4.c -O3 -fomit-frame-pointer execution test
FAIL: gcc.dg/guality/pr36728-4.c -O3 -g (test for excess errors)
FAIL: gcc.dg/guality/pr36728-4.c -O3 -g execution test
FAIL: gcc.dg/guality/pr36728-4.c -Os (test for excess errors)
FAIL: gcc.dg/guality/pr36728-4.c -Os execution test
FAIL: gcc.dg/guality/pr36728-4.c -O2 -flto -fno-use-linker-plugin -flto-partition=none (test for excess errors)
FAIL: gcc.dg/guality/pr36728-4.c -O2 -flto -fno-use-linker-plugin -flto-partition=none execution test
FAIL: gcc.dg/guality/pr36728-4.c -O2 -flto -fuse-linker-plugin -fno-fat-lto-objects (test for excess errors)
FAIL: gcc.dg/guality/pr36728-4.c -O2 -flto -fuse-linker-plugin -fno-fat-lto-objects execution test
FAIL: gcc.dg/guality/pr36977.c -O0 (test for excess errors)
UNRESOLVED: gcc.dg/guality/pr36977.c -O0 compilation failed to produce executable
FAIL: gcc.dg/guality/pr41353-1.c -O0 (test for excess errors)
UNRESOLVED: gcc.dg/guality/pr41353-1.c -O0 compilation failed to produce executable
FAIL: gcc.dg/guality/pr41353-1.c -O1 (test for excess errors)
UNRESOLVED: gcc.dg/guality/pr41353-1.c -O1 compilation failed to produce executable
FAIL: gcc.dg/guality/pr41353-1.c -O2 (test for excess errors)
UNRESOLVED: gcc.dg/guality/pr41353-1.c -O2 compilation failed to produce executable
FAIL: gcc.dg/guality/pr41353-1.c -O3 -fomit-frame-pointer (test for excess errors)
UNRESOLVED: gcc.dg/guality/pr41353-1.c -O3 -fomit-frame-pointer compilation failed to produce executable
FAIL: gcc.dg/guality/pr41353-1.c -O3 -g (test for excess errors)
UNRESOLVED: gcc.dg/guality/pr41353-1.c -O3 -g compilation failed to produce executable
FAIL: gcc.dg/guality/pr41353-1.c -Os (test for excess errors)
UNRESOLVED: gcc.dg/guality/pr41353-1.c -Os compilation failed to produce executable
FAIL: gcc.dg/guality/pr41353-1.c -O2 -flto -fno-use-linker-plugin -flto-partition=none (test for excess errors)
UNRESOLVED: gcc.dg/guality/pr41353-1.c -O2 -flto -fno-use-linker-plugin -flto-partition=none compilation failed to produce executable
FAIL: gcc.dg/guality/pr41353-1.c -O2 -flto -fuse-linker-plugin -fno-fat-lto-objects (test for excess errors)
UNRESOLVED: gcc.dg/guality/pr41353-1.c -O2 -flto -fuse-linker-plugin -fno-fat-lto-objects compilation failed to produce executable
FAIL: gcc.dg/guality/pr41353-2.c -O0 (test for excess errors)
UNRESOLVED: gcc.dg/guality/pr41353-2.c -O0 compilation failed to produce executable
FAIL: gcc.dg/guality/pr41353-2.c -O1 (test for excess errors)
UNRESOLVED: gcc.dg/guality/pr41353-2.c -O1 compilation failed to produce executable
FAIL: gcc.dg/guality/pr41353-2.c -O2 (test for excess errors)
UNRESOLVED: gcc.dg/guality/pr41353-2.c -O2 compilation failed to produce executable
FAIL: gcc.dg/guality/pr41353-2.c -O3 -fomit-frame-pointer (test for excess errors)
UNRESOLVED: gcc.dg/guality/pr41353-2.c -O3 -fomit-frame-pointer compilation failed to produce executable
FAIL: gcc.dg/guality/pr41353-2.c -O3 -g (test for excess errors)
UNRESOLVED: gcc.dg/guality/pr41353-2.c -O3 -g compilation failed to produce executable
FAIL: gcc.dg/guality/pr41353-2.c -Os (test for excess errors)
UNRESOLVED: gcc.dg/guality/pr41353-2.c -Os compilation failed to produce executable
FAIL: gcc.dg/guality/pr41353-2.c -O2 -flto -fno-use-linker-plugin -flto-partition=none (test for excess errors)
UNRESOLVED: gcc.dg/guality/pr41353-2.c -O2 -flto -fno-use-linker-plugin -flto-partition=none compilation failed to produce executable
FAIL: gcc.dg/guality/pr41353-2.c -O2 -flto -fuse-linker-plugin -fno-fat-lto-objects (test for excess errors)
UNRESOLVED: gcc.dg/guality/pr41353-2.c -O2 -flto -fuse-linker-plugin -fno-fat-lto-objects compilation failed to produce executable
FAIL: gcc.dg/guality/pr41404-1.c -O0 (test for excess errors)
UNRESOLVED: gcc.dg/guality/pr41404-1.c -O0 compilation failed to produce executable
FAIL: gcc.dg/guality/pr41404-1.c -O1 (test for excess errors)
UNRESOLVED: gcc.dg/guality/pr41404-1.c -O1 compilation failed to produce executable
FAIL: gcc.dg/guality/pr41404-1.c -O2 (test for excess errors)
UNRESOLVED: gcc.dg/guality/pr41404-1.c -O2 compilation failed to produce executable
FAIL: gcc.dg/guality/pr41404-1.c -O3 -fomit-frame-pointer (test for excess errors)
UNRESOLVED: gcc.dg/guality/pr41404-1.c -O3 -fomit-frame-pointer compilation failed to produce executable
FAIL: gcc.dg/guality/pr41404-1.c -O3 -g (test for excess errors)
UNRESOLVED: gcc.dg/guality/pr41404-1.c -O3 -g compilation failed to produce executable
FAIL: gcc.dg/guality/pr41404-1.c -Os (test for excess errors)
UNRESOLVED: gcc.dg/guality/pr41404-1.c -Os compilation failed to produce executable
FAIL: gcc.dg/guality/pr41404-1.c -O2 -flto -fno-use-linker-plugin -flto-partition=none (test for excess errors)
UNRESOLVED: gcc.dg/guality/pr41404-1.c -O2 -flto -fno-use-linker-plugin -flto-partition=none compilation failed to produce executable
FAIL: gcc.dg/guality/pr41404-1.c -O2 -flto -fuse-linker-plugin -fno-fat-lto-objects (test for excess errors)
UNRESOLVED: gcc.dg/guality/pr41404-1.c -O2 -flto -fuse-linker-plugin -fno-fat-lto-objects compilation failed to produce executable
FAIL: gcc.dg/guality/pr41447-1.c -O0 (test for excess errors)
UNRESOLVED: gcc.dg/guality/pr41447-1.c -O0 compilation failed to produce executable
FAIL: gcc.dg/guality/pr41447-1.c -O1 (test for excess errors)
UNRESOLVED: gcc.dg/guality/pr41447-1.c -O1 compilation failed to produce executable
FAIL: gcc.dg/guality/pr41447-1.c -O2 (test for excess errors)
UNRESOLVED: gcc.dg/guality/pr41447-1.c -O2 compilation failed to produce executable
FAIL: gcc.dg/guality/pr41447-1.c -O3 -fomit-frame-pointer (test for excess errors)
UNRESOLVED: gcc.dg/guality/pr41447-1.c -O3 -fomit-frame-pointer compilation failed to produce executable
FAIL: gcc.dg/guality/pr41447-1.c -O3 -g (test for excess errors)
UNRESOLVED: gcc.dg/guality/pr41447-1.c -O3 -g compilation failed to produce executable
FAIL: gcc.dg/guality/pr41447-1.c -Os (test for excess errors)
UNRESOLVED: gcc.dg/guality/pr41447-1.c -Os compilation failed to produce executable
FAIL: gcc.dg/guality/pr41447-1.c -O2 -flto -fno-use-linker-plugin -flto-partition=none (test for excess errors)
UNRESOLVED: gcc.dg/guality/pr41447-1.c -O2 -flto -fno-use-linker-plugin -flto-partition=none compilation failed to produce executable
FAIL: gcc.dg/guality/pr41447-1.c -O2 -flto -fuse-linker-plugin -fno-fat-lto-objects (test for excess errors)
UNRESOLVED: gcc.dg/guality/pr41447-1.c -O2 -flto -fuse-linker-plugin -fno-fat-lto-objects compilation failed to produce executable
FAIL: gcc.dg/guality/pr41616-1.c -O0 (test for excess errors)
UNRESOLVED: gcc.dg/guality/pr41616-1.c -O0 compilation failed to produce executable
FAIL: gcc.dg/guality/pr41616-1.c -O1 (test for excess errors)
UNRESOLVED: gcc.dg/guality/pr41616-1.c -O1 compilation failed to produce executable
FAIL: gcc.dg/guality/pr41616-1.c -O2 (test for excess errors)
UNRESOLVED: gcc.dg/guality/pr41616-1.c -O2 compilation failed to produce executable
FAIL: gcc.dg/guality/pr41616-1.c -O3 -fomit-frame-pointer (test for excess errors)
UNRESOLVED: gcc.dg/guality/pr41616-1.c -O3 -fomit-frame-pointer compilation failed to produce executable
FAIL: gcc.dg/guality/pr41616-1.c -O3 -g (test for excess errors)
UNRESOLVED: gcc.dg/guality/pr41616-1.c -O3 -g compilation failed to produce executable
FAIL: gcc.dg/guality/pr41616-1.c -Os (test for excess errors)
UNRESOLVED: gcc.dg/guality/pr41616-1.c -Os compilation failed to produce executable
FAIL: gcc.dg/guality/pr41616-1.c -O2 -flto -fno-use-linker-plugin -flto-partition=none (test for excess errors)
UNRESOLVED: gcc.dg/guality/pr41616-1.c -O2 -flto -fno-use-linker-plugin -flto-partition=none compilation failed to produce executable
FAIL: gcc.dg/guality/pr41616-1.c -O2 -flto -fuse-linker-plugin -fno-fat-lto-objects (test for excess errors)
UNRESOLVED: gcc.dg/guality/pr41616-1.c -O2 -flto -fuse-linker-plugin -fno-fat-lto-objects compilation failed to produce executable
FAIL: gcc.dg/guality/pr42782.c -O0 (test for excess errors)
FAIL: gcc.dg/guality/pr42782.c -O1 (test for excess errors)
FAIL: gcc.dg/guality/pr42782.c -O2 (test for excess errors)
FAIL: gcc.dg/guality/pr42782.c -O3 -fomit-frame-pointer (test for excess errors)
FAIL: gcc.dg/guality/pr42782.c -O3 -g (test for excess errors)
FAIL: gcc.dg/guality/pr42782.c -Os (test for excess errors)
FAIL: gcc.dg/guality/pr42782.c -O2 -flto -fno-use-linker-plugin -flto-partition=none (test for excess errors)
FAIL: gcc.dg/guality/pr42782.c -O2 -flto -fuse-linker-plugin -fno-fat-lto-objects (test for excess errors)
FAIL: gcc.dg/guality/pr43051-1.c -O0 (test for excess errors)
UNRESOLVED: gcc.dg/guality/pr43051-1.c -O0 compilation failed to produce executable
FAIL: gcc.dg/guality/pr43051-1.c -O1 (test for excess errors)
UNRESOLVED: gcc.dg/guality/pr43051-1.c -O1 compilation failed to produce executable
FAIL: gcc.dg/guality/pr43051-1.c -O2 (test for excess errors)
UNRESOLVED: gcc.dg/guality/pr43051-1.c -O2 compilation failed to produce executable
FAIL: gcc.dg/guality/pr43051-1.c -O3 -fomit-frame-pointer (test for excess errors)
UNRESOLVED: gcc.dg/guality/pr43051-1.c -O3 -fomit-frame-pointer compilation failed to produce executable
FAIL: gcc.dg/guality/pr43051-1.c -O3 -fomit-frame-pointer -funroll-loops (test for excess errors)
UNRESOLVED: gcc.dg/guality/pr43051-1.c -O3 -fomit-frame-pointer -funroll-loops compilation failed to produce executable
FAIL: gcc.dg/guality/pr43051-1.c -O3 -fomit-frame-pointer -funroll-all-loops -finline-functions (test for excess errors)
UNRESOLVED: gcc.dg/guality/pr43051-1.c -O3 -fomit-frame-pointer -funroll-all-loops -finline-functions compilation failed to produce executable
FAIL: gcc.dg/guality/pr43051-1.c -O3 -g (test for excess errors)
UNRESOLVED: gcc.dg/guality/pr43051-1.c -O3 -g compilation failed to produce executable
FAIL: gcc.dg/guality/pr43051-1.c -Os (test for excess errors)
UNRESOLVED: gcc.dg/guality/pr43051-1.c -Os compilation failed to produce executable
FAIL: gcc.dg/guality/pr43051-1.c -O2 -flto -fno-use-linker-plugin -flto-partition=none (test for excess errors)
UNRESOLVED: gcc.dg/guality/pr43051-1.c -O2 -flto -fno-use-linker-plugin -flto-partition=none compilation failed to produce executable
FAIL: gcc.dg/guality/pr43051-1.c -O2 -flto -fuse-linker-plugin -fno-fat-lto-objects (test for excess errors)
UNRESOLVED: gcc.dg/guality/pr43051-1.c -O2 -flto -fuse-linker-plugin -fno-fat-lto-objects compilation failed to produce executable
FAIL: gcc.dg/guality/pr43077-1.c -O0 (test for excess errors)
UNRESOLVED: gcc.dg/guality/pr43077-1.c -O0 compilation failed to produce executable
FAIL: gcc.dg/guality/pr43077-1.c -O1 (test for excess errors)
UNRESOLVED: gcc.dg/guality/pr43077-1.c -O1 compilation failed to produce executable
FAIL: gcc.dg/guality/pr43077-1.c -O2 (test for excess errors)
UNRESOLVED: gcc.dg/guality/pr43077-1.c -O2 compilation failed to produce executable
FAIL: gcc.dg/guality/pr43077-1.c -O3 -fomit-frame-pointer (test for excess errors)
UNRESOLVED: gcc.dg/guality/pr43077-1.c -O3 -fomit-frame-pointer compilation failed to produce executable
FAIL: gcc.dg/guality/pr43077-1.c -O3 -g (test for excess errors)
UNRESOLVED: gcc.dg/guality/pr43077-1.c -O3 -g compilation failed to produce executable
FAIL: gcc.dg/guality/pr43077-1.c -Os (test for excess errors)
UNRESOLVED: gcc.dg/guality/pr43077-1.c -Os compilation failed to produce executable
FAIL: gcc.dg/guality/pr43077-1.c -O2 -flto -fno-use-linker-plugin -flto-partition=none (test for excess errors)
UNRESOLVED: gcc.dg/guality/pr43077-1.c -O2 -flto -fno-use-linker-plugin -flto-partition=none compilation failed to produce executable
FAIL: gcc.dg/guality/pr43077-1.c -O2 -flto -fuse-linker-plugin -fno-fat-lto-objects (test for excess errors)
UNRESOLVED: gcc.dg/guality/pr43077-1.c -O2 -flto -fuse-linker-plugin -fno-fat-lto-objects compilation failed to produce executable
FAIL: gcc.dg/guality/pr43177.c -O0 (test for excess errors)
UNRESOLVED: gcc.dg/guality/pr43177.c -O0 compilation failed to produce executable
FAIL: gcc.dg/guality/pr43177.c -O1 (test for excess errors)
UNRESOLVED: gcc.dg/guality/pr43177.c -O1 compilation failed to produce executable
FAIL: gcc.dg/guality/pr43177.c -O2 (test for excess errors)
UNRESOLVED: gcc.dg/guality/pr43177.c -O2 compilation failed to produce executable
FAIL: gcc.dg/guality/pr43177.c -O3 -fomit-frame-pointer (test for excess errors)
UNRESOLVED: gcc.dg/guality/pr43177.c -O3 -fomit-frame-pointer compilation failed to produce executable
FAIL: gcc.dg/guality/pr43177.c -O3 -g (test for excess errors)
UNRESOLVED: gcc.dg/guality/pr43177.c -O3 -g compilation failed to produce executable
FAIL: gcc.dg/guality/pr43177.c -Os (test for excess errors)
UNRESOLVED: gcc.dg/guality/pr43177.c -Os compilation failed to produce executable
FAIL: gcc.dg/guality/pr43177.c -O2 -flto -fno-use-linker-plugin -flto-partition=none (test for excess errors)
UNRESOLVED: gcc.dg/guality/pr43177.c -O2 -flto -fno-use-linker-plugin -flto-partition=none compilation failed to produce executable
FAIL: gcc.dg/guality/pr43177.c -O2 -flto -fuse-linker-plugin -fno-fat-lto-objects (test for excess errors)
UNRESOLVED: gcc.dg/guality/pr43177.c -O2 -flto -fuse-linker-plugin -fno-fat-lto-objects compilation failed to produce executable
FAIL: gcc.dg/guality/pr43329-1.c -O0 (test for excess errors)
UNRESOLVED: gcc.dg/guality/pr43329-1.c -O0 compilation failed to produce executable
FAIL: gcc.dg/guality/pr43329-1.c -O1 (test for excess errors)
UNRESOLVED: gcc.dg/guality/pr43329-1.c -O1 compilation failed to produce executable
FAIL: gcc.dg/guality/pr43329-1.c -O2 (test for excess errors)
UNRESOLVED: gcc.dg/guality/pr43329-1.c -O2 compilation failed to produce executable
FAIL: gcc.dg/guality/pr43329-1.c -O3 -fomit-frame-pointer (test for excess errors)
UNRESOLVED: gcc.dg/guality/pr43329-1.c -O3 -fomit-frame-pointer compilation failed to produce executable
FAIL: gcc.dg/guality/pr43329-1.c -O3 -g (test for excess errors)
UNRESOLVED: gcc.dg/guality/pr43329-1.c -O3 -g compilation failed to produce executable
FAIL: gcc.dg/guality/pr43329-1.c -Os (test for excess errors)
UNRESOLVED: gcc.dg/guality/pr43329-1.c -Os compilation failed to produce executable
FAIL: gcc.dg/guality/pr43329-1.c -O2 -flto -fno-use-linker-plugin -flto-partition=none (test for excess errors)
UNRESOLVED: gcc.dg/guality/pr43329-1.c -O2 -flto -fno-use-linker-plugin -flto-partition=none compilation failed to produce executable
FAIL: gcc.dg/guality/pr43329-1.c -O2 -flto -fuse-linker-plugin -fno-fat-lto-objects (test for excess errors)
UNRESOLVED: gcc.dg/guality/pr43329-1.c -O2 -flto -fuse-linker-plugin -fno-fat-lto-objects compilation failed to produce executable
FAIL: gcc.dg/guality/pr43479.c -O0 (test for excess errors)
UNRESOLVED: gcc.dg/guality/pr43479.c -O0 compilation failed to produce executable
FAIL: gcc.dg/guality/pr43479.c -O1 (test for excess errors)
UNRESOLVED: gcc.dg/guality/pr43479.c -O1 compilation failed to produce executable
FAIL: gcc.dg/guality/pr43479.c -O2 (test for excess errors)
UNRESOLVED: gcc.dg/guality/pr43479.c -O2 compilation failed to produce executable
FAIL: gcc.dg/guality/pr43479.c -O3 -fomit-frame-pointer (test for excess errors)
UNRESOLVED: gcc.dg/guality/pr43479.c -O3 -fomit-frame-pointer compilation failed to produce executable
FAIL: gcc.dg/guality/pr43479.c -O3 -g (test for excess errors)
UNRESOLVED: gcc.dg/guality/pr43479.c -O3 -g compilation failed to produce executable
FAIL: gcc.dg/guality/pr43479.c -Os (test for excess errors)
UNRESOLVED: gcc.dg/guality/pr43479.c -Os compilation failed to produce executable
FAIL: gcc.dg/guality/pr43479.c -O2 -flto -fno-use-linker-plugin -flto-partition=none (test for excess errors)
UNRESOLVED: gcc.dg/guality/pr43479.c -O2 -flto -fno-use-linker-plugin -flto-partition=none compilation failed to produce executable
FAIL: gcc.dg/guality/pr43479.c -O2 -flto -fuse-linker-plugin -fno-fat-lto-objects (test for excess errors)
UNRESOLVED: gcc.dg/guality/pr43479.c -O2 -flto -fuse-linker-plugin -fno-fat-lto-objects compilation failed to produce executable
FAIL: gcc.dg/guality/pr43593.c -O0 (test for excess errors)
UNRESOLVED: gcc.dg/guality/pr43593.c -O0 compilation failed to produce executable
FAIL: gcc.dg/guality/pr43593.c -O1 (test for excess errors)
UNRESOLVED: gcc.dg/guality/pr43593.c -O1 compilation failed to produce executable
FAIL: gcc.dg/guality/pr43593.c -O2 (test for excess errors)
UNRESOLVED: gcc.dg/guality/pr43593.c -O2 compilation failed to produce executable
FAIL: gcc.dg/guality/pr43593.c -O3 -fomit-frame-pointer (test for excess errors)
UNRESOLVED: gcc.dg/guality/pr43593.c -O3 -fomit-frame-pointer compilation failed to produce executable
FAIL: gcc.dg/guality/pr43593.c -O3 -g (test for excess errors)
UNRESOLVED: gcc.dg/guality/pr43593.c -O3 -g compilation failed to produce executable
FAIL: gcc.dg/guality/pr43593.c -Os (test for excess errors)
UNRESOLVED: gcc.dg/guality/pr43593.c -Os compilation failed to produce executable
FAIL: gcc.dg/guality/pr43593.c -O2 -flto -fno-use-linker-plugin -flto-partition=none (test for excess errors)
UNRESOLVED: gcc.dg/guality/pr43593.c -O2 -flto -fno-use-linker-plugin -flto-partition=none compilation failed to produce executable
FAIL: gcc.dg/guality/pr43593.c -O2 -flto -fuse-linker-plugin -fno-fat-lto-objects (test for excess errors)
UNRESOLVED: gcc.dg/guality/pr43593.c -O2 -flto -fuse-linker-plugin -fno-fat-lto-objects compilation failed to produce executable
FAIL: gcc.dg/guality/pr45882.c -O0 (test for excess errors)
UNRESOLVED: gcc.dg/guality/pr45882.c -O0 compilation failed to produce executable
FAIL: gcc.dg/guality/pr45882.c -O1 (test for excess errors)
UNRESOLVED: gcc.dg/guality/pr45882.c -O1 compilation failed to produce executable
FAIL: gcc.dg/guality/pr45882.c -O2 (test for excess errors)
UNRESOLVED: gcc.dg/guality/pr45882.c -O2 compilation failed to produce executable
FAIL: gcc.dg/guality/pr45882.c -O3 -fomit-frame-pointer (test for excess errors)
UNRESOLVED: gcc.dg/guality/pr45882.c -O3 -fomit-frame-pointer compilation failed to produce executable
FAIL: gcc.dg/guality/pr45882.c -O3 -g (test for excess errors)
UNRESOLVED: gcc.dg/guality/pr45882.c -O3 -g compilation failed to produce executable
FAIL: gcc.dg/guality/pr45882.c -Os (test for excess errors)
UNRESOLVED: gcc.dg/guality/pr45882.c -Os compilation failed to produce executable
FAIL: gcc.dg/guality/pr45882.c -O2 -flto -fno-use-linker-plugin -flto-partition=none (test for excess errors)
UNRESOLVED: gcc.dg/guality/pr45882.c -O2 -flto -fno-use-linker-plugin -flto-partition=none compilation failed to produce executable
FAIL: gcc.dg/guality/pr45882.c -O2 -flto -fuse-linker-plugin -fno-fat-lto-objects (test for excess errors)
UNRESOLVED: gcc.dg/guality/pr45882.c -O2 -flto -fuse-linker-plugin -fno-fat-lto-objects compilation failed to produce executable
FAIL: gcc.dg/guality/pr48437.c -O0 (test for excess errors)
UNRESOLVED: gcc.dg/guality/pr48437.c -O0 compilation failed to produce executable
FAIL: gcc.dg/guality/pr48437.c -O1 (test for excess errors)
UNRESOLVED: gcc.dg/guality/pr48437.c -O1 compilation failed to produce executable
FAIL: gcc.dg/guality/pr48437.c -O2 (test for excess errors)
UNRESOLVED: gcc.dg/guality/pr48437.c -O2 compilation failed to produce executable
FAIL: gcc.dg/guality/pr48437.c -O3 -fomit-frame-pointer (test for excess errors)
UNRESOLVED: gcc.dg/guality/pr48437.c -O3 -fomit-frame-pointer compilation failed to produce executable
FAIL: gcc.dg/guality/pr48437.c -O3 -fomit-frame-pointer -funroll-loops (test for excess errors)
UNRESOLVED: gcc.dg/guality/pr48437.c -O3 -fomit-frame-pointer -funroll-loops compilation failed to produce executable
FAIL: gcc.dg/guality/pr48437.c -O3 -fomit-frame-pointer -funroll-all-loops -finline-functions (test for excess errors)
UNRESOLVED: gcc.dg/guality/pr48437.c -O3 -fomit-frame-pointer -funroll-all-loops -finline-functions compilation failed to produce executable
FAIL: gcc.dg/guality/pr48437.c -O3 -g (test for excess errors)
UNRESOLVED: gcc.dg/guality/pr48437.c -O3 -g compilation failed to produce executable
FAIL: gcc.dg/guality/pr48437.c -Os (test for excess errors)
UNRESOLVED: gcc.dg/guality/pr48437.c -Os compilation failed to produce executable
FAIL: gcc.dg/guality/pr48437.c -O2 -flto -fno-use-linker-plugin -flto-partition=none (test for excess errors)
UNRESOLVED: gcc.dg/guality/pr48437.c -O2 -flto -fno-use-linker-plugin -flto-partition=none compilation failed to produce executable
FAIL: gcc.dg/guality/pr48437.c -O2 -flto -fuse-linker-plugin -fno-fat-lto-objects (test for excess errors)
UNRESOLVED: gcc.dg/guality/pr48437.c -O2 -flto -fuse-linker-plugin -fno-fat-lto-objects compilation failed to produce executable
FAIL: gcc.dg/guality/pr48466.c -O0 (test for excess errors)
UNRESOLVED: gcc.dg/guality/pr48466.c -O0 compilation failed to produce executable
FAIL: gcc.dg/guality/pr49888.c -O0 (test for excess errors)
UNRESOLVED: gcc.dg/guality/pr49888.c -O0 compilation failed to produce executable
FAIL: gcc.dg/guality/pr49888.c -O1 (test for excess errors)
UNRESOLVED: gcc.dg/guality/pr49888.c -O1 compilation failed to produce executable
FAIL: gcc.dg/guality/pr49888.c -O2 (test for excess errors)
UNRESOLVED: gcc.dg/guality/pr49888.c -O2 compilation failed to produce executable
FAIL: gcc.dg/guality/pr49888.c -O3 -fomit-frame-pointer (test for excess errors)
UNRESOLVED: gcc.dg/guality/pr49888.c -O3 -fomit-frame-pointer compilation failed to produce executable
FAIL: gcc.dg/guality/pr49888.c -O3 -g (test for excess errors)
UNRESOLVED: gcc.dg/guality/pr49888.c -O3 -g compilation failed to produce executable
FAIL: gcc.dg/guality/pr49888.c -Os (test for excess errors)
UNRESOLVED: gcc.dg/guality/pr49888.c -Os compilation failed to produce executable
FAIL: gcc.dg/guality/pr49888.c -O2 -flto -fno-use-linker-plugin -flto-partition=none (test for excess errors)
UNRESOLVED: gcc.dg/guality/pr49888.c -O2 -flto -fno-use-linker-plugin -flto-partition=none compilation failed to produce executable
FAIL: gcc.dg/guality/pr49888.c -O2 -flto -fuse-linker-plugin -fno-fat-lto-objects (test for excess errors)
UNRESOLVED: gcc.dg/guality/pr49888.c -O2 -flto -fuse-linker-plugin -fno-fat-lto-objects compilation failed to produce executable
FAIL: gcc.dg/guality/pr54200.c -O0 (test for excess errors)
UNRESOLVED: gcc.dg/guality/pr54200.c -O0 compilation failed to produce executable
FAIL: gcc.dg/guality/pr54200.c -O1 (test for excess errors)
UNRESOLVED: gcc.dg/guality/pr54200.c -O1 compilation failed to produce executable
FAIL: gcc.dg/guality/pr54200.c -O2 (test for excess errors)
UNRESOLVED: gcc.dg/guality/pr54200.c -O2 compilation failed to produce executable
FAIL: gcc.dg/guality/pr54200.c -O3 -fomit-frame-pointer (test for excess errors)
UNRESOLVED: gcc.dg/guality/pr54200.c -O3 -fomit-frame-pointer compilation failed to produce executable
FAIL: gcc.dg/guality/pr54200.c -O3 -g (test for excess errors)
UNRESOLVED: gcc.dg/guality/pr54200.c -O3 -g compilation failed to produce executable
FAIL: gcc.dg/guality/pr54200.c -Os (test for excess errors)
UNRESOLVED: gcc.dg/guality/pr54200.c -Os compilation failed to produce executable
FAIL: gcc.dg/guality/pr54200.c -O2 -flto -fno-use-linker-plugin -flto-partition=none (test for excess errors)
UNRESOLVED: gcc.dg/guality/pr54200.c -O2 -flto -fno-use-linker-plugin -flto-partition=none compilation failed to produce executable
FAIL: gcc.dg/guality/pr54200.c -O2 -flto -fuse-linker-plugin -fno-fat-lto-objects (test for excess errors)
UNRESOLVED: gcc.dg/guality/pr54200.c -O2 -flto -fuse-linker-plugin -fno-fat-lto-objects compilation failed to produce executable
FAIL: gcc.dg/guality/pr54519-1.c -O0 (test for excess errors)
UNRESOLVED: gcc.dg/guality/pr54519-1.c -O0 compilation failed to produce executable
FAIL: gcc.dg/guality/pr54519-1.c -O1 (test for excess errors)
UNRESOLVED: gcc.dg/guality/pr54519-1.c -O1 compilation failed to produce executable
FAIL: gcc.dg/guality/pr54519-1.c -O2 (test for excess errors)
UNRESOLVED: gcc.dg/guality/pr54519-1.c -O2 compilation failed to produce executable
FAIL: gcc.dg/guality/pr54519-1.c -O3 -fomit-frame-pointer (test for excess errors)
UNRESOLVED: gcc.dg/guality/pr54519-1.c -O3 -fomit-frame-pointer compilation failed to produce executable
FAIL: gcc.dg/guality/pr54519-1.c -O3 -g (test for excess errors)
UNRESOLVED: gcc.dg/guality/pr54519-1.c -O3 -g compilation failed to produce executable
FAIL: gcc.dg/guality/pr54519-1.c -Os (test for excess errors)
UNRESOLVED: gcc.dg/guality/pr54519-1.c -Os compilation failed to produce executable
FAIL: gcc.dg/guality/pr54519-1.c -O2 -flto -fno-use-linker-plugin -flto-partition=none (test for excess errors)
UNRESOLVED: gcc.dg/guality/pr54519-1.c -O2 -flto -fno-use-linker-plugin -flto-partition=none compilation failed to produce executable
FAIL: gcc.dg/guality/pr54519-1.c -O2 -flto -fuse-linker-plugin -fno-fat-lto-objects (test for excess errors)
UNRESOLVED: gcc.dg/guality/pr54519-1.c -O2 -flto -fuse-linker-plugin -fno-fat-lto-objects compilation failed to produce executable
FAIL: gcc.dg/guality/pr54519-2.c -O0 (test for excess errors)
UNRESOLVED: gcc.dg/guality/pr54519-2.c -O0 compilation failed to produce executable
FAIL: gcc.dg/guality/pr54519-2.c -O1 (test for excess errors)
UNRESOLVED: gcc.dg/guality/pr54519-2.c -O1 compilation failed to produce executable
FAIL: gcc.dg/guality/pr54519-2.c -O2 (test for excess errors)
UNRESOLVED: gcc.dg/guality/pr54519-2.c -O2 compilation failed to produce executable
FAIL: gcc.dg/guality/pr54519-2.c -O3 -fomit-frame-pointer (test for excess errors)
UNRESOLVED: gcc.dg/guality/pr54519-2.c -O3 -fomit-frame-pointer compilation failed to produce executable
FAIL: gcc.dg/guality/pr54519-2.c -O3 -g (test for excess errors)
UNRESOLVED: gcc.dg/guality/pr54519-2.c -O3 -g compilation failed to produce executable
FAIL: gcc.dg/guality/pr54519-2.c -Os (test for excess errors)
UNRESOLVED: gcc.dg/guality/pr54519-2.c -Os compilation failed to produce executable
FAIL: gcc.dg/guality/pr54519-2.c -O2 -flto -fno-use-linker-plugin -flto-partition=none (test for excess errors)
UNRESOLVED: gcc.dg/guality/pr54519-2.c -O2 -flto -fno-use-linker-plugin -flto-partition=none compilation failed to produce executable
FAIL: gcc.dg/guality/pr54519-2.c -O2 -flto -fuse-linker-plugin -fno-fat-lto-objects (test for excess errors)
UNRESOLVED: gcc.dg/guality/pr54519-2.c -O2 -flto -fuse-linker-plugin -fno-fat-lto-objects compilation failed to produce executable
FAIL: gcc.dg/guality/pr54519-3.c -O0 (test for excess errors)
UNRESOLVED: gcc.dg/guality/pr54519-3.c -O0 compilation failed to produce executable
FAIL: gcc.dg/guality/pr54519-3.c -O1 (test for excess errors)
UNRESOLVED: gcc.dg/guality/pr54519-3.c -O1 compilation failed to produce executable
FAIL: gcc.dg/guality/pr54519-3.c -O2 (test for excess errors)
UNRESOLVED: gcc.dg/guality/pr54519-3.c -O2 compilation failed to produce executable
FAIL: gcc.dg/guality/pr54519-3.c -O3 -fomit-frame-pointer (test for excess errors)
UNRESOLVED: gcc.dg/guality/pr54519-3.c -O3 -fomit-frame-pointer compilation failed to produce executable
FAIL: gcc.dg/guality/pr54519-3.c -O3 -g (test for excess errors)
UNRESOLVED: gcc.dg/guality/pr54519-3.c -O3 -g compilation failed to produce executable
FAIL: gcc.dg/guality/pr54519-3.c -Os (test for excess errors)
UNRESOLVED: gcc.dg/guality/pr54519-3.c -Os compilation failed to produce executable
FAIL: gcc.dg/guality/pr54519-3.c -O2 -flto -fno-use-linker-plugin -flto-partition=none (test for excess errors)
UNRESOLVED: gcc.dg/guality/pr54519-3.c -O2 -flto -fno-use-linker-plugin -flto-partition=none compilation failed to produce executable
FAIL: gcc.dg/guality/pr54519-3.c -O2 -flto -fuse-linker-plugin -fno-fat-lto-objects (test for excess errors)
UNRESOLVED: gcc.dg/guality/pr54519-3.c -O2 -flto -fuse-linker-plugin -fno-fat-lto-objects compilation failed to produce executable
FAIL: gcc.dg/guality/pr54519-4.c -O0 (test for excess errors)
UNRESOLVED: gcc.dg/guality/pr54519-4.c -O0 compilation failed to produce executable
FAIL: gcc.dg/guality/pr54519-4.c -O1 (test for excess errors)
UNRESOLVED: gcc.dg/guality/pr54519-4.c -O1 compilation failed to produce executable
FAIL: gcc.dg/guality/pr54519-4.c -O2 (test for excess errors)
UNRESOLVED: gcc.dg/guality/pr54519-4.c -O2 compilation failed to produce executable
FAIL: gcc.dg/guality/pr54519-4.c -O3 -fomit-frame-pointer (test for excess errors)
UNRESOLVED: gcc.dg/guality/pr54519-4.c -O3 -fomit-frame-pointer compilation failed to produce executable
FAIL: gcc.dg/guality/pr54519-4.c -O3 -g (test for excess errors)
UNRESOLVED: gcc.dg/guality/pr54519-4.c -O3 -g compilation failed to produce executable
FAIL: gcc.dg/guality/pr54519-4.c -Os (test for excess errors)
UNRESOLVED: gcc.dg/guality/pr54519-4.c -Os compilation failed to produce executable
FAIL: gcc.dg/guality/pr54519-4.c -O2 -flto -fno-use-linker-plugin -flto-partition=none (test for excess errors)
UNRESOLVED: gcc.dg/guality/pr54519-4.c -O2 -flto -fno-use-linker-plugin -flto-partition=none compilation failed to produce executable
FAIL: gcc.dg/guality/pr54519-4.c -O2 -flto -fuse-linker-plugin -fno-fat-lto-objects (test for excess errors)
UNRESOLVED: gcc.dg/guality/pr54519-4.c -O2 -flto -fuse-linker-plugin -fno-fat-lto-objects compilation failed to produce executable
FAIL: gcc.dg/guality/pr54519-5.c -O0 (test for excess errors)
UNRESOLVED: gcc.dg/guality/pr54519-5.c -O0 compilation failed to produce executable
FAIL: gcc.dg/guality/pr54519-5.c -O1 (test for excess errors)
UNRESOLVED: gcc.dg/guality/pr54519-5.c -O1 compilation failed to produce executable
FAIL: gcc.dg/guality/pr54519-5.c -O2 (test for excess errors)
UNRESOLVED: gcc.dg/guality/pr54519-5.c -O2 compilation failed to produce executable
FAIL: gcc.dg/guality/pr54519-5.c -O3 -fomit-frame-pointer (test for excess errors)
UNRESOLVED: gcc.dg/guality/pr54519-5.c -O3 -fomit-frame-pointer compilation failed to produce executable
FAIL: gcc.dg/guality/pr54519-5.c -O3 -g (test for excess errors)
UNRESOLVED: gcc.dg/guality/pr54519-5.c -O3 -g compilation failed to produce executable
FAIL: gcc.dg/guality/pr54519-5.c -Os (test for excess errors)
UNRESOLVED: gcc.dg/guality/pr54519-5.c -Os compilation failed to produce executable
FAIL: gcc.dg/guality/pr54519-5.c -O2 -flto -fno-use-linker-plugin -flto-partition=none (test for excess errors)
UNRESOLVED: gcc.dg/guality/pr54519-5.c -O2 -flto -fno-use-linker-plugin -flto-partition=none compilation failed to produce executable
FAIL: gcc.dg/guality/pr54519-5.c -O2 -flto -fuse-linker-plugin -fno-fat-lto-objects (test for excess errors)
UNRESOLVED: gcc.dg/guality/pr54519-5.c -O2 -flto -fuse-linker-plugin -fno-fat-lto-objects compilation failed to produce executable
FAIL: gcc.dg/guality/pr54519-6.c -O0 (test for excess errors)
UNRESOLVED: gcc.dg/guality/pr54519-6.c -O0 compilation failed to produce executable
FAIL: gcc.dg/guality/pr54519-6.c -O1 (test for excess errors)
UNRESOLVED: gcc.dg/guality/pr54519-6.c -O1 compilation failed to produce executable
FAIL: gcc.dg/guality/pr54519-6.c -O2 (test for excess errors)
UNRESOLVED: gcc.dg/guality/pr54519-6.c -O2 compilation failed to produce executable
FAIL: gcc.dg/guality/pr54519-6.c -O3 -fomit-frame-pointer (test for excess errors)
UNRESOLVED: gcc.dg/guality/pr54519-6.c -O3 -fomit-frame-pointer compilation failed to produce executable
FAIL: gcc.dg/guality/pr54519-6.c -O3 -g (test for excess errors)
UNRESOLVED: gcc.dg/guality/pr54519-6.c -O3 -g compilation failed to produce executable
FAIL: gcc.dg/guality/pr54519-6.c -Os (test for excess errors)
UNRESOLVED: gcc.dg/guality/pr54519-6.c -Os compilation failed to produce executable
FAIL: gcc.dg/guality/pr54519-6.c -O2 -flto -fno-use-linker-plugin -flto-partition=none (test for excess errors)
UNRESOLVED: gcc.dg/guality/pr54519-6.c -O2 -flto -fno-use-linker-plugin -flto-partition=none compilation failed to produce executable
FAIL: gcc.dg/guality/pr54519-6.c -O2 -flto -fuse-linker-plugin -fno-fat-lto-objects (test for excess errors)
UNRESOLVED: gcc.dg/guality/pr54519-6.c -O2 -flto -fuse-linker-plugin -fno-fat-lto-objects compilation failed to produce executable
FAIL: gcc.dg/guality/pr54551.c -O0 (test for excess errors)
UNRESOLVED: gcc.dg/guality/pr54551.c -O0 compilation failed to produce executable
FAIL: gcc.dg/guality/pr54551.c -O1 (test for excess errors)
UNRESOLVED: gcc.dg/guality/pr54551.c -O1 compilation failed to produce executable
FAIL: gcc.dg/guality/pr54551.c -O2 (test for excess errors)
UNRESOLVED: gcc.dg/guality/pr54551.c -O2 compilation failed to produce executable
FAIL: gcc.dg/guality/pr54551.c -O3 -fomit-frame-pointer (test for excess errors)
UNRESOLVED: gcc.dg/guality/pr54551.c -O3 -fomit-frame-pointer compilation failed to produce executable
FAIL: gcc.dg/guality/pr54551.c -O3 -g (test for excess errors)
UNRESOLVED: gcc.dg/guality/pr54551.c -O3 -g compilation failed to produce executable
FAIL: gcc.dg/guality/pr54551.c -Os (test for excess errors)
UNRESOLVED: gcc.dg/guality/pr54551.c -Os compilation failed to produce executable
FAIL: gcc.dg/guality/pr54551.c -O2 -flto -fno-use-linker-plugin -flto-partition=none (test for excess errors)
UNRESOLVED: gcc.dg/guality/pr54551.c -O2 -flto -fno-use-linker-plugin -flto-partition=none compilation failed to produce executable
FAIL: gcc.dg/guality/pr54551.c -O2 -flto -fuse-linker-plugin -fno-fat-lto-objects (test for excess errors)
UNRESOLVED: gcc.dg/guality/pr54551.c -O2 -flto -fuse-linker-plugin -fno-fat-lto-objects compilation failed to produce executable
FAIL: gcc.dg/guality/pr54693-2.c -O0 (test for excess errors)
UNRESOLVED: gcc.dg/guality/pr54693-2.c -O0 compilation failed to produce executable
FAIL: gcc.dg/guality/pr54693-2.c -O1 (test for excess errors)
UNRESOLVED: gcc.dg/guality/pr54693-2.c -O1 compilation failed to produce executable
FAIL: gcc.dg/guality/pr54693-2.c -O2 (test for excess errors)
UNRESOLVED: gcc.dg/guality/pr54693-2.c -O2 compilation failed to produce executable
FAIL: gcc.dg/guality/pr54693-2.c -O3 -fomit-frame-pointer (test for excess errors)
UNRESOLVED: gcc.dg/guality/pr54693-2.c -O3 -fomit-frame-pointer compilation failed to produce executable
FAIL: gcc.dg/guality/pr54693-2.c -O3 -fomit-frame-pointer -funroll-loops (test for excess errors)
UNRESOLVED: gcc.dg/guality/pr54693-2.c -O3 -fomit-frame-pointer -funroll-loops compilation failed to produce executable
FAIL: gcc.dg/guality/pr54693-2.c -O3 -fomit-frame-pointer -funroll-all-loops -finline-functions (test for excess errors)
UNRESOLVED: gcc.dg/guality/pr54693-2.c -O3 -fomit-frame-pointer -funroll-all-loops -finline-functions compilation failed to produce executable
FAIL: gcc.dg/guality/pr54693-2.c -O3 -g (test for excess errors)
UNRESOLVED: gcc.dg/guality/pr54693-2.c -O3 -g compilation failed to produce executable
FAIL: gcc.dg/guality/pr54693-2.c -Os (test for excess errors)
UNRESOLVED: gcc.dg/guality/pr54693-2.c -Os compilation failed to produce executable
FAIL: gcc.dg/guality/pr54693-2.c -O2 -flto -fno-use-linker-plugin -flto-partition=none (test for excess errors)
UNRESOLVED: gcc.dg/guality/pr54693-2.c -O2 -flto -fno-use-linker-plugin -flto-partition=none compilation failed to produce executable
FAIL: gcc.dg/guality/pr54693-2.c -O2 -flto -fuse-linker-plugin -fno-fat-lto-objects (test for excess errors)
UNRESOLVED: gcc.dg/guality/pr54693-2.c -O2 -flto -fuse-linker-plugin -fno-fat-lto-objects compilation failed to produce executable
FAIL: gcc.dg/guality/pr54693.c -O0 (test for excess errors)
UNRESOLVED: gcc.dg/guality/pr54693.c -O0 compilation failed to produce executable
FAIL: gcc.dg/guality/pr54693.c -O1 (test for excess errors)
UNRESOLVED: gcc.dg/guality/pr54693.c -O1 compilation failed to produce executable
FAIL: gcc.dg/guality/pr54693.c -O2 (test for excess errors)
UNRESOLVED: gcc.dg/guality/pr54693.c -O2 compilation failed to produce executable
FAIL: gcc.dg/guality/pr54693.c -O3 -fomit-frame-pointer (test for excess errors)
UNRESOLVED: gcc.dg/guality/pr54693.c -O3 -fomit-frame-pointer compilation failed to produce executable
FAIL: gcc.dg/guality/pr54693.c -O3 -fomit-frame-pointer -funroll-loops (test for excess errors)
UNRESOLVED: gcc.dg/guality/pr54693.c -O3 -fomit-frame-pointer -funroll-loops compilation failed to produce executable
FAIL: gcc.dg/guality/pr54693.c -O3 -fomit-frame-pointer -funroll-all-loops -finline-functions (test for excess errors)
UNRESOLVED: gcc.dg/guality/pr54693.c -O3 -fomit-frame-pointer -funroll-all-loops -finline-functions compilation failed to produce executable
FAIL: gcc.dg/guality/pr54693.c -O3 -g (test for excess errors)
UNRESOLVED: gcc.dg/guality/pr54693.c -O3 -g compilation failed to produce executable
FAIL: gcc.dg/guality/pr54693.c -Os (test for excess errors)
UNRESOLVED: gcc.dg/guality/pr54693.c -Os compilation failed to produce executable
FAIL: gcc.dg/guality/pr54693.c -O2 -flto -fno-use-linker-plugin -flto-partition=none (test for excess errors)
UNRESOLVED: gcc.dg/guality/pr54693.c -O2 -flto -fno-use-linker-plugin -flto-partition=none compilation failed to produce executable
FAIL: gcc.dg/guality/pr54693.c -O2 -flto -fuse-linker-plugin -fno-fat-lto-objects (test for excess errors)
UNRESOLVED: gcc.dg/guality/pr54693.c -O2 -flto -fuse-linker-plugin -fno-fat-lto-objects compilation failed to produce executable
FAIL: gcc.dg/guality/pr54796.c -O0 (test for excess errors)
UNRESOLVED: gcc.dg/guality/pr54796.c -O0 compilation failed to produce executable
FAIL: gcc.dg/guality/pr54796.c -O1 (test for excess errors)
UNRESOLVED: gcc.dg/guality/pr54796.c -O1 compilation failed to produce executable
FAIL: gcc.dg/guality/pr54796.c -O2 (test for excess errors)
UNRESOLVED: gcc.dg/guality/pr54796.c -O2 compilation failed to produce executable
FAIL: gcc.dg/guality/pr54796.c -O3 -fomit-frame-pointer (test for excess errors)
UNRESOLVED: gcc.dg/guality/pr54796.c -O3 -fomit-frame-pointer compilation failed to produce executable
FAIL: gcc.dg/guality/pr54796.c -O3 -g (test for excess errors)
UNRESOLVED: gcc.dg/guality/pr54796.c -O3 -g compilation failed to produce executable
FAIL: gcc.dg/guality/pr54796.c -Os (test for excess errors)
UNRESOLVED: gcc.dg/guality/pr54796.c -Os compilation failed to produce executable
FAIL: gcc.dg/guality/pr54796.c -O2 -flto -fno-use-linker-plugin -flto-partition=none (test for excess errors)
UNRESOLVED: gcc.dg/guality/pr54796.c -O2 -flto -fno-use-linker-plugin -flto-partition=none compilation failed to produce executable
FAIL: gcc.dg/guality/pr54796.c -O2 -flto -fuse-linker-plugin -fno-fat-lto-objects (test for excess errors)
UNRESOLVED: gcc.dg/guality/pr54796.c -O2 -flto -fuse-linker-plugin -fno-fat-lto-objects compilation failed to produce executable
FAIL: gcc.dg/guality/pr54970.c -O0 (test for excess errors)
UNRESOLVED: gcc.dg/guality/pr54970.c -O0 compilation failed to produce executable
FAIL: gcc.dg/guality/pr54970.c -O1 (test for excess errors)
UNRESOLVED: gcc.dg/guality/pr54970.c -O1 compilation failed to produce executable
FAIL: gcc.dg/guality/pr54970.c -O2 (test for excess errors)
UNRESOLVED: gcc.dg/guality/pr54970.c -O2 compilation failed to produce executable
FAIL: gcc.dg/guality/pr54970.c -O3 -fomit-frame-pointer (test for excess errors)
UNRESOLVED: gcc.dg/guality/pr54970.c -O3 -fomit-frame-pointer compilation failed to produce executable
FAIL: gcc.dg/guality/pr54970.c -O3 -g (test for excess errors)
UNRESOLVED: gcc.dg/guality/pr54970.c -O3 -g compilation failed to produce executable
FAIL: gcc.dg/guality/pr54970.c -Os (test for excess errors)
UNRESOLVED: gcc.dg/guality/pr54970.c -Os compilation failed to produce executable
FAIL: gcc.dg/guality/pr54970.c -O2 -flto -fno-use-linker-plugin -flto-partition=none (test for excess errors)
UNRESOLVED: gcc.dg/guality/pr54970.c -O2 -flto -fno-use-linker-plugin -flto-partition=none compilation failed to produce executable
FAIL: gcc.dg/guality/pr54970.c -O2 -flto -fuse-linker-plugin -fno-fat-lto-objects (test for excess errors)
UNRESOLVED: gcc.dg/guality/pr54970.c -O2 -flto -fuse-linker-plugin -fno-fat-lto-objects compilation failed to produce executable
FAIL: gcc.dg/guality/pr56154-1.c -O0 (test for excess errors)
UNRESOLVED: gcc.dg/guality/pr56154-1.c -O0 compilation failed to produce executable
FAIL: gcc.dg/guality/pr56154-1.c -O1 (test for excess errors)
UNRESOLVED: gcc.dg/guality/pr56154-1.c -O1 compilation failed to produce executable
FAIL: gcc.dg/guality/pr56154-1.c -O2 (test for excess errors)
UNRESOLVED: gcc.dg/guality/pr56154-1.c -O2 compilation failed to produce executable
FAIL: gcc.dg/guality/pr56154-1.c -O3 -fomit-frame-pointer (test for excess errors)
UNRESOLVED: gcc.dg/guality/pr56154-1.c -O3 -fomit-frame-pointer compilation failed to produce executable
FAIL: gcc.dg/guality/pr56154-1.c -O3 -g (test for excess errors)
UNRESOLVED: gcc.dg/guality/pr56154-1.c -O3 -g compilation failed to produce executable
FAIL: gcc.dg/guality/pr56154-1.c -Os (test for excess errors)
UNRESOLVED: gcc.dg/guality/pr56154-1.c -Os compilation failed to produce executable
FAIL: gcc.dg/guality/pr56154-1.c -O2 -flto -fno-use-linker-plugin -flto-partition=none (test for excess errors)
UNRESOLVED: gcc.dg/guality/pr56154-1.c -O2 -flto -fno-use-linker-plugin -flto-partition=none compilation failed to produce executable
FAIL: gcc.dg/guality/pr56154-1.c -O2 -flto -fuse-linker-plugin -fno-fat-lto-objects (test for excess errors)
UNRESOLVED: gcc.dg/guality/pr56154-1.c -O2 -flto -fuse-linker-plugin -fno-fat-lto-objects compilation failed to produce executable
FAIL: gcc.dg/guality/pr56154-2.c -O0 (test for excess errors)
UNRESOLVED: gcc.dg/guality/pr56154-2.c -O0 compilation failed to produce executable
FAIL: gcc.dg/guality/pr56154-2.c -O1 (test for excess errors)
UNRESOLVED: gcc.dg/guality/pr56154-2.c -O1 compilation failed to produce executable
FAIL: gcc.dg/guality/pr56154-2.c -O2 (test for excess errors)
UNRESOLVED: gcc.dg/guality/pr56154-2.c -O2 compilation failed to produce executable
FAIL: gcc.dg/guality/pr56154-2.c -O3 -fomit-frame-pointer (test for excess errors)
UNRESOLVED: gcc.dg/guality/pr56154-2.c -O3 -fomit-frame-pointer compilation failed to produce executable
FAIL: gcc.dg/guality/pr56154-2.c -O3 -g (test for excess errors)
UNRESOLVED: gcc.dg/guality/pr56154-2.c -O3 -g compilation failed to produce executable
FAIL: gcc.dg/guality/pr56154-2.c -Os (test for excess errors)
UNRESOLVED: gcc.dg/guality/pr56154-2.c -Os compilation failed to produce executable
FAIL: gcc.dg/guality/pr56154-2.c -O2 -flto -fno-use-linker-plugin -flto-partition=none (test for excess errors)
UNRESOLVED: gcc.dg/guality/pr56154-2.c -O2 -flto -fno-use-linker-plugin -flto-partition=none compilation failed to produce executable
FAIL: gcc.dg/guality/pr56154-2.c -O2 -flto -fuse-linker-plugin -fno-fat-lto-objects (test for excess errors)
UNRESOLVED: gcc.dg/guality/pr56154-2.c -O2 -flto -fuse-linker-plugin -fno-fat-lto-objects compilation failed to produce executable
FAIL: gcc.dg/guality/pr56154-3.c -O0 (test for excess errors)
UNRESOLVED: gcc.dg/guality/pr56154-3.c -O0 compilation failed to produce executable
FAIL: gcc.dg/guality/pr56154-3.c -O1 (test for excess errors)
UNRESOLVED: gcc.dg/guality/pr56154-3.c -O1 compilation failed to produce executable
FAIL: gcc.dg/guality/pr56154-3.c -O2 (test for excess errors)
UNRESOLVED: gcc.dg/guality/pr56154-3.c -O2 compilation failed to produce executable
FAIL: gcc.dg/guality/pr56154-3.c -O3 -fomit-frame-pointer (test for excess errors)
UNRESOLVED: gcc.dg/guality/pr56154-3.c -O3 -fomit-frame-pointer compilation failed to produce executable
FAIL: gcc.dg/guality/pr56154-3.c -O3 -g (test for excess errors)
UNRESOLVED: gcc.dg/guality/pr56154-3.c -O3 -g compilation failed to produce executable
FAIL: gcc.dg/guality/pr56154-3.c -Os (test for excess errors)
UNRESOLVED: gcc.dg/guality/pr56154-3.c -Os compilation failed to produce executable
FAIL: gcc.dg/guality/pr56154-3.c -O2 -flto -fno-use-linker-plugin -flto-partition=none (test for excess errors)
UNRESOLVED: gcc.dg/guality/pr56154-3.c -O2 -flto -fno-use-linker-plugin -flto-partition=none compilation failed to produce executable
FAIL: gcc.dg/guality/pr56154-3.c -O2 -flto -fuse-linker-plugin -fno-fat-lto-objects (test for excess errors)
UNRESOLVED: gcc.dg/guality/pr56154-3.c -O2 -flto -fuse-linker-plugin -fno-fat-lto-objects compilation failed to produce executable
FAIL: gcc.dg/guality/pr56154-4.c -O0 (test for excess errors)
UNRESOLVED: gcc.dg/guality/pr56154-4.c -O0 compilation failed to produce executable
FAIL: gcc.dg/guality/pr56154-4.c -O1 (test for excess errors)
UNRESOLVED: gcc.dg/guality/pr56154-4.c -O1 compilation failed to produce executable
FAIL: gcc.dg/guality/pr56154-4.c -O2 (test for excess errors)
UNRESOLVED: gcc.dg/guality/pr56154-4.c -O2 compilation failed to produce executable
FAIL: gcc.dg/guality/pr56154-4.c -O3 -fomit-frame-pointer (test for excess errors)
UNRESOLVED: gcc.dg/guality/pr56154-4.c -O3 -fomit-frame-pointer compilation failed to produce executable
FAIL: gcc.dg/guality/pr56154-4.c -O3 -g (test for excess errors)
UNRESOLVED: gcc.dg/guality/pr56154-4.c -O3 -g compilation failed to produce executable
FAIL: gcc.dg/guality/pr56154-4.c -Os (test for excess errors)
UNRESOLVED: gcc.dg/guality/pr56154-4.c -Os compilation failed to produce executable
FAIL: gcc.dg/guality/pr56154-4.c -O2 -flto -fno-use-linker-plugin -flto-partition=none (test for excess errors)
UNRESOLVED: gcc.dg/guality/pr56154-4.c -O2 -flto -fno-use-linker-plugin -flto-partition=none compilation failed to produce executable
FAIL: gcc.dg/guality/pr56154-4.c -O2 -flto -fuse-linker-plugin -fno-fat-lto-objects (test for excess errors)
UNRESOLVED: gcc.dg/guality/pr56154-4.c -O2 -flto -fuse-linker-plugin -fno-fat-lto-objects compilation failed to produce executable
FAIL: gcc.dg/guality/pr56154-aux.c -O0 (test for excess errors)
FAIL: gcc.dg/guality/pr56154-aux.c -O1 (test for excess errors)
FAIL: gcc.dg/guality/pr56154-aux.c -O2 (test for excess errors)
FAIL: gcc.dg/guality/pr56154-aux.c -O3 -fomit-frame-pointer (test for excess errors)
FAIL: gcc.dg/guality/pr56154-aux.c -O3 -g (test for excess errors)
FAIL: gcc.dg/guality/pr56154-aux.c -Os (test for excess errors)
FAIL: gcc.dg/guality/pr56154-aux.c -O2 -flto -fno-use-linker-plugin -flto-partition=none (test for excess errors)
FAIL: gcc.dg/guality/pr56154-aux.c -O2 -flto -fuse-linker-plugin -fno-fat-lto-objects (test for excess errors)
FAIL: gcc.dg/guality/pr58791-1.c -O0 (test for excess errors)
UNRESOLVED: gcc.dg/guality/pr58791-1.c -O0 compilation failed to produce executable
FAIL: gcc.dg/guality/pr58791-1.c -O1 (test for excess errors)
UNRESOLVED: gcc.dg/guality/pr58791-1.c -O1 compilation failed to produce executable
FAIL: gcc.dg/guality/pr58791-1.c -O2 (test for excess errors)
UNRESOLVED: gcc.dg/guality/pr58791-1.c -O2 compilation failed to produce executable
FAIL: gcc.dg/guality/pr58791-1.c -O3 -fomit-frame-pointer (test for excess errors)
UNRESOLVED: gcc.dg/guality/pr58791-1.c -O3 -fomit-frame-pointer compilation failed to produce executable
FAIL: gcc.dg/guality/pr58791-1.c -O3 -g (test for excess errors)
UNRESOLVED: gcc.dg/guality/pr58791-1.c -O3 -g compilation failed to produce executable
FAIL: gcc.dg/guality/pr58791-1.c -Os (test for excess errors)
UNRESOLVED: gcc.dg/guality/pr58791-1.c -Os compilation failed to produce executable
FAIL: gcc.dg/guality/pr58791-1.c -O2 -flto -fno-use-linker-plugin -flto-partition=none (test for excess errors)
UNRESOLVED: gcc.dg/guality/pr58791-1.c -O2 -flto -fno-use-linker-plugin -flto-partition=none compilation failed to produce executable
FAIL: gcc.dg/guality/pr58791-1.c -O2 -flto -fuse-linker-plugin -fno-fat-lto-objects (test for excess errors)
UNRESOLVED: gcc.dg/guality/pr58791-1.c -O2 -flto -fuse-linker-plugin -fno-fat-lto-objects compilation failed to produce executable
FAIL: gcc.dg/guality/pr58791-2.c -O0 (test for excess errors)
UNRESOLVED: gcc.dg/guality/pr58791-2.c -O0 compilation failed to produce executable
FAIL: gcc.dg/guality/pr58791-2.c -O1 (test for excess errors)
UNRESOLVED: gcc.dg/guality/pr58791-2.c -O1 compilation failed to produce executable
FAIL: gcc.dg/guality/pr58791-2.c -O2 (test for excess errors)
UNRESOLVED: gcc.dg/guality/pr58791-2.c -O2 compilation failed to produce executable
FAIL: gcc.dg/guality/pr58791-2.c -O3 -fomit-frame-pointer (test for excess errors)
UNRESOLVED: gcc.dg/guality/pr58791-2.c -O3 -fomit-frame-pointer compilation failed to produce executable
FAIL: gcc.dg/guality/pr58791-2.c -O3 -g (test for excess errors)
UNRESOLVED: gcc.dg/guality/pr58791-2.c -O3 -g compilation failed to produce executable
FAIL: gcc.dg/guality/pr58791-2.c -Os (test for excess errors)
UNRESOLVED: gcc.dg/guality/pr58791-2.c -Os compilation failed to produce executable
FAIL: gcc.dg/guality/pr58791-2.c -O2 -flto -fno-use-linker-plugin -flto-partition=none (test for excess errors)
UNRESOLVED: gcc.dg/guality/pr58791-2.c -O2 -flto -fno-use-linker-plugin -flto-partition=none compilation failed to produce executable
FAIL: gcc.dg/guality/pr58791-2.c -O2 -flto -fuse-linker-plugin -fno-fat-lto-objects (test for excess errors)
UNRESOLVED: gcc.dg/guality/pr58791-2.c -O2 -flto -fuse-linker-plugin -fno-fat-lto-objects compilation failed to produce executable
FAIL: gcc.dg/guality/pr58791-3.c -O0 (test for excess errors)
UNRESOLVED: gcc.dg/guality/pr58791-3.c -O0 compilation failed to produce executable
FAIL: gcc.dg/guality/pr58791-3.c -O1 (test for excess errors)
UNRESOLVED: gcc.dg/guality/pr58791-3.c -O1 compilation failed to produce executable
FAIL: gcc.dg/guality/pr58791-3.c -O2 (test for excess errors)
UNRESOLVED: gcc.dg/guality/pr58791-3.c -O2 compilation failed to produce executable
FAIL: gcc.dg/guality/pr58791-3.c -O3 -fomit-frame-pointer (test for excess errors)
UNRESOLVED: gcc.dg/guality/pr58791-3.c -O3 -fomit-frame-pointer compilation failed to produce executable
FAIL: gcc.dg/guality/pr58791-3.c -O3 -g (test for excess errors)
UNRESOLVED: gcc.dg/guality/pr58791-3.c -O3 -g compilation failed to produce executable
FAIL: gcc.dg/guality/pr58791-3.c -Os (test for excess errors)
UNRESOLVED: gcc.dg/guality/pr58791-3.c -Os compilation failed to produce executable
FAIL: gcc.dg/guality/pr58791-3.c -O2 -flto -fno-use-linker-plugin -flto-partition=none (test for excess errors)
UNRESOLVED: gcc.dg/guality/pr58791-3.c -O2 -flto -fno-use-linker-plugin -flto-partition=none compilation failed to produce executable
FAIL: gcc.dg/guality/pr58791-3.c -O2 -flto -fuse-linker-plugin -fno-fat-lto-objects (test for excess errors)
UNRESOLVED: gcc.dg/guality/pr58791-3.c -O2 -flto -fuse-linker-plugin -fno-fat-lto-objects compilation failed to produce executable
FAIL: gcc.dg/guality/pr58791-4.c -O0 (test for excess errors)
UNRESOLVED: gcc.dg/guality/pr58791-4.c -O0 compilation failed to produce executable
FAIL: gcc.dg/guality/pr58791-4.c -O1 (test for excess errors)
UNRESOLVED: gcc.dg/guality/pr58791-4.c -O1 compilation failed to produce executable
FAIL: gcc.dg/guality/pr58791-4.c -O2 (test for excess errors)
UNRESOLVED: gcc.dg/guality/pr58791-4.c -O2 compilation failed to produce executable
FAIL: gcc.dg/guality/pr58791-4.c -O3 -fomit-frame-pointer (test for excess errors)
UNRESOLVED: gcc.dg/guality/pr58791-4.c -O3 -fomit-frame-pointer compilation failed to produce executable
FAIL: gcc.dg/guality/pr58791-4.c -O3 -g (test for excess errors)
UNRESOLVED: gcc.dg/guality/pr58791-4.c -O3 -g compilation failed to produce executable
FAIL: gcc.dg/guality/pr58791-4.c -Os (test for excess errors)
UNRESOLVED: gcc.dg/guality/pr58791-4.c -Os compilation failed to produce executable
FAIL: gcc.dg/guality/pr58791-4.c -O2 -flto -fno-use-linker-plugin -flto-partition=none (test for excess errors)
UNRESOLVED: gcc.dg/guality/pr58791-4.c -O2 -flto -fno-use-linker-plugin -flto-partition=none compilation failed to produce executable
FAIL: gcc.dg/guality/pr58791-4.c -O2 -flto -fuse-linker-plugin -fno-fat-lto-objects (test for excess errors)
UNRESOLVED: gcc.dg/guality/pr58791-4.c -O2 -flto -fuse-linker-plugin -fno-fat-lto-objects compilation failed to produce executable
FAIL: gcc.dg/guality/pr58791-5.c -O0 (test for excess errors)
UNRESOLVED: gcc.dg/guality/pr58791-5.c -O0 compilation failed to produce executable
FAIL: gcc.dg/guality/pr58791-5.c -O1 (test for excess errors)
UNRESOLVED: gcc.dg/guality/pr58791-5.c -O1 compilation failed to produce executable
FAIL: gcc.dg/guality/pr58791-5.c -O2 (test for excess errors)
UNRESOLVED: gcc.dg/guality/pr58791-5.c -O2 compilation failed to produce executable
FAIL: gcc.dg/guality/pr58791-5.c -O3 -fomit-frame-pointer (test for excess errors)
UNRESOLVED: gcc.dg/guality/pr58791-5.c -O3 -fomit-frame-pointer compilation failed to produce executable
FAIL: gcc.dg/guality/pr58791-5.c -O3 -g (test for excess errors)
UNRESOLVED: gcc.dg/guality/pr58791-5.c -O3 -g compilation failed to produce executable
FAIL: gcc.dg/guality/pr58791-5.c -Os (test for excess errors)
UNRESOLVED: gcc.dg/guality/pr58791-5.c -Os compilation failed to produce executable
FAIL: gcc.dg/guality/pr58791-5.c -O2 -flto -fno-use-linker-plugin -flto-partition=none (test for excess errors)
UNRESOLVED: gcc.dg/guality/pr58791-5.c -O2 -flto -fno-use-linker-plugin -flto-partition=none compilation failed to produce executable
FAIL: gcc.dg/guality/pr58791-5.c -O2 -flto -fuse-linker-plugin -fno-fat-lto-objects (test for excess errors)
UNRESOLVED: gcc.dg/guality/pr58791-5.c -O2 -flto -fuse-linker-plugin -fno-fat-lto-objects compilation failed to produce executable
FAIL: gcc.dg/guality/sra-1.c -O0 (test for excess errors)
UNRESOLVED: gcc.dg/guality/sra-1.c -O0 compilation failed to produce executable
FAIL: gcc.dg/guality/sra-1.c -O1 (test for excess errors)
UNRESOLVED: gcc.dg/guality/sra-1.c -O1 compilation failed to produce executable
FAIL: gcc.dg/guality/sra-1.c -O2 (test for excess errors)
UNRESOLVED: gcc.dg/guality/sra-1.c -O2 compilation failed to produce executable
FAIL: gcc.dg/guality/sra-1.c -O3 -fomit-frame-pointer (test for excess errors)
UNRESOLVED: gcc.dg/guality/sra-1.c -O3 -fomit-frame-pointer compilation failed to produce executable
FAIL: gcc.dg/guality/sra-1.c -O3 -g (test for excess errors)
UNRESOLVED: gcc.dg/guality/sra-1.c -O3 -g compilation failed to produce executable
FAIL: gcc.dg/guality/sra-1.c -Os (test for excess errors)
UNRESOLVED: gcc.dg/guality/sra-1.c -Os compilation failed to produce executable
FAIL: gcc.dg/guality/sra-1.c -O2 -flto -fno-use-linker-plugin -flto-partition=none (test for excess errors)
UNRESOLVED: gcc.dg/guality/sra-1.c -O2 -flto -fno-use-linker-plugin -flto-partition=none compilation failed to produce executable
FAIL: gcc.dg/guality/sra-1.c -O2 -flto -fuse-linker-plugin -fno-fat-lto-objects (test for excess errors)
UNRESOLVED: gcc.dg/guality/sra-1.c -O2 -flto -fuse-linker-plugin -fno-fat-lto-objects compilation failed to produce executable
FAIL: gcc.dg/guality/vla-1.c -O0 (test for excess errors)
UNRESOLVED: gcc.dg/guality/vla-1.c -O0 compilation failed to produce executable
FAIL: gcc.dg/guality/vla-1.c -O1 (test for excess errors)
UNRESOLVED: gcc.dg/guality/vla-1.c -O1 compilation failed to produce executable
FAIL: gcc.dg/guality/vla-1.c -O2 (test for excess errors)
UNRESOLVED: gcc.dg/guality/vla-1.c -O2 compilation failed to produce executable
FAIL: gcc.dg/guality/vla-1.c -O3 -fomit-frame-pointer (test for excess errors)
UNRESOLVED: gcc.dg/guality/vla-1.c -O3 -fomit-frame-pointer compilation failed to produce executable
FAIL: gcc.dg/guality/vla-1.c -O3 -g (test for excess errors)
UNRESOLVED: gcc.dg/guality/vla-1.c -O3 -g compilation failed to produce executable
FAIL: gcc.dg/guality/vla-1.c -Os (test for excess errors)
UNRESOLVED: gcc.dg/guality/vla-1.c -Os compilation failed to produce executable
FAIL: gcc.dg/guality/vla-1.c -O2 -flto -fno-use-linker-plugin -flto-partition=none (test for excess errors)
UNRESOLVED: gcc.dg/guality/vla-1.c -O2 -flto -fno-use-linker-plugin -flto-partition=none compilation failed to produce executable
FAIL: gcc.dg/guality/vla-1.c -O2 -flto -fuse-linker-plugin -fno-fat-lto-objects (test for excess errors)
UNRESOLVED: gcc.dg/guality/vla-1.c -O2 -flto -fuse-linker-plugin -fno-fat-lto-objects compilation failed to produce executable
FAIL: gcc.dg/guality/vla-2.c -O0 (test for excess errors)
UNRESOLVED: gcc.dg/guality/vla-2.c -O0 compilation failed to produce executable
FAIL: gcc.dg/guality/vla-2.c -O1 (test for excess errors)
UNRESOLVED: gcc.dg/guality/vla-2.c -O1 compilation failed to produce executable
FAIL: gcc.dg/guality/vla-2.c -O2 (test for excess errors)
UNRESOLVED: gcc.dg/guality/vla-2.c -O2 compilation failed to produce executable
FAIL: gcc.dg/guality/vla-2.c -O3 -fomit-frame-pointer (test for excess errors)
UNRESOLVED: gcc.dg/guality/vla-2.c -O3 -fomit-frame-pointer compilation failed to produce executable
FAIL: gcc.dg/guality/vla-2.c -O3 -g (test for excess errors)
UNRESOLVED: gcc.dg/guality/vla-2.c -O3 -g compilation failed to produce executable
FAIL: gcc.dg/guality/vla-2.c -Os (test for excess errors)
UNRESOLVED: gcc.dg/guality/vla-2.c -Os compilation failed to produce executable
FAIL: gcc.dg/guality/vla-2.c -O2 -flto -fno-use-linker-plugin -flto-partition=none (test for excess errors)
UNRESOLVED: gcc.dg/guality/vla-2.c -O2 -flto -fno-use-linker-plugin -flto-partition=none compilation failed to produce executable
FAIL: gcc.dg/guality/vla-2.c -O2 -flto -fuse-linker-plugin -fno-fat-lto-objects (test for excess errors)
UNRESOLVED: gcc.dg/guality/vla-2.c -O2 -flto -fuse-linker-plugin -fno-fat-lto-objects compilation failed to produce executable
FAIL: c-c++-common/guality/pr43141.c -O0 (test for excess errors)
UNRESOLVED: c-c++-common/guality/pr43141.c -O0 compilation failed to produce executable
FAIL: c-c++-common/guality/pr43141.c -O1 (test for excess errors)
UNRESOLVED: c-c++-common/guality/pr43141.c -O1 compilation failed to produce executable
FAIL: c-c++-common/guality/pr43141.c -O2 (test for excess errors)
UNRESOLVED: c-c++-common/guality/pr43141.c -O2 compilation failed to produce executable
FAIL: c-c++-common/guality/pr43141.c -O3 -fomit-frame-pointer (test for excess errors)
UNRESOLVED: c-c++-common/guality/pr43141.c -O3 -fomit-frame-pointer compilation failed to produce executable
FAIL: c-c++-common/guality/pr43141.c -O3 -g (test for excess errors)
UNRESOLVED: c-c++-common/guality/pr43141.c -O3 -g compilation failed to produce executable
FAIL: c-c++-common/guality/pr43141.c -Os (test for excess errors)
UNRESOLVED: c-c++-common/guality/pr43141.c -Os compilation failed to produce executable
FAIL: c-c++-common/guality/pr43141.c -O2 -flto -fno-use-linker-plugin -flto-partition=none (test for excess errors)
UNRESOLVED: c-c++-common/guality/pr43141.c -O2 -flto -fno-use-linker-plugin -flto-partition=none compilation failed to produce executable
FAIL: c-c++-common/guality/pr43141.c -O2 -flto -fuse-linker-plugin -fno-fat-lto-objects (test for excess errors)
UNRESOLVED: c-c++-common/guality/pr43141.c -O2 -flto -fuse-linker-plugin -fno-fat-lto-objects compilation failed to produce executable
FAIL: c-c++-common/torture/complex-sign-mixed-add.c -O2 -flto -fuse-linker-plugin -fno-fat-lto-objects (test for excess errors)
FAIL: gcc.target/i386/memset-1.c execution test
=== gcc Summary ===
# of expected passes 99952
# of unexpected failures 351
# of unexpected successes 11
# of expected failures 261
# of unresolved testcases 323
# of unsupported tests 2855
/export/gnu/import/git/gcc-test-x32/bld/gcc/xgcc version 4.9.0 20131029 (experimental) [trunk revision 204166] (GCC)
=== gfortran tests ===
Running target unix/-mx32
FAIL: gfortran.dg/assumed_type_8.f90 -O (test for errors, line 17)
FAIL: gfortran.dg/assumed_type_8.f90 -O (test for excess errors)
FAIL: gfortran.dg/blockdata_1.f90 -O0 (test for excess errors)
FAIL: gfortran.dg/bound_2.f90 -O3 -fomit-frame-pointer (test for excess errors)
FAIL: gfortran.dg/bound_2.f90 -O3 -fomit-frame-pointer -funroll-all-loops -finline-functions (test for excess errors)
FAIL: gfortran.dg/bound_2.f90 -O3 -g (test for excess errors)
FAIL: gfortran.dg/bound_2.f90 -Os (test for excess errors)
FAIL: gfortran.dg/bound_6.f90 -O3 -fomit-frame-pointer -funroll-loops (test for excess errors)
FAIL: gfortran.dg/bound_6.f90 -O3 -fomit-frame-pointer -funroll-all-loops -finline-functions (test for excess errors)
UNRESOLVED: gfortran.dg/bound_6.f90 -O3 -fomit-frame-pointer -funroll-all-loops -finline-functions compilation failed to produce executable
FAIL: gfortran.dg/bound_6.f90 -O3 -g (test for excess errors)
FAIL: gfortran.dg/class_48.f90 -O2 (test for excess errors)
FAIL: gfortran.dg/class_48.f90 -Os (test for excess errors)
FAIL: gfortran.dg/duplicate_labels.f90 -O (test for excess errors)
FAIL: gfortran.dg/dynamic_dispatch_11.f03 -Os (test for excess errors)
FAIL: gfortran.dg/dynamic_dispatch_2.f03 -O1 (test for excess errors)
FAIL: gfortran.dg/dynamic_dispatch_2.f03 -O2 (test for excess errors)
FAIL: gfortran.dg/dynamic_dispatch_4.f03 -O3 -fomit-frame-pointer -funroll-all-loops -finline-functions (test for excess errors)
FAIL: gfortran.dg/dynamic_dispatch_5.f03 -O3 -fomit-frame-pointer (test for excess errors)
UNRESOLVED: gfortran.dg/dynamic_dispatch_5.f03 -O3 -fomit-frame-pointer compilation failed to produce executable
FAIL: gfortran.dg/dynamic_dispatch_5.f03 -O3 -fomit-frame-pointer -funroll-loops (test for excess errors)
FAIL: gfortran.dg/lto/pr45586-2 f_lto_pr45586-2_0.o-f_lto_pr45586-2_0.o link, -O0 -flto -flto-partition=none -fuse-linker-plugin (internal compiler error)
UNRESOLVED: gfortran.dg/lto/pr45586-2 f_lto_pr45586-2_0.o-f_lto_pr45586-2_0.o execute -O0 -flto -flto-partition=none -fuse-linker-plugin
FAIL: gfortran.dg/lto/pr45586-2 f_lto_pr45586-2_0.o-f_lto_pr45586-2_0.o link, -O0 -flto -flto-partition=1to1 -fno-use-linker-plugin (internal compiler error)
UNRESOLVED: gfortran.dg/lto/pr45586-2 f_lto_pr45586-2_0.o-f_lto_pr45586-2_0.o execute -O0 -flto -flto-partition=1to1 -fno-use-linker-plugin
FAIL: gfortran.dg/lto/pr45586-2 f_lto_pr45586-2_0.o-f_lto_pr45586-2_0.o link, -O0 -flto -fuse-linker-plugin -fno-fat-lto-objects (internal compiler error)
UNRESOLVED: gfortran.dg/lto/pr45586-2 f_lto_pr45586-2_0.o-f_lto_pr45586-2_0.o execute -O0 -flto -fuse-linker-plugin -fno-fat-lto-objects
FAIL: gfortran.dg/lto/pr45586 f_lto_pr45586_0.o-f_lto_pr45586_0.o link, -O0 -flto -flto-partition=none -fuse-linker-plugin (internal compiler error)
UNRESOLVED: gfortran.dg/lto/pr45586 f_lto_pr45586_0.o-f_lto_pr45586_0.o execute -O0 -flto -flto-partition=none -fuse-linker-plugin
FAIL: gfortran.dg/lto/pr45586 f_lto_pr45586_0.o-f_lto_pr45586_0.o link, -O0 -flto -flto-partition=1to1 -fno-use-linker-plugin (internal compiler error)
UNRESOLVED: gfortran.dg/lto/pr45586 f_lto_pr45586_0.o-f_lto_pr45586_0.o execute -O0 -flto -flto-partition=1to1 -fno-use-linker-plugin
FAIL: gfortran.dg/lto/pr45586 f_lto_pr45586_0.o-f_lto_pr45586_0.o link, -O0 -flto -fuse-linker-plugin -fno-fat-lto-objects (internal compiler error)
UNRESOLVED: gfortran.dg/lto/pr45586 f_lto_pr45586_0.o-f_lto_pr45586_0.o execute -O0 -flto -fuse-linker-plugin -fno-fat-lto-objects
=== gfortran Summary ===
# of expected passes 44985
# of unexpected failures 25
# of expected failures 38
# of unresolved testcases 8
# of unsupported tests 50
/export/gnu/import/git/gcc-test-x32/bld/gcc/testsuite/gfortran/../../gfortran version 4.9.0 20131029 (experimental) [trunk revision 204166] (GCC)
=== objc tests ===
Running target unix/-mx32
=== objc Summary ===
# of expected passes 2988
# of expected failures 6
# of unsupported tests 74
/export/gnu/import/git/gcc-test-x32/bld/gcc/xgcc version 4.9.0 20131029 (experimental) [trunk revision 204166] (GCC)
=== boehm-gc tests ===
Running target unix/-mx32
=== boehm-gc Summary ===
# of expected passes 12
# of unsupported tests 1
=== libatomic tests ===
Running target unix/-mx32
=== libatomic Summary ===
# of expected passes 54
=== libffi tests ===
Running target unix/-mx32
=== libffi Summary ===
# of expected passes 1819
# of unsupported tests 55
=== libgomp tests ===
Running target unix/-mx32
=== libgomp Summary ===
# of expected passes 2343
=== libitm tests ===
Running target unix/-mx32
=== libitm Summary ===
# of expected passes 26
# of expected failures 3
# of unsupported tests 1
=== libjava tests ===
Running target unix/-mx32
FAIL: sourcelocation output - source compiled test
FAIL: sourcelocation -findirect-dispatch output - source compiled test
FAIL: sourcelocation -O3 output - source compiled test
FAIL: sourcelocation -O3 -findirect-dispatch output - source compiled test
=== libjava Summary ===
# of expected passes 2582
# of unexpected failures 4
=== libstdc++ tests ===
Running target unix/-mx32
FAIL: 23_containers/multimap/requirements/exception/basic.cc (test for excess errors)
FAIL: 23_containers/multimap/requirements/exception/generation_prohibited.cc (test for excess errors)
UNRESOLVED: 23_containers/multimap/requirements/exception/generation_prohibited.cc compilation failed to produce executable
FAIL: 23_containers/multimap/requirements/explicit_instantiation/1.cc (test for excess errors)
FAIL: 23_containers/unordered_multimap/allocator/move_assign.cc (test for excess errors)
UNRESOLVED: 23_containers/unordered_multimap/allocator/move_assign.cc compilation failed to produce executable
FAIL: 23_containers/unordered_multimap/allocator/noexcept.cc (test for excess errors)
UNRESOLVED: 23_containers/unordered_multimap/allocator/noexcept.cc compilation failed to produce executable
FAIL: 23_containers/unordered_multimap/allocator/swap.cc (test for excess errors)
UNRESOLVED: 23_containers/unordered_multimap/allocator/swap.cc compilation failed to produce executable
FAIL: 23_containers/unordered_multimap/cons/moveable.cc (test for excess errors)
UNRESOLVED: 23_containers/unordered_multimap/cons/moveable.cc compilation failed to produce executable
FAIL: 23_containers/unordered_multimap/debug/construct4_neg.cc (test for excess errors)
UNRESOLVED: 23_containers/unordered_multimap/debug/construct4_neg.cc compilation failed to produce executable
FAIL: 23_containers/unordered_multimap/debug/insert4_neg.cc (test for excess errors)
UNRESOLVED: 23_containers/unordered_multimap/debug/insert4_neg.cc compilation failed to produce executable
FAIL: 23_containers/unordered_multimap/erase/1.cc (test for excess errors)
UNRESOLVED: 23_containers/unordered_multimap/erase/1.cc compilation failed to produce executable
FAIL: 23_containers/unordered_multimap/erase/2.cc (test for excess errors)
UNRESOLVED: 23_containers/unordered_multimap/erase/2.cc compilation failed to produce executable
FAIL: 23_containers/unordered_multimap/erase/24061-multimap.cc (test for excess errors)
UNRESOLVED: 23_containers/unordered_multimap/erase/24061-multimap.cc compilation failed to produce executable
FAIL: 23_containers/unordered_multimap/erase/51142.cc (test for excess errors)
FAIL: 23_containers/unordered_multimap/erase/51845-multimap.cc (test for excess errors)
UNRESOLVED: 23_containers/unordered_multimap/erase/51845-multimap.cc compilation failed to produce executable
FAIL: 23_containers/unordered_multimap/erase/54276.cc (test for excess errors)
UNRESOLVED: 23_containers/unordered_multimap/erase/54276.cc compilation failed to produce executable
FAIL: 23_containers/unordered_multimap/final_hash.cc (test for excess errors)
FAIL: 23_containers/unordered_multimap/hash_policy/dr1189.cc (test for excess errors)
UNRESOLVED: 23_containers/unordered_multimap/hash_policy/dr1189.cc compilation failed to produce executable
FAIL: 23_containers/unordered_multimap/init-list.cc (test for excess errors)
UNRESOLVED: 23_containers/unordered_multimap/init-list.cc compilation failed to produce executable
FAIL: 23_containers/unordered_multimap/insert/24061-multimap.cc (test for excess errors)
UNRESOLVED: 23_containers/unordered_multimap/insert/24061-multimap.cc compilation failed to produce executable
FAIL: 23_containers/unordered_multimap/insert/51866.cc (test for excess errors)
UNRESOLVED: 23_containers/unordered_multimap/insert/51866.cc compilation failed to produce executable
FAIL: 23_containers/unordered_multimap/insert/52476.cc (test for excess errors)
UNRESOLVED: 23_containers/unordered_multimap/insert/52476.cc compilation failed to produce executable
FAIL: 23_containers/unordered_multimap/insert/53115.cc (test for excess errors)
UNRESOLVED: 23_containers/unordered_multimap/insert/53115.cc compilation failed to produce executable
FAIL: 23_containers/unordered_multimap/insert/55028-debug.cc (test for excess errors)
UNRESOLVED: 23_containers/unordered_multimap/insert/55028-debug.cc compilation failed to produce executable
FAIL: 23_containers/unordered_multimap/insert/hint.cc (test for excess errors)
UNRESOLVED: 23_containers/unordered_multimap/insert/hint.cc compilation failed to produce executable
FAIL: 23_containers/unordered_multimap/insert/multimap_range.cc (test for excess errors)
UNRESOLVED: 23_containers/unordered_multimap/insert/multimap_range.cc compilation failed to produce executable
FAIL: 23_containers/unordered_multimap/insert/multimap_single.cc (test for excess errors)
UNRESOLVED: 23_containers/unordered_multimap/insert/multimap_single.cc compilation failed to produce executable
FAIL: 23_containers/unordered_multimap/insert/multimap_single_move-1.cc (test for excess errors)
UNRESOLVED: 23_containers/unordered_multimap/insert/multimap_single_move-1.cc compilation failed to produce executable
FAIL: 23_containers/unordered_multimap/insert/multimap_single_move-2.cc (test for excess errors)
UNRESOLVED: 23_containers/unordered_multimap/insert/multimap_single_move-2.cc compilation failed to produce executable
FAIL: 23_containers/unordered_multimap/modifiers/emplace.cc (test for excess errors)
UNRESOLVED: 23_containers/unordered_multimap/modifiers/emplace.cc compilation failed to produce executable
FAIL: 23_containers/unordered_multimap/modifiers/reserve.cc (test for excess errors)
UNRESOLVED: 23_containers/unordered_multimap/modifiers/reserve.cc compilation failed to produce executable
FAIL: 23_containers/unordered_multimap/observers.cc (test for excess errors)
FAIL: 23_containers/unordered_multimap/operations/count.cc (test for excess errors)
UNRESOLVED: 23_containers/unordered_multimap/operations/count.cc compilation failed to produce executable
FAIL: 23_containers/unordered_multimap/operators/1.cc (test for excess errors)
UNRESOLVED: 23_containers/unordered_multimap/operators/1.cc compilation failed to produce executable
FAIL: 23_containers/unordered_multimap/operators/2.cc (test for excess errors)
UNRESOLVED: 23_containers/unordered_multimap/operators/2.cc compilation failed to produce executable
FAIL: 23_containers/unordered_multimap/range_access.cc (test for excess errors)
FAIL: 23_containers/unordered_multimap/requirements/citerators.cc (test for excess errors)
UNRESOLVED: 23_containers/unordered_multimap/requirements/citerators.cc compilation failed to produce executable
FAIL: 23_containers/unordered_multimap/requirements/cliterators.cc (test for excess errors)
UNRESOLVED: 23_containers/unordered_multimap/requirements/cliterators.cc compilation failed to produce executable
FAIL: 23_containers/unordered_multimap/requirements/debug.cc (test for excess errors)
FAIL: 23_containers/unordered_multimap/requirements/explicit_instantiation/1.cc (test for excess errors)
FAIL: 23_containers/unordered_multimap/requirements/explicit_instantiation/2.cc (test for excess errors)
FAIL: 23_containers/unordered_multimap/requirements/explicit_instantiation/3.cc (test for excess errors)
FAIL: 23_containers/unordered_multimap/requirements/explicit_instantiation/4.cc (test for excess errors)
FAIL: 23_containers/unordered_multimap/requirements/explicit_instantiation/5.cc (test for excess errors)
FAIL: 23_containers/unordered_multimap/requirements/typedefs.cc (test for excess errors)
FAIL: 23_containers/unordered_multiset/55043.cc (test for excess errors)
FAIL: 23_containers/unordered_multiset/allocator/copy.cc (test for excess errors)
UNRESOLVED: 23_containers/unordered_multiset/allocator/copy.cc compilation failed to produce executable
FAIL: 23_containers/unordered_multiset/allocator/copy_assign.cc (test for excess errors)
UNRESOLVED: 23_containers/unordered_multiset/allocator/copy_assign.cc compilation failed to produce executable
FAIL: 23_containers/unordered_multiset/allocator/minimal.cc (test for excess errors)
UNRESOLVED: 23_containers/unordered_multiset/allocator/minimal.cc compilation failed to produce executable
FAIL: 23_containers/unordered_multiset/allocator/move_assign.cc (test for excess errors)
UNRESOLVED: 23_containers/unordered_multiset/allocator/move_assign.cc compilation failed to produce executable
FAIL: 23_containers/unordered_multiset/allocator/noexcept.cc (test for excess errors)
UNRESOLVED: 23_containers/unordered_multiset/allocator/noexcept.cc compilation failed to produce executable
FAIL: 23_containers/unordered_multiset/allocator/swap.cc (test for excess errors)
UNRESOLVED: 23_containers/unordered_multiset/allocator/swap.cc compilation failed to produce executable
FAIL: 23_containers/unordered_multiset/cons/copy.cc (test for excess errors)
UNRESOLVED: 23_containers/unordered_multiset/cons/copy.cc compilation failed to produce executable
FAIL: 23_containers/unordered_multiset/cons/moveable.cc (test for excess errors)
UNRESOLVED: 23_containers/unordered_multiset/cons/moveable.cc compilation failed to produce executable
FAIL: 23_containers/unordered_multiset/debug/construct4_neg.cc (test for excess errors)
UNRESOLVED: 23_containers/unordered_multiset/debug/construct4_neg.cc compilation failed to produce executable
FAIL: 23_containers/unordered_multiset/debug/insert4_neg.cc (test for excess errors)
UNRESOLVED: 23_containers/unordered_multiset/debug/insert4_neg.cc compilation failed to produce executable
FAIL: 23_containers/unordered_multiset/erase/1.cc (test for excess errors)
UNRESOLVED: 23_containers/unordered_multiset/erase/1.cc compilation failed to produce executable
FAIL: 23_containers/unordered_multiset/erase/2.cc (test for excess errors)
UNRESOLVED: 23_containers/unordered_multiset/erase/2.cc compilation failed to produce executable
FAIL: 23_containers/unordered_multiset/erase/24061-multiset.cc (test for excess errors)
UNRESOLVED: 23_containers/unordered_multiset/erase/24061-multiset.cc compilation failed to produce executable
FAIL: 23_containers/unordered_multiset/erase/51142.cc (test for excess errors)
FAIL: 23_containers/unordered_multiset/final_hash.cc (test for excess errors)
FAIL: 23_containers/unordered_multiset/hash_policy/dr1189.cc (test for excess errors)
UNRESOLVED: 23_containers/unordered_multiset/hash_policy/dr1189.cc compilation failed to produce executable
FAIL: 23_containers/unordered_multiset/init-list.cc (test for excess errors)
UNRESOLVED: 23_containers/unordered_multiset/init-list.cc compilation failed to produce executable
FAIL: 23_containers/unordered_multiset/insert/24061-multiset.cc (test for excess errors)
UNRESOLVED: 23_containers/unordered_multiset/insert/24061-multiset.cc compilation failed to produce executable
FAIL: 23_containers/unordered_multiset/insert/51866.cc (test for excess errors)
UNRESOLVED: 23_containers/unordered_multiset/insert/51866.cc compilation failed to produce executable
FAIL: 23_containers/unordered_multiset/insert/52476.cc (test for excess errors)
UNRESOLVED: 23_containers/unordered_multiset/insert/52476.cc compilation failed to produce executable
FAIL: 23_containers/unordered_multiset/insert/53115.cc (test for excess errors)
UNRESOLVED: 23_containers/unordered_multiset/insert/53115.cc compilation failed to produce executable
FAIL: 23_containers/unordered_multiset/insert/hash_policy.cc (test for excess errors)
UNRESOLVED: 23_containers/unordered_multiset/insert/hash_policy.cc compilation failed to produce executable
FAIL: 23_containers/unordered_multiset/insert/multiset_range.cc (test for excess errors)
UNRESOLVED: 23_containers/unordered_multiset/insert/multiset_range.cc compilation failed to produce executable
FAIL: 23_containers/unordered_multiset/insert/multiset_single.cc (test for excess errors)
UNRESOLVED: 23_containers/unordered_multiset/insert/multiset_single.cc compilation failed to produce executable
FAIL: 23_containers/unordered_multiset/insert/multiset_single_move.cc (test for excess errors)
UNRESOLVED: 23_containers/unordered_multiset/insert/multiset_single_move.cc compilation failed to produce executable
FAIL: 23_containers/unordered_multiset/modifiers/emplace.cc (test for excess errors)
UNRESOLVED: 23_containers/unordered_multiset/modifiers/emplace.cc compilation failed to produce executable
FAIL: 23_containers/unordered_multiset/modifiers/reserve.cc (test for excess errors)
UNRESOLVED: 23_containers/unordered_multiset/modifiers/reserve.cc compilation failed to produce executable
FAIL: 23_containers/unordered_multiset/observers.cc (test for excess errors)
FAIL: 23_containers/unordered_multiset/operations/count.cc (test for excess errors)
UNRESOLVED: 23_containers/unordered_multiset/operations/count.cc compilation failed to produce executable
FAIL: 23_containers/unordered_multiset/operators/1.cc (test for excess errors)
UNRESOLVED: 23_containers/unordered_multiset/operators/1.cc compilation failed to produce executable
FAIL: 23_containers/unordered_multiset/range_access.cc (test for excess errors)
FAIL: 23_containers/unordered_multiset/requirements/citerators.cc (test for excess errors)
UNRESOLVED: 23_containers/unordered_multiset/requirements/citerators.cc compilation failed to produce executable
FAIL: 23_containers/unordered_multiset/requirements/cliterators.cc (test for excess errors)
UNRESOLVED: 23_containers/unordered_multiset/requirements/cliterators.cc compilation failed to produce executable
FAIL: 23_containers/unordered_multiset/requirements/debug.cc (test for excess errors)
FAIL: 23_containers/unordered_multiset/requirements/explicit_instantiation/1.cc (test for excess errors)
FAIL: 23_containers/unordered_multiset/requirements/explicit_instantiation/2.cc (test for excess errors)
FAIL: 23_containers/unordered_multiset/requirements/explicit_instantiation/3.cc (test for excess errors)
FAIL: 23_containers/unordered_multiset/requirements/explicit_instantiation/4.cc (test for excess errors)
FAIL: 23_containers/unordered_multiset/requirements/explicit_instantiation/5.cc (test for excess errors)
FAIL: 23_containers/unordered_multiset/requirements/typedefs.cc (test for excess errors)
FAIL: 23_containers/unordered_set/55043.cc (test for excess errors)
FAIL: 23_containers/unordered_set/56267.cc (test for excess errors)
FAIL: 23_containers/unordered_set/56278.cc (test for excess errors)
FAIL: 23_containers/unordered_set/allocator/copy.cc (test for excess errors)
UNRESOLVED: 23_containers/unordered_set/allocator/copy.cc compilation failed to produce executable
FAIL: 23_containers/unordered_set/allocator/copy_assign.cc (test for excess errors)
UNRESOLVED: 23_containers/unordered_set/allocator/copy_assign.cc compilation failed to produce executable
FAIL: 23_containers/unordered_set/allocator/ext_ptr.cc (test for excess errors)
UNRESOLVED: 23_containers/unordered_set/allocator/ext_ptr.cc compilation failed to produce executable
FAIL: 23_containers/unordered_set/allocator/minimal.cc (test for excess errors)
UNRESOLVED: 23_containers/unordered_set/allocator/minimal.cc compilation failed to produce executable
FAIL: 23_containers/unordered_set/allocator/move_assign.cc (test for excess errors)
UNRESOLVED: 23_containers/unordered_set/allocator/move_assign.cc compilation failed to produce executable
FAIL: 23_containers/unordered_set/allocator/noexcept.cc (test for excess errors)
UNRESOLVED: 23_containers/unordered_set/allocator/noexcept.cc compilation failed to produce executable
FAIL: 23_containers/unordered_set/allocator/swap.cc (test for excess errors)
UNRESOLVED: 23_containers/unordered_set/allocator/swap.cc compilation failed to produce executable
FAIL: 23_containers/unordered_set/buckets/swap.cc (test for excess errors)
UNRESOLVED: 23_containers/unordered_set/buckets/swap.cc compilation failed to produce executable
FAIL: 23_containers/unordered_set/cons/moveable.cc (test for excess errors)
UNRESOLVED: 23_containers/unordered_set/cons/moveable.cc compilation failed to produce executable
FAIL: 23_containers/unordered_set/debug/construct4_neg.cc (test for excess errors)
UNRESOLVED: 23_containers/unordered_set/debug/construct4_neg.cc compilation failed to produce executable
FAIL: 23_containers/unordered_set/debug/insert4_neg.cc (test for excess errors)
UNRESOLVED: 23_containers/unordered_set/debug/insert4_neg.cc compilation failed to produce executable
FAIL: 23_containers/unordered_set/erase/1.cc (test for excess errors)
UNRESOLVED: 23_containers/unordered_set/erase/1.cc compilation failed to produce executable
FAIL: 23_containers/unordered_set/erase/24061-set.cc (test for excess errors)
UNRESOLVED: 23_containers/unordered_set/erase/24061-set.cc compilation failed to produce executable
FAIL: 23_containers/unordered_set/erase/51142.cc (test for excess errors)
FAIL: 23_containers/unordered_set/final_hash.cc (test for excess errors)
FAIL: 23_containers/unordered_set/hash_policy/26132.cc (test for excess errors)
UNRESOLVED: 23_containers/unordered_set/hash_policy/26132.cc compilation failed to produce executable
FAIL: 23_containers/unordered_set/hash_policy/dr1189.cc (test for excess errors)
UNRESOLVED: 23_containers/unordered_set/hash_policy/dr1189.cc compilation failed to produce executable
FAIL: 23_containers/unordered_set/hash_policy/load_factor.cc (test for excess errors)
UNRESOLVED: 23_containers/unordered_set/hash_policy/load_factor.cc compilation failed to produce executable
FAIL: 23_containers/unordered_set/hash_policy/rehash.cc (test for excess errors)
UNRESOLVED: 23_containers/unordered_set/hash_policy/rehash.cc compilation failed to produce executable
FAIL: 23_containers/unordered_set/init-list.cc (test for excess errors)
UNRESOLVED: 23_containers/unordered_set/init-list.cc compilation failed to produce executable
FAIL: 23_containers/unordered_set/insert/24061-set.cc (test for excess errors)
UNRESOLVED: 23_containers/unordered_set/insert/24061-set.cc compilation failed to produce executable
FAIL: 23_containers/unordered_set/insert/hash_policy.cc (test for excess errors)
UNRESOLVED: 23_containers/unordered_set/insert/hash_policy.cc compilation failed to produce executable
FAIL: 23_containers/unordered_set/insert/move_range.cc (test for excess errors)
UNRESOLVED: 23_containers/unordered_set/insert/move_range.cc compilation failed to produce executable
FAIL: 23_containers/unordered_set/insert/set_range.cc (test for excess errors)
UNRESOLVED: 23_containers/unordered_set/insert/set_range.cc compilation failed to produce executable
FAIL: 23_containers/unordered_set/insert/set_single.cc (test for excess errors)
UNRESOLVED: 23_containers/unordered_set/insert/set_single.cc compilation failed to produce executable
FAIL: 23_containers/unordered_set/insert/set_single_move.cc (test for excess errors)
UNRESOLVED: 23_containers/unordered_set/insert/set_single_move.cc compilation failed to produce executable
FAIL: 23_containers/unordered_set/max_load_factor/robustness.cc (test for excess errors)
UNRESOLVED: 23_containers/unordered_set/max_load_factor/robustness.cc compilation failed to produce executable
FAIL: 23_containers/unordered_set/modifiers/emplace.cc (test for excess errors)
UNRESOLVED: 23_containers/unordered_set/modifiers/emplace.cc compilation failed to produce executable
FAIL: 23_containers/unordered_set/modifiers/reserve.cc (test for excess errors)
UNRESOLVED: 23_containers/unordered_set/modifiers/reserve.cc compilation failed to produce executable
FAIL: 23_containers/unordered_set/observers.cc (test for excess errors)
FAIL: 23_containers/unordered_set/operations/count.cc (test for excess errors)
UNRESOLVED: 23_containers/unordered_set/operations/count.cc compilation failed to produce executable
FAIL: 23_containers/unordered_set/operators/1.cc (test for excess errors)
UNRESOLVED: 23_containers/unordered_set/operators/1.cc compilation failed to produce executable
FAIL: 23_containers/unordered_set/operators/52309.cc (test for excess errors)
FAIL: 23_containers/unordered_set/range_access.cc (test for excess errors)
FAIL: 23_containers/unordered_set/requirements/52942.cc (test for excess errors)
FAIL: 23_containers/unordered_set/requirements/53067.cc (test for excess errors)
FAIL: 23_containers/unordered_set/requirements/citerators.cc (test for excess errors)
UNRESOLVED: 23_containers/unordered_set/requirements/citerators.cc compilation failed to produce executable
FAIL: 23_containers/unordered_set/requirements/cliterators.cc (test for excess errors)
UNRESOLVED: 23_containers/unordered_set/requirements/cliterators.cc compilation failed to produce executable
FAIL: 23_containers/unordered_set/requirements/debug_container.cc (test for excess errors)
FAIL: 23_containers/unordered_set/requirements/debug_mode.cc (test for excess errors)
FAIL: 23_containers/unordered_set/requirements/explicit_instantiation/1.cc (test for excess errors)
FAIL: 23_containers/unordered_set/requirements/explicit_instantiation/2.cc (test for excess errors)
FAIL: 23_containers/unordered_set/requirements/explicit_instantiation/3.cc (test for excess errors)
FAIL: 23_containers/unordered_set/requirements/explicit_instantiation/4.cc (test for excess errors)
FAIL: 23_containers/unordered_set/requirements/explicit_instantiation/5.cc (test for excess errors)
FAIL: 23_containers/unordered_set/requirements/typedefs.cc (test for excess errors)
FAIL: 23_containers/vector/14340.cc (test for excess errors)
FAIL: 23_containers/vector/15523.cc (test for excess errors)
UNRESOLVED: 23_containers/vector/15523.cc compilation failed to produce executable
FAIL: 23_containers/vector/18604.cc (test for excess errors)
FAIL: 23_containers/vector/26412-1.cc (test for excess errors)
FAIL: 23_containers/vector/26412-2.cc (test for excess errors)
FAIL: 23_containers/vector/40192.cc (test for excess errors)
FAIL: 23_containers/vector/52591.cc (test for excess errors)
FAIL: 23_containers/vector/allocator/copy.cc (test for excess errors)
UNRESOLVED: 23_containers/vector/allocator/copy.cc compilation failed to produce executable
FAIL: 23_containers/vector/allocator/copy_assign.cc (test for excess errors)
UNRESOLVED: 23_containers/vector/allocator/copy_assign.cc compilation failed to produce executable
FAIL: 23_containers/vector/allocator/ext_ptr.cc (test for excess errors)
UNRESOLVED: 23_containers/vector/allocator/ext_ptr.cc compilation failed to produce executable
FAIL: 23_containers/vector/allocator/minimal.cc (test for excess errors)
UNRESOLVED: 23_containers/vector/allocator/minimal.cc compilation failed to produce executable
FAIL: 23_containers/vector/allocator/move_assign.cc (test for excess errors)
UNRESOLVED: 23_containers/vector/allocator/move_assign.cc compilation failed to produce executable
FAIL: 23_containers/vector/allocator/noexcept.cc (test for excess errors)
UNRESOLVED: 23_containers/vector/allocator/noexcept.cc compilation failed to produce executable
FAIL: 23_containers/vector/allocator/swap.cc (test for excess errors)
UNRESOLVED: 23_containers/vector/allocator/swap.cc compilation failed to produce executable
FAIL: 23_containers/vector/bool/1.cc (test for excess errors)
UNRESOLVED: 23_containers/vector/bool/1.cc compilation failed to produce executable
FAIL: 23_containers/vector/bool/21244.cc (test for excess errors)
FAIL: 23_containers/vector/bool/23632.cc (test for excess errors)
FAIL: 23_containers/vector/bool/6886.cc (test for excess errors)
UNRESOLVED: 23_containers/vector/bool/6886.cc compilation failed to produce executable
FAIL: 23_containers/vector/bool/capacity/1.cc (test for excess errors)
UNRESOLVED: 23_containers/vector/bool/capacity/1.cc compilation failed to produce executable
FAIL: 23_containers/vector/bool/capacity/29134.cc (test for excess errors)
UNRESOLVED: 23_containers/vector/bool/capacity/29134.cc compilation failed to produce executable
FAIL: 23_containers/vector/bool/capacity/shrink_to_fit.cc (test for excess errors)
UNRESOLVED: 23_containers/vector/bool/capacity/shrink_to_fit.cc compilation failed to produce executable
FAIL: 23_containers/vector/bool/clear_allocator.cc (test for excess errors)
UNRESOLVED: 23_containers/vector/bool/clear_allocator.cc compilation failed to produce executable
FAIL: 23_containers/vector/bool/cons/1.cc (test for excess errors)
UNRESOLVED: 23_containers/vector/bool/cons/1.cc compilation failed to produce executable
FAIL: 23_containers/vector/bool/cons/2.cc (test for excess errors)
UNRESOLVED: 23_containers/vector/bool/cons/2.cc compilation failed to produce executable
FAIL: 23_containers/vector/bool/cons/noexcept_move_construct.cc (test for excess errors)
FAIL: 23_containers/vector/bool/hash/1.cc (test for excess errors)
UNRESOLVED: 23_containers/vector/bool/hash/1.cc compilation failed to produce executable
FAIL: 23_containers/vector/bool/modifiers/erase/1.cc (test for excess errors)
UNRESOLVED: 23_containers/vector/bool/modifiers/erase/1.cc compilation failed to produce executable
FAIL: 23_containers/vector/bool/modifiers/erase/54577.cc (test for excess errors)
FAIL: 23_containers/vector/bool/modifiers/insert/1.cc (test for excess errors)
UNRESOLVED: 23_containers/vector/bool/modifiers/insert/1.cc compilation failed to produce executable
FAIL: 23_containers/vector/bool/modifiers/insert/31370.cc (test for excess errors)
UNRESOLVED: 23_containers/vector/bool/modifiers/insert/31370.cc compilation failed to produce executable
FAIL: 23_containers/vector/bool/modifiers/insert/const_iterator.cc (test for excess errors)
FAIL: 23_containers/vector/bool/modifiers/swap/1.cc (test for excess errors)
UNRESOLVED: 23_containers/vector/bool/modifiers/swap/1.cc compilation failed to produce executable
FAIL: 23_containers/vector/bool/modifiers/swap/2.cc (test for excess errors)
UNRESOLVED: 23_containers/vector/bool/modifiers/swap/2.cc compilation failed to produce executable
FAIL: 23_containers/vector/bool/requirements/citerators.cc (test for excess errors)
UNRESOLVED: 23_containers/vector/bool/requirements/citerators.cc compilation failed to produce executable
FAIL: 23_containers/vector/bool/requirements/dr438/constructor.cc (test for excess errors)
FAIL: 23_containers/vector/bool/swap.cc (test for excess errors)
UNRESOLVED: 23_containers/vector/bool/swap.cc compilation failed to produce executable
FAIL: 23_containers/vector/capacity/1.cc (test for excess errors)
UNRESOLVED: 23_containers/vector/capacity/1.cc compilation failed to produce executable
FAIL: 23_containers/vector/capacity/2.cc (test for excess errors)
UNRESOLVED: 23_containers/vector/capacity/2.cc compilation failed to produce executable
FAIL: 23_containers/vector/capacity/29134-2.cc (test for excess errors)
UNRESOLVED: 23_containers/vector/capacity/29134-2.cc compilation failed to produce executable
FAIL: 23_containers/vector/capacity/29134.cc (test for excess errors)
UNRESOLVED: 23_containers/vector/capacity/29134.cc compilation failed to produce executable
FAIL: 23_containers/vector/capacity/44190.cc (test for excess errors)
UNRESOLVED: 23_containers/vector/capacity/44190.cc compilation failed to produce executable
FAIL: 23_containers/vector/capacity/8230.cc (test for excess errors)
UNRESOLVED: 23_containers/vector/capacity/8230.cc compilation failed to produce executable
FAIL: 23_containers/vector/capacity/reserve/moveable.cc (test for excess errors)
UNRESOLVED: 23_containers/vector/capacity/reserve/moveable.cc compilation failed to produce executable
FAIL: 23_containers/vector/capacity/reserve/moveable2.cc (test for excess errors)
UNRESOLVED: 23_containers/vector/capacity/reserve/moveable2.cc compilation failed to produce executable
FAIL: 23_containers/vector/capacity/resize/1.cc (test for excess errors)
UNRESOLVED: 23_containers/vector/capacity/resize/1.cc compilation failed to produce executable
FAIL: 23_containers/vector/capacity/resize/moveable.cc (test for excess errors)
UNRESOLVED: 23_containers/vector/capacity/resize/moveable.cc compilation failed to produce executable
FAIL: 23_containers/vector/capacity/resize/moveable2.cc (test for excess errors)
UNRESOLVED: 23_containers/vector/capacity/resize/moveable2.cc compilation failed to produce executable
FAIL: 23_containers/vector/capacity/resize/resize_size.cc (test for excess errors)
UNRESOLVED: 23_containers/vector/capacity/resize/resize_size.cc compilation failed to produce executable
FAIL: 23_containers/vector/capacity/shrink_to_fit.cc (test for excess errors)
UNRESOLVED: 23_containers/vector/capacity/shrink_to_fit.cc compilation failed to produce executable
FAIL: 23_containers/vector/capacity/shrink_to_fit2.cc (test for excess errors)
UNRESOLVED: 23_containers/vector/capacity/shrink_to_fit2.cc compilation failed to produce executable
FAIL: 23_containers/vector/check_construct_destroy.cc (test for excess errors)
UNRESOLVED: 23_containers/vector/check_construct_destroy.cc compilation failed to produce executable
FAIL: 23_containers/vector/cons/1.cc (test for excess errors)
UNRESOLVED: 23_containers/vector/cons/1.cc compilation failed to produce executable
FAIL: 23_containers/vector/cons/2.cc (test for excess errors)
UNRESOLVED: 23_containers/vector/cons/2.cc compilation failed to produce executable
FAIL: 23_containers/vector/cons/3.cc (test for excess errors)
UNRESOLVED: 23_containers/vector/cons/3.cc compilation failed to produce executable
FAIL: 23_containers/vector/cons/4.cc (test for excess errors)
UNRESOLVED: 23_containers/vector/cons/4.cc compilation failed to produce executable
FAIL: 23_containers/vector/cons/55977.cc (test for excess errors)
FAIL: 23_containers/vector/cons/6513.cc (test for excess errors)
UNRESOLVED: 23_containers/vector/cons/6513.cc compilation failed to produce executable
FAIL: 23_containers/vector/cons/clear_allocator.cc (test for excess errors)
UNRESOLVED: 23_containers/vector/cons/clear_allocator.cc compilation failed to produce executable
FAIL: 23_containers/vector/cons/cons_size.cc (test for excess errors)
UNRESOLVED: 23_containers/vector/cons/cons_size.cc compilation failed to produce executable
FAIL: 23_containers/vector/cons/moveable.cc (test for excess errors)
UNRESOLVED: 23_containers/vector/cons/moveable.cc compilation failed to produce executable
FAIL: 23_containers/vector/cons/moveable2.cc (test for excess errors)
FAIL: 23_containers/vector/cons/noexcept_move_construct.cc (test for excess errors)
FAIL: 23_containers/vector/data_access/1.cc (test for excess errors)
UNRESOLVED: 23_containers/vector/data_access/1.cc compilation failed to produce executable
FAIL: 23_containers/vector/debug/52433.cc (test for excess errors)
FAIL: 23_containers/vector/debug/alloc_prop.cc (test for excess errors)
FAIL: 23_containers/vector/debug/assign4_neg.cc (test for excess errors)
UNRESOLVED: 23_containers/vector/debug/assign4_neg.cc compilation failed to produce executable
FAIL: 23_containers/vector/debug/construct4_neg.cc (test for excess errors)
UNRESOLVED: 23_containers/vector/debug/construct4_neg.cc compilation failed to produce executable
FAIL: 23_containers/vector/debug/insert4_neg.cc (test for excess errors)
UNRESOLVED: 23_containers/vector/debug/insert4_neg.cc compilation failed to produce executable
FAIL: 23_containers/vector/debug/insert6_neg.cc (test for excess errors)
UNRESOLVED: 23_containers/vector/debug/insert6_neg.cc compilation failed to produce executable
FAIL: 23_containers/vector/debug/invalidation/1.cc (test for excess errors)
UNRESOLVED: 23_containers/vector/debug/invalidation/1.cc compilation failed to produce executable
FAIL: 23_containers/vector/debug/invalidation/2.cc (test for excess errors)
UNRESOLVED: 23_containers/vector/debug/invalidation/2.cc compilation failed to produce executable
FAIL: 23_containers/vector/debug/invalidation/3.cc (test for excess errors)
UNRESOLVED: 23_containers/vector/debug/invalidation/3.cc compilation failed to produce executable
FAIL: 23_containers/vector/debug/invalidation/4.cc (test for excess errors)
UNRESOLVED: 23_containers/vector/debug/invalidation/4.cc compilation failed to produce executable
FAIL: 23_containers/vector/debug_mode_requires_reallocation-1.cc (test for excess errors)
UNRESOLVED: 23_containers/vector/debug_mode_requires_reallocation-1.cc compilation failed to produce executable
FAIL: 23_containers/vector/debug_mode_requires_reallocation-2.cc (test for excess errors)
UNRESOLVED: 23_containers/vector/debug_mode_requires_reallocation-2.cc compilation failed to produce executable
FAIL: 23_containers/vector/element_access/1.cc (test for excess errors)
UNRESOLVED: 23_containers/vector/element_access/1.cc compilation failed to produce executable
FAIL: 23_containers/vector/ext_pointer/citerators.cc (test for excess errors)
UNRESOLVED: 23_containers/vector/ext_pointer/citerators.cc compilation failed to produce executable
FAIL: 23_containers/vector/ext_pointer/data_access.cc (test for excess errors)
UNRESOLVED: 23_containers/vector/ext_pointer/data_access.cc compilation failed to produce executable
FAIL: 23_containers/vector/ext_pointer/explicit_instantiation/1.cc (test for excess errors)
FAIL: 23_containers/vector/ext_pointer/explicit_instantiation/2.cc (test for excess errors)
FAIL: 23_containers/vector/ext_pointer/explicit_instantiation/3.cc (test for excess errors)
FAIL: 23_containers/vector/ext_pointer/modifiers/element.cc (test for excess errors)
UNRESOLVED: 23_containers/vector/ext_pointer/modifiers/element.cc compilation failed to produce executable
FAIL: 23_containers/vector/ext_pointer/modifiers/erase.cc (test for excess errors)
UNRESOLVED: 23_containers/vector/ext_pointer/modifiers/erase.cc compilation failed to produce executable
FAIL: 23_containers/vector/ext_pointer/modifiers/insert.cc (test for excess errors)
UNRESOLVED: 23_containers/vector/ext_pointer/modifiers/insert.cc compilation failed to produce executable
FAIL: 23_containers/vector/ext_pointer/resize.cc (test for excess errors)
UNRESOLVED: 23_containers/vector/ext_pointer/resize.cc compilation failed to produce executable
FAIL: 23_containers/vector/ext_pointer/types/1.cc (test for excess errors)
UNRESOLVED: 23_containers/vector/ext_pointer/types/1.cc compilation failed to produce executable
FAIL: 23_containers/vector/ext_pointer/types/2.cc (test for excess errors)
UNRESOLVED: 23_containers/vector/ext_pointer/types/2.cc compilation failed to produce executable
FAIL: 23_containers/vector/init-list.cc (test for excess errors)
UNRESOLVED: 23_containers/vector/init-list.cc compilation failed to produce executable
FAIL: 23_containers/vector/modifiers/1.cc (test for excess errors)
UNRESOLVED: 23_containers/vector/modifiers/1.cc compilation failed to produce executable
FAIL: 23_containers/vector/modifiers/2.cc (test for excess errors)
UNRESOLVED: 23_containers/vector/modifiers/2.cc compilation failed to produce executable
FAIL: 23_containers/vector/modifiers/emplace/52799.cc (test for excess errors)
FAIL: 23_containers/vector/modifiers/emplace/const_iterator.cc (test for excess errors)
FAIL: 23_containers/vector/modifiers/erase/1.cc (test for excess errors)
UNRESOLVED: 23_containers/vector/modifiers/erase/1.cc compilation failed to produce executable
FAIL: 23_containers/vector/modifiers/erase/50529.cc (test for excess errors)
UNRESOLVED: 23_containers/vector/modifiers/erase/50529.cc compilation failed to produce executable
FAIL: 23_containers/vector/modifiers/erase/54577.cc (test for excess errors)
FAIL: 23_containers/vector/modifiers/erase/moveable.cc (test for excess errors)
UNRESOLVED: 23_containers/vector/modifiers/erase/moveable.cc compilation failed to produce executable
FAIL: 23_containers/vector/modifiers/insert/1.cc (test for excess errors)
UNRESOLVED: 23_containers/vector/modifiers/insert/1.cc compilation failed to produce executable
FAIL: 23_containers/vector/modifiers/insert/58148.cc (test for excess errors)
FAIL: 23_containers/vector/modifiers/insert/const_iterator.cc (test for excess errors)
FAIL: 23_containers/vector/modifiers/moveable.cc (test for excess errors)
UNRESOLVED: 23_containers/vector/modifiers/moveable.cc compilation failed to produce executable
FAIL: 23_containers/vector/modifiers/moveable2.cc (test for excess errors)
UNRESOLVED: 23_containers/vector/modifiers/moveable2.cc compilation failed to produce executable
FAIL: 23_containers/vector/modifiers/push_back/49836.cc (test for excess errors)
UNRESOLVED: 23_containers/vector/modifiers/push_back/49836.cc compilation failed to produce executable
FAIL: 23_containers/vector/modifiers/swap/1.cc (test for excess errors)
UNRESOLVED: 23_containers/vector/modifiers/swap/1.cc compilation failed to produce executable
FAIL: 23_containers/vector/modifiers/swap/2.cc (test for excess errors)
UNRESOLVED: 23_containers/vector/modifiers/swap/2.cc compilation failed to produce executable
FAIL: 23_containers/vector/modifiers/swap/3.cc (test for excess errors)
UNRESOLVED: 23_containers/vector/modifiers/swap/3.cc compilation failed to produce executable
FAIL: 23_containers/vector/profile/vector.cc (test for excess errors)
UNRESOLVED: 23_containers/vector/profile/vector.cc compilation failed to produce executable
FAIL: 23_containers/vector/range_access.cc (test for excess errors)
FAIL: 23_containers/vector/requirements/citerators.cc (test for excess errors)
UNRESOLVED: 23_containers/vector/requirements/citerators.cc compilation failed to produce executable
FAIL: 23_containers/vector/requirements/do_the_right_thing.cc (test for excess errors)
FAIL: 23_containers/vector/requirements/dr438/assign_neg.cc (test for errors, line 1305)
FAIL: 23_containers/vector/requirements/dr438/assign_neg.cc (test for excess errors)
FAIL: 23_containers/vector/requirements/dr438/constructor.cc (test for excess errors)
FAIL: 23_containers/vector/requirements/dr438/constructor_1_neg.cc (test for errors, line 1231)
FAIL: 23_containers/vector/requirements/dr438/constructor_1_neg.cc (test for excess errors)
FAIL: 23_containers/vector/requirements/dr438/constructor_2_neg.cc (test for errors, line 1231)
FAIL: 23_containers/vector/requirements/dr438/constructor_2_neg.cc (test for excess errors)
FAIL: 23_containers/vector/requirements/dr438/insert_neg.cc (test for errors, line 1346)
FAIL: 23_containers/vector/requirements/dr438/insert_neg.cc (test for excess errors)
FAIL: 23_containers/vector/requirements/explicit_instantiation/1.cc (test for excess errors)
FAIL: 23_containers/vector/requirements/explicit_instantiation/1_c++0x.cc (test for excess errors)
FAIL: 23_containers/vector/requirements/explicit_instantiation/2.cc (test for excess errors)
FAIL: 23_containers/vector/requirements/explicit_instantiation/3.cc (test for excess errors)
FAIL: 23_containers/vector/requirements/explicit_instantiation/4.cc (test for excess errors)
FAIL: 23_containers/vector/requirements/partial_specialization/1.cc (test for excess errors)
FAIL: 23_containers/vector/requirements/typedefs.cc (test for excess errors)
FAIL: 23_containers/vector/types/1.cc (test for excess errors)
FAIL: 23_containers/vector/types/23767.cc (test for excess errors)
FAIL: 23_containers/vector/zero_sized_allocations.cc (test for excess errors)
UNRESOLVED: 23_containers/vector/zero_sized_allocations.cc compilation failed to produce executable
FAIL: 25_algorithms/partition_point/requirements/explicit_instantiation/pod.cc (test for excess errors)
FAIL: 25_algorithms/pop_heap/57010.cc (test for excess errors)
UNRESOLVED: 25_algorithms/pop_heap/57010.cc compilation failed to produce executable
=== libstdc++ Summary ===
# of expected passes 9194
# of unexpected failures 264
# of expected failures 27
# of unresolved testcases 175
# of unsupported tests 235
Compiler version: 4.9.0 20131029 (experimental) [trunk revision 204166] (GCC)
Platform: x86_64-unknown-linux-gnu
configure flags: --prefix=/usr/local --enable-clocale=gnu --with-system-zlib --enable-shared --with-demangler-in-ld --with-multilib-list=m32,m64,mx32 --with-fpmath=sse --enable-languages=c,c++,fortran,java,lto,objc