This is the mail archive of the gcc-testresults@gcc.gnu.org mailing list for the GCC project.


Index Nav: [Date Index] [Subject Index] [Author Index] [Thread Index]
Message Nav: [Date Prev] [Date Next] [Thread Prev] [Thread Next]
Other format: [Raw text]

Results for 4.8.2 (Blastwave.org Inc. Thu Oct 24 02:25:34 UTC 2013) testsuite on x86_64-unknown-linux-gnu


GCC 4.8.2 on Red Hat Enterprise Linux 6.3 x86_64 with all languages
---------------------------------------------------------------------------------------------------------------------

sedna$ date -u
Thu Oct 24 09:54:24 UTC 2013
 
sedna$ uname -a
Linux sedna.adbs.ca 2.6.32-279.22.1.el6.x86_64 #1 SMP Sun Jan 13 09:21:40 EST 2013 x86_64 x86_64 x86_64 GNU/Linux

sedna$ which gas
/usr/local/bin/gas
sedna$ which gld
/usr/local/bin/gld
sedna$ 
sedna$ gas --version 
GNU assembler (GNU Binutils) 2.23.1
Copyright 2012 Free Software Foundation, Inc.
This program is free software; you may redistribute it under the terms of
the GNU General Public License version 3 or later.
This program has absolutely no warranty.
This assembler was configured for a target of `x86_64-unknown-linux-gnu'.


boot strap compiler used : 

sedna$ which gcc
/usr/local/gcc4/bin/gcc
sedna$ gcc --version 
gcc (Blastwave.org Inc. Wed Oct 23 02:04:59 UTC 2013) 4.8.2
Copyright (C) 2013 Free Software Foundation, Inc.
This is free software; see the source for copying conditions. There is NO
warranty; not even for MERCHANTABILITY or FITNESS FOR A PARTICULAR PURPOSE.


Testsuite Results :


sedna$ /home/dclarke/build/gcc-4.8.2/contrib/test_summary 
cat <<'EOF' |
LAST_UPDATED: Obtained from SVN: tags/gcc_4_8_2_release revision 203690

 === acats tests ===

 === acats Summary ===
# of expected passes 2320
# of unexpected failures 0
Native configuration is x86_64-unknown-linux-gnu

 === g++ tests ===


Running target unix
FAIL: g++.dg/charset/asm1.c -std=c++98 (test for excess errors)
UNRESOLVED: g++.dg/charset/asm1.c -std=c++98 scan-assembler .ascii bar
UNRESOLVED: g++.dg/charset/asm1.c -std=c++98 scan-assembler .ascii foo
FAIL: g++.dg/charset/asm1.c -std=c++11 (test for excess errors)
UNRESOLVED: g++.dg/charset/asm1.c -std=c++11 scan-assembler .ascii bar
UNRESOLVED: g++.dg/charset/asm1.c -std=c++11 scan-assembler .ascii foo
FAIL: g++.dg/charset/asm2.c -std=c++98 (test for excess errors)
UNRESOLVED: g++.dg/charset/asm2.c -std=c++98 scan-assembler std
UNRESOLVED: g++.dg/charset/asm2.c -std=c++98 scan-assembler cld
UNRESOLVED: g++.dg/charset/asm2.c -std=c++98 scan-assembler rep
UNRESOLVED: g++.dg/charset/asm2.c -std=c++98 scan-assembler movsb
FAIL: g++.dg/charset/asm2.c -std=c++11 (test for excess errors)
UNRESOLVED: g++.dg/charset/asm2.c -std=c++11 scan-assembler std
UNRESOLVED: g++.dg/charset/asm2.c -std=c++11 scan-assembler cld
UNRESOLVED: g++.dg/charset/asm2.c -std=c++11 scan-assembler rep
UNRESOLVED: g++.dg/charset/asm2.c -std=c++11 scan-assembler movsb
FAIL: g++.dg/charset/asm3.c -std=c++98 (test for excess errors)
UNRESOLVED: g++.dg/charset/asm3.c -std=c++98 scan-assembler foo
FAIL: g++.dg/charset/asm3.c -std=c++11 (test for excess errors)
UNRESOLVED: g++.dg/charset/asm3.c -std=c++11 scan-assembler foo
FAIL: g++.dg/charset/asm4.c -std=c++98 (test for excess errors)
UNRESOLVED: g++.dg/charset/asm4.c -std=c++98 scan-assembler-not translate
FAIL: g++.dg/charset/asm4.c -std=c++11 (test for excess errors)
UNRESOLVED: g++.dg/charset/asm4.c -std=c++11 scan-assembler-not translate
FAIL: g++.dg/charset/asm5.c -std=c++98 (test for excess errors)
UNRESOLVED: g++.dg/charset/asm5.c -std=c++98 scan-assembler foo
FAIL: g++.dg/charset/asm5.c -std=c++11 (test for excess errors)
UNRESOLVED: g++.dg/charset/asm5.c -std=c++11 scan-assembler foo
FAIL: g++.dg/charset/attribute1.c -std=c++98 (test for excess errors)
UNRESOLVED: g++.dg/charset/attribute1.c -std=c++98 scan-assembler foo
FAIL: g++.dg/charset/attribute1.c -std=c++11 (test for excess errors)
UNRESOLVED: g++.dg/charset/attribute1.c -std=c++11 scan-assembler foo
FAIL: g++.dg/charset/attribute2.c -std=c++98 (test for excess errors)
FAIL: g++.dg/charset/attribute2.c -std=c++11 (test for excess errors)
FAIL: g++.dg/charset/extern1.cc -std=c++98 (test for excess errors)
FAIL: g++.dg/charset/extern1.cc -std=c++11 (test for excess errors)
FAIL: g++.dg/charset/extern2.cc -std=c++98 (test for excess errors)
UNRESOLVED: g++.dg/charset/extern2.cc -std=c++98 scan-assembler-not foobar
FAIL: g++.dg/charset/extern2.cc -std=c++11 (test for excess errors)
UNRESOLVED: g++.dg/charset/extern2.cc -std=c++11 scan-assembler-not foobar
FAIL: g++.dg/charset/extern3.cc -std=c++98 (test for excess errors)
UNRESOLVED: g++.dg/charset/extern3.cc -std=c++98 scan-assembler-not abcdefghijklmnopqrstuvwxyz
FAIL: g++.dg/charset/extern3.cc -std=c++11 (test for excess errors)
UNRESOLVED: g++.dg/charset/extern3.cc -std=c++11 scan-assembler-not abcdefghijklmnopqrstuvwxyz
FAIL: g++.dg/charset/function.cc -std=c++98 (test for excess errors)
UNRESOLVED: g++.dg/charset/function.cc -std=c++98 scan-assembler-not "foobar"
FAIL: g++.dg/charset/function.cc -std=c++11 (test for excess errors)
UNRESOLVED: g++.dg/charset/function.cc -std=c++11 scan-assembler-not "foobar"
FAIL: g++.dg/charset/string.c -std=c++98 (test for excess errors)
UNRESOLVED: g++.dg/charset/string.c -std=c++98 scan-assembler-not string foobar
FAIL: g++.dg/charset/string.c -std=c++11 (test for excess errors)
UNRESOLVED: g++.dg/charset/string.c -std=c++11 scan-assembler-not string foobar

 === g++ Summary ===

# of expected passes 54142
# of unexpected failures 24
# of expected failures 290
# of unresolved testcases 28
# of unsupported tests 890
/mnt/seagate_01/other/gcc-4.8.2_RHEL6.3/gcc/testsuite/g++/../../xg++ version 4.8.2 (Blastwave.org Inc. Thu Oct 24 02:25:34 UTC 2013) 

 === gcc tests ===


Running target unix
FAIL: gcc.dg/charset/asm1.c (test for excess errors)
UNRESOLVED: gcc.dg/charset/asm1.c scan-assembler .ascii bar
UNRESOLVED: gcc.dg/charset/asm1.c scan-assembler .ascii foo
FAIL: gcc.dg/charset/asm2.c (test for excess errors)
FAIL: gcc.dg/charset/asm4.c (test for excess errors)
UNRESOLVED: gcc.dg/charset/asm4.c scan-assembler foo
FAIL: gcc.dg/charset/asm5.c (test for excess errors)
UNRESOLVED: gcc.dg/charset/asm5.c scan-assembler-not translate
FAIL: gcc.dg/charset/asm6.c (test for excess errors)
UNRESOLVED: gcc.dg/charset/asm6.c scan-assembler foo
FAIL: gcc.dg/charset/attribute1.c (test for excess errors)
UNRESOLVED: gcc.dg/charset/attribute1.c scan-assembler foo
FAIL: gcc.dg/charset/attribute2.c (test for excess errors)
FAIL: gcc.dg/charset/builtin1.c (test for excess errors)
UNRESOLVED: gcc.dg/charset/builtin1.c compilation failed to produce executable
FAIL: gcc.dg/charset/builtin2.c (test for excess errors)
UNRESOLVED: gcc.dg/charset/builtin2.c scan-assembler-not printf
UNRESOLVED: gcc.dg/charset/builtin2.c scan-assembler-not fprintf
UNRESOLVED: gcc.dg/charset/builtin2.c scan-assembler-not sprintf
FAIL: gcc.dg/charset/extern.c (test for excess errors)
UNRESOLVED: gcc.dg/charset/extern.c scan-assembler-not abcdefghijklmnopqrstuvwxyz
FAIL: gcc.dg/charset/function.c (test for excess errors)
UNRESOLVED: gcc.dg/charset/function.c scan-assembler-not "foobar"
FAIL: gcc.dg/charset/string.c (test for excess errors)
UNRESOLVED: gcc.dg/charset/string.c scan-assembler-not string foobar

 === gcc Summary ===

# of expected passes 93815
# of unexpected failures 12
# of expected failures 261
# of unresolved testcases 13
# of unsupported tests 1367
/mnt/seagate_01/other/gcc-4.8.2_RHEL6.3/gcc/xgcc version 4.8.2 (Blastwave.org Inc. Thu Oct 24 02:25:34 UTC 2013) 

 === gfortran tests ===


Running target unix
FAIL: gfortran.dg/guality/pr41558.f90 -O2 line 7 s == 'foo'
FAIL: gfortran.dg/guality/pr41558.f90 -O3 -fomit-frame-pointer line 7 s == 'foo'
FAIL: gfortran.dg/guality/pr41558.f90 -O3 -fomit-frame-pointer -funroll-loops line 7 s == 'foo'
FAIL: gfortran.dg/guality/pr41558.f90 -O3 -fomit-frame-pointer -funroll-all-loops -finline-functions line 7 s == 'foo'
FAIL: gfortran.dg/guality/pr41558.f90 -O3 -g line 7 s == 'foo'
FAIL: gfortran.dg/guality/pr41558.f90 -Os line 7 s == 'foo'

 === gfortran Summary ===

# of expected passes 43596
# of unexpected failures 6
# of expected failures 42
# of unsupported tests 71
/mnt/seagate_01/other/gcc-4.8.2_RHEL6.3/gcc/testsuite/gfortran/../../gfortran version 4.8.2 (Blastwave.org Inc. Thu Oct 24 02:25:34 UTC 2013) 

 === gnat tests ===


Running target unix

 === gnat Summary ===

# of expected passes 1175
# of expected failures 17
# of unsupported tests 2
/mnt/seagate_01/other/gcc-4.8.2_RHEL6.3/gcc/gnatmake version 4.8.2

 === go tests ===


Running target unix

 === go Summary ===

# of expected passes 5063
# of expected failures 1
# of untested testcases 3
/mnt/seagate_01/other/gcc-4.8.2_RHEL6.3/gcc/testsuite/go/../../gccgo version 4.8.2 (Blastwave.org Inc. Thu Oct 24 02:25:34 UTC 2013) 

 === obj-c++ tests ===


Running target unix

 === obj-c++ Summary ===

# of expected passes 1442
# of expected failures 10
# of unsupported tests 86
/mnt/seagate_01/other/gcc-4.8.2_RHEL6.3/gcc/testsuite/obj-c++/../../xg++ version 4.8.2 (Blastwave.org Inc. Thu Oct 24 02:25:34 UTC 2013) 

 === objc tests ===


Running target unix

 === objc Summary ===

# of expected passes 2988
# of expected failures 6
# of unsupported tests 74
/mnt/seagate_01/other/gcc-4.8.2_RHEL6.3/gcc/xgcc version 4.8.2 (Blastwave.org Inc. Thu Oct 24 02:25:34 UTC 2013) 

 === boehm-gc tests ===


Running target unix

 === boehm-gc Summary ===

# of expected passes 12
# of unsupported tests 1
 === libatomic tests ===


Running target unix

 === libatomic Summary ===

# of expected passes 54
 === libffi tests ===


Running target unix

 === libffi Summary ===

# of expected passes 1819
# of unsupported tests 55
 === libgo tests ===


Running target unix

 === libgo Summary for unix ===

# of expected passes 122

Running target unix/-m32

 === libgo Summary for unix/-m32 ===

# of expected passes 122

 === libgo Summary ===

# of expected passes 244
/mnt/seagate_01/other/gcc-4.8.2_RHEL6.3/./gcc/gccgo version 4.8.2 (Blastwave.org Inc. Thu Oct 24 02:25:34 UTC 2013)

 === libgomp tests ===


Running target unix

 === libgomp Summary ===

# of expected passes 3007
 === libitm tests ===


Running target unix

 === libitm Summary ===

# of expected passes 26
# of expected failures 3
# of unsupported tests 1
 === libjava tests ===


Running target unix
FAIL: sourcelocation output - source compiled test
FAIL: sourcelocation -findirect-dispatch output - source compiled test
FAIL: sourcelocation -O3 output - source compiled test

 === libjava Summary ===

# of expected passes 2583
# of unexpected failures 3
 === libmudflap tests ===


Running target unix
FAIL: libmudflap.c++/pass41-frag.cxx ( -O) execution test
FAIL: libmudflap.c++/pass41-frag.cxx (-O2) execution test
FAIL: libmudflap.c++/pass41-frag.cxx (-O3) execution test

 === libmudflap Summary ===

# of expected passes 1433
# of unexpected failures 3
 === libstdc++ tests ===


Running target unix
FAIL: 22_locale/messages/members/char/1.cc execution test
FAIL: 22_locale/messages/members/char/2.cc execution test
FAIL: 22_locale/messages/members/char/wrapped_env.cc execution test
FAIL: 22_locale/messages/members/char/wrapped_locale.cc execution test
FAIL: 22_locale/messages_byname/named_equivalence.cc execution test

 === libstdc++ Summary ===

# of expected passes 9264
# of unexpected failures 5
# of expected failures 45
# of unsupported tests 215

Compiler version: 4.8.2 (Blastwave.org Inc. Thu Oct 24 02:25:34 UTC 2013) 
Platform: x86_64-unknown-linux-gnu
configure flags: --prefix=/usr/local/gcc4 --libdir=/usr/local/gcc4/lib --libexecdir=/usr/local/gcc4/lib --host=x86_64-unknown-linux-gnu --build=x86_64-unknown-linux-gnu --with-as=/usr/local/bin/gas --with-ld=/usr/local/bin/gld --enable-multilib --enable-nls --enable-threads=posix --enable-libada --enable-libssp --enable-lto --enable-shared --with-local-prefix=/usr/local/include --mandir=/usr/local/gcc4/share/man --infodir=/usr/local/gcc4/share/info --with-system-zlib --enable-__cxa_atexit --with-arch_32=i686 --with-gnu-as --with-gnu-ld --with-libiconv-prefix=/usr/local --enable-languages=ada,c,c++,fortran,go,java,objc,obj-c++ --with-pkgversion='Blastwave.org Inc. Thu Oct 24 02:25:34 UTC 2013' --enable-bootstrap
EOF


-- --
http://pgp.mit.edu:11371/pks/lookup?op=vindex&search=0x1D936C72FA35B44B
+-------------------------+-----------------------------------+
| Dennis Clarke | Solaris and Linux and Open Source |
| dclarke@blastwave.org | Respect for open standards. |
+-------------------------+-----------------------------------+


Index Nav: [Date Index] [Subject Index] [Author Index] [Thread Index]
Message Nav: [Date Prev] [Date Next] [Thread Prev] [Thread Next]