This is the mail archive of the
gcc-testresults@gcc.gnu.org
mailing list for the GCC project.
Results for 4.9.0 20131021 (experimental) (GCC) testsuite on s390-ibm-linux-gnu z196
- From: Andreas Krebbel <Andreas dot Krebbel at de dot ibm dot com>
- To: gcc-testresults at gcc dot gnu dot org
- Date: Tue, 22 Oct 2013 01:02:11 +0200
- Subject: Results for 4.9.0 20131021 (experimental) (GCC) testsuite on s390-ibm-linux-gnu z196
- Authentication-results: sourceware.org; auth=none
LAST_UPDATED: Mon Oct 21 17:20:51 UTC 2013 (revision 203901)
Native configuration is s390-ibm-linux-gnu z196
=== g++ tests ===
Running target unix
FAIL: g++.dg/guality/pr55665.C -O2 line 23 p == 40
FAIL: g++.dg/guality/pr55665.C -O3 -fomit-frame-pointer line 23 p == 40
FAIL: g++.dg/guality/pr55665.C -O3 -g line 23 p == 40
FAIL: g++.dg/guality/redeclaration1.C -O0 line 14 i == 42
FAIL: g++.dg/torture/pr42739.C -O1 (internal compiler error)
FAIL: g++.dg/torture/pr42739.C -O1 (test for excess errors)
FAIL: g++.dg/torture/pr42739.C -O2 (internal compiler error)
FAIL: g++.dg/torture/pr42739.C -O2 (test for excess errors)
FAIL: g++.dg/torture/pr42739.C -O3 -fomit-frame-pointer (internal compiler error)
FAIL: g++.dg/torture/pr42739.C -O3 -fomit-frame-pointer (test for excess errors)
FAIL: g++.dg/torture/pr42739.C -O3 -g (internal compiler error)
FAIL: g++.dg/torture/pr42739.C -O3 -g (test for excess errors)
FAIL: g++.dg/torture/pr42739.C -Os (internal compiler error)
FAIL: g++.dg/torture/pr42739.C -Os (test for excess errors)
FAIL: g++.dg/torture/pr42739.C -O2 -flto -fno-use-linker-plugin -flto-partition=none (internal compiler error)
FAIL: g++.dg/torture/pr42739.C -O2 -flto -fno-use-linker-plugin -flto-partition=none (test for excess errors)
FAIL: g++.dg/torture/vshuf-v2di.C -O1 execution test
FAIL: g++.dg/torture/vshuf-v2di.C -O2 execution test
FAIL: g++.dg/torture/vshuf-v2di.C -O3 -fomit-frame-pointer execution test
FAIL: g++.dg/torture/vshuf-v2di.C -O3 -g execution test
FAIL: g++.dg/torture/vshuf-v2di.C -Os execution test
FAIL: g++.dg/torture/vshuf-v2di.C -O2 -flto -fno-use-linker-plugin -flto-partition=none execution test
FAIL: g++.dg/torture/vshuf-v2di.C -O2 -flto -fuse-linker-plugin -fno-fat-lto-objects execution test
FAIL: g++.dg/torture/vshuf-v4di.C -O1 execution test
FAIL: g++.dg/torture/vshuf-v4di.C -O2 execution test
FAIL: g++.dg/torture/vshuf-v4di.C -O3 -fomit-frame-pointer execution test
FAIL: g++.dg/torture/vshuf-v4di.C -O3 -g execution test
FAIL: g++.dg/torture/vshuf-v4di.C -Os execution test
FAIL: g++.dg/torture/vshuf-v4di.C -O2 -flto -fno-use-linker-plugin -flto-partition=none execution test
FAIL: g++.dg/torture/vshuf-v4di.C -O2 -flto -fuse-linker-plugin -fno-fat-lto-objects execution test
FAIL: g++.dg/torture/vshuf-v4si.C -O1 execution test
FAIL: g++.dg/torture/vshuf-v4si.C -O2 execution test
FAIL: g++.dg/torture/vshuf-v4si.C -O3 -fomit-frame-pointer execution test
FAIL: g++.dg/torture/vshuf-v4si.C -O3 -g execution test
FAIL: g++.dg/torture/vshuf-v4si.C -Os execution test
FAIL: g++.dg/torture/vshuf-v4si.C -O2 -flto -fno-use-linker-plugin -flto-partition=none execution test
FAIL: g++.dg/torture/vshuf-v4si.C -O2 -flto -fuse-linker-plugin -fno-fat-lto-objects execution test
FAIL: g++.dg/torture/vshuf-v8si.C -O1 execution test
FAIL: g++.dg/torture/vshuf-v8si.C -O2 execution test
FAIL: g++.dg/torture/vshuf-v8si.C -O3 -fomit-frame-pointer execution test
FAIL: g++.dg/torture/vshuf-v8si.C -O3 -g execution test
FAIL: g++.dg/torture/vshuf-v8si.C -Os execution test
FAIL: g++.dg/torture/vshuf-v8si.C -O2 -flto -fno-use-linker-plugin -flto-partition=none execution test
FAIL: g++.dg/torture/vshuf-v8si.C -O2 -flto -fuse-linker-plugin -fno-fat-lto-objects execution test
FAIL: g++.old-deja/g++.eh/crash4.C -std=gnu++98 (internal compiler error)
FAIL: g++.old-deja/g++.eh/crash4.C -std=gnu++98 (test for excess errors)
FAIL: g++.old-deja/g++.eh/crash4.C -std=gnu++11 (internal compiler error)
FAIL: g++.old-deja/g++.eh/crash4.C -std=gnu++11 (test for excess errors)
=== g++ Summary ===
# of expected passes 54747
# of unexpected failures 48
# of expected failures 293
# of unsupported tests 1056
-z196/gcc/testsuite/g++/../../xg++ version 4.9.0 20131021 (experimental) (GCC)
=== gcc tests ===
Running target unix
FAIL: gcc.c-torture/compile/920623-1.c -O1 (internal compiler error)
FAIL: gcc.c-torture/compile/920623-1.c -O1 (test for excess errors)
FAIL: gcc.c-torture/compile/950618-1.c -O1 (internal compiler error)
FAIL: gcc.c-torture/compile/950618-1.c -O1 (test for excess errors)
FAIL: gcc.c-torture/compile/pr40556.c -O2 (internal compiler error)
FAIL: gcc.c-torture/compile/pr40556.c -O2 (test for excess errors)
FAIL: gcc.c-torture/compile/pr40556.c -O3 -fomit-frame-pointer (internal compiler error)
FAIL: gcc.c-torture/compile/pr40556.c -O3 -fomit-frame-pointer (test for excess errors)
FAIL: gcc.c-torture/compile/pr40556.c -O3 -g (internal compiler error)
FAIL: gcc.c-torture/compile/pr40556.c -O3 -g (test for excess errors)
FAIL: gcc.c-torture/compile/pr40556.c -Os (internal compiler error)
FAIL: gcc.c-torture/compile/pr40556.c -Os (test for excess errors)
FAIL: gcc.c-torture/compile/pr40556.c -O2 -flto -fno-use-linker-plugin -flto-partition=none (internal compiler error)
FAIL: gcc.c-torture/compile/pr40556.c -O2 -flto -fno-use-linker-plugin -flto-partition=none (test for excess errors)
FAIL: gcc.c-torture/compile/pr42632.c -O1 (internal compiler error)
FAIL: gcc.c-torture/compile/pr42632.c -O1 (test for excess errors)
FAIL: gcc.c-torture/compile/pr42632.c -O2 (internal compiler error)
FAIL: gcc.c-torture/compile/pr42632.c -O2 (test for excess errors)
FAIL: gcc.c-torture/compile/pr42632.c -O3 -fomit-frame-pointer (internal compiler error)
FAIL: gcc.c-torture/compile/pr42632.c -O3 -fomit-frame-pointer (test for excess errors)
FAIL: gcc.c-torture/compile/pr42632.c -O3 -g (internal compiler error)
FAIL: gcc.c-torture/compile/pr42632.c -O3 -g (test for excess errors)
FAIL: gcc.c-torture/compile/pr42632.c -Os (internal compiler error)
FAIL: gcc.c-torture/compile/pr42632.c -Os (test for excess errors)
FAIL: gcc.c-torture/compile/pr42632.c -O2 -flto -fno-use-linker-plugin -flto-partition=none (internal compiler error)
FAIL: gcc.c-torture/compile/pr42632.c -O2 -flto -fno-use-linker-plugin -flto-partition=none (test for excess errors)
FAIL: gcc.c-torture/compile/pr49735.c -O1 (internal compiler error)
FAIL: gcc.c-torture/compile/pr49735.c -O1 (test for excess errors)
FAIL: gcc.c-torture/execute/20000205-1.c compilation, -O3 -fomit-frame-pointer
UNRESOLVED: gcc.c-torture/execute/20000205-1.c execution, -O3 -fomit-frame-pointer
FAIL: gcc.c-torture/execute/20000205-1.c compilation, -O3 -fomit-frame-pointer -funroll-loops
UNRESOLVED: gcc.c-torture/execute/20000205-1.c execution, -O3 -fomit-frame-pointer -funroll-loops
FAIL: gcc.c-torture/execute/20000205-1.c compilation, -O3 -fomit-frame-pointer -funroll-all-loops -finline-functions
UNRESOLVED: gcc.c-torture/execute/20000205-1.c execution, -O3 -fomit-frame-pointer -funroll-all-loops -finline-functions
FAIL: gcc.c-torture/execute/20000205-1.c compilation, -O3 -g
UNRESOLVED: gcc.c-torture/execute/20000205-1.c execution, -O3 -g
FAIL: gcc.c-torture/execute/20001130-1.c compilation, -O3 -fomit-frame-pointer (internal compiler error)
UNRESOLVED: gcc.c-torture/execute/20001130-1.c execution, -O3 -fomit-frame-pointer
FAIL: gcc.c-torture/execute/20001130-1.c compilation, -O3 -g (internal compiler error)
UNRESOLVED: gcc.c-torture/execute/20001130-1.c execution, -O3 -g
FAIL: gcc.dg/builtin-bswap-6.c scan-rtl-dump-not combine "bswapsi"
FAIL: gcc.dg/builtin-bswap-8.c scan-rtl-dump-not combine "bswapsi"
FAIL: gcc.dg/c99-stdint-1.c (test for excess errors)
FAIL: gcc.dg/gcc-have-sync-compare-and-swap.c (test for excess errors)
FAIL: gcc.dg/hoist-register-pressure-1.c scan-rtl-dump hoist "PRE/HOIST: end of bb .* copying expression"
FAIL: gcc.dg/hoist-register-pressure-2.c scan-rtl-dump hoist "PRE/HOIST: end of bb .* copying expression"
FAIL: gcc.dg/hoist-register-pressure-3.c scan-rtl-dump hoist "PRE/HOIST: end of bb .* copying expression"
FAIL: gcc.dg/lower-subreg-1.c scan-rtl-dump subreg1 "Splitting reg"
FAIL: gcc.dg/pr46233.c (internal compiler error)
FAIL: gcc.dg/pr46233.c (test for excess errors)
FAIL: gcc.dg/pr48837.c (internal compiler error)
FAIL: gcc.dg/pr48837.c (test for excess errors)
WARNING: gcc.dg/pr48837.c compilation failed to produce executable
FAIL: gcc.dg/uninit-13.c unconditional (test for warnings, line 8)
FAIL: gcc.dg/uninit-13.c (test for excess errors)
FAIL: gcc.dg/var-expand1.c scan-rtl-dump loop2_unroll "Expanding Accumulator"
FAIL: gcc.dg/guality/asm-1.c -O0 line 14 f == 14
XPASS: gcc.dg/guality/example.c -O0 execution test
XPASS: gcc.dg/guality/example.c -O1 execution test
XPASS: gcc.dg/guality/example.c -Os execution test
XPASS: gcc.dg/guality/guality.c -O0 execution test
XPASS: gcc.dg/guality/guality.c -O1 execution test
XPASS: gcc.dg/guality/guality.c -O2 execution test
XPASS: gcc.dg/guality/guality.c -O3 -fomit-frame-pointer execution test
XPASS: gcc.dg/guality/guality.c -O3 -g execution test
XPASS: gcc.dg/guality/guality.c -Os execution test
XPASS: gcc.dg/guality/guality.c -O2 -flto -fno-use-linker-plugin -flto-partition=none execution test
XPASS: gcc.dg/guality/inline-params.c -O2 execution test
XPASS: gcc.dg/guality/inline-params.c -O3 -fomit-frame-pointer execution test
XPASS: gcc.dg/guality/inline-params.c -O3 -g execution test
XPASS: gcc.dg/guality/inline-params.c -Os execution test
XPASS: gcc.dg/guality/inline-params.c -O2 -flto -fno-use-linker-plugin -flto-partition=none execution test
FAIL: gcc.dg/guality/param-2.c -O1 line 20 str.pa == 31415927
FAIL: gcc.dg/guality/param-2.c -O1 line 20 str.pb == 27182818
FAIL: gcc.dg/guality/pr36728-1.c -O0 line 16 arg3 == 3
FAIL: gcc.dg/guality/pr36728-1.c -O0 line 16 arg4 == 4
FAIL: gcc.dg/guality/pr36728-1.c -O0 line 16 arg5 == 5
FAIL: gcc.dg/guality/pr36728-1.c -O0 line 18 arg3 == 3
FAIL: gcc.dg/guality/pr36728-1.c -O0 line 18 arg4 == 4
FAIL: gcc.dg/guality/pr36728-1.c -O0 line 18 arg5 == 5
FAIL: gcc.dg/guality/pr36728-1.c -O2 line 16 y == 2
FAIL: gcc.dg/guality/pr36728-1.c -O3 -fomit-frame-pointer line 16 y == 2
FAIL: gcc.dg/guality/pr36728-1.c -O3 -g line 16 y == 2
FAIL: gcc.dg/guality/pr36728-1.c -O2 -flto -fno-use-linker-plugin -flto-partition=none line 16 y == 2
FAIL: gcc.dg/guality/pr36728-1.c -O2 -flto -fuse-linker-plugin -fno-fat-lto-objects line 16 y == 2
FAIL: gcc.dg/guality/pr36728-2.c -O0 line 16 arg3 == 3
FAIL: gcc.dg/guality/pr36728-2.c -O0 line 16 arg4 == 4
FAIL: gcc.dg/guality/pr36728-2.c -O0 line 16 arg5 == 5
FAIL: gcc.dg/guality/pr36728-2.c -O0 line 18 arg3 == 3
FAIL: gcc.dg/guality/pr36728-2.c -O0 line 18 arg4 == 4
FAIL: gcc.dg/guality/pr36728-2.c -O0 line 18 arg5 == 5
FAIL: gcc.dg/guality/pr36728-2.c -O0 line 18 *x == (char) 25
FAIL: gcc.dg/guality/pr36728-2.c -O1 line 18 *x == (char) 25
FAIL: gcc.dg/guality/pr36728-2.c -O2 line 18 *x == (char) 25
FAIL: gcc.dg/guality/pr36728-2.c -O3 -fomit-frame-pointer line 18 *x == (char) 25
FAIL: gcc.dg/guality/pr36728-2.c -O3 -g line 18 *x == (char) 25
FAIL: gcc.dg/guality/pr36728-2.c -Os line 18 *x == (char) 25
FAIL: gcc.dg/guality/pr36728-2.c -O2 -flto -fno-use-linker-plugin -flto-partition=none line 16 y == 2
FAIL: gcc.dg/guality/pr36728-2.c -O2 -flto -fno-use-linker-plugin -flto-partition=none line 18 *x == (char) 25
FAIL: gcc.dg/guality/pr36728-2.c -O2 -flto -fuse-linker-plugin -fno-fat-lto-objects line 16 y == 2
FAIL: gcc.dg/guality/pr36728-3.c -O0 line 14 arg3 == 3
FAIL: gcc.dg/guality/pr36728-3.c -O0 line 14 arg4 == 4
FAIL: gcc.dg/guality/pr36728-3.c -O0 line 14 arg5 == 5
FAIL: gcc.dg/guality/pr36728-3.c -O0 line 16 arg3 == 3
FAIL: gcc.dg/guality/pr36728-3.c -O0 line 16 arg4 == 4
FAIL: gcc.dg/guality/pr36728-3.c -O0 line 16 arg5 == 5
FAIL: gcc.dg/guality/pr36728-4.c -O0 line 14 arg3 == 3
FAIL: gcc.dg/guality/pr36728-4.c -O0 line 14 arg4 == 4
FAIL: gcc.dg/guality/pr36728-4.c -O0 line 14 arg5 == 5
FAIL: gcc.dg/guality/pr36728-4.c -O0 line 16 arg3 == 3
FAIL: gcc.dg/guality/pr36728-4.c -O0 line 16 arg4 == 4
FAIL: gcc.dg/guality/pr36728-4.c -O0 line 16 arg5 == 5
FAIL: gcc.dg/guality/pr36728-4.c -O0 line 16 *x == (char) 25
FAIL: gcc.dg/guality/pr36728-4.c -O1 line 16 *x == (char) 25
FAIL: gcc.dg/guality/pr36728-4.c -O2 line 16 *x == (char) 25
FAIL: gcc.dg/guality/pr36728-4.c -O3 -fomit-frame-pointer line 16 *x == (char) 25
FAIL: gcc.dg/guality/pr36728-4.c -O3 -g line 16 *x == (char) 25
FAIL: gcc.dg/guality/pr36728-4.c -Os line 16 *x == (char) 25
FAIL: gcc.dg/guality/pr36728-4.c -O2 -flto -fno-use-linker-plugin -flto-partition=none line 16 *x == (char) 25
FAIL: gcc.dg/guality/pr41353-1.c -O0 line 17 vari1 == 2 * 17
FAIL: gcc.dg/guality/pr41353-1.c -O0 line 17 vari2 == 3 * 17
FAIL: gcc.dg/guality/pr41353-1.c -O0 line 17 vari3 == 2 * 17
FAIL: gcc.dg/guality/pr41353-1.c -O0 line 17 vari4 == 3 * 17
FAIL: gcc.dg/guality/pr41353-1.c -O0 line 17 vari5 == 4 * 17
FAIL: gcc.dg/guality/pr41353-1.c -O0 line 17 vari6 == 5 * 17
FAIL: gcc.dg/guality/pr41353-1.c -O0 line 28 i == 37
FAIL: gcc.dg/guality/pr41353-1.c -O0 line 28 i1 == 2 * 37
FAIL: gcc.dg/guality/pr41353-1.c -O0 line 28 i2 == 3 * 37
FAIL: gcc.dg/guality/pr41353-1.c -O0 line 39 i == 12
FAIL: gcc.dg/guality/pr41353-1.c -O0 line 39 i1 == 2 * 12
FAIL: gcc.dg/guality/pr41353-1.c -O0 line 39 i2 == 2 * 12
FAIL: gcc.dg/guality/pr41353-1.c -O0 line 39 i3 == 3 * 12
FAIL: gcc.dg/guality/pr41353-2.c -O0 line 13 vari1 == 2 * 17
FAIL: gcc.dg/guality/pr41353-2.c -O0 line 13 vari2 == 3 * 17
FAIL: gcc.dg/guality/pr41404-1.c -O2 -flto -fuse-linker-plugin -fno-fat-lto-objects line 10 *foo == 'f'
FAIL: gcc.dg/guality/pr41404-1.c -O2 -flto -fuse-linker-plugin -fno-fat-lto-objects line 14 *foo == 'b'
FAIL: gcc.dg/guality/pr41404-1.c -O2 -flto -fuse-linker-plugin -fno-fat-lto-objects line 24 *foo == 'f'
XPASS: gcc.dg/guality/pr41447-1.c -O0 execution test
XPASS: gcc.dg/guality/pr41447-1.c -O1 execution test
XPASS: gcc.dg/guality/pr41447-1.c -O2 execution test
XPASS: gcc.dg/guality/pr41447-1.c -O3 -fomit-frame-pointer execution test
XPASS: gcc.dg/guality/pr41447-1.c -O3 -g execution test
XPASS: gcc.dg/guality/pr41447-1.c -Os execution test
XPASS: gcc.dg/guality/pr41447-1.c -O2 -flto -fno-use-linker-plugin -flto-partition=none execution test
XPASS: gcc.dg/guality/pr41616-1.c -O0 execution test
XPASS: gcc.dg/guality/pr41616-1.c -O1 execution test
XPASS: gcc.dg/guality/pr41616-1.c -O2 execution test
XPASS: gcc.dg/guality/pr41616-1.c -O3 -fomit-frame-pointer execution test
XPASS: gcc.dg/guality/pr41616-1.c -O3 -g execution test
XPASS: gcc.dg/guality/pr41616-1.c -Os execution test
XPASS: gcc.dg/guality/pr41616-1.c -O2 -flto -fno-use-linker-plugin -flto-partition=none execution test
FAIL: gcc.dg/guality/pr43077-1.c -O0 line 19 vara == 1
FAIL: gcc.dg/guality/pr43329-1.c -O0 line 12 argx == 25
FAIL: gcc.dg/guality/pr43329-1.c -O0 line 12 varx == 25
FAIL: gcc.dg/guality/pr43479.c -O0 line 13 i == 6
FAIL: gcc.dg/guality/pr43479.c -O0 line 13 h == 9
FAIL: gcc.dg/guality/pr43479.c -O0 line 13 n == 9
FAIL: gcc.dg/guality/pr43479.c -O0 line 18 j == 8
FAIL: gcc.dg/guality/pr43479.c -O0 line 18 h == 9
FAIL: gcc.dg/guality/pr43479.c -O0 line 12 n == 9
FAIL: gcc.dg/guality/pr45882.c -O0 line 16 b == 7
FAIL: gcc.dg/guality/pr45882.c -O0 line 16 c == 11
FAIL: gcc.dg/guality/pr45882.c -O0 line 16 d == 112
FAIL: gcc.dg/guality/pr45882.c -O0 line 16 e == 142
FAIL: gcc.dg/guality/pr54200.c -O1 line 20 z == 3
FAIL: gcc.dg/guality/pr54200.c -O2 line 20 z == 3
FAIL: gcc.dg/guality/pr54200.c -O3 -fomit-frame-pointer line 20 z == 3
FAIL: gcc.dg/guality/pr54200.c -O3 -g line 20 z == 3
FAIL: gcc.dg/guality/pr54200.c -Os line 20 z == 3
FAIL: gcc.dg/guality/pr54200.c -O2 -flto -fno-use-linker-plugin -flto-partition=none line 20 z == 3
FAIL: gcc.dg/guality/pr54200.c -O2 -flto -fuse-linker-plugin -fno-fat-lto-objects line 20 z == 3
FAIL: gcc.dg/guality/pr54519-1.c -O2 -flto -fno-use-linker-plugin -flto-partition=none line 20 y == 25
FAIL: gcc.dg/guality/pr54519-1.c -O2 -flto -fno-use-linker-plugin -flto-partition=none line 20 z == 6
FAIL: gcc.dg/guality/pr54519-1.c -O2 -flto -fno-use-linker-plugin -flto-partition=none line 23 y == 117
FAIL: gcc.dg/guality/pr54519-1.c -O2 -flto -fno-use-linker-plugin -flto-partition=none line 23 z == 8
FAIL: gcc.dg/guality/pr54519-1.c -O2 -flto -fuse-linker-plugin -fno-fat-lto-objects line 20 y == 25
FAIL: gcc.dg/guality/pr54519-1.c -O2 -flto -fuse-linker-plugin -fno-fat-lto-objects line 20 z == 6
FAIL: gcc.dg/guality/pr54519-2.c -O2 -flto -fno-use-linker-plugin -flto-partition=none line 17 y == 25
FAIL: gcc.dg/guality/pr54519-2.c -O2 -flto -fuse-linker-plugin -fno-fat-lto-objects line 17 y == 25
FAIL: gcc.dg/guality/pr54519-3.c -O2 -flto -fno-use-linker-plugin -flto-partition=none line 20 y == 25
FAIL: gcc.dg/guality/pr54519-3.c -O2 -flto -fno-use-linker-plugin -flto-partition=none line 20 z == 6
FAIL: gcc.dg/guality/pr54519-3.c -O2 -flto -fno-use-linker-plugin -flto-partition=none line 23 y == 117
FAIL: gcc.dg/guality/pr54519-3.c -O2 -flto -fno-use-linker-plugin -flto-partition=none line 23 z == 8
FAIL: gcc.dg/guality/pr54519-3.c -O2 -flto -fuse-linker-plugin -fno-fat-lto-objects line 20 y == 25
FAIL: gcc.dg/guality/pr54519-3.c -O2 -flto -fuse-linker-plugin -fno-fat-lto-objects line 20 z == 6
FAIL: gcc.dg/guality/pr54519-3.c -O2 -flto -fuse-linker-plugin -fno-fat-lto-objects line 23 y == 117
FAIL: gcc.dg/guality/pr54519-3.c -O2 -flto -fuse-linker-plugin -fno-fat-lto-objects line 23 z == 8
FAIL: gcc.dg/guality/pr54519-4.c -O2 -flto -fno-use-linker-plugin -flto-partition=none line 17 y == 25
FAIL: gcc.dg/guality/pr54519-4.c -O2 -flto -fuse-linker-plugin -fno-fat-lto-objects line 17 y == 25
FAIL: gcc.dg/guality/pr54519-5.c -O2 line 17 y == 25
FAIL: gcc.dg/guality/pr54519-5.c -O3 -fomit-frame-pointer line 17 y == 25
FAIL: gcc.dg/guality/pr54519-5.c -O3 -g line 17 y == 25
FAIL: gcc.dg/guality/pr54519-5.c -Os line 17 y == 25
FAIL: gcc.dg/guality/pr54519-5.c -O2 -flto -fno-use-linker-plugin -flto-partition=none line 17 y == 25
FAIL: gcc.dg/guality/pr54519-5.c -O2 -flto -fuse-linker-plugin -fno-fat-lto-objects line 17 y == 25
FAIL: gcc.dg/guality/pr54519-6.c -O0 line 11 x == 2
FAIL: gcc.dg/guality/pr54693-2.c -Os line 21 x == 10 - i
FAIL: gcc.dg/guality/pr54693-2.c -Os line 21 y == 20 - 2 * i
FAIL: gcc.dg/guality/pr54796.c -O2 -flto -fuse-linker-plugin -fno-fat-lto-objects line 17 a == 5
FAIL: gcc.dg/guality/pr54796.c -O2 -flto -fuse-linker-plugin -fno-fat-lto-objects line 17 b == 6
FAIL: gcc.dg/guality/pr54796.c -O2 -flto -fuse-linker-plugin -fno-fat-lto-objects line 17 c == 5
FAIL: gcc.dg/guality/pr54970.c -O0 line 15 a[0] == 1
FAIL: gcc.dg/guality/pr54970.c -O0 line 15 a[1] == 2
FAIL: gcc.dg/guality/pr54970.c -O0 line 15 a[2] == 3
FAIL: gcc.dg/guality/pr54970.c -O0 line 20 a[0] == 1
FAIL: gcc.dg/guality/pr54970.c -O0 line 20 a[1] == 2
FAIL: gcc.dg/guality/pr54970.c -O0 line 20 a[2] == 13
FAIL: gcc.dg/guality/pr54970.c -O0 line 25 a[0] == 1
FAIL: gcc.dg/guality/pr54970.c -O0 line 25 a[1] == 12
FAIL: gcc.dg/guality/pr54970.c -O0 line 25 a[2] == 13
FAIL: gcc.dg/guality/pr54970.c -O0 line 31 a[0] == 4
FAIL: gcc.dg/guality/pr54970.c -O0 line 31 a[1] == 5
FAIL: gcc.dg/guality/pr54970.c -O0 line 31 a[2] == 6
FAIL: gcc.dg/guality/pr54970.c -O0 line 36 a[0] == 4
FAIL: gcc.dg/guality/pr54970.c -O0 line 36 a[1] == 5
FAIL: gcc.dg/guality/pr54970.c -O0 line 36 a[2] == 26
FAIL: gcc.dg/guality/pr54970.c -O0 line 45 a[0] == 4
FAIL: gcc.dg/guality/pr54970.c -O0 line 45 a[1] == 25
FAIL: gcc.dg/guality/pr54970.c -O0 line 45 a[2] == 26
FAIL: gcc.dg/guality/pr54970.c -O0 line 45 p[-1] == 25
FAIL: gcc.dg/guality/pr54970.c -O0 line 45 p[-2] == 4
FAIL: gcc.dg/guality/pr54970.c -O0 line 45 q[-1] == 4
FAIL: gcc.dg/guality/pr54970.c -O1 line 15 a[0] == 1
FAIL: gcc.dg/guality/pr54970.c -O1 line 20 a[0] == 1
FAIL: gcc.dg/guality/pr54970.c -O1 line 25 a[0] == 1
FAIL: gcc.dg/guality/pr54970.c -O1 line 31 *p == 6
FAIL: gcc.dg/guality/pr54970.c -O1 line 31 *q == 5
FAIL: gcc.dg/guality/pr54970.c -O1 line 36 *p == 26
FAIL: gcc.dg/guality/pr54970.c -O1 line 36 *q == 5
FAIL: gcc.dg/guality/pr54970.c -O1 line 45 *p == 26
FAIL: gcc.dg/guality/pr54970.c -O1 line 45 p[-1] == 25
FAIL: gcc.dg/guality/pr54970.c -O1 line 45 p[-2] == 4
FAIL: gcc.dg/guality/pr54970.c -O1 line 45 q[-1] == 4
FAIL: gcc.dg/guality/pr54970.c -O1 line 45 q[1] == 26
FAIL: gcc.dg/guality/pr54970.c -O1 line 45 *q == 25
FAIL: gcc.dg/guality/pr54970.c -O2 line 15 a[0] == 1
FAIL: gcc.dg/guality/pr54970.c -O2 line 20 a[0] == 1
FAIL: gcc.dg/guality/pr54970.c -O2 line 25 a[0] == 1
FAIL: gcc.dg/guality/pr54970.c -O2 line 31 *p == 6
FAIL: gcc.dg/guality/pr54970.c -O2 line 31 *q == 5
FAIL: gcc.dg/guality/pr54970.c -O2 line 36 *p == 26
FAIL: gcc.dg/guality/pr54970.c -O2 line 36 *q == 5
FAIL: gcc.dg/guality/pr54970.c -O2 line 45 *p == 26
FAIL: gcc.dg/guality/pr54970.c -O2 line 45 p[-1] == 25
FAIL: gcc.dg/guality/pr54970.c -O2 line 45 p[-2] == 4
FAIL: gcc.dg/guality/pr54970.c -O2 line 45 q[-1] == 4
FAIL: gcc.dg/guality/pr54970.c -O2 line 45 q[1] == 26
FAIL: gcc.dg/guality/pr54970.c -O2 line 45 *q == 25
FAIL: gcc.dg/guality/pr54970.c -O3 -fomit-frame-pointer line 15 a[0] == 1
FAIL: gcc.dg/guality/pr54970.c -O3 -fomit-frame-pointer line 20 a[0] == 1
FAIL: gcc.dg/guality/pr54970.c -O3 -fomit-frame-pointer line 25 a[0] == 1
FAIL: gcc.dg/guality/pr54970.c -O3 -fomit-frame-pointer line 31 *p == 6
FAIL: gcc.dg/guality/pr54970.c -O3 -fomit-frame-pointer line 31 *q == 5
FAIL: gcc.dg/guality/pr54970.c -O3 -fomit-frame-pointer line 36 *p == 26
FAIL: gcc.dg/guality/pr54970.c -O3 -fomit-frame-pointer line 36 *q == 5
FAIL: gcc.dg/guality/pr54970.c -O3 -fomit-frame-pointer line 45 *p == 26
FAIL: gcc.dg/guality/pr54970.c -O3 -fomit-frame-pointer line 45 p[-1] == 25
FAIL: gcc.dg/guality/pr54970.c -O3 -fomit-frame-pointer line 45 p[-2] == 4
FAIL: gcc.dg/guality/pr54970.c -O3 -fomit-frame-pointer line 45 q[-1] == 4
FAIL: gcc.dg/guality/pr54970.c -O3 -fomit-frame-pointer line 45 q[1] == 26
FAIL: gcc.dg/guality/pr54970.c -O3 -fomit-frame-pointer line 45 *q == 25
FAIL: gcc.dg/guality/pr54970.c -O3 -g line 15 a[0] == 1
FAIL: gcc.dg/guality/pr54970.c -O3 -g line 20 a[0] == 1
FAIL: gcc.dg/guality/pr54970.c -O3 -g line 25 a[0] == 1
FAIL: gcc.dg/guality/pr54970.c -O3 -g line 31 *p == 6
FAIL: gcc.dg/guality/pr54970.c -O3 -g line 31 *q == 5
FAIL: gcc.dg/guality/pr54970.c -O3 -g line 36 *p == 26
FAIL: gcc.dg/guality/pr54970.c -O3 -g line 36 *q == 5
FAIL: gcc.dg/guality/pr54970.c -O3 -g line 45 *p == 26
FAIL: gcc.dg/guality/pr54970.c -O3 -g line 45 p[-1] == 25
FAIL: gcc.dg/guality/pr54970.c -O3 -g line 45 p[-2] == 4
FAIL: gcc.dg/guality/pr54970.c -O3 -g line 45 q[-1] == 4
FAIL: gcc.dg/guality/pr54970.c -O3 -g line 45 q[1] == 26
FAIL: gcc.dg/guality/pr54970.c -O3 -g line 45 *q == 25
FAIL: gcc.dg/guality/pr54970.c -Os line 15 a[0] == 1
FAIL: gcc.dg/guality/pr54970.c -Os line 20 a[0] == 1
FAIL: gcc.dg/guality/pr54970.c -Os line 25 a[0] == 1
FAIL: gcc.dg/guality/pr54970.c -Os line 31 *p == 6
FAIL: gcc.dg/guality/pr54970.c -Os line 31 *q == 5
FAIL: gcc.dg/guality/pr54970.c -Os line 36 *p == 26
FAIL: gcc.dg/guality/pr54970.c -Os line 36 *q == 5
FAIL: gcc.dg/guality/pr54970.c -Os line 45 *p == 26
FAIL: gcc.dg/guality/pr54970.c -Os line 45 p[-1] == 25
FAIL: gcc.dg/guality/pr54970.c -Os line 45 p[-2] == 4
FAIL: gcc.dg/guality/pr54970.c -Os line 45 q[-1] == 4
FAIL: gcc.dg/guality/pr54970.c -Os line 45 q[1] == 26
FAIL: gcc.dg/guality/pr54970.c -Os line 45 *q == 25
FAIL: gcc.dg/guality/pr54970.c -O2 -flto -fno-use-linker-plugin -flto-partition=none line 15 a[0] == 1
FAIL: gcc.dg/guality/pr54970.c -O2 -flto -fno-use-linker-plugin -flto-partition=none line 20 a[0] == 1
FAIL: gcc.dg/guality/pr54970.c -O2 -flto -fno-use-linker-plugin -flto-partition=none line 25 a[0] == 1
FAIL: gcc.dg/guality/pr54970.c -O2 -flto -fno-use-linker-plugin -flto-partition=none line 31 *p == 6
FAIL: gcc.dg/guality/pr54970.c -O2 -flto -fno-use-linker-plugin -flto-partition=none line 31 *q == 5
FAIL: gcc.dg/guality/pr54970.c -O2 -flto -fno-use-linker-plugin -flto-partition=none line 36 *p == 26
FAIL: gcc.dg/guality/pr54970.c -O2 -flto -fno-use-linker-plugin -flto-partition=none line 36 *q == 5
FAIL: gcc.dg/guality/pr54970.c -O2 -flto -fno-use-linker-plugin -flto-partition=none line 45 *p == 26
FAIL: gcc.dg/guality/pr54970.c -O2 -flto -fno-use-linker-plugin -flto-partition=none line 45 p[-1] == 25
FAIL: gcc.dg/guality/pr54970.c -O2 -flto -fno-use-linker-plugin -flto-partition=none line 45 p[-2] == 4
FAIL: gcc.dg/guality/pr54970.c -O2 -flto -fno-use-linker-plugin -flto-partition=none line 45 q[-1] == 4
FAIL: gcc.dg/guality/pr54970.c -O2 -flto -fno-use-linker-plugin -flto-partition=none line 45 q[1] == 26
FAIL: gcc.dg/guality/pr54970.c -O2 -flto -fno-use-linker-plugin -flto-partition=none line 45 *q == 25
FAIL: gcc.dg/guality/pr54970.c -O2 -flto -fuse-linker-plugin -fno-fat-lto-objects line 15 a[0] == 1
FAIL: gcc.dg/guality/pr54970.c -O2 -flto -fuse-linker-plugin -fno-fat-lto-objects line 20 a[0] == 1
FAIL: gcc.dg/guality/pr54970.c -O2 -flto -fuse-linker-plugin -fno-fat-lto-objects line 25 a[0] == 1
FAIL: gcc.dg/guality/pr54970.c -O2 -flto -fuse-linker-plugin -fno-fat-lto-objects line 31 *p == 6
FAIL: gcc.dg/guality/pr54970.c -O2 -flto -fuse-linker-plugin -fno-fat-lto-objects line 31 *q == 5
FAIL: gcc.dg/guality/pr54970.c -O2 -flto -fuse-linker-plugin -fno-fat-lto-objects line 36 *p == 26
FAIL: gcc.dg/guality/pr54970.c -O2 -flto -fuse-linker-plugin -fno-fat-lto-objects line 36 *q == 5
FAIL: gcc.dg/guality/pr54970.c -O2 -flto -fuse-linker-plugin -fno-fat-lto-objects line 45 *p == 26
FAIL: gcc.dg/guality/pr54970.c -O2 -flto -fuse-linker-plugin -fno-fat-lto-objects line 45 p[-1] == 25
FAIL: gcc.dg/guality/pr54970.c -O2 -flto -fuse-linker-plugin -fno-fat-lto-objects line 45 p[-2] == 4
FAIL: gcc.dg/guality/pr54970.c -O2 -flto -fuse-linker-plugin -fno-fat-lto-objects line 45 q[-1] == 4
FAIL: gcc.dg/guality/pr54970.c -O2 -flto -fuse-linker-plugin -fno-fat-lto-objects line 45 q[1] == 26
FAIL: gcc.dg/guality/pr54970.c -O2 -flto -fuse-linker-plugin -fno-fat-lto-objects line 45 *q == 25
FAIL: gcc.dg/guality/pr56154-1.c -O0 line pr56154-1.c:17 x.a == 4
FAIL: gcc.dg/guality/pr56154-1.c -O0 line pr56154-1.c:20 x.a == 6
FAIL: gcc.dg/guality/pr56154-2.c -O0 line pr56154-2.c:30 x == 28
FAIL: gcc.dg/guality/pr56154-3.c -O0 line pr56154-3.c:22 x == 28
FAIL: gcc.dg/guality/pr56154-4.c -O0 line pr56154-4.c:25 x == 28
FAIL: gcc.dg/guality/sra-1.c -O1 line 43 a.j == 14
FAIL: gcc.dg/guality/sra-1.c -O2 line 43 a.j == 14
FAIL: gcc.dg/guality/sra-1.c -O3 -fomit-frame-pointer line 43 a.j == 14
FAIL: gcc.dg/guality/sra-1.c -O3 -g line 43 a.j == 14
FAIL: gcc.dg/guality/sra-1.c -Os line 43 a.j == 14
FAIL: gcc.dg/guality/sra-1.c -O2 -flto -fno-use-linker-plugin -flto-partition=none line 43 a.j == 14
FAIL: gcc.dg/guality/sra-1.c -O2 -flto -fuse-linker-plugin -fno-fat-lto-objects line 43 a.j == 14
FAIL: gcc.dg/guality/vla-1.c -O0 line 17 i == 5
FAIL: gcc.dg/guality/vla-1.c -O0 line 17 sizeof (a) == 6
FAIL: gcc.dg/guality/vla-1.c -O0 line 24 sizeof (a) == 17 * sizeof (short)
FAIL: gcc.dg/guality/vla-1.c -O1 line 17 sizeof (a) == 6
FAIL: gcc.dg/guality/vla-1.c -O1 line 24 sizeof (a) == 17 * sizeof (short)
FAIL: gcc.dg/guality/vla-1.c -O2 line 17 sizeof (a) == 6
FAIL: gcc.dg/guality/vla-1.c -O2 line 24 sizeof (a) == 17 * sizeof (short)
FAIL: gcc.dg/guality/vla-1.c -O3 -fomit-frame-pointer line 17 sizeof (a) == 6
FAIL: gcc.dg/guality/vla-1.c -O3 -fomit-frame-pointer line 24 sizeof (a) == 17 * sizeof (short)
FAIL: gcc.dg/guality/vla-1.c -O3 -g line 17 sizeof (a) == 6
FAIL: gcc.dg/guality/vla-1.c -O3 -g line 24 sizeof (a) == 17 * sizeof (short)
FAIL: gcc.dg/guality/vla-1.c -Os line 17 sizeof (a) == 6
FAIL: gcc.dg/guality/vla-1.c -Os line 24 sizeof (a) == 17 * sizeof (short)
FAIL: gcc.dg/guality/vla-1.c -O2 -flto -fno-use-linker-plugin -flto-partition=none line 17 sizeof (a) == 6
FAIL: gcc.dg/guality/vla-1.c -O2 -flto -fno-use-linker-plugin -flto-partition=none line 24 sizeof (a) == 17 * sizeof (short)
FAIL: gcc.dg/guality/vla-1.c -O2 -flto -fuse-linker-plugin -fno-fat-lto-objects line 17 sizeof (a) == 6
FAIL: gcc.dg/guality/vla-1.c -O2 -flto -fuse-linker-plugin -fno-fat-lto-objects line 24 sizeof (a) == 17 * sizeof (short)
FAIL: gcc.dg/guality/vla-2.c -O0 line 16 sizeof (a) == 5 * sizeof (int)
FAIL: gcc.dg/guality/vla-2.c -O0 line 25 sizeof (a) == 6 * sizeof (int)
FAIL: gcc.dg/guality/vla-2.c -O1 line 16 sizeof (a) == 5 * sizeof (int)
FAIL: gcc.dg/guality/vla-2.c -O1 line 25 sizeof (a) == 6 * sizeof (int)
FAIL: gcc.dg/guality/vla-2.c -O2 line 16 sizeof (a) == 5 * sizeof (int)
FAIL: gcc.dg/guality/vla-2.c -O2 line 25 sizeof (a) == 6 * sizeof (int)
FAIL: gcc.dg/guality/vla-2.c -O3 -fomit-frame-pointer line 16 sizeof (a) == 5 * sizeof (int)
FAIL: gcc.dg/guality/vla-2.c -O3 -fomit-frame-pointer line 25 sizeof (a) == 6 * sizeof (int)
FAIL: gcc.dg/guality/vla-2.c -O3 -g line 16 sizeof (a) == 5 * sizeof (int)
FAIL: gcc.dg/guality/vla-2.c -O3 -g line 25 sizeof (a) == 6 * sizeof (int)
FAIL: gcc.dg/guality/vla-2.c -Os line 16 sizeof (a) == 5 * sizeof (int)
FAIL: gcc.dg/guality/vla-2.c -Os line 25 sizeof (a) == 6 * sizeof (int)
FAIL: gcc.dg/guality/vla-2.c -O2 -flto -fno-use-linker-plugin -flto-partition=none line 16 sizeof (a) == 5 * sizeof (int)
FAIL: gcc.dg/guality/vla-2.c -O2 -flto -fno-use-linker-plugin -flto-partition=none line 25 sizeof (a) == 6 * sizeof (int)
FAIL: gcc.dg/guality/vla-2.c -O2 -flto -fuse-linker-plugin -fno-fat-lto-objects line 16 sizeof (a) == 5 * sizeof (int)
FAIL: gcc.dg/guality/vla-2.c -O2 -flto -fuse-linker-plugin -fno-fat-lto-objects line 25 sizeof (a) == 6 * sizeof (int)
FAIL: gcc.dg/torture/inline-2.c -O1 (internal compiler error)
FAIL: gcc.dg/torture/inline-2.c -O1 (test for excess errors)
FAIL: gcc.dg/torture/inline-2.c -O2 (internal compiler error)
FAIL: gcc.dg/torture/inline-2.c -O2 (test for excess errors)
FAIL: gcc.dg/torture/inline-2.c -O3 -fomit-frame-pointer (internal compiler error)
FAIL: gcc.dg/torture/inline-2.c -O3 -fomit-frame-pointer (test for excess errors)
FAIL: gcc.dg/torture/inline-2.c -O3 -g (internal compiler error)
FAIL: gcc.dg/torture/inline-2.c -O3 -g (test for excess errors)
FAIL: gcc.dg/torture/inline-2.c -Os (internal compiler error)
FAIL: gcc.dg/torture/inline-2.c -Os (test for excess errors)
FAIL: gcc.dg/torture/inline-2.c -O2 -flto -fno-use-linker-plugin -flto-partition=none (internal compiler error)
FAIL: gcc.dg/torture/inline-2.c -O2 -flto -fno-use-linker-plugin -flto-partition=none (test for excess errors)
XPASS: gcc.dg/tree-ssa/20040204-1.c scan-tree-dump-times optimized "link_error" 0
FAIL: gcc.dg/tree-ssa/flatten-2.c (internal compiler error)
FAIL: gcc.dg/tree-ssa/flatten-2.c (test for excess errors)
FAIL: gcc.dg/tree-ssa/flatten-2.c scan-assembler cycle[123][: \\t\\n]
FAIL: gcc.dg/tree-ssa/forwprop-28.c scan-tree-dump-times forwprop1 "Replaced" 8
FAIL: gcc.dg/tree-ssa/reassoc-33.c scan-tree-dump-times reassoc1 "Optimizing range tests" 3
FAIL: gcc.dg/tree-ssa/reassoc-34.c scan-tree-dump-times reassoc1 "Optimizing range tests" 1
FAIL: gcc.dg/tree-ssa/reassoc-35.c scan-tree-dump-times reassoc1 "Optimizing range tests" 1
FAIL: gcc.dg/tree-ssa/reassoc-36.c scan-tree-dump-times reassoc1 "Optimizing range tests" 1
FAIL: gcc.dg/tree-ssa/vrp87.c scan-tree-dump vrp2 "Folded into: if.*"
FAIL: gcc.dg/tree-ssa/vrp87.c scan-tree-dump cddce2 "Deleting.*_Bool.*;"
=== gcc Summary ===
# of expected passes 88198
# of unexpected failures 344
# of unexpected successes 30
# of expected failures 126
# of unresolved testcases 6
# of unsupported tests 1597
-z196/gcc/xgcc version 4.9.0 20131021 (experimental) (GCC)
=== gfortran tests ===
Running target unix
FAIL: gfortran.dg/class_48.f90 -O2 (test for excess errors)
FAIL: gfortran.dg/class_48.f90 -Os (test for excess errors)
FAIL: gfortran.dg/minlocval_3.f90 -Os execution test
FAIL: gfortran.dg/lto/pr45586-2 f_lto_pr45586-2_0.o-f_lto_pr45586-2_0.o link, -O0 -flto -flto-partition=none -fuse-linker-plugin (internal compiler error)
UNRESOLVED: gfortran.dg/lto/pr45586-2 f_lto_pr45586-2_0.o-f_lto_pr45586-2_0.o execute -O0 -flto -flto-partition=none -fuse-linker-plugin
FAIL: gfortran.dg/lto/pr45586-2 f_lto_pr45586-2_0.o-f_lto_pr45586-2_0.o link, -O0 -flto -flto-partition=1to1 -fno-use-linker-plugin (internal compiler error)
UNRESOLVED: gfortran.dg/lto/pr45586-2 f_lto_pr45586-2_0.o-f_lto_pr45586-2_0.o execute -O0 -flto -flto-partition=1to1 -fno-use-linker-plugin
FAIL: gfortran.dg/lto/pr45586-2 f_lto_pr45586-2_0.o-f_lto_pr45586-2_0.o link, -O0 -flto -fuse-linker-plugin -fno-fat-lto-objects (internal compiler error)
UNRESOLVED: gfortran.dg/lto/pr45586-2 f_lto_pr45586-2_0.o-f_lto_pr45586-2_0.o execute -O0 -flto -fuse-linker-plugin -fno-fat-lto-objects
FAIL: gfortran.dg/lto/pr45586 f_lto_pr45586_0.o-f_lto_pr45586_0.o link, -O0 -flto -flto-partition=none -fuse-linker-plugin (internal compiler error)
UNRESOLVED: gfortran.dg/lto/pr45586 f_lto_pr45586_0.o-f_lto_pr45586_0.o execute -O0 -flto -flto-partition=none -fuse-linker-plugin
FAIL: gfortran.dg/lto/pr45586 f_lto_pr45586_0.o-f_lto_pr45586_0.o link, -O0 -flto -flto-partition=1to1 -fno-use-linker-plugin (internal compiler error)
UNRESOLVED: gfortran.dg/lto/pr45586 f_lto_pr45586_0.o-f_lto_pr45586_0.o execute -O0 -flto -flto-partition=1to1 -fno-use-linker-plugin
FAIL: gfortran.dg/lto/pr45586 f_lto_pr45586_0.o-f_lto_pr45586_0.o link, -O0 -flto -fuse-linker-plugin -fno-fat-lto-objects (internal compiler error)
UNRESOLVED: gfortran.dg/lto/pr45586 f_lto_pr45586_0.o-f_lto_pr45586_0.o execute -O0 -flto -fuse-linker-plugin -fno-fat-lto-objects
=== gfortran Summary ===
# of expected passes 44018
# of unexpected failures 9
# of expected failures 38
# of unresolved testcases 6
# of unsupported tests 237
-z196/gcc/testsuite/gfortran/../../gfortran version 4.9.0 20131021 (experimental) (GCC)
=== obj-c++ tests ===
Running target unix
=== obj-c++ Summary ===
# of expected passes 1449
# of expected failures 2
# of unsupported tests 86
-z196/gcc/testsuite/obj-c++/../../xg++ version 4.9.0 20131021 (experimental) (GCC)
=== objc tests ===
Running target unix
=== objc Summary ===
# of expected passes 2994
# of unsupported tests 74
-z196/gcc/xgcc version 4.9.0 20131021 (experimental) (GCC)
=== boehm-gc tests ===
Running target unix
=== boehm-gc Summary ===
# of expected passes 12
# of unsupported tests 1
=== libatomic tests ===
Running target unix
=== libatomic Summary ===
# of expected passes 34
# of unsupported tests 10
=== libffi tests ===
Running target unix
=== libffi Summary ===
# of expected passes 1819
# of unsupported tests 55
=== libgomp tests ===
Running target unix
FAIL: libgomp.c/pr58392.c execution test
FAIL: libgomp.fortran/allocatable6.f90 -O1 execution test
FAIL: libgomp.fortran/allocatable6.f90 -O2 execution test
FAIL: libgomp.fortran/allocatable6.f90 -O3 -fomit-frame-pointer execution test
FAIL: libgomp.fortran/allocatable6.f90 -O3 -fomit-frame-pointer -funroll-loops execution test
FAIL: libgomp.fortran/allocatable6.f90 -O3 -fomit-frame-pointer -funroll-all-loops -finline-functions execution test
FAIL: libgomp.fortran/allocatable6.f90 -O3 -g execution test
FAIL: libgomp.fortran/allocatable6.f90 -Os execution test
FAIL: libgomp.fortran/reduction3.f90 -Os execution test
FAIL: libgomp.fortran/workshare1.f90 -O execution test
=== libgomp Summary ===
# of expected passes 2331
# of unexpected failures 10
# of unsupported tests 1
=== libitm tests ===
Running target unix
=== libitm Summary ===
# of expected passes 26
# of expected failures 3
# of unsupported tests 1
=== libjava tests ===
Running target unix
FAIL: PR218 execution - source compiled test
FAIL: Throw_3 execution - source compiled test
FAIL: Throw_3 -findirect-dispatch execution - source compiled test
FAIL: sourcelocation output - source compiled test
FAIL: sourcelocation -findirect-dispatch output - source compiled test
FAIL: sourcelocation -O3 output - source compiled test
FAIL: sourcelocation -O3 -findirect-dispatch output - source compiled test
=== libjava Summary ===
# of expected passes 2576
# of unexpected failures 7
# of untested testcases 3
=== libmudflap tests ===
Running target unix
FAIL: libmudflap.c++/pass41-frag.cxx (-static) execution test
FAIL: libmudflap.c++/pass41-frag.cxx ( -O) execution test
FAIL: libmudflap.c++/pass41-frag.cxx (-O2) execution test
FAIL: libmudflap.c++/pass41-frag.cxx (-O3) execution test
=== libmudflap Summary ===
# of expected passes 1902
# of unexpected failures 4
=== libstdc++ tests ===
Running target unix
=== libstdc++ Summary ===
# of expected passes 9620
# of expected failures 37
# of unsupported tests 227
Version: 4.9.0 20131021 (experimental) (GCC)
Platform: s390-ibm-linux-gnu z196
configure flags: --prefix=/build/build-system/build/20131021/gcc-head/install-s390-z196 --enable-shared --with-system-zlib --enable-threads=posix --enable-__cxa_atexit --enable-checking --enable-languages=c,c++,objc,obj-c++,fortran,java --with-mode=zarch --with-arch=z196
GCC version: