This is the mail archive of the gcc-testresults@gcc.gnu.org mailing list for the GCC project.


Index Nav: [Date Index] [Subject Index] [Author Index] [Thread Index]
Message Nav: [Date Prev] [Date Next] [Thread Prev] [Thread Next]
Other format: [Raw text]

Results for 4.8.2 (GCC) testsuite on i686-unknown-linux-gnu


-- Build environment ----------------------------------------------------------
Distro:	los.git rootfs=d7b26d7 native=d7b26d7
Kernel:	Linux ambient 3.12.0-rc5-acer-los.git-d7b26d7 #1 SMP PREEMPT Thu Oct 17 20:25:26 EEST 2013 i686 GNU/Linux
CPU:	processor	: 0
	vendor_id	: GenuineIntel
	cpu family	: 6
	model		: 28
	model name	: Intel(R) Atom(TM) CPU N270   @ 1.60GHz
	stepping	: 2
	microcode	: 0x208
	cpu MHz		: 1066.000
	cache size	: 512 KB
	physical id	: 0
	siblings	: 2
	core id		: 0
	cpu cores	: 1
	apicid		: 0
	initial apicid	: 0
	fdiv_bug	: no
	f00f_bug	: no
	coma_bug	: no
	fpu		: yes
	fpu_exception	: yes
	cpuid level	: 10
	wp		: yes
	flags		: fpu vme de tsc msr pae mce cx8 apic sep mtrr pge mca cmov pat clflush dts acpi mmx fxsr sse sse2 ss ht tm pbe constant_tsc arch_perfmon pebs bts aperfmperf pni dtes64 monitor ds_cpl est tm2 ssse3 xtpr pdcm movbe lahf_lm dtherm
	bogomips	: 3191.77
	clflush size	: 64
	cache_alignment	: 64
	address sizes	: 32 bits physical, 32 bits virtual
	power management:
	processor	: 1
	vendor_id	: GenuineIntel
	cpu family	: 6
	model		: 28
	model name	: Intel(R) Atom(TM) CPU N270   @ 1.60GHz
	stepping	: 2
	microcode	: 0x208
	cpu MHz		: 800.000
	cache size	: 512 KB
	physical id	: 0
	siblings	: 2
	core id		: 0
	cpu cores	: 1
	apicid		: 1
	initial apicid	: 1
	fdiv_bug	: no
	f00f_bug	: no
	coma_bug	: no
	fpu		: yes
	fpu_exception	: yes
	cpuid level	: 10
	wp		: yes
	flags		: fpu vme de tsc msr pae mce cx8 apic sep mtrr pge mca cmov pat clflush dts acpi mmx fxsr sse sse2 ss ht tm pbe constant_tsc arch_perfmon pebs bts aperfmperf pni dtes64 monitor ds_cpl est tm2 ssse3 xtpr pdcm movbe lahf_lm dtherm
	bogomips	: 3191.77
	clflush size	: 64
	cache_alignment	: 64
	address sizes	: 32 bits physical, 32 bits virtual
	power management:
-- Time consumed --------------------------------------------------------------
Build:	real	217m58.618s
	user	401m11.819s
	sys	16m45.979s
Test:   real	367m40.864s
	user	583m18.467s
	sys	125m21.883s
-------------------------------------------------------------------------------
LAST_UPDATED: Obtained from SVN: tags/gcc_4_8_2_release revision 203690

Native configuration is i686-unknown-linux-gnu

		=== g++ tests ===


Running target unix
FAIL: g++.dg/asan/asan_test.C  -O2  AddressSanitizer_HugeMallocTest Ident((char*)malloc(size))[-1] = 0 output pattern test, should match is located 1 bytes to the left of 2726297600-byte
ERROR: g++.dg/abi/mangle33.C -std=c++98: error executing dg-final: couldn't compile regular expression pattern: out of memory
UNRESOLVED: g++.dg/abi/mangle33.C -std=c++98: error executing dg-final: couldn't compile regular expression pattern: out of memory
ERROR: g++.dg/abi/mangle33.C -std=c++11: error executing dg-final: couldn't compile regular expression pattern: out of memory
UNRESOLVED: g++.dg/abi/mangle33.C -std=c++11: error executing dg-final: couldn't compile regular expression pattern: out of memory
FAIL: g++.old-deja/g++.law/weak.C -std=gnu++98 (test for excess errors)
FAIL: g++.old-deja/g++.law/weak.C -std=gnu++11 (test for excess errors)

		=== g++ Summary ===

# of expected passes		53506
# of unexpected failures	3
# of expected failures		290
# of unresolved testcases	2
# of unsupported tests		664
/mnt/work/gcctest/build/gcc/testsuite/g++/../../xg++  version 4.8.2 (GCC) 

		=== gcc tests ===


Running target unix
FAIL: gcc.c-torture/compile/pr37669-2.c  -Os  (test for excess errors)
WARNING: program timed out.
XPASS: gcc.dg/guality/example.c  -O0  execution test
XPASS: gcc.dg/guality/example.c  -O1  execution test
XPASS: gcc.dg/guality/example.c  -O2  execution test
XPASS: gcc.dg/guality/example.c  -O2 -flto -fno-use-linker-plugin -flto-partition=none  execution test
XPASS: gcc.dg/guality/guality.c  -O0  execution test
XPASS: gcc.dg/guality/guality.c  -O1  execution test
XPASS: gcc.dg/guality/guality.c  -O2  execution test
XPASS: gcc.dg/guality/guality.c  -O3 -fomit-frame-pointer  execution test
XPASS: gcc.dg/guality/guality.c  -O3 -g  execution test
XPASS: gcc.dg/guality/guality.c  -Os  execution test
XPASS: gcc.dg/guality/guality.c  -O2 -flto -fno-use-linker-plugin -flto-partition=none  execution test
XPASS: gcc.dg/guality/guality.c  -O2 -flto -fuse-linker-plugin -fno-fat-lto-objects  execution test
XPASS: gcc.dg/guality/inline-params.c  -O2  execution test
XPASS: gcc.dg/guality/inline-params.c  -O3 -fomit-frame-pointer  execution test
XPASS: gcc.dg/guality/inline-params.c  -O3 -g  execution test
XPASS: gcc.dg/guality/inline-params.c  -Os  execution test
XPASS: gcc.dg/guality/inline-params.c  -O2 -flto -fno-use-linker-plugin -flto-partition=none  execution test
XPASS: gcc.dg/guality/pr41353-1.c  -O0  line 28 j == 28 + 37
XPASS: gcc.dg/guality/pr41353-1.c  -O1  line 28 j == 28 + 37
XPASS: gcc.dg/guality/pr41353-1.c  -O2  line 28 j == 28 + 37
XPASS: gcc.dg/guality/pr41353-1.c  -O3 -fomit-frame-pointer  line 28 j == 28 + 37
XPASS: gcc.dg/guality/pr41353-1.c  -O3 -g  line 28 j == 28 + 37
XPASS: gcc.dg/guality/pr41353-1.c  -Os  line 28 j == 28 + 37
XPASS: gcc.dg/guality/pr41353-1.c  -O2 -flto -fno-use-linker-plugin -flto-partition=none  line 28 j == 28 + 37
XPASS: gcc.dg/guality/pr41353-1.c  -O2 -flto -fuse-linker-plugin -fno-fat-lto-objects  line 28 j == 28 + 37
XPASS: gcc.dg/guality/pr41447-1.c  -O0  execution test
XPASS: gcc.dg/guality/pr41447-1.c  -O1  execution test
XPASS: gcc.dg/guality/pr41447-1.c  -Os  execution test
XPASS: gcc.dg/guality/pr41447-1.c  -O2 -flto -fuse-linker-plugin -fno-fat-lto-objects  execution test
XPASS: gcc.dg/guality/pr41616-1.c  -O0  execution test
XPASS: gcc.dg/guality/pr41616-1.c  -O1  execution test
XPASS: gcc.dg/guality/pr41616-1.c  -O2  execution test
XPASS: gcc.dg/guality/pr41616-1.c  -O3 -fomit-frame-pointer  execution test
XPASS: gcc.dg/guality/pr41616-1.c  -O3 -g  execution test
XPASS: gcc.dg/guality/pr41616-1.c  -Os  execution test
XPASS: gcc.dg/guality/pr41616-1.c  -O2 -flto -fno-use-linker-plugin -flto-partition=none  execution test
FAIL: gcc.dg/guality/pr54200.c  -O2 -flto -fuse-linker-plugin -fno-fat-lto-objects  line 20 z == 3
FAIL: gcc.dg/guality/pr54519-1.c  -O2 -flto -fno-use-linker-plugin -flto-partition=none  line 20 y == 25
FAIL: gcc.dg/guality/pr54519-1.c  -O2 -flto -fno-use-linker-plugin -flto-partition=none  line 20 z == 6
FAIL: gcc.dg/guality/pr54519-1.c  -O2 -flto -fno-use-linker-plugin -flto-partition=none  line 23 y == 117
FAIL: gcc.dg/guality/pr54519-1.c  -O2 -flto -fno-use-linker-plugin -flto-partition=none  line 23 z == 8
FAIL: gcc.dg/guality/pr54519-1.c  -O2 -flto -fuse-linker-plugin -fno-fat-lto-objects  line 20 y == 25
FAIL: gcc.dg/guality/pr54519-1.c  -O2 -flto -fuse-linker-plugin -fno-fat-lto-objects  line 20 z == 6
FAIL: gcc.dg/guality/pr54519-2.c  -O2 -flto -fno-use-linker-plugin -flto-partition=none  line 17 y == 25
FAIL: gcc.dg/guality/pr54519-2.c  -O2 -flto -fuse-linker-plugin -fno-fat-lto-objects  line 17 y == 25
FAIL: gcc.dg/guality/pr54519-5.c  -O2 -flto -fno-use-linker-plugin -flto-partition=none  line 17 y == 25
FAIL: gcc.dg/guality/pr54519-5.c  -O2 -flto -fuse-linker-plugin -fno-fat-lto-objects  line 17 y == 25
FAIL: gcc.dg/guality/pr54970.c  -Os  line 15 a[0] == 1
FAIL: gcc.dg/guality/pr54970.c  -Os  line 20 a[0] == 1
FAIL: gcc.dg/guality/pr54970.c  -Os  line 25 a[0] == 1
FAIL: gcc.dg/guality/pr54970.c  -Os  line 31 *p == 6
FAIL: gcc.dg/guality/pr54970.c  -Os  line 31 *q == 5
FAIL: gcc.dg/guality/pr54970.c  -Os  line 36 *p == 26
FAIL: gcc.dg/guality/pr54970.c  -Os  line 36 *q == 5
FAIL: gcc.dg/guality/pr54970.c  -Os  line 45 *p == 26
FAIL: gcc.dg/guality/pr54970.c  -Os  line 45 p[-1] == 25
FAIL: gcc.dg/guality/pr54970.c  -Os  line 45 p[-2] == 4
FAIL: gcc.dg/guality/pr54970.c  -Os  line 45 q[-1] == 4
FAIL: gcc.dg/guality/pr54970.c  -Os  line 45 q[1] == 26
FAIL: gcc.dg/guality/pr54970.c  -Os  line 45 *q == 25
FAIL: gcc.dg/guality/vla-1.c  -O0  line 17 sizeof (a) == 6
FAIL: gcc.dg/guality/vla-1.c  -O0  line 24 sizeof (a) == 17 * sizeof (short)
FAIL: gcc.dg/guality/vla-1.c  -O1  line 17 sizeof (a) == 6
FAIL: gcc.dg/guality/vla-1.c  -O1  line 24 sizeof (a) == 17 * sizeof (short)
FAIL: gcc.dg/guality/vla-1.c  -O2  line 17 sizeof (a) == 6
FAIL: gcc.dg/guality/vla-1.c  -O2  line 24 sizeof (a) == 17 * sizeof (short)
FAIL: gcc.dg/guality/vla-1.c  -O3 -fomit-frame-pointer  line 17 sizeof (a) == 6
FAIL: gcc.dg/guality/vla-1.c  -O3 -fomit-frame-pointer  line 24 sizeof (a) == 17 * sizeof (short)
FAIL: gcc.dg/guality/vla-1.c  -O3 -g  line 17 sizeof (a) == 6
FAIL: gcc.dg/guality/vla-1.c  -O3 -g  line 24 sizeof (a) == 17 * sizeof (short)
FAIL: gcc.dg/guality/vla-1.c  -Os  line 17 sizeof (a) == 6
FAIL: gcc.dg/guality/vla-1.c  -Os  line 24 sizeof (a) == 17 * sizeof (short)
FAIL: gcc.dg/guality/vla-1.c  -O2 -flto -fno-use-linker-plugin -flto-partition=none  line 17 sizeof (a) == 6
FAIL: gcc.dg/guality/vla-1.c  -O2 -flto -fno-use-linker-plugin -flto-partition=none  line 24 sizeof (a) == 17 * sizeof (short)
FAIL: gcc.dg/guality/vla-1.c  -O2 -flto -fuse-linker-plugin -fno-fat-lto-objects  line 17 sizeof (a) == 6
FAIL: gcc.dg/guality/vla-1.c  -O2 -flto -fuse-linker-plugin -fno-fat-lto-objects  line 24 sizeof (a) == 17 * sizeof (short)
FAIL: gcc.dg/guality/vla-2.c  -O0  line 16 sizeof (a) == 5 * sizeof (int)
FAIL: gcc.dg/guality/vla-2.c  -O0  line 25 sizeof (a) == 6 * sizeof (int)
FAIL: gcc.dg/guality/vla-2.c  -O1  line 16 sizeof (a) == 5 * sizeof (int)
FAIL: gcc.dg/guality/vla-2.c  -O1  line 25 sizeof (a) == 6 * sizeof (int)
FAIL: gcc.dg/guality/vla-2.c  -O2  line 16 sizeof (a) == 5 * sizeof (int)
FAIL: gcc.dg/guality/vla-2.c  -O2  line 25 sizeof (a) == 6 * sizeof (int)
FAIL: gcc.dg/guality/vla-2.c  -O3 -fomit-frame-pointer  line 16 sizeof (a) == 5 * sizeof (int)
FAIL: gcc.dg/guality/vla-2.c  -O3 -fomit-frame-pointer  line 25 sizeof (a) == 6 * sizeof (int)
FAIL: gcc.dg/guality/vla-2.c  -O3 -g  line 16 sizeof (a) == 5 * sizeof (int)
FAIL: gcc.dg/guality/vla-2.c  -O3 -g  line 25 sizeof (a) == 6 * sizeof (int)
FAIL: gcc.dg/guality/vla-2.c  -Os  line 16 sizeof (a) == 5 * sizeof (int)
FAIL: gcc.dg/guality/vla-2.c  -Os  line 25 sizeof (a) == 6 * sizeof (int)
FAIL: gcc.dg/guality/vla-2.c  -O2 -flto -fno-use-linker-plugin -flto-partition=none  line 16 sizeof (a) == 5 * sizeof (int)
FAIL: gcc.dg/guality/vla-2.c  -O2 -flto -fno-use-linker-plugin -flto-partition=none  line 25 sizeof (a) == 6 * sizeof (int)
FAIL: gcc.dg/guality/vla-2.c  -O2 -flto -fuse-linker-plugin -fno-fat-lto-objects  line 16 sizeof (a) == 5 * sizeof (int)
FAIL: gcc.dg/guality/vla-2.c  -O2 -flto -fuse-linker-plugin -fno-fat-lto-objects  line 25 sizeof (a) == 6 * sizeof (int)

		=== gcc Summary ===

# of expected passes		95742
# of unexpected failures	57
# of unexpected successes	36
# of expected failures		271
# of unsupported tests		1223
/mnt/work/gcctest/build/gcc/xgcc  version 4.8.2 (GCC) 

		=== libatomic tests ===


Running target unix

		=== libatomic Summary ===

# of expected passes		44
# of unsupported tests		5
		=== libgomp tests ===


Running target unix

		=== libgomp Summary ===

# of expected passes		1317
		=== libitm tests ===


Running target unix

		=== libitm Summary ===

# of expected passes		26
# of expected failures		3
# of unsupported tests		1
		=== libmudflap tests ===


Running target unix
FAIL: libmudflap.c++/pass41-frag.cxx ( -O) execution test
FAIL: libmudflap.c++/pass41-frag.cxx (-O2) execution test
FAIL: libmudflap.c++/pass41-frag.cxx (-O3) execution test
ERROR: tcl error sourcing /mnt/work/gcctest/gcc-4.8.2/libmudflap/testsuite/libmudflap.cth/cthfrags.exp.
ERROR: couldn't compile regular expression pattern: out of memory

		=== libmudflap Summary ===

# of expected passes		1253
# of unexpected failures	3
		=== libstdc++ tests ===


Running target unix

		=== libstdc++ Summary ===

# of expected passes		8663
# of expected failures		45
# of unsupported tests		518

Compiler version: 4.8.2 (GCC) 
Platform: i686-unknown-linux-gnu
configure flags: --with-arch=atom --disable-nls --enable-languages=c,c++ --host=i686-unknown-linux-gnu --build=i686-unknown-linux-gnu --target=i686-unknown-linux-gnu --with-system-zlib --disable-static --enable-shared


Index Nav: [Date Index] [Subject Index] [Author Index] [Thread Index]
Message Nav: [Date Prev] [Date Next] [Thread Prev] [Thread Next]