This is the mail archive of the
gcc-testresults@gcc.gnu.org
mailing list for the GCC project.
Results for 4.9.0 20131008 (experimental) [trunk revision 203270] testsuite on x86_64-unknown-linux-gnu
- From: Laurent GUERBY gcc13 <guerby at gcc13 dot fsffrance dot org>
- To: gcc-testresults at gcc dot gnu dot org
- Date: Wed, 09 Oct 2013 05:40:37 +0200
- Subject: Results for 4.9.0 20131008 (experimental) [trunk revision 203270] testsuite on x86_64-unknown-linux-gnu
- Authentication-results: sourceware.org; auth=none
LAST_UPDATED: Tue Oct 8 10:18:01 UTC 2013 (revision 203270)
=== acats tests ===
FAIL: c34005p
FAIL: c34005r
FAIL: c34005s
FAIL: c34005u
FAIL: c34005v
FAIL: c34006g
FAIL: c34006j
FAIL: c34006l
FAIL: c34008a
FAIL: c3a0014
FAIL: c41103b
FAIL: c41203b
FAIL: c41306a
FAIL: c452001
FAIL: c650001
FAIL: c74302b
FAIL: c74306a
FAIL: c85014a
FAIL: c85014b
FAIL: c85014c
FAIL: c87b26b
FAIL: c87b41a
FAIL: c99004a
FAIL: cb40005
FAIL: cc3019c
FAIL: cd10002
FAIL: cdd2a03
FAIL: cxac005
=== acats Summary ===
# of expected passes 2292
# of unexpected failures 28
Native configuration is x86_64-unknown-linux-gnu
=== gcc tests ===
Running target unix/-m32
FAIL: gcc.dg/debug/dwarf2/asm-line1.c scan-assembler is_stmt 1
FAIL: gcc.dg/debug/dwarf2/discriminator.c scan-assembler loc [0-9] 11 [0-9]( is_stmt [0-9])? discriminator 2\\n
FAIL: gcc.dg/debug/dwarf2/discriminator.c scan-assembler loc [0-9] 11 [0-9]( is_stmt [0-9])? discriminator 1\\n
FAIL: gcc.dg/cproj-fails-with-broken-glibc.c execution test
FAIL: gcc.dg/torture/tls/run-gd.c -O0 (test for excess errors)
FAIL: gcc.dg/torture/tls/run-gd.c -O1 (test for excess errors)
FAIL: gcc.dg/torture/tls/run-gd.c -O2 (test for excess errors)
FAIL: gcc.dg/torture/tls/run-gd.c -O3 -fomit-frame-pointer (test for excess errors)
FAIL: gcc.dg/torture/tls/run-gd.c -O3 -g (test for excess errors)
FAIL: gcc.dg/torture/tls/run-gd.c -Os (test for excess errors)
FAIL: gcc.dg/torture/tls/run-gd.c -O2 -flto -flto-partition=none (test for excess errors)
FAIL: gcc.dg/torture/tls/run-gd.c -O2 -flto (test for excess errors)
FAIL: gcc.dg/torture/tls/run-ld.c -O0 (test for excess errors)
FAIL: gcc.dg/torture/tls/run-ld.c -O1 (test for excess errors)
FAIL: gcc.dg/torture/tls/run-ld.c -O2 (test for excess errors)
FAIL: gcc.dg/torture/tls/run-ld.c -O3 -fomit-frame-pointer (test for excess errors)
FAIL: gcc.dg/torture/tls/run-ld.c -O3 -g (test for excess errors)
FAIL: gcc.dg/torture/tls/run-ld.c -Os (test for excess errors)
FAIL: gcc.dg/torture/tls/run-ld.c -O2 -flto -flto-partition=none (test for excess errors)
FAIL: gcc.dg/torture/tls/run-ld.c -O2 -flto (test for excess errors)
=== gcc Summary for unix/-m32 ===
# of expected passes 96728
# of unexpected failures 20
# of expected failures 249
# of unsupported tests 1964
Running target unix/-m64
FAIL: c-c++-common/asan/clone-test-1.c -O0 execution test
FAIL: c-c++-common/asan/clone-test-1.c -O1 execution test
FAIL: c-c++-common/asan/clone-test-1.c -O2 execution test
FAIL: c-c++-common/asan/clone-test-1.c -O3 -fomit-frame-pointer execution test
FAIL: c-c++-common/asan/clone-test-1.c -O3 -fomit-frame-pointer -funroll-loops execution test
FAIL: c-c++-common/asan/clone-test-1.c -O3 -fomit-frame-pointer -funroll-all-loops -finline-functions execution test
FAIL: c-c++-common/asan/clone-test-1.c -O3 -g execution test
FAIL: c-c++-common/asan/clone-test-1.c -Os execution test
FAIL: c-c++-common/asan/clone-test-1.c -O2 -flto -flto-partition=none execution test
FAIL: c-c++-common/asan/clone-test-1.c -O2 -flto execution test
FAIL: c-c++-common/asan/global-overflow-1.c -O0 output pattern test, is ==5529== ERROR: AddressSanitizer failed to allocate 0xdfff0001000 (15392894357504) bytes at address 0x02008fff7000 (12)
FAIL: c-c++-common/asan/global-overflow-1.c -O1 output pattern test, is ==5541== ERROR: AddressSanitizer failed to allocate 0xdfff0001000 (15392894357504) bytes at address 0x02008fff7000 (12)
FAIL: c-c++-common/asan/global-overflow-1.c -O2 output pattern test, is ==5553== ERROR: AddressSanitizer failed to allocate 0xdfff0001000 (15392894357504) bytes at address 0x02008fff7000 (12)
FAIL: c-c++-common/asan/global-overflow-1.c -O3 -fomit-frame-pointer output pattern test, is ==5565== ERROR: AddressSanitizer failed to allocate 0xdfff0001000 (15392894357504) bytes at address 0x02008fff7000 (12)
FAIL: c-c++-common/asan/global-overflow-1.c -O3 -g output pattern test, is ==5577== ERROR: AddressSanitizer failed to allocate 0xdfff0001000 (15392894357504) bytes at address 0x02008fff7000 (12)
FAIL: c-c++-common/asan/global-overflow-1.c -Os output pattern test, is ==5589== ERROR: AddressSanitizer failed to allocate 0xdfff0001000 (15392894357504) bytes at address 0x02008fff7000 (12)
FAIL: c-c++-common/asan/global-overflow-1.c -O2 -flto -flto-partition=none output pattern test, is ==5622== ERROR: AddressSanitizer failed to allocate 0xdfff0001000 (15392894357504) bytes at address 0x02008fff7000 (12)
FAIL: c-c++-common/asan/global-overflow-1.c -O2 -flto output pattern test, is ==5657== ERROR: AddressSanitizer failed to allocate 0xdfff0001000 (15392894357504) bytes at address 0x02008fff7000 (12)
FAIL: c-c++-common/asan/heap-overflow-1.c -O0 output pattern test, is ==5669== ERROR: AddressSanitizer failed to allocate 0xdfff0001000 (15392894357504) bytes at address 0x02008fff7000 (12)
FAIL: c-c++-common/asan/heap-overflow-1.c -O1 output pattern test, is ==5682== ERROR: AddressSanitizer failed to allocate 0xdfff0001000 (15392894357504) bytes at address 0x02008fff7000 (12)
FAIL: c-c++-common/asan/heap-overflow-1.c -O2 output pattern test, is ==5698== ERROR: AddressSanitizer failed to allocate 0xdfff0001000 (15392894357504) bytes at address 0x02008fff7000 (12)
FAIL: c-c++-common/asan/heap-overflow-1.c -O3 -fomit-frame-pointer output pattern test, is ==5710== ERROR: AddressSanitizer failed to allocate 0xdfff0001000 (15392894357504) bytes at address 0x02008fff7000 (12)
FAIL: c-c++-common/asan/heap-overflow-1.c -O3 -g output pattern test, is ==5722== ERROR: AddressSanitizer failed to allocate 0xdfff0001000 (15392894357504) bytes at address 0x02008fff7000 (12)
FAIL: c-c++-common/asan/heap-overflow-1.c -Os output pattern test, is ==5734== ERROR: AddressSanitizer failed to allocate 0xdfff0001000 (15392894357504) bytes at address 0x02008fff7000 (12)
FAIL: c-c++-common/asan/heap-overflow-1.c -O2 -flto -flto-partition=none output pattern test, is ==5769== ERROR: AddressSanitizer failed to allocate 0xdfff0001000 (15392894357504) bytes at address 0x02008fff7000 (12)
FAIL: c-c++-common/asan/heap-overflow-1.c -O2 -flto output pattern test, is ==5809== ERROR: AddressSanitizer failed to allocate 0xdfff0001000 (15392894357504) bytes at address 0x02008fff7000 (12)
FAIL: c-c++-common/asan/memcmp-1.c -O0 output pattern test, is ==5827== ERROR: AddressSanitizer failed to allocate 0xdfff0001000 (15392894357504) bytes at address 0x02008fff7000 (12)
FAIL: c-c++-common/asan/memcmp-1.c -O1 output pattern test, is ==5839== ERROR: AddressSanitizer failed to allocate 0xdfff0001000 (15392894357504) bytes at address 0x02008fff7000 (12)
FAIL: c-c++-common/asan/memcmp-1.c -O2 output pattern test, is ==5851== ERROR: AddressSanitizer failed to allocate 0xdfff0001000 (15392894357504) bytes at address 0x02008fff7000 (12)
FAIL: c-c++-common/asan/memcmp-1.c -O3 -fomit-frame-pointer output pattern test, is ==5863== ERROR: AddressSanitizer failed to allocate 0xdfff0001000 (15392894357504) bytes at address 0x02008fff7000 (12)
FAIL: c-c++-common/asan/memcmp-1.c -O3 -g output pattern test, is ==5875== ERROR: AddressSanitizer failed to allocate 0xdfff0001000 (15392894357504) bytes at address 0x02008fff7000 (12)
FAIL: c-c++-common/asan/memcmp-1.c -Os output pattern test, is ==5887== ERROR: AddressSanitizer failed to allocate 0xdfff0001000 (15392894357504) bytes at address 0x02008fff7000 (12)
FAIL: c-c++-common/asan/memcmp-1.c -O2 -flto -flto-partition=none output pattern test, is ==5920== ERROR: AddressSanitizer failed to allocate 0xdfff0001000 (15392894357504) bytes at address 0x02008fff7000 (12)
FAIL: c-c++-common/asan/memcmp-1.c -O2 -flto output pattern test, is ==5955== ERROR: AddressSanitizer failed to allocate 0xdfff0001000 (15392894357504) bytes at address 0x02008fff7000 (12)
FAIL: c-c++-common/asan/null-deref-1.c -O0 output pattern test, is ==6054== ERROR: AddressSanitizer failed to allocate 0xdfff0001000 (15392894357504) bytes at address 0x02008fff7000 (12)
FAIL: c-c++-common/asan/null-deref-1.c -O1 output pattern test, is ==6067== ERROR: AddressSanitizer failed to allocate 0xdfff0001000 (15392894357504) bytes at address 0x02008fff7000 (12)
FAIL: c-c++-common/asan/null-deref-1.c -O2 output pattern test, is ==6079== ERROR: AddressSanitizer failed to allocate 0xdfff0001000 (15392894357504) bytes at address 0x02008fff7000 (12)
FAIL: c-c++-common/asan/null-deref-1.c -O3 -fomit-frame-pointer output pattern test, is ==6091== ERROR: AddressSanitizer failed to allocate 0xdfff0001000 (15392894357504) bytes at address 0x02008fff7000 (12)
FAIL: c-c++-common/asan/null-deref-1.c -O3 -g output pattern test, is ==6103== ERROR: AddressSanitizer failed to allocate 0xdfff0001000 (15392894357504) bytes at address 0x02008fff7000 (12)
FAIL: c-c++-common/asan/null-deref-1.c -Os output pattern test, is ==6115== ERROR: AddressSanitizer failed to allocate 0xdfff0001000 (15392894357504) bytes at address 0x02008fff7000 (12)
FAIL: c-c++-common/asan/null-deref-1.c -O2 -flto -flto-partition=none output pattern test, is ==6148== ERROR: AddressSanitizer failed to allocate 0xdfff0001000 (15392894357504) bytes at address 0x02008fff7000 (12)
FAIL: c-c++-common/asan/null-deref-1.c -O2 -flto output pattern test, is ==6183== ERROR: AddressSanitizer failed to allocate 0xdfff0001000 (15392894357504) bytes at address 0x02008fff7000 (12)
FAIL: c-c++-common/asan/rlimit-mmap-test-1.c -O0 output pattern test, is ==6245== ERROR: AddressSanitizer failed to allocate 0xdfff0001000 (15392894357504) bytes at address 0x02008fff7000 (12)
FAIL: c-c++-common/asan/sanity-check-pure-c-1.c -O0 output pattern test, is ==6257== ERROR: AddressSanitizer failed to allocate 0xdfff0001000 (15392894357504) bytes at address 0x02008fff7000 (12)
FAIL: c-c++-common/asan/sanity-check-pure-c-1.c -O1 output pattern test, is ==6269== ERROR: AddressSanitizer failed to allocate 0xdfff0001000 (15392894357504) bytes at address 0x02008fff7000 (12)
FAIL: c-c++-common/asan/sanity-check-pure-c-1.c -O2 output pattern test, is ==6281== ERROR: AddressSanitizer failed to allocate 0xdfff0001000 (15392894357504) bytes at address 0x02008fff7000 (12)
FAIL: c-c++-common/asan/sanity-check-pure-c-1.c -O3 -fomit-frame-pointer output pattern test, is ==6293== ERROR: AddressSanitizer failed to allocate 0xdfff0001000 (15392894357504) bytes at address 0x02008fff7000 (12)
FAIL: c-c++-common/asan/sanity-check-pure-c-1.c -O3 -g output pattern test, is ==6305== ERROR: AddressSanitizer failed to allocate 0xdfff0001000 (15392894357504) bytes at address 0x02008fff7000 (12)
FAIL: c-c++-common/asan/sanity-check-pure-c-1.c -Os output pattern test, is ==6317== ERROR: AddressSanitizer failed to allocate 0xdfff0001000 (15392894357504) bytes at address 0x02008fff7000 (12)
FAIL: c-c++-common/asan/sanity-check-pure-c-1.c -O2 -flto -flto-partition=none output pattern test, is ==6354== ERROR: AddressSanitizer failed to allocate 0xdfff0001000 (15392894357504) bytes at address 0x02008fff7000 (12)
FAIL: c-c++-common/asan/sanity-check-pure-c-1.c -O2 -flto output pattern test, is ==6389== ERROR: AddressSanitizer failed to allocate 0xdfff0001000 (15392894357504) bytes at address 0x02008fff7000 (12)
FAIL: c-c++-common/asan/sleep-before-dying-1.c -O2 output pattern test, is ==6401== ERROR: AddressSanitizer failed to allocate 0xdfff0001000 (15392894357504) bytes at address 0x02008fff7000 (12)
FAIL: c-c++-common/asan/sleep-before-dying-1.c -O2 -flto -flto-partition=none output pattern test, is ==6434== ERROR: AddressSanitizer failed to allocate 0xdfff0001000 (15392894357504) bytes at address 0x02008fff7000 (12)
FAIL: c-c++-common/asan/sleep-before-dying-1.c -O2 -flto output pattern test, is ==6469== ERROR: AddressSanitizer failed to allocate 0xdfff0001000 (15392894357504) bytes at address 0x02008fff7000 (12)
FAIL: c-c++-common/asan/stack-overflow-1.c -O0 output pattern test, is ==6486== ERROR: AddressSanitizer failed to allocate 0xdfff0001000 (15392894357504) bytes at address 0x02008fff7000 (12)
FAIL: c-c++-common/asan/stack-overflow-1.c -O1 output pattern test, is ==6498== ERROR: AddressSanitizer failed to allocate 0xdfff0001000 (15392894357504) bytes at address 0x02008fff7000 (12)
FAIL: c-c++-common/asan/stack-overflow-1.c -O2 output pattern test, is ==6510== ERROR: AddressSanitizer failed to allocate 0xdfff0001000 (15392894357504) bytes at address 0x02008fff7000 (12)
FAIL: c-c++-common/asan/stack-overflow-1.c -O3 -fomit-frame-pointer output pattern test, is ==6522== ERROR: AddressSanitizer failed to allocate 0xdfff0001000 (15392894357504) bytes at address 0x02008fff7000 (12)
FAIL: c-c++-common/asan/stack-overflow-1.c -O3 -g output pattern test, is ==6534== ERROR: AddressSanitizer failed to allocate 0xdfff0001000 (15392894357504) bytes at address 0x02008fff7000 (12)
FAIL: c-c++-common/asan/stack-overflow-1.c -Os output pattern test, is ==6546== ERROR: AddressSanitizer failed to allocate 0xdfff0001000 (15392894357504) bytes at address 0x02008fff7000 (12)
FAIL: c-c++-common/asan/stack-overflow-1.c -O2 -flto -flto-partition=none output pattern test, is ==6579== ERROR: AddressSanitizer failed to allocate 0xdfff0001000 (15392894357504) bytes at address 0x02008fff7000 (12)
FAIL: c-c++-common/asan/stack-overflow-1.c -O2 -flto output pattern test, is ==6615== ERROR: AddressSanitizer failed to allocate 0xdfff0001000 (15392894357504) bytes at address 0x02008fff7000 (12)
FAIL: c-c++-common/asan/strip-path-prefix-1.c -O2 output pattern test, is ==6627== ERROR: AddressSanitizer failed to allocate 0xdfff0001000 (15392894357504) bytes at address 0x02008fff7000 (12)
FAIL: c-c++-common/asan/strip-path-prefix-1.c -O2 -flto -flto-partition=none output pattern test, is ==6664== ERROR: AddressSanitizer failed to allocate 0xdfff0001000 (15392894357504) bytes at address 0x02008fff7000 (12)
FAIL: c-c++-common/asan/strip-path-prefix-1.c -O2 -flto output pattern test, is ==6699== ERROR: AddressSanitizer failed to allocate 0xdfff0001000 (15392894357504) bytes at address 0x02008fff7000 (12)
FAIL: c-c++-common/asan/strncpy-overflow-1.c -O0 output pattern test, is ==6711== ERROR: AddressSanitizer failed to allocate 0xdfff0001000 (15392894357504) bytes at address 0x02008fff7000 (12)
FAIL: c-c++-common/asan/strncpy-overflow-1.c -O1 output pattern test, is ==6723== ERROR: AddressSanitizer failed to allocate 0xdfff0001000 (15392894357504) bytes at address 0x02008fff7000 (12)
FAIL: c-c++-common/asan/strncpy-overflow-1.c -O2 output pattern test, is ==6763== ERROR: AddressSanitizer failed to allocate 0xdfff0001000 (15392894357504) bytes at address 0x02008fff7000 (12)
FAIL: c-c++-common/asan/strncpy-overflow-1.c -O3 -fomit-frame-pointer output pattern test, is ==6826== ERROR: AddressSanitizer failed to allocate 0xdfff0001000 (15392894357504) bytes at address 0x02008fff7000 (12)
FAIL: c-c++-common/asan/strncpy-overflow-1.c -O3 -g output pattern test, is ==6838== ERROR: AddressSanitizer failed to allocate 0xdfff0001000 (15392894357504) bytes at address 0x02008fff7000 (12)
FAIL: c-c++-common/asan/strncpy-overflow-1.c -Os output pattern test, is ==6850== ERROR: AddressSanitizer failed to allocate 0xdfff0001000 (15392894357504) bytes at address 0x02008fff7000 (12)
FAIL: c-c++-common/asan/strncpy-overflow-1.c -O2 -flto -flto-partition=none output pattern test, is ==6883== ERROR: AddressSanitizer failed to allocate 0xdfff0001000 (15392894357504) bytes at address 0x02008fff7000 (12)
FAIL: c-c++-common/asan/strncpy-overflow-1.c -O2 -flto output pattern test, is ==6918== ERROR: AddressSanitizer failed to allocate 0xdfff0001000 (15392894357504) bytes at address 0x02008fff7000 (12)
FAIL: c-c++-common/asan/swapcontext-test-1.c -O0 execution test
FAIL: c-c++-common/asan/swapcontext-test-1.c -O1 execution test
FAIL: c-c++-common/asan/swapcontext-test-1.c -O2 execution test
FAIL: c-c++-common/asan/swapcontext-test-1.c -O3 -fomit-frame-pointer execution test
FAIL: c-c++-common/asan/swapcontext-test-1.c -O3 -fomit-frame-pointer -funroll-loops execution test
FAIL: c-c++-common/asan/swapcontext-test-1.c -O3 -fomit-frame-pointer -funroll-all-loops -finline-functions execution test
FAIL: c-c++-common/asan/swapcontext-test-1.c -O3 -g execution test
FAIL: c-c++-common/asan/swapcontext-test-1.c -Os execution test
FAIL: c-c++-common/asan/swapcontext-test-1.c -O2 -flto -flto-partition=none execution test
FAIL: c-c++-common/asan/swapcontext-test-1.c -O2 -flto execution test
FAIL: c-c++-common/asan/use-after-free-1.c -O0 output pattern test, is ==7114== ERROR: AddressSanitizer failed to allocate 0xdfff0001000 (15392894357504) bytes at address 0x02008fff7000 (12)
FAIL: c-c++-common/asan/use-after-free-1.c -O1 output pattern test, is ==7126== ERROR: AddressSanitizer failed to allocate 0xdfff0001000 (15392894357504) bytes at address 0x02008fff7000 (12)
FAIL: c-c++-common/asan/use-after-free-1.c -O2 output pattern test, is ==7138== ERROR: AddressSanitizer failed to allocate 0xdfff0001000 (15392894357504) bytes at address 0x02008fff7000 (12)
FAIL: c-c++-common/asan/use-after-free-1.c -O3 -fomit-frame-pointer output pattern test, is ==7150== ERROR: AddressSanitizer failed to allocate 0xdfff0001000 (15392894357504) bytes at address 0x02008fff7000 (12)
FAIL: c-c++-common/asan/use-after-free-1.c -O3 -g output pattern test, is ==7162== ERROR: AddressSanitizer failed to allocate 0xdfff0001000 (15392894357504) bytes at address 0x02008fff7000 (12)
FAIL: c-c++-common/asan/use-after-free-1.c -Os output pattern test, is ==7174== ERROR: AddressSanitizer failed to allocate 0xdfff0001000 (15392894357504) bytes at address 0x02008fff7000 (12)
FAIL: c-c++-common/asan/use-after-free-1.c -O2 -flto -flto-partition=none output pattern test, is ==7213== ERROR: AddressSanitizer failed to allocate 0xdfff0001000 (15392894357504) bytes at address 0x02008fff7000 (12)
FAIL: c-c++-common/asan/use-after-free-1.c -O2 -flto output pattern test, is ==7257== ERROR: AddressSanitizer failed to allocate 0xdfff0001000 (15392894357504) bytes at address 0x02008fff7000 (12)
FAIL: gcc.dg/debug/dwarf2/asm-line1.c scan-assembler is_stmt 1
FAIL: gcc.dg/debug/dwarf2/discriminator.c scan-assembler loc [0-9] 11 [0-9]( is_stmt [0-9])? discriminator 2\\n
FAIL: gcc.dg/debug/dwarf2/discriminator.c scan-assembler loc [0-9] 11 [0-9]( is_stmt [0-9])? discriminator 1\\n
FAIL: gcc.dg/cproj-fails-with-broken-glibc.c execution test
FAIL: gcc.dg/torture/tls/run-gd.c -O0 (test for excess errors)
FAIL: gcc.dg/torture/tls/run-gd.c -O1 (test for excess errors)
FAIL: gcc.dg/torture/tls/run-gd.c -O2 (test for excess errors)
FAIL: gcc.dg/torture/tls/run-gd.c -O3 -fomit-frame-pointer (test for excess errors)
FAIL: gcc.dg/torture/tls/run-gd.c -O3 -g (test for excess errors)
FAIL: gcc.dg/torture/tls/run-gd.c -Os (test for excess errors)
FAIL: gcc.dg/torture/tls/run-gd.c -O2 -flto -flto-partition=none (test for excess errors)
FAIL: gcc.dg/torture/tls/run-gd.c -O2 -flto (test for excess errors)
FAIL: gcc.dg/torture/tls/run-ld.c -O0 (test for excess errors)
FAIL: gcc.dg/torture/tls/run-ld.c -O1 (test for excess errors)
FAIL: gcc.dg/torture/tls/run-ld.c -O2 (test for excess errors)
FAIL: gcc.dg/torture/tls/run-ld.c -O3 -fomit-frame-pointer (test for excess errors)
FAIL: gcc.dg/torture/tls/run-ld.c -O3 -g (test for excess errors)
FAIL: gcc.dg/torture/tls/run-ld.c -Os (test for excess errors)
FAIL: gcc.dg/torture/tls/run-ld.c -O2 -flto -flto-partition=none (test for excess errors)
FAIL: gcc.dg/torture/tls/run-ld.c -O2 -flto (test for excess errors)
FAIL: gcc.dg/torture/tls/run-le.c -O0 -pie -fpie (test for excess errors)
UNRESOLVED: gcc.dg/torture/tls/run-le.c -O0 -pie -fpie compilation failed to produce executable
FAIL: gcc.dg/torture/tls/run-le.c -O1 -pie -fpie (test for excess errors)
UNRESOLVED: gcc.dg/torture/tls/run-le.c -O1 -pie -fpie compilation failed to produce executable
FAIL: gcc.dg/torture/tls/run-le.c -O2 -pie -fpie (test for excess errors)
UNRESOLVED: gcc.dg/torture/tls/run-le.c -O2 -pie -fpie compilation failed to produce executable
FAIL: gcc.dg/torture/tls/run-le.c -O3 -fomit-frame-pointer -pie -fpie (test for excess errors)
UNRESOLVED: gcc.dg/torture/tls/run-le.c -O3 -fomit-frame-pointer -pie -fpie compilation failed to produce executable
FAIL: gcc.dg/torture/tls/run-le.c -O3 -g -pie -fpie (test for excess errors)
UNRESOLVED: gcc.dg/torture/tls/run-le.c -O3 -g -pie -fpie compilation failed to produce executable
FAIL: gcc.dg/torture/tls/run-le.c -Os -pie -fpie (test for excess errors)
UNRESOLVED: gcc.dg/torture/tls/run-le.c -Os -pie -fpie compilation failed to produce executable
FAIL: gcc.dg/torture/tls/run-le.c -O0 -pie -fPIE (test for excess errors)
UNRESOLVED: gcc.dg/torture/tls/run-le.c -O0 -pie -fPIE compilation failed to produce executable
FAIL: gcc.dg/torture/tls/run-le.c -O1 -pie -fPIE (test for excess errors)
UNRESOLVED: gcc.dg/torture/tls/run-le.c -O1 -pie -fPIE compilation failed to produce executable
FAIL: gcc.dg/torture/tls/run-le.c -O2 -pie -fPIE (test for excess errors)
UNRESOLVED: gcc.dg/torture/tls/run-le.c -O2 -pie -fPIE compilation failed to produce executable
FAIL: gcc.dg/torture/tls/run-le.c -O3 -fomit-frame-pointer -pie -fPIE (test for excess errors)
UNRESOLVED: gcc.dg/torture/tls/run-le.c -O3 -fomit-frame-pointer -pie -fPIE compilation failed to produce executable
FAIL: gcc.dg/torture/tls/run-le.c -O3 -g -pie -fPIE (test for excess errors)
UNRESOLVED: gcc.dg/torture/tls/run-le.c -O3 -g -pie -fPIE compilation failed to produce executable
FAIL: gcc.dg/torture/tls/run-le.c -Os -pie -fPIE (test for excess errors)
UNRESOLVED: gcc.dg/torture/tls/run-le.c -Os -pie -fPIE compilation failed to produce executable
FAIL: gcc.dg/torture/tls/thr-init-1.c -O0 -pie -fpie (test for excess errors)
UNRESOLVED: gcc.dg/torture/tls/thr-init-1.c -O0 -pie -fpie compilation failed to produce executable
FAIL: gcc.dg/torture/tls/thr-init-1.c -O1 -pie -fpie (test for excess errors)
UNRESOLVED: gcc.dg/torture/tls/thr-init-1.c -O1 -pie -fpie compilation failed to produce executable
FAIL: gcc.dg/torture/tls/thr-init-1.c -O2 -pie -fpie (test for excess errors)
UNRESOLVED: gcc.dg/torture/tls/thr-init-1.c -O2 -pie -fpie compilation failed to produce executable
FAIL: gcc.dg/torture/tls/thr-init-1.c -O3 -fomit-frame-pointer -pie -fpie (test for excess errors)
UNRESOLVED: gcc.dg/torture/tls/thr-init-1.c -O3 -fomit-frame-pointer -pie -fpie compilation failed to produce executable
FAIL: gcc.dg/torture/tls/thr-init-1.c -O3 -g -pie -fpie (test for excess errors)
UNRESOLVED: gcc.dg/torture/tls/thr-init-1.c -O3 -g -pie -fpie compilation failed to produce executable
FAIL: gcc.dg/torture/tls/thr-init-1.c -Os -pie -fpie (test for excess errors)
UNRESOLVED: gcc.dg/torture/tls/thr-init-1.c -Os -pie -fpie compilation failed to produce executable
FAIL: gcc.dg/torture/tls/thr-init-1.c -O0 -pie -fPIE (test for excess errors)
UNRESOLVED: gcc.dg/torture/tls/thr-init-1.c -O0 -pie -fPIE compilation failed to produce executable
FAIL: gcc.dg/torture/tls/thr-init-1.c -O1 -pie -fPIE (test for excess errors)
UNRESOLVED: gcc.dg/torture/tls/thr-init-1.c -O1 -pie -fPIE compilation failed to produce executable
FAIL: gcc.dg/torture/tls/thr-init-1.c -O2 -pie -fPIE (test for excess errors)
UNRESOLVED: gcc.dg/torture/tls/thr-init-1.c -O2 -pie -fPIE compilation failed to produce executable
FAIL: gcc.dg/torture/tls/thr-init-1.c -O3 -fomit-frame-pointer -pie -fPIE (test for excess errors)
UNRESOLVED: gcc.dg/torture/tls/thr-init-1.c -O3 -fomit-frame-pointer -pie -fPIE compilation failed to produce executable
FAIL: gcc.dg/torture/tls/thr-init-1.c -O3 -g -pie -fPIE (test for excess errors)
UNRESOLVED: gcc.dg/torture/tls/thr-init-1.c -O3 -g -pie -fPIE compilation failed to produce executable
FAIL: gcc.dg/torture/tls/thr-init-1.c -Os -pie -fPIE (test for excess errors)
UNRESOLVED: gcc.dg/torture/tls/thr-init-1.c -Os -pie -fPIE compilation failed to produce executable
FAIL: gcc.dg/torture/tls/thr-init-2.c -O0 -pie -fpie (test for excess errors)
UNRESOLVED: gcc.dg/torture/tls/thr-init-2.c -O0 -pie -fpie compilation failed to produce executable
FAIL: gcc.dg/torture/tls/thr-init-2.c -O1 -pie -fpie (test for excess errors)
UNRESOLVED: gcc.dg/torture/tls/thr-init-2.c -O1 -pie -fpie compilation failed to produce executable
FAIL: gcc.dg/torture/tls/thr-init-2.c -O2 -pie -fpie (test for excess errors)
UNRESOLVED: gcc.dg/torture/tls/thr-init-2.c -O2 -pie -fpie compilation failed to produce executable
FAIL: gcc.dg/torture/tls/thr-init-2.c -O3 -fomit-frame-pointer -pie -fpie (test for excess errors)
UNRESOLVED: gcc.dg/torture/tls/thr-init-2.c -O3 -fomit-frame-pointer -pie -fpie compilation failed to produce executable
FAIL: gcc.dg/torture/tls/thr-init-2.c -O3 -g -pie -fpie (test for excess errors)
UNRESOLVED: gcc.dg/torture/tls/thr-init-2.c -O3 -g -pie -fpie compilation failed to produce executable
FAIL: gcc.dg/torture/tls/thr-init-2.c -Os -pie -fpie (test for excess errors)
UNRESOLVED: gcc.dg/torture/tls/thr-init-2.c -Os -pie -fpie compilation failed to produce executable
FAIL: gcc.dg/torture/tls/thr-init-2.c -O0 -pie -fPIE (test for excess errors)
UNRESOLVED: gcc.dg/torture/tls/thr-init-2.c -O0 -pie -fPIE compilation failed to produce executable
FAIL: gcc.dg/torture/tls/thr-init-2.c -O1 -pie -fPIE (test for excess errors)
UNRESOLVED: gcc.dg/torture/tls/thr-init-2.c -O1 -pie -fPIE compilation failed to produce executable
FAIL: gcc.dg/torture/tls/thr-init-2.c -O2 -pie -fPIE (test for excess errors)
UNRESOLVED: gcc.dg/torture/tls/thr-init-2.c -O2 -pie -fPIE compilation failed to produce executable
FAIL: gcc.dg/torture/tls/thr-init-2.c -O3 -fomit-frame-pointer -pie -fPIE (test for excess errors)
UNRESOLVED: gcc.dg/torture/tls/thr-init-2.c -O3 -fomit-frame-pointer -pie -fPIE compilation failed to produce executable
FAIL: gcc.dg/torture/tls/thr-init-2.c -O3 -g -pie -fPIE (test for excess errors)
UNRESOLVED: gcc.dg/torture/tls/thr-init-2.c -O3 -g -pie -fPIE compilation failed to produce executable
FAIL: gcc.dg/torture/tls/thr-init-2.c -Os -pie -fPIE (test for excess errors)
UNRESOLVED: gcc.dg/torture/tls/thr-init-2.c -Os -pie -fPIE compilation failed to produce executable
FAIL: gcc.dg/torture/tls/tls-reload-1.c -O0 -pie -fpie (test for excess errors)
UNRESOLVED: gcc.dg/torture/tls/tls-reload-1.c -O0 -pie -fpie compilation failed to produce executable
FAIL: gcc.dg/torture/tls/tls-reload-1.c -O1 -pie -fpie (test for excess errors)
UNRESOLVED: gcc.dg/torture/tls/tls-reload-1.c -O1 -pie -fpie compilation failed to produce executable
FAIL: gcc.dg/torture/tls/tls-reload-1.c -O2 -pie -fpie (test for excess errors)
UNRESOLVED: gcc.dg/torture/tls/tls-reload-1.c -O2 -pie -fpie compilation failed to produce executable
FAIL: gcc.dg/torture/tls/tls-reload-1.c -O3 -fomit-frame-pointer -pie -fpie (test for excess errors)
UNRESOLVED: gcc.dg/torture/tls/tls-reload-1.c -O3 -fomit-frame-pointer -pie -fpie compilation failed to produce executable
FAIL: gcc.dg/torture/tls/tls-reload-1.c -O3 -g -pie -fpie (test for excess errors)
UNRESOLVED: gcc.dg/torture/tls/tls-reload-1.c -O3 -g -pie -fpie compilation failed to produce executable
FAIL: gcc.dg/torture/tls/tls-reload-1.c -Os -pie -fpie (test for excess errors)
UNRESOLVED: gcc.dg/torture/tls/tls-reload-1.c -Os -pie -fpie compilation failed to produce executable
FAIL: gcc.dg/torture/tls/tls-reload-1.c -O0 -pie -fPIE (test for excess errors)
UNRESOLVED: gcc.dg/torture/tls/tls-reload-1.c -O0 -pie -fPIE compilation failed to produce executable
FAIL: gcc.dg/torture/tls/tls-reload-1.c -O1 -pie -fPIE (test for excess errors)
UNRESOLVED: gcc.dg/torture/tls/tls-reload-1.c -O1 -pie -fPIE compilation failed to produce executable
FAIL: gcc.dg/torture/tls/tls-reload-1.c -O2 -pie -fPIE (test for excess errors)
UNRESOLVED: gcc.dg/torture/tls/tls-reload-1.c -O2 -pie -fPIE compilation failed to produce executable
FAIL: gcc.dg/torture/tls/tls-reload-1.c -O3 -fomit-frame-pointer -pie -fPIE (test for excess errors)
UNRESOLVED: gcc.dg/torture/tls/tls-reload-1.c -O3 -fomit-frame-pointer -pie -fPIE compilation failed to produce executable
FAIL: gcc.dg/torture/tls/tls-reload-1.c -O3 -g -pie -fPIE (test for excess errors)
UNRESOLVED: gcc.dg/torture/tls/tls-reload-1.c -O3 -g -pie -fPIE compilation failed to produce executable
FAIL: gcc.dg/torture/tls/tls-reload-1.c -Os -pie -fPIE (test for excess errors)
UNRESOLVED: gcc.dg/torture/tls/tls-reload-1.c -Os -pie -fPIE compilation failed to produce executable
FAIL: gcc.dg/torture/tls/tls-test.c -O0 -pie -fpie (test for excess errors)
UNRESOLVED: gcc.dg/torture/tls/tls-test.c -O0 -pie -fpie compilation failed to produce executable
FAIL: gcc.dg/torture/tls/tls-test.c -O1 -pie -fpie (test for excess errors)
UNRESOLVED: gcc.dg/torture/tls/tls-test.c -O1 -pie -fpie compilation failed to produce executable
FAIL: gcc.dg/torture/tls/tls-test.c -O2 -pie -fpie (test for excess errors)
UNRESOLVED: gcc.dg/torture/tls/tls-test.c -O2 -pie -fpie compilation failed to produce executable
FAIL: gcc.dg/torture/tls/tls-test.c -O3 -fomit-frame-pointer -pie -fpie (test for excess errors)
UNRESOLVED: gcc.dg/torture/tls/tls-test.c -O3 -fomit-frame-pointer -pie -fpie compilation failed to produce executable
FAIL: gcc.dg/torture/tls/tls-test.c -O3 -g -pie -fpie (test for excess errors)
UNRESOLVED: gcc.dg/torture/tls/tls-test.c -O3 -g -pie -fpie compilation failed to produce executable
FAIL: gcc.dg/torture/tls/tls-test.c -Os -pie -fpie (test for excess errors)
UNRESOLVED: gcc.dg/torture/tls/tls-test.c -Os -pie -fpie compilation failed to produce executable
FAIL: gcc.dg/torture/tls/tls-test.c -O0 -pie -fPIE (test for excess errors)
UNRESOLVED: gcc.dg/torture/tls/tls-test.c -O0 -pie -fPIE compilation failed to produce executable
FAIL: gcc.dg/torture/tls/tls-test.c -O1 -pie -fPIE (test for excess errors)
UNRESOLVED: gcc.dg/torture/tls/tls-test.c -O1 -pie -fPIE compilation failed to produce executable
FAIL: gcc.dg/torture/tls/tls-test.c -O2 -pie -fPIE (test for excess errors)
UNRESOLVED: gcc.dg/torture/tls/tls-test.c -O2 -pie -fPIE compilation failed to produce executable
FAIL: gcc.dg/torture/tls/tls-test.c -O3 -fomit-frame-pointer -pie -fPIE (test for excess errors)
UNRESOLVED: gcc.dg/torture/tls/tls-test.c -O3 -fomit-frame-pointer -pie -fPIE compilation failed to produce executable
FAIL: gcc.dg/torture/tls/tls-test.c -O3 -g -pie -fPIE (test for excess errors)
UNRESOLVED: gcc.dg/torture/tls/tls-test.c -O3 -g -pie -fPIE compilation failed to produce executable
FAIL: gcc.dg/torture/tls/tls-test.c -Os -pie -fPIE (test for excess errors)
UNRESOLVED: gcc.dg/torture/tls/tls-test.c -Os -pie -fPIE compilation failed to produce executable
FAIL: gcc.target/i386/pr56114.c (test for excess errors)
=== gcc Summary for unix/-m64 ===
# of expected passes 96832
# of unexpected failures 172
# of expected failures 251
# of unresolved testcases 60
# of unsupported tests 2271
=== gcc Summary ===
# of expected passes 193560
# of unexpected failures 192
# of expected failures 500
# of unresolved testcases 60
# of unsupported tests 4235
/home/guerby/build/gcc/xgcc version 4.9.0 20131008 (experimental) [trunk revision 203270] (GCC)
=== g++ tests ===
Running target unix/-m32
FAIL: g++.dg/asan/asan_test.C -O2 AddressSanitizer_pread64 pread64(fd, x, 15, 0) execution test
FAIL: g++.dg/asan/asan_test.C -O2 AddressSanitizer_pread pread(fd, x, 15, 0) execution test
FAIL: g++.dg/other/anon5.C -std=gnu++98 (test for excess errors)
FAIL: g++.dg/other/anon5.C -std=gnu++11 (test for excess errors)
=== g++ Summary for unix/-m32 ===
# of expected passes 56537
# of unexpected failures 4
# of expected failures 293
# of unsupported tests 804
Running target unix/-m64
FAIL: c-c++-common/asan/clone-test-1.c -O0 execution test
FAIL: c-c++-common/asan/clone-test-1.c -O1 execution test
FAIL: c-c++-common/asan/clone-test-1.c -O2 execution test
FAIL: c-c++-common/asan/clone-test-1.c -O3 -fomit-frame-pointer execution test
FAIL: c-c++-common/asan/clone-test-1.c -O3 -fomit-frame-pointer -funroll-loops execution test
FAIL: c-c++-common/asan/clone-test-1.c -O3 -fomit-frame-pointer -funroll-all-loops -finline-functions execution test
FAIL: c-c++-common/asan/clone-test-1.c -O3 -g execution test
FAIL: c-c++-common/asan/clone-test-1.c -Os execution test
FAIL: c-c++-common/asan/clone-test-1.c -O2 -flto -flto-partition=none execution test
FAIL: c-c++-common/asan/clone-test-1.c -O2 -flto execution test
FAIL: c-c++-common/asan/global-overflow-1.c -O0 output pattern test, is ==29798== ERROR: AddressSanitizer failed to allocate 0xdfff0001000 (15392894357504) bytes at address 0x02008fff7000 (12)
FAIL: c-c++-common/asan/global-overflow-1.c -O1 output pattern test, is ==29810== ERROR: AddressSanitizer failed to allocate 0xdfff0001000 (15392894357504) bytes at address 0x02008fff7000 (12)
FAIL: c-c++-common/asan/global-overflow-1.c -O2 output pattern test, is ==29822== ERROR: AddressSanitizer failed to allocate 0xdfff0001000 (15392894357504) bytes at address 0x02008fff7000 (12)
FAIL: c-c++-common/asan/global-overflow-1.c -O3 -fomit-frame-pointer output pattern test, is ==29834== ERROR: AddressSanitizer failed to allocate 0xdfff0001000 (15392894357504) bytes at address 0x02008fff7000 (12)
FAIL: c-c++-common/asan/global-overflow-1.c -O3 -g output pattern test, is ==29846== ERROR: AddressSanitizer failed to allocate 0xdfff0001000 (15392894357504) bytes at address 0x02008fff7000 (12)
FAIL: c-c++-common/asan/global-overflow-1.c -Os output pattern test, is ==29858== ERROR: AddressSanitizer failed to allocate 0xdfff0001000 (15392894357504) bytes at address 0x02008fff7000 (12)
FAIL: c-c++-common/asan/global-overflow-1.c -O2 -flto -flto-partition=none output pattern test, is ==29891== ERROR: AddressSanitizer failed to allocate 0xdfff0001000 (15392894357504) bytes at address 0x02008fff7000 (12)
FAIL: c-c++-common/asan/global-overflow-1.c -O2 -flto output pattern test, is ==29926== ERROR: AddressSanitizer failed to allocate 0xdfff0001000 (15392894357504) bytes at address 0x02008fff7000 (12)
FAIL: c-c++-common/asan/heap-overflow-1.c -O0 output pattern test, is ==29938== ERROR: AddressSanitizer failed to allocate 0xdfff0001000 (15392894357504) bytes at address 0x02008fff7000 (12)
FAIL: c-c++-common/asan/heap-overflow-1.c -O1 output pattern test, is ==29950== ERROR: AddressSanitizer failed to allocate 0xdfff0001000 (15392894357504) bytes at address 0x02008fff7000 (12)
FAIL: c-c++-common/asan/heap-overflow-1.c -O2 output pattern test, is ==29962== ERROR: AddressSanitizer failed to allocate 0xdfff0001000 (15392894357504) bytes at address 0x02008fff7000 (12)
FAIL: c-c++-common/asan/heap-overflow-1.c -O3 -fomit-frame-pointer output pattern test, is ==29974== ERROR: AddressSanitizer failed to allocate 0xdfff0001000 (15392894357504) bytes at address 0x02008fff7000 (12)
FAIL: c-c++-common/asan/heap-overflow-1.c -O3 -g output pattern test, is ==29986== ERROR: AddressSanitizer failed to allocate 0xdfff0001000 (15392894357504) bytes at address 0x02008fff7000 (12)
FAIL: c-c++-common/asan/heap-overflow-1.c -Os output pattern test, is ==29998== ERROR: AddressSanitizer failed to allocate 0xdfff0001000 (15392894357504) bytes at address 0x02008fff7000 (12)
FAIL: c-c++-common/asan/heap-overflow-1.c -O2 -flto -flto-partition=none output pattern test, is ==30031== ERROR: AddressSanitizer failed to allocate 0xdfff0001000 (15392894357504) bytes at address 0x02008fff7000 (12)
FAIL: c-c++-common/asan/heap-overflow-1.c -O2 -flto output pattern test, is ==30066== ERROR: AddressSanitizer failed to allocate 0xdfff0001000 (15392894357504) bytes at address 0x02008fff7000 (12)
FAIL: c-c++-common/asan/memcmp-1.c -O0 output pattern test, is ==30084== ERROR: AddressSanitizer failed to allocate 0xdfff0001000 (15392894357504) bytes at address 0x02008fff7000 (12)
FAIL: c-c++-common/asan/memcmp-1.c -O1 output pattern test, is ==30096== ERROR: AddressSanitizer failed to allocate 0xdfff0001000 (15392894357504) bytes at address 0x02008fff7000 (12)
FAIL: c-c++-common/asan/memcmp-1.c -O2 output pattern test, is ==30108== ERROR: AddressSanitizer failed to allocate 0xdfff0001000 (15392894357504) bytes at address 0x02008fff7000 (12)
FAIL: c-c++-common/asan/memcmp-1.c -O3 -fomit-frame-pointer output pattern test, is ==30120== ERROR: AddressSanitizer failed to allocate 0xdfff0001000 (15392894357504) bytes at address 0x02008fff7000 (12)
FAIL: c-c++-common/asan/memcmp-1.c -O3 -g output pattern test, is ==30132== ERROR: AddressSanitizer failed to allocate 0xdfff0001000 (15392894357504) bytes at address 0x02008fff7000 (12)
FAIL: c-c++-common/asan/memcmp-1.c -Os output pattern test, is ==30144== ERROR: AddressSanitizer failed to allocate 0xdfff0001000 (15392894357504) bytes at address 0x02008fff7000 (12)
FAIL: c-c++-common/asan/memcmp-1.c -O2 -flto -flto-partition=none output pattern test, is ==30177== ERROR: AddressSanitizer failed to allocate 0xdfff0001000 (15392894357504) bytes at address 0x02008fff7000 (12)
FAIL: c-c++-common/asan/memcmp-1.c -O2 -flto output pattern test, is ==30212== ERROR: AddressSanitizer failed to allocate 0xdfff0001000 (15392894357504) bytes at address 0x02008fff7000 (12)
FAIL: c-c++-common/asan/null-deref-1.c -O0 output pattern test, is ==30311== ERROR: AddressSanitizer failed to allocate 0xdfff0001000 (15392894357504) bytes at address 0x02008fff7000 (12)
FAIL: c-c++-common/asan/null-deref-1.c -O1 output pattern test, is ==30323== ERROR: AddressSanitizer failed to allocate 0xdfff0001000 (15392894357504) bytes at address 0x02008fff7000 (12)
FAIL: c-c++-common/asan/null-deref-1.c -O2 output pattern test, is ==30335== ERROR: AddressSanitizer failed to allocate 0xdfff0001000 (15392894357504) bytes at address 0x02008fff7000 (12)
FAIL: c-c++-common/asan/null-deref-1.c -O3 -fomit-frame-pointer output pattern test, is ==30347== ERROR: AddressSanitizer failed to allocate 0xdfff0001000 (15392894357504) bytes at address 0x02008fff7000 (12)
FAIL: c-c++-common/asan/null-deref-1.c -O3 -g output pattern test, is ==30359== ERROR: AddressSanitizer failed to allocate 0xdfff0001000 (15392894357504) bytes at address 0x02008fff7000 (12)
FAIL: c-c++-common/asan/null-deref-1.c -Os output pattern test, is ==30371== ERROR: AddressSanitizer failed to allocate 0xdfff0001000 (15392894357504) bytes at address 0x02008fff7000 (12)
FAIL: c-c++-common/asan/null-deref-1.c -O2 -flto -flto-partition=none output pattern test, is ==30404== ERROR: AddressSanitizer failed to allocate 0xdfff0001000 (15392894357504) bytes at address 0x02008fff7000 (12)
FAIL: c-c++-common/asan/null-deref-1.c -O2 -flto output pattern test, is ==30439== ERROR: AddressSanitizer failed to allocate 0xdfff0001000 (15392894357504) bytes at address 0x02008fff7000 (12)
FAIL: c-c++-common/asan/rlimit-mmap-test-1.c -O0 output pattern test, is ==30501== ERROR: AddressSanitizer failed to allocate 0xdfff0001000 (15392894357504) bytes at address 0x02008fff7000 (12)
FAIL: c-c++-common/asan/sanity-check-pure-c-1.c -O0 output pattern test, is ==30513== ERROR: AddressSanitizer failed to allocate 0xdfff0001000 (15392894357504) bytes at address 0x02008fff7000 (12)
FAIL: c-c++-common/asan/sanity-check-pure-c-1.c -O1 output pattern test, is ==30525== ERROR: AddressSanitizer failed to allocate 0xdfff0001000 (15392894357504) bytes at address 0x02008fff7000 (12)
FAIL: c-c++-common/asan/sanity-check-pure-c-1.c -O2 output pattern test, is ==30537== ERROR: AddressSanitizer failed to allocate 0xdfff0001000 (15392894357504) bytes at address 0x02008fff7000 (12)
FAIL: c-c++-common/asan/sanity-check-pure-c-1.c -O3 -fomit-frame-pointer output pattern test, is ==30549== ERROR: AddressSanitizer failed to allocate 0xdfff0001000 (15392894357504) bytes at address 0x02008fff7000 (12)
FAIL: c-c++-common/asan/sanity-check-pure-c-1.c -O3 -g output pattern test, is ==30561== ERROR: AddressSanitizer failed to allocate 0xdfff0001000 (15392894357504) bytes at address 0x02008fff7000 (12)
FAIL: c-c++-common/asan/sanity-check-pure-c-1.c -Os output pattern test, is ==30573== ERROR: AddressSanitizer failed to allocate 0xdfff0001000 (15392894357504) bytes at address 0x02008fff7000 (12)
FAIL: c-c++-common/asan/sanity-check-pure-c-1.c -O2 -flto -flto-partition=none output pattern test, is ==30606== ERROR: AddressSanitizer failed to allocate 0xdfff0001000 (15392894357504) bytes at address 0x02008fff7000 (12)
FAIL: c-c++-common/asan/sanity-check-pure-c-1.c -O2 -flto output pattern test, is ==30641== ERROR: AddressSanitizer failed to allocate 0xdfff0001000 (15392894357504) bytes at address 0x02008fff7000 (12)
FAIL: c-c++-common/asan/sleep-before-dying-1.c -O2 output pattern test, is ==30653== ERROR: AddressSanitizer failed to allocate 0xdfff0001000 (15392894357504) bytes at address 0x02008fff7000 (12)
FAIL: c-c++-common/asan/sleep-before-dying-1.c -O2 -flto -flto-partition=none output pattern test, is ==30686== ERROR: AddressSanitizer failed to allocate 0xdfff0001000 (15392894357504) bytes at address 0x02008fff7000 (12)
FAIL: c-c++-common/asan/sleep-before-dying-1.c -O2 -flto output pattern test, is ==30721== ERROR: AddressSanitizer failed to allocate 0xdfff0001000 (15392894357504) bytes at address 0x02008fff7000 (12)
FAIL: c-c++-common/asan/stack-overflow-1.c -O0 output pattern test, is ==30733== ERROR: AddressSanitizer failed to allocate 0xdfff0001000 (15392894357504) bytes at address 0x02008fff7000 (12)
FAIL: c-c++-common/asan/stack-overflow-1.c -O1 output pattern test, is ==30745== ERROR: AddressSanitizer failed to allocate 0xdfff0001000 (15392894357504) bytes at address 0x02008fff7000 (12)
FAIL: c-c++-common/asan/stack-overflow-1.c -O2 output pattern test, is ==30757== ERROR: AddressSanitizer failed to allocate 0xdfff0001000 (15392894357504) bytes at address 0x02008fff7000 (12)
FAIL: c-c++-common/asan/stack-overflow-1.c -O3 -fomit-frame-pointer output pattern test, is ==30769== ERROR: AddressSanitizer failed to allocate 0xdfff0001000 (15392894357504) bytes at address 0x02008fff7000 (12)
FAIL: c-c++-common/asan/stack-overflow-1.c -O3 -g output pattern test, is ==30781== ERROR: AddressSanitizer failed to allocate 0xdfff0001000 (15392894357504) bytes at address 0x02008fff7000 (12)
FAIL: c-c++-common/asan/stack-overflow-1.c -Os output pattern test, is ==30793== ERROR: AddressSanitizer failed to allocate 0xdfff0001000 (15392894357504) bytes at address 0x02008fff7000 (12)
FAIL: c-c++-common/asan/stack-overflow-1.c -O2 -flto -flto-partition=none output pattern test, is ==30826== ERROR: AddressSanitizer failed to allocate 0xdfff0001000 (15392894357504) bytes at address 0x02008fff7000 (12)
FAIL: c-c++-common/asan/stack-overflow-1.c -O2 -flto output pattern test, is ==30861== ERROR: AddressSanitizer failed to allocate 0xdfff0001000 (15392894357504) bytes at address 0x02008fff7000 (12)
FAIL: c-c++-common/asan/strip-path-prefix-1.c -O2 output pattern test, is ==30873== ERROR: AddressSanitizer failed to allocate 0xdfff0001000 (15392894357504) bytes at address 0x02008fff7000 (12)
FAIL: c-c++-common/asan/strip-path-prefix-1.c -O2 -flto -flto-partition=none output pattern test, is ==30906== ERROR: AddressSanitizer failed to allocate 0xdfff0001000 (15392894357504) bytes at address 0x02008fff7000 (12)
FAIL: c-c++-common/asan/strip-path-prefix-1.c -O2 -flto output pattern test, is ==30941== ERROR: AddressSanitizer failed to allocate 0xdfff0001000 (15392894357504) bytes at address 0x02008fff7000 (12)
FAIL: c-c++-common/asan/strncpy-overflow-1.c -O0 output pattern test, is ==30953== ERROR: AddressSanitizer failed to allocate 0xdfff0001000 (15392894357504) bytes at address 0x02008fff7000 (12)
FAIL: c-c++-common/asan/strncpy-overflow-1.c -O1 output pattern test, is ==30965== ERROR: AddressSanitizer failed to allocate 0xdfff0001000 (15392894357504) bytes at address 0x02008fff7000 (12)
FAIL: c-c++-common/asan/strncpy-overflow-1.c -O2 output pattern test, is ==30977== ERROR: AddressSanitizer failed to allocate 0xdfff0001000 (15392894357504) bytes at address 0x02008fff7000 (12)
FAIL: c-c++-common/asan/strncpy-overflow-1.c -O3 -fomit-frame-pointer output pattern test, is ==30989== ERROR: AddressSanitizer failed to allocate 0xdfff0001000 (15392894357504) bytes at address 0x02008fff7000 (12)
FAIL: c-c++-common/asan/strncpy-overflow-1.c -O3 -g output pattern test, is ==31001== ERROR: AddressSanitizer failed to allocate 0xdfff0001000 (15392894357504) bytes at address 0x02008fff7000 (12)
FAIL: c-c++-common/asan/strncpy-overflow-1.c -Os output pattern test, is ==31013== ERROR: AddressSanitizer failed to allocate 0xdfff0001000 (15392894357504) bytes at address 0x02008fff7000 (12)
FAIL: c-c++-common/asan/strncpy-overflow-1.c -O2 -flto -flto-partition=none output pattern test, is ==31046== ERROR: AddressSanitizer failed to allocate 0xdfff0001000 (15392894357504) bytes at address 0x02008fff7000 (12)
FAIL: c-c++-common/asan/strncpy-overflow-1.c -O2 -flto output pattern test, is ==31081== ERROR: AddressSanitizer failed to allocate 0xdfff0001000 (15392894357504) bytes at address 0x02008fff7000 (12)
FAIL: c-c++-common/asan/swapcontext-test-1.c -O0 execution test
FAIL: c-c++-common/asan/swapcontext-test-1.c -O1 execution test
FAIL: c-c++-common/asan/swapcontext-test-1.c -O2 execution test
FAIL: c-c++-common/asan/swapcontext-test-1.c -O3 -fomit-frame-pointer execution test
FAIL: c-c++-common/asan/swapcontext-test-1.c -O3 -fomit-frame-pointer -funroll-loops execution test
FAIL: c-c++-common/asan/swapcontext-test-1.c -O3 -fomit-frame-pointer -funroll-all-loops -finline-functions execution test
FAIL: c-c++-common/asan/swapcontext-test-1.c -O3 -g execution test
FAIL: c-c++-common/asan/swapcontext-test-1.c -Os execution test
FAIL: c-c++-common/asan/swapcontext-test-1.c -O2 -flto -flto-partition=none execution test
FAIL: c-c++-common/asan/swapcontext-test-1.c -O2 -flto execution test
FAIL: c-c++-common/asan/use-after-free-1.c -O0 output pattern test, is ==31267== ERROR: AddressSanitizer failed to allocate 0xdfff0001000 (15392894357504) bytes at address 0x02008fff7000 (12)
FAIL: c-c++-common/asan/use-after-free-1.c -O1 output pattern test, is ==31285== ERROR: AddressSanitizer failed to allocate 0xdfff0001000 (15392894357504) bytes at address 0x02008fff7000 (12)
FAIL: c-c++-common/asan/use-after-free-1.c -O2 output pattern test, is ==31297== ERROR: AddressSanitizer failed to allocate 0xdfff0001000 (15392894357504) bytes at address 0x02008fff7000 (12)
FAIL: c-c++-common/asan/use-after-free-1.c -O3 -fomit-frame-pointer output pattern test, is ==31309== ERROR: AddressSanitizer failed to allocate 0xdfff0001000 (15392894357504) bytes at address 0x02008fff7000 (12)
FAIL: c-c++-common/asan/use-after-free-1.c -O3 -g output pattern test, is ==31321== ERROR: AddressSanitizer failed to allocate 0xdfff0001000 (15392894357504) bytes at address 0x02008fff7000 (12)
FAIL: c-c++-common/asan/use-after-free-1.c -Os output pattern test, is ==31333== ERROR: AddressSanitizer failed to allocate 0xdfff0001000 (15392894357504) bytes at address 0x02008fff7000 (12)
FAIL: c-c++-common/asan/use-after-free-1.c -O2 -flto -flto-partition=none output pattern test, is ==31366== ERROR: AddressSanitizer failed to allocate 0xdfff0001000 (15392894357504) bytes at address 0x02008fff7000 (12)
FAIL: c-c++-common/asan/use-after-free-1.c -O2 -flto output pattern test, is ==31401== ERROR: AddressSanitizer failed to allocate 0xdfff0001000 (15392894357504) bytes at address 0x02008fff7000 (12)
FAIL: g++.dg/asan/deep-stack-uaf-1.C -O0 output pattern test, is ==31432== ERROR: AddressSanitizer failed to allocate 0xdfff0001000 (15392894357504) bytes at address 0x02008fff7000 (12)
FAIL: g++.dg/asan/deep-stack-uaf-1.C -O1 output pattern test, is ==31444== ERROR: AddressSanitizer failed to allocate 0xdfff0001000 (15392894357504) bytes at address 0x02008fff7000 (12)
FAIL: g++.dg/asan/deep-stack-uaf-1.C -O2 output pattern test, is ==31456== ERROR: AddressSanitizer failed to allocate 0xdfff0001000 (15392894357504) bytes at address 0x02008fff7000 (12)
FAIL: g++.dg/asan/deep-stack-uaf-1.C -O3 -fomit-frame-pointer output pattern test, is ==31468== ERROR: AddressSanitizer failed to allocate 0xdfff0001000 (15392894357504) bytes at address 0x02008fff7000 (12)
FAIL: g++.dg/asan/deep-stack-uaf-1.C -O3 -g output pattern test, is ==31480== ERROR: AddressSanitizer failed to allocate 0xdfff0001000 (15392894357504) bytes at address 0x02008fff7000 (12)
FAIL: g++.dg/asan/deep-stack-uaf-1.C -Os output pattern test, is ==31492== ERROR: AddressSanitizer failed to allocate 0xdfff0001000 (15392894357504) bytes at address 0x02008fff7000 (12)
FAIL: g++.dg/asan/deep-tail-call-1.C -O0 output pattern test, is ==31504== ERROR: AddressSanitizer failed to allocate 0xdfff0001000 (15392894357504) bytes at address 0x02008fff7000 (12)
FAIL: g++.dg/asan/deep-tail-call-1.C -O1 output pattern test, is ==31516== ERROR: AddressSanitizer failed to allocate 0xdfff0001000 (15392894357504) bytes at address 0x02008fff7000 (12)
FAIL: g++.dg/asan/deep-tail-call-1.C -O2 output pattern test, is ==31528== ERROR: AddressSanitizer failed to allocate 0xdfff0001000 (15392894357504) bytes at address 0x02008fff7000 (12)
FAIL: g++.dg/asan/deep-tail-call-1.C -O3 -fomit-frame-pointer output pattern test, is ==31540== ERROR: AddressSanitizer failed to allocate 0xdfff0001000 (15392894357504) bytes at address 0x02008fff7000 (12)
FAIL: g++.dg/asan/deep-tail-call-1.C -O3 -g output pattern test, is ==31552== ERROR: AddressSanitizer failed to allocate 0xdfff0001000 (15392894357504) bytes at address 0x02008fff7000 (12)
FAIL: g++.dg/asan/deep-tail-call-1.C -Os output pattern test, is ==31564== ERROR: AddressSanitizer failed to allocate 0xdfff0001000 (15392894357504) bytes at address 0x02008fff7000 (12)
FAIL: g++.dg/asan/deep-tail-call-1.C -O2 -flto -flto-partition=none output pattern test, is ==31597== ERROR: AddressSanitizer failed to allocate 0xdfff0001000 (15392894357504) bytes at address 0x02008fff7000 (12)
FAIL: g++.dg/asan/deep-tail-call-1.C -O2 -flto output pattern test, is ==31632== ERROR: AddressSanitizer failed to allocate 0xdfff0001000 (15392894357504) bytes at address 0x02008fff7000 (12)
FAIL: g++.dg/asan/deep-thread-stack-1.C -O0 output pattern test, is ==31651== ERROR: AddressSanitizer failed to allocate 0xdfff0001000 (15392894357504) bytes at address 0x02008fff7000 (12)
FAIL: g++.dg/asan/deep-thread-stack-1.C -O1 output pattern test, is ==31663== ERROR: AddressSanitizer failed to allocate 0xdfff0001000 (15392894357504) bytes at address 0x02008fff7000 (12)
FAIL: g++.dg/asan/deep-thread-stack-1.C -O2 output pattern test, is ==31675== ERROR: AddressSanitizer failed to allocate 0xdfff0001000 (15392894357504) bytes at address 0x02008fff7000 (12)
FAIL: g++.dg/asan/deep-thread-stack-1.C -O3 -fomit-frame-pointer output pattern test, is ==31687== ERROR: AddressSanitizer failed to allocate 0xdfff0001000 (15392894357504) bytes at address 0x02008fff7000 (12)
FAIL: g++.dg/asan/deep-thread-stack-1.C -O3 -g output pattern test, is ==31699== ERROR: AddressSanitizer failed to allocate 0xdfff0001000 (15392894357504) bytes at address 0x02008fff7000 (12)
FAIL: g++.dg/asan/deep-thread-stack-1.C -Os output pattern test, is ==31711== ERROR: AddressSanitizer failed to allocate 0xdfff0001000 (15392894357504) bytes at address 0x02008fff7000 (12)
FAIL: g++.dg/asan/deep-thread-stack-1.C -O2 -flto -flto-partition=none output pattern test, is ==31744== ERROR: AddressSanitizer failed to allocate 0xdfff0001000 (15392894357504) bytes at address 0x02008fff7000 (12)
FAIL: g++.dg/asan/deep-thread-stack-1.C -O2 -flto output pattern test, is ==31779== ERROR: AddressSanitizer failed to allocate 0xdfff0001000 (15392894357504) bytes at address 0x02008fff7000 (12)
FAIL: g++.dg/asan/default-options-1.C -O0 execution test
FAIL: g++.dg/asan/default-options-1.C -O1 execution test
FAIL: g++.dg/asan/default-options-1.C -O2 execution test
FAIL: g++.dg/asan/default-options-1.C -O3 -fomit-frame-pointer execution test
FAIL: g++.dg/asan/default-options-1.C -O3 -g execution test
FAIL: g++.dg/asan/default-options-1.C -Os execution test
FAIL: g++.dg/asan/default-options-1.C -O2 -flto -flto-partition=none execution test
FAIL: g++.dg/asan/default-options-1.C -O2 -flto execution test
FAIL: g++.dg/asan/interception-failure-test-1.C -O0 execution test
FAIL: g++.dg/asan/interception-failure-test-1.C -O1 execution test
FAIL: g++.dg/asan/interception-failure-test-1.C -O2 execution test
FAIL: g++.dg/asan/interception-failure-test-1.C -O3 -fomit-frame-pointer execution test
FAIL: g++.dg/asan/interception-failure-test-1.C -O3 -g execution test
FAIL: g++.dg/asan/interception-failure-test-1.C -Os execution test
FAIL: g++.dg/asan/interception-failure-test-1.C -O2 -flto -flto-partition=none execution test
FAIL: g++.dg/asan/interception-failure-test-1.C -O2 -flto execution test
FAIL: g++.dg/asan/interception-malloc-test-1.C -O0 output pattern test, is ==32078== ERROR: AddressSanitizer failed to allocate 0xdfff0001000 (15392894357504) bytes at address 0x02008fff7000 (12)
FAIL: g++.dg/asan/interception-malloc-test-1.C -O1 output pattern test, is ==32090== ERROR: AddressSanitizer failed to allocate 0xdfff0001000 (15392894357504) bytes at address 0x02008fff7000 (12)
FAIL: g++.dg/asan/interception-malloc-test-1.C -O2 output pattern test, is ==32102== ERROR: AddressSanitizer failed to allocate 0xdfff0001000 (15392894357504) bytes at address 0x02008fff7000 (12)
FAIL: g++.dg/asan/interception-malloc-test-1.C -O3 -fomit-frame-pointer output pattern test, is ==32114== ERROR: AddressSanitizer failed to allocate 0xdfff0001000 (15392894357504) bytes at address 0x02008fff7000 (12)
FAIL: g++.dg/asan/interception-malloc-test-1.C -O3 -g output pattern test, is ==32126== ERROR: AddressSanitizer failed to allocate 0xdfff0001000 (15392894357504) bytes at address 0x02008fff7000 (12)
FAIL: g++.dg/asan/interception-malloc-test-1.C -Os output pattern test, is ==32138== ERROR: AddressSanitizer failed to allocate 0xdfff0001000 (15392894357504) bytes at address 0x02008fff7000 (12)
FAIL: g++.dg/asan/interception-malloc-test-1.C -O2 -flto -flto-partition=none output pattern test, is ==32171== ERROR: AddressSanitizer failed to allocate 0xdfff0001000 (15392894357504) bytes at address 0x02008fff7000 (12)
FAIL: g++.dg/asan/interception-malloc-test-1.C -O2 -flto output pattern test, is ==32206== ERROR: AddressSanitizer failed to allocate 0xdfff0001000 (15392894357504) bytes at address 0x02008fff7000 (12)
FAIL: g++.dg/asan/interception-test-1.C -O0 output pattern test, is ==32218== ERROR: AddressSanitizer failed to allocate 0xdfff0001000 (15392894357504) bytes at address 0x02008fff7000 (12)
FAIL: g++.dg/asan/interception-test-1.C -O1 output pattern test, is ==32230== ERROR: AddressSanitizer failed to allocate 0xdfff0001000 (15392894357504) bytes at address 0x02008fff7000 (12)
FAIL: g++.dg/asan/interception-test-1.C -O2 output pattern test, is ==32242== ERROR: AddressSanitizer failed to allocate 0xdfff0001000 (15392894357504) bytes at address 0x02008fff7000 (12)
FAIL: g++.dg/asan/interception-test-1.C -O3 -fomit-frame-pointer output pattern test, is ==32255== ERROR: AddressSanitizer failed to allocate 0xdfff0001000 (15392894357504) bytes at address 0x02008fff7000 (12)
FAIL: g++.dg/asan/interception-test-1.C -O3 -g output pattern test, is ==32268== ERROR: AddressSanitizer failed to allocate 0xdfff0001000 (15392894357504) bytes at address 0x02008fff7000 (12)
FAIL: g++.dg/asan/interception-test-1.C -Os output pattern test, is ==32280== ERROR: AddressSanitizer failed to allocate 0xdfff0001000 (15392894357504) bytes at address 0x02008fff7000 (12)
FAIL: g++.dg/asan/interception-test-1.C -O2 -flto -flto-partition=none output pattern test, is ==32313== ERROR: AddressSanitizer failed to allocate 0xdfff0001000 (15392894357504) bytes at address 0x02008fff7000 (12)
FAIL: g++.dg/asan/interception-test-1.C -O2 -flto output pattern test, is ==32348== ERROR: AddressSanitizer failed to allocate 0xdfff0001000 (15392894357504) bytes at address 0x02008fff7000 (12)
FAIL: g++.dg/asan/large-func-test-1.C -O0 output pattern test, is ==32360== ERROR: AddressSanitizer failed to allocate 0xdfff0001000 (15392894357504) bytes at address 0x02008fff7000 (12)
FAIL: g++.dg/asan/large-func-test-1.C -O1 output pattern test, is ==32372== ERROR: AddressSanitizer failed to allocate 0xdfff0001000 (15392894357504) bytes at address 0x02008fff7000 (12)
FAIL: g++.dg/asan/large-func-test-1.C -O2 output pattern test, is ==32384== ERROR: AddressSanitizer failed to allocate 0xdfff0001000 (15392894357504) bytes at address 0x02008fff7000 (12)
FAIL: g++.dg/asan/large-func-test-1.C -O3 -fomit-frame-pointer output pattern test, is ==32396== ERROR: AddressSanitizer failed to allocate 0xdfff0001000 (15392894357504) bytes at address 0x02008fff7000 (12)
FAIL: g++.dg/asan/large-func-test-1.C -O3 -g output pattern test, is ==32408== ERROR: AddressSanitizer failed to allocate 0xdfff0001000 (15392894357504) bytes at address 0x02008fff7000 (12)
FAIL: g++.dg/asan/large-func-test-1.C -Os output pattern test, is ==32420== ERROR: AddressSanitizer failed to allocate 0xdfff0001000 (15392894357504) bytes at address 0x02008fff7000 (12)
FAIL: g++.dg/asan/large-func-test-1.C -O2 -flto -flto-partition=none output pattern test, is ==32459== ERROR: AddressSanitizer failed to allocate 0xdfff0001000 (15392894357504) bytes at address 0x02008fff7000 (12)
FAIL: g++.dg/asan/large-func-test-1.C -O2 -flto output pattern test, is ==32494== ERROR: AddressSanitizer failed to allocate 0xdfff0001000 (15392894357504) bytes at address 0x02008fff7000 (12)
FAIL: g++.dg/asan/pr55617.C -O0 execution test
FAIL: g++.dg/asan/pr55617.C -O1 execution test
FAIL: g++.dg/asan/pr55617.C -O2 execution test
FAIL: g++.dg/asan/pr55617.C -O3 -fomit-frame-pointer execution test
FAIL: g++.dg/asan/pr55617.C -O3 -g execution test
FAIL: g++.dg/asan/pr55617.C -Os execution test
FAIL: g++.dg/asan/pr55617.C -O2 -flto -flto-partition=none execution test
FAIL: g++.dg/asan/pr55617.C -O2 -flto execution test
FAIL: g++.dg/asan/symbolize-callback-1.C -O2 output pattern test, is ==32656== ERROR: AddressSanitizer failed to allocate 0xdfff0001000 (15392894357504) bytes at address 0x02008fff7000 (12)
FAIL: g++.dg/asan/symbolize-callback-1.C -O2 -flto -flto-partition=none output pattern test, is ==32689== ERROR: AddressSanitizer failed to allocate 0xdfff0001000 (15392894357504) bytes at address 0x02008fff7000 (12)
FAIL: g++.dg/asan/symbolize-callback-1.C -O2 -flto output pattern test, is ==32724== ERROR: AddressSanitizer failed to allocate 0xdfff0001000 (15392894357504) bytes at address 0x02008fff7000 (12)
FAIL: g++.dg/other/anon5.C -std=gnu++98 (test for excess errors)
FAIL: g++.dg/other/anon5.C -std=gnu++11 (test for excess errors)
=== g++ Summary for unix/-m64 ===
# of expected passes 55855
# of unexpected failures 166
# of expected failures 293
# of unsupported tests 1056
=== g++ Summary ===
# of expected passes 112392
# of unexpected failures 170
# of expected failures 586
# of unsupported tests 1860
/home/guerby/build/gcc/testsuite/g++/../../xg++ version 4.9.0 20131008 (experimental) [trunk revision 203270] (GCC)
=== gnat tests ===
Running target unix/-m32
=== gnat Summary for unix/-m32 ===
# of expected passes 1199
# of expected failures 18
# of unsupported tests 3
Running target unix/-m64
=== gnat Summary for unix/-m64 ===
# of expected passes 1199
# of expected failures 18
# of unsupported tests 3
=== gnat Summary ===
# of expected passes 2398
# of expected failures 36
# of unsupported tests 6
/home/guerby/build/gcc/gnatmake version 4.9.0 20131008 (experimental) [trunk revision 203270]
=== libatomic tests ===
Running target unix/-m32
=== libatomic Summary for unix/-m32 ===
# of expected passes 44
# of unsupported tests 5
Running target unix/-m64
=== libatomic Summary for unix/-m64 ===
# of expected passes 54
=== libatomic Summary ===
# of expected passes 98
# of unsupported tests 5
=== libgomp tests ===
Running target unix/-m32
=== libgomp Summary for unix/-m32 ===
# of expected passes 461
Running target unix/-m64
=== libgomp Summary for unix/-m64 ===
# of expected passes 461
=== libgomp Summary ===
# of expected passes 922
=== libitm tests ===
Running target unix/-m32
=== libitm Summary for unix/-m32 ===
# of expected passes 26
# of expected failures 3
# of unsupported tests 1
Running target unix/-m64
=== libitm Summary for unix/-m64 ===
# of expected passes 26
# of expected failures 3
# of unsupported tests 1
=== libitm Summary ===
# of expected passes 52
# of expected failures 6
# of unsupported tests 2
=== libmudflap tests ===
Running target unix/-m32
FAIL: libmudflap.c/fail17-frag.c (-static) (test for excess errors)
FAIL: libmudflap.c/fail23-frag.c (-static) (test for excess errors)
FAIL: libmudflap.c/fail25-frag.c (-static) (test for excess errors)
FAIL: libmudflap.c/fail4-frag.c (-static) (test for excess errors)
FAIL: libmudflap.c/fail5-frag.c (-static) (test for excess errors)
FAIL: libmudflap.c/fail6-frag.c (-static) (test for excess errors)
FAIL: libmudflap.c/fail7-frag.c (-static) (test for excess errors)
FAIL: libmudflap.c/fail8-frag.c (-static) (test for excess errors)
FAIL: libmudflap.c/fail9-frag.c (-static) (test for excess errors)
FAIL: libmudflap.c/heap-scalestress.c (-static) (test for excess errors)
FAIL: libmudflap.c/hook-allocstuff.c (-static) (test for excess errors)
FAIL: libmudflap.c/pass-stratcliff.c (-static) (test for excess errors)
FAIL: libmudflap.c/pass30-frag.c (-static) (test for excess errors)
FAIL: libmudflap.c/pass30-frag.c (-static) (test for excess errors)
FAIL: libmudflap.c/pass4-frag.c (-static) (test for excess errors)
FAIL: libmudflap.c/pass4-frag.c (-static) (test for excess errors)
FAIL: libmudflap.c/pass45-frag.c (-static) (test for excess errors)
FAIL: libmudflap.c/pass45-frag.c (-static) (test for excess errors)
FAIL: libmudflap.c/pass46-frag.c (-static) (test for excess errors)
FAIL: libmudflap.c/pass46-frag.c (-static) (test for excess errors)
FAIL: libmudflap.c/pass47-frag.c (-static) (test for excess errors)
FAIL: libmudflap.c/pass47-frag.c (-static) (test for excess errors)
FAIL: libmudflap.c/pass49-frag.c (-static) (test for excess errors)
FAIL: libmudflap.c/pass49-frag.c (-static) (test for excess errors)
FAIL: libmudflap.c/pass5-frag.c (-static) (test for excess errors)
FAIL: libmudflap.c/pass5-frag.c (-static) (test for excess errors)
FAIL: libmudflap.c/pass51-frag.c (-static) (test for excess errors)
FAIL: libmudflap.c/pass51-frag.c (-static) (test for excess errors)
FAIL: libmudflap.c/pass52-frag.c (-static) (test for excess errors)
FAIL: libmudflap.c/pass52-frag.c (-static) (test for excess errors)
FAIL: libmudflap.c/pass6-frag.c (-static) (test for excess errors)
FAIL: libmudflap.c/pass6-frag.c (-static) (test for excess errors)
FAIL: libmudflap.c/pass7-frag.c (-static) (test for excess errors)
FAIL: libmudflap.c/pass7-frag.c (-static) (test for excess errors)
FAIL: libmudflap.c/pass8-frag.c (-static) (test for excess errors)
FAIL: libmudflap.c/pass8-frag.c (-static) (test for excess errors)
FAIL: libmudflap.c/pass9-frag.c (-static) (test for excess errors)
FAIL: libmudflap.c/pass9-frag.c (-static) (test for excess errors)
FAIL: libmudflap.c++/fail24-frag.cxx (-static) (test for excess errors)
FAIL: libmudflap.c++/pass31-frag.cxx (-static) (test for excess errors)
FAIL: libmudflap.c++/pass41-frag.cxx (-static) execution test
FAIL: libmudflap.c++/pass41-frag.cxx ( -O) execution test
FAIL: libmudflap.c++/pass41-frag.cxx (-O2) execution test
FAIL: libmudflap.c++/pass41-frag.cxx (-O3) execution test
FAIL: libmudflap.cth/pass37-frag.c (-static -DSTATIC) (test for excess errors)
FAIL: libmudflap.cth/pass39-frag.c (-static -DSTATIC) (test for excess errors)
FAIL: libmudflap.cth/pass40-frag.c (-static -DSTATIC) (test for excess errors)
FAIL: libmudflap.cth/pass59-frag.c (-static -DSTATIC) (test for excess errors)
=== libmudflap Summary for unix/-m32 ===
# of expected passes 1858
# of unexpected failures 48
Running target unix/-m64
FAIL: libmudflap.c/fail17-frag.c (-static) (test for excess errors)
FAIL: libmudflap.c/fail23-frag.c (-static) (test for excess errors)
FAIL: libmudflap.c/fail25-frag.c (-static) (test for excess errors)
FAIL: libmudflap.c/fail4-frag.c (-static) (test for excess errors)
FAIL: libmudflap.c/fail5-frag.c (-static) (test for excess errors)
FAIL: libmudflap.c/fail6-frag.c (-static) (test for excess errors)
FAIL: libmudflap.c/fail7-frag.c (-static) (test for excess errors)
FAIL: libmudflap.c/fail8-frag.c (-static) (test for excess errors)
FAIL: libmudflap.c/fail9-frag.c (-static) (test for excess errors)
FAIL: libmudflap.c/heap-scalestress.c (-static) (test for excess errors)
FAIL: libmudflap.c/hook-allocstuff.c (-static) (test for excess errors)
FAIL: libmudflap.c/pass-stratcliff.c (-static) (test for excess errors)
FAIL: libmudflap.c/pass30-frag.c (-static) (test for excess errors)
FAIL: libmudflap.c/pass30-frag.c (-static) (test for excess errors)
FAIL: libmudflap.c/pass4-frag.c (-static) (test for excess errors)
FAIL: libmudflap.c/pass4-frag.c (-static) (test for excess errors)
FAIL: libmudflap.c/pass45-frag.c (-static) (test for excess errors)
FAIL: libmudflap.c/pass45-frag.c (-static) (test for excess errors)
FAIL: libmudflap.c/pass46-frag.c (-static) (test for excess errors)
FAIL: libmudflap.c/pass46-frag.c (-static) (test for excess errors)
FAIL: libmudflap.c/pass47-frag.c (-static) (test for excess errors)
FAIL: libmudflap.c/pass47-frag.c (-static) (test for excess errors)
FAIL: libmudflap.c/pass49-frag.c (-static) (test for excess errors)
FAIL: libmudflap.c/pass49-frag.c (-static) (test for excess errors)
FAIL: libmudflap.c/pass5-frag.c (-static) (test for excess errors)
FAIL: libmudflap.c/pass5-frag.c (-static) (test for excess errors)
FAIL: libmudflap.c/pass51-frag.c (-static) (test for excess errors)
FAIL: libmudflap.c/pass51-frag.c (-static) (test for excess errors)
FAIL: libmudflap.c/pass52-frag.c (-static) (test for excess errors)
FAIL: libmudflap.c/pass52-frag.c (-static) (test for excess errors)
FAIL: libmudflap.c/pass6-frag.c (-static) (test for excess errors)
FAIL: libmudflap.c/pass6-frag.c (-static) (test for excess errors)
FAIL: libmudflap.c/pass7-frag.c (-static) (test for excess errors)
FAIL: libmudflap.c/pass7-frag.c (-static) (test for excess errors)
FAIL: libmudflap.c/pass8-frag.c (-static) (test for excess errors)
FAIL: libmudflap.c/pass8-frag.c (-static) (test for excess errors)
FAIL: libmudflap.c/pass9-frag.c (-static) (test for excess errors)
FAIL: libmudflap.c/pass9-frag.c (-static) (test for excess errors)
FAIL: libmudflap.c++/fail24-frag.cxx (-static) (test for excess errors)
FAIL: libmudflap.c++/pass31-frag.cxx (-static) (test for excess errors)
FAIL: libmudflap.c++/pass41-frag.cxx (-static) execution test
FAIL: libmudflap.c++/pass41-frag.cxx ( -O) execution test
FAIL: libmudflap.c++/pass41-frag.cxx (-O2) execution test
FAIL: libmudflap.c++/pass41-frag.cxx (-O3) execution test
FAIL: libmudflap.c++/pass55-frag.cxx (-O3) execution test
FAIL: libmudflap.cth/pass37-frag.c (-static -DSTATIC) (test for excess errors)
FAIL: libmudflap.cth/pass39-frag.c (-static -DSTATIC) (test for excess errors)
FAIL: libmudflap.cth/pass40-frag.c (-static -DSTATIC) (test for excess errors)
FAIL: libmudflap.cth/pass59-frag.c (-static -DSTATIC) (test for excess errors)
=== libmudflap Summary for unix/-m64 ===
# of expected passes 1857
# of unexpected failures 49
=== libmudflap Summary ===
# of expected passes 3715
# of unexpected failures 97
=== libstdc++ tests ===
Running target unix/-m32
FAIL: 22_locale/time_get/get_date/wchar_t/4.cc execution test
=== libstdc++ Summary for unix/-m32 ===
# of expected passes 9524
# of unexpected failures 1
# of expected failures 37
# of unsupported tests 221
Running target unix/-m64
FAIL: 22_locale/time_get/get_date/wchar_t/4.cc execution test
=== libstdc++ Summary for unix/-m64 ===
# of expected passes 9516
# of unexpected failures 1
# of expected failures 37
# of unsupported tests 225
=== libstdc++ Summary ===
# of expected passes 19040
# of unexpected failures 2
# of expected failures 74
# of unsupported tests 446
Compiler version: 4.9.0 20131008 (experimental) [trunk revision 203270]
Platform: x86_64-unknown-linux-gnu
configure flags: --prefix=/n/13/guerby/install-trunk --enable-languages=c,ada --enable-__cxa_atexit --disable-nls --enable-threads=posix --with-mpfr=/opt/cfarm/mpfr-2.4.1 --with-gmp=/opt/cfarm/gmp-4.2.4 --with-libelf=/opt/cfarm/libelf-0.8.12 --with-mpc=/opt/cfarm/mpc-0.8