This is the mail archive of the
gcc-testresults@gcc.gnu.org
mailing list for the GCC project.
Results for 4.9.0 20130925 (experimental) (GCC) testsuite on nds32le-unknown-elf v2
- From: Shiva Chen <shiva0217 at gmail dot com>
- To: gcc-testresults at gcc dot gnu dot org
- Date: Wed, 02 Oct 2013 21:20:51 +0800
- Subject: Results for 4.9.0 20130925 (experimental) (GCC) testsuite on nds32le-unknown-elf v2
- Authentication-results: sourceware.org; auth=none
LAST_UPDATED: Wed Sep 25 20:28:12 UTC 2013 (revision 202924)
Target is nds32le-unknown-elf
Host is i686-pc-linux-gnu
=== g++ tests ===
Running target nds32-sim
FAIL: c-c++-common/cilk-plus/AN/gather_scatter.c -fcilkplus (test for excess errors)
UNRESOLVED: c-c++-common/cilk-plus/AN/gather_scatter.c -fcilkplus compilation failed to produce executable
FAIL: c-c++-common/cilk-plus/AN/gather_scatter.c -O0 -fcilkplus (test for excess errors)
UNRESOLVED: c-c++-common/cilk-plus/AN/gather_scatter.c -O0 -fcilkplus compilation failed to produce executable
FAIL: c-c++-common/cilk-plus/AN/gather_scatter.c -O1 -fcilkplus (test for excess errors)
UNRESOLVED: c-c++-common/cilk-plus/AN/gather_scatter.c -O1 -fcilkplus compilation failed to produce executable
FAIL: c-c++-common/cilk-plus/AN/gather_scatter.c -O2 -ftree-vectorize -fcilkplus (test for excess errors)
UNRESOLVED: c-c++-common/cilk-plus/AN/gather_scatter.c -O2 -ftree-vectorize -fcilkplus compilation failed to produce executable
FAIL: c-c++-common/cilk-plus/AN/gather_scatter.c -O3 -fcilkplus (test for excess errors)
UNRESOLVED: c-c++-common/cilk-plus/AN/gather_scatter.c -O3 -fcilkplus compilation failed to produce executable
FAIL: c-c++-common/cilk-plus/AN/gather_scatter.c -g -fcilkplus (test for excess errors)
UNRESOLVED: c-c++-common/cilk-plus/AN/gather_scatter.c -g -fcilkplus compilation failed to produce executable
FAIL: c-c++-common/cilk-plus/AN/gather_scatter.c -g -O0 -fcilkplus (test for excess errors)
UNRESOLVED: c-c++-common/cilk-plus/AN/gather_scatter.c -g -O0 -fcilkplus compilation failed to produce executable
FAIL: c-c++-common/cilk-plus/AN/gather_scatter.c -g -O1 -fcilkplus (test for excess errors)
UNRESOLVED: c-c++-common/cilk-plus/AN/gather_scatter.c -g -O1 -fcilkplus compilation failed to produce executable
FAIL: c-c++-common/cilk-plus/AN/gather_scatter.c -g -O2 -ftree-vectorize -fcilkplus (test for excess errors)
UNRESOLVED: c-c++-common/cilk-plus/AN/gather_scatter.c -g -O2 -ftree-vectorize -fcilkplus compilation failed to produce executable
FAIL: c-c++-common/cilk-plus/AN/gather_scatter.c -g -O3 -fcilkplus (test for excess errors)
UNRESOLVED: c-c++-common/cilk-plus/AN/gather_scatter.c -g -O3 -fcilkplus compilation failed to produce executable
FAIL: c-c++-common/cilk-plus/AN/gather_scatter.c -O3 -ftree-vectorize -fcilkplus -g (test for excess errors)
UNRESOLVED: c-c++-common/cilk-plus/AN/gather_scatter.c -O3 -ftree-vectorize -fcilkplus -g compilation failed to produce executable
FAIL: g++.dg/init/array15.C -std=c++98 (test for excess errors)
UNRESOLVED: g++.dg/init/array15.C -std=c++98 compilation failed to produce executable
FAIL: g++.dg/init/array15.C -std=c++11 (test for excess errors)
UNRESOLVED: g++.dg/init/array15.C -std=c++11 compilation failed to produce executable
FAIL: g++.dg/init/array16.C -std=gnu++98 (test for excess errors)
UNRESOLVED: g++.dg/init/array16.C -std=gnu++98 compilation failed to produce executable
FAIL: g++.dg/init/array16.C -std=gnu++11 (test for excess errors)
UNRESOLVED: g++.dg/init/array16.C -std=gnu++11 compilation failed to produce executable
=== g++ Summary ===
# of expected passes 50647
# of unexpected failures 15
# of expected failures 287
# of unresolved testcases 15
# of unsupported tests 1215
/playground/shiva/build-system-3/build/build-nds32le-elf-newlib-v2/build-final-gcc-4.9.0/gcc/testsuite/g++/../../xg++ version 4.9.0 20130925 (experimental) (2013-09-30 nds32le-elf-newlib-v2)
=== gcc tests ===
Running target nds32-sim
FAIL: c-c++-common/cilk-plus/AN/gather_scatter.c -fcilkplus (test for excess errors)
UNRESOLVED: c-c++-common/cilk-plus/AN/gather_scatter.c -fcilkplus compilation failed to produce executable
FAIL: c-c++-common/cilk-plus/AN/gather_scatter.c -O0 -fcilkplus (test for excess errors)
UNRESOLVED: c-c++-common/cilk-plus/AN/gather_scatter.c -O0 -fcilkplus compilation failed to produce executable
FAIL: c-c++-common/cilk-plus/AN/gather_scatter.c -O1 -fcilkplus (test for excess errors)
UNRESOLVED: c-c++-common/cilk-plus/AN/gather_scatter.c -O1 -fcilkplus compilation failed to produce executable
FAIL: c-c++-common/cilk-plus/AN/gather_scatter.c -O2 -ftree-vectorize -fcilkplus (test for excess errors)
UNRESOLVED: c-c++-common/cilk-plus/AN/gather_scatter.c -O2 -ftree-vectorize -fcilkplus compilation failed to produce executable
FAIL: c-c++-common/cilk-plus/AN/gather_scatter.c -O3 -fcilkplus (test for excess errors)
UNRESOLVED: c-c++-common/cilk-plus/AN/gather_scatter.c -O3 -fcilkplus compilation failed to produce executable
FAIL: c-c++-common/cilk-plus/AN/gather_scatter.c -g -fcilkplus (test for excess errors)
UNRESOLVED: c-c++-common/cilk-plus/AN/gather_scatter.c -g -fcilkplus compilation failed to produce executable
FAIL: c-c++-common/cilk-plus/AN/gather_scatter.c -g -O0 -fcilkplus (test for excess errors)
UNRESOLVED: c-c++-common/cilk-plus/AN/gather_scatter.c -g -O0 -fcilkplus compilation failed to produce executable
FAIL: c-c++-common/cilk-plus/AN/gather_scatter.c -g -O1 -fcilkplus (test for excess errors)
UNRESOLVED: c-c++-common/cilk-plus/AN/gather_scatter.c -g -O1 -fcilkplus compilation failed to produce executable
FAIL: c-c++-common/cilk-plus/AN/gather_scatter.c -g -O2 -ftree-vectorize -fcilkplus (test for excess errors)
UNRESOLVED: c-c++-common/cilk-plus/AN/gather_scatter.c -g -O2 -ftree-vectorize -fcilkplus compilation failed to produce executable
FAIL: c-c++-common/cilk-plus/AN/gather_scatter.c -g -O3 -fcilkplus (test for excess errors)
UNRESOLVED: c-c++-common/cilk-plus/AN/gather_scatter.c -g -O3 -fcilkplus compilation failed to produce executable
FAIL: c-c++-common/cilk-plus/AN/gather_scatter.c -O3 -ftree-vectorize -fcilkplus -g (test for excess errors)
UNRESOLVED: c-c++-common/cilk-plus/AN/gather_scatter.c -O3 -ftree-vectorize -fcilkplus -g compilation failed to produce executable
FAIL: c-c++-common/cilk-plus/AN/gather_scatter.c -fcilkplus -std=c99 (test for excess errors)
UNRESOLVED: c-c++-common/cilk-plus/AN/gather_scatter.c -fcilkplus -std=c99 compilation failed to produce executable
FAIL: c-c++-common/cilk-plus/AN/gather_scatter.c -fcilkplus -O0 -std=c99 (test for excess errors)
UNRESOLVED: c-c++-common/cilk-plus/AN/gather_scatter.c -fcilkplus -O0 -std=c99 compilation failed to produce executable
FAIL: c-c++-common/cilk-plus/AN/gather_scatter.c -fcilkplus -O1 -std=c99 (test for excess errors)
UNRESOLVED: c-c++-common/cilk-plus/AN/gather_scatter.c -fcilkplus -O1 -std=c99 compilation failed to produce executable
FAIL: c-c++-common/cilk-plus/AN/gather_scatter.c -fcilkplus -O2 -ftree-vectorize -std=c99 (test for excess errors)
UNRESOLVED: c-c++-common/cilk-plus/AN/gather_scatter.c -fcilkplus -O2 -ftree-vectorize -std=c99 compilation failed to produce executable
FAIL: c-c++-common/cilk-plus/AN/gather_scatter.c -fcilkplus -O3 -std=c99 (test for excess errors)
UNRESOLVED: c-c++-common/cilk-plus/AN/gather_scatter.c -fcilkplus -O3 -std=c99 compilation failed to produce executable
FAIL: c-c++-common/cilk-plus/AN/gather_scatter.c -fcilkplus -g -std=c99 (test for excess errors)
UNRESOLVED: c-c++-common/cilk-plus/AN/gather_scatter.c -fcilkplus -g -std=c99 compilation failed to produce executable
FAIL: c-c++-common/cilk-plus/AN/gather_scatter.c -fcilkplus -g -O0 -std=c99 (test for excess errors)
UNRESOLVED: c-c++-common/cilk-plus/AN/gather_scatter.c -fcilkplus -g -O0 -std=c99 compilation failed to produce executable
FAIL: c-c++-common/cilk-plus/AN/gather_scatter.c -fcilkplus -g -O1 -std=c99 (test for excess errors)
UNRESOLVED: c-c++-common/cilk-plus/AN/gather_scatter.c -fcilkplus -g -O1 -std=c99 compilation failed to produce executable
FAIL: c-c++-common/cilk-plus/AN/gather_scatter.c -fcilkplus -g -O2 -ftree-vectorize -std=c99 (test for excess errors)
UNRESOLVED: c-c++-common/cilk-plus/AN/gather_scatter.c -fcilkplus -g -O2 -ftree-vectorize -std=c99 compilation failed to produce executable
FAIL: c-c++-common/cilk-plus/AN/gather_scatter.c -fcilkplus -g -O3 -std=c99 (test for excess errors)
UNRESOLVED: c-c++-common/cilk-plus/AN/gather_scatter.c -fcilkplus -g -O3 -std=c99 compilation failed to produce executable
FAIL: c-c++-common/cilk-plus/AN/gather_scatter.c -O3 -ftree-vectorize -std=c99 -g -fcilkplus (test for excess errors)
UNRESOLVED: c-c++-common/cilk-plus/AN/gather_scatter.c -O3 -ftree-vectorize -std=c99 -g -fcilkplus compilation failed to produce executable
FAIL: gcc.dg/large-size-array-6.c (internal compiler error)
FAIL: gcc.dg/large-size-array-6.c (test for errors, line 6)
FAIL: gcc.dg/large-size-array-6.c (test for excess errors)
FAIL: gcc.dg/graphite/interchange-0.c (test for excess errors)
UNRESOLVED: gcc.dg/graphite/interchange-0.c compilation failed to produce executable
FAIL: gcc.dg/graphite/interchange-1.c (test for excess errors)
UNRESOLVED: gcc.dg/graphite/interchange-1.c compilation failed to produce executable
FAIL: gcc.dg/graphite/interchange-10.c (test for excess errors)
UNRESOLVED: gcc.dg/graphite/interchange-10.c compilation failed to produce executable
FAIL: gcc.dg/graphite/interchange-11.c (test for excess errors)
UNRESOLVED: gcc.dg/graphite/interchange-11.c compilation failed to produce executable
FAIL: gcc.dg/graphite/interchange-15.c (test for excess errors)
UNRESOLVED: gcc.dg/graphite/interchange-15.c compilation failed to produce executable
FAIL: gcc.dg/graphite/interchange-2.c (test for excess errors)
UNRESOLVED: gcc.dg/graphite/interchange-2.c compilation failed to produce executable
FAIL: gcc.dg/graphite/interchange-3.c (test for excess errors)
UNRESOLVED: gcc.dg/graphite/interchange-3.c compilation failed to produce executable
FAIL: gcc.dg/graphite/interchange-4.c (test for excess errors)
UNRESOLVED: gcc.dg/graphite/interchange-4.c compilation failed to produce executable
FAIL: gcc.dg/graphite/interchange-mvt.c (test for excess errors)
UNRESOLVED: gcc.dg/graphite/interchange-mvt.c compilation failed to produce executable
FAIL: gcc.dg/graphite/pr46185.c (test for excess errors)
UNRESOLVED: gcc.dg/graphite/pr46185.c compilation failed to produce executable
=== gcc Summary ===
# of expected passes 82144
# of unexpected failures 35
# of expected failures 102
# of unresolved testcases 32
# of unsupported tests 1462
/playground/shiva/build-system-3/build/build-nds32le-elf-newlib-v2/build-final-gcc-4.9.0/gcc/xgcc version 4.9.0 20130925 (experimental) (2013-09-30 nds32le-elf-newlib-v2)
Platform: i686-pc-linux-gnu
configure flags: --target=nds32le-elf --with-arch=v2 --with-nds32-lib=newlib --prefix=/playground/shiva/build-system-3/toolchain/nds32le-elf-newlib-v2 --with-pkgversion=2013-09-30 nds32le-elf-newlib-v2 --disable-nls --disable-shared --enable-werror-always --enable-languages=c,c++ --enable-threads=single --enable-lto --with-newlib --with-headers=/playground/shiva/build-system-3/toolchain/nds32le-elf-newlib-v2/include --with-gmp=/playground/shiva/build-system-3/host-tools --with-mpfr=/playground/shiva/build-system-3/host-tools --with-mpc=/playground/shiva/build-system-3/host-tools --with-isl=/playground/shiva/build-system-3/host-tools --with-cloog=/playground/shiva/build-system-3/host-tools LDFLAGS=--static
--prefix=/playground/shiva/build-system-3/host-tools --disable-nls --disable-shared --disable-multilib --disable-bootstrap --enable-languages=c,c++ --with-gmp=/playground/shiva/build-system-3/host-tools --with-mpfr=/playground/shiva/build-system-3/host-tools --with-mpc=/playground/shiva/build-system-3/host-tools --with-isl=/playground/shiva/build-system-3/host-tools --with-cloog=/playground/shiva/build-system-3/host-tools LDFLAGS=--static
--prefix=/playground/shiva/build-system-3/host-tools --disable-nls --disable-shared --disable-multilib --disable-bootstrap --enable-languages=c,c++ --with-gmp=/playground/shiva/build-system-3/host-tools --with-mpfr=/playground/shiva/build-system-3/host-tools --with-mpc=/playground/shiva/build-system-3/host-tools --with-isl=/playground/shiva/build-system-3/host-tools --with-cloog=/playground/shiva/build-system-3/host-tools LDFLAGS=--static