This is the mail archive of the gcc-testresults@gcc.gnu.org mailing list for the GCC project.


Index Nav: [Date Index] [Subject Index] [Author Index] [Thread Index]
Message Nav: [Date Prev] [Date Next] [Thread Prev] [Thread Next]
Other format: [Raw text]

Results for 4.5.4 (tgcware64 4.5.4-3) testsuite on sparc64-sun-solaris2.8


Built with:
GNU as 2.23.1
Sun ld 5.8-1.302 (109147-44)
gmp 5.1.2
mpfr 3.1.1p2
mpc 1.0.1
ppl 0.12.1
cloog-ppl 0.15.11

CONFIG_SHELL=/bin/ksh

Bootstrap compiler:
Using built-in specs.
Target: sparc-sun-solaris2.8
Configured with: ../gcc-4.4.7/configure --prefix=/usr/tgcware --with-local-prefix=/usr/tgcware/gcc44 --bindir=/usr/tgcware/gcc44/bin --mandir=/usr/tgcware/gcc44/man --infodir=/usr/tgcware/gcc44/info --disable-nls --enable-shared --enable-threads=posix --with-gmp=/usr/tgcware --with-mpfr=/usr/tgcware --with-cloog=/usr/tgcware --with-ppl=/usr/tgcware --with-cloog=/usr/tgcware --with-ppl=/usr/tgcware --disable-ppl-version-check --without-gnu-ld --with-ld=/usr/ccs/bin/ld --with-gnu-as --with-as=/usr/tgcware/bin/gas --enable-languages=all,ada,obj-c++ --with-x --enable-java-awt=xlib --with-cpu=v9
Thread model: posix
gcc version 4.4.7 (tgcware 4.4.7-3) 

LAST_UPDATED: Obtained from SVN: tags/gcc_4_5_4_release revision 189153

		=== acats tests ===

		=== acats Summary ===
# of expected passes		2321
# of unexpected failures	0
Native configuration is sparc64-sun-solaris2.8

		=== g++ tests ===


Running target unix
FAIL: g++.dg/lto/20090303 cp_lto_20090303_0.o-cp_lto_20090303_0.o link
UNRESOLVED: g++.dg/lto/20090303 cp_lto_20090303_0.o-cp_lto_20090303_0.o execute -fwhopr

		=== g++ Summary for unix ===

# of expected passes		22231
# of unexpected failures	1
# of expected failures		155
# of unresolved testcases	1
# of unsupported tests		323

Running target unix/-m32
FAIL: g++.dg/lto/20090303 cp_lto_20090303_0.o-cp_lto_20090303_0.o execute -fwhopr

		=== g++ Summary for unix/-m32 ===

# of expected passes		22271
# of unexpected failures	1
# of expected failures		155
# of unsupported tests		322

		=== g++ Summary ===

# of expected passes		44502
# of unexpected failures	2
# of expected failures		310
# of unresolved testcases	1
# of unsupported tests		645
/export/home/tgc/buildpkg/gcc45/src/all_native/gcc/testsuite/g++/../../g++  version 4.5.4 (tgcware64 4.5.4-3) 

		=== gcc tests ===


Running target unix
FAIL: gcc.c-torture/compile/limits-exprparen.c  -O0  (test for excess errors)
FAIL: gcc.c-torture/compile/limits-exprparen.c  -O1  (test for excess errors)
FAIL: gcc.c-torture/compile/limits-exprparen.c  -O2  (test for excess errors)
FAIL: gcc.c-torture/compile/limits-exprparen.c  -O3 -fomit-frame-pointer  (test for excess errors)
FAIL: gcc.c-torture/compile/limits-exprparen.c  -O3 -g  (test for excess errors)
FAIL: gcc.c-torture/compile/limits-exprparen.c  -Os  (test for excess errors)
FAIL: gcc.c-torture/compile/limits-exprparen.c  -O2 -flto  (test for excess errors)
FAIL: gcc.c-torture/compile/limits-exprparen.c  -O2 -fwhopr  (test for excess errors)
FAIL: gcc.dg/lto/20090210 c_lto_20090210_0.o-c_lto_20090210_1.o link
UNRESOLVED: gcc.dg/lto/20090210 c_lto_20090210_0.o-c_lto_20090210_1.o execute -O0 -fwhopr
FAIL: gcc.dg/lto/20090210 c_lto_20090210_0.o-c_lto_20090210_1.o link
UNRESOLVED: gcc.dg/lto/20090210 c_lto_20090210_0.o-c_lto_20090210_1.o execute -O2 -fwhopr
FAIL: gcc.dg/lto/20090210 c_lto_20090210_0.o-c_lto_20090210_1.o link
UNRESOLVED: gcc.dg/lto/20090210 c_lto_20090210_0.o-c_lto_20090210_1.o execute -O0 -flto
FAIL: gcc.dg/lto/20090210 c_lto_20090210_0.o-c_lto_20090210_1.o link
UNRESOLVED: gcc.dg/lto/20090210 c_lto_20090210_0.o-c_lto_20090210_1.o execute -O2 -flto

		=== gcc Summary for unix ===

# of expected passes		65493
# of unexpected failures	12
# of expected failures		201
# of unresolved testcases	4
# of unsupported tests		975

Running target unix/-m32
FAIL: gcc.c-torture/compile/limits-exprparen.c  -O0  (test for excess errors)
FAIL: gcc.c-torture/compile/limits-exprparen.c  -O1  (test for excess errors)
FAIL: gcc.c-torture/compile/limits-exprparen.c  -O2  (test for excess errors)
FAIL: gcc.c-torture/compile/limits-exprparen.c  -O3 -fomit-frame-pointer  (test for excess errors)
FAIL: gcc.c-torture/compile/limits-exprparen.c  -O3 -g  (test for excess errors)
FAIL: gcc.c-torture/compile/limits-exprparen.c  -Os  (test for excess errors)
FAIL: gcc.c-torture/compile/limits-exprparen.c  -O2 -flto  (test for excess errors)
FAIL: gcc.c-torture/compile/limits-exprparen.c  -O2 -fwhopr  (test for excess errors)
FAIL: gcc.c-torture/execute/pr38819.c execution,  -O2 
FAIL: gcc.c-torture/execute/pr38819.c execution,  -O3 -fomit-frame-pointer 
FAIL: gcc.c-torture/execute/pr38819.c execution,  -O3 -fomit-frame-pointer -funroll-loops 
FAIL: gcc.c-torture/execute/pr38819.c execution,  -O3 -fomit-frame-pointer -funroll-all-loops -finline-functions 
FAIL: gcc.c-torture/execute/pr38819.c execution,  -O3 -g 
FAIL: gcc.c-torture/execute/pr38819.c execution,  -O2 -flto 
FAIL: gcc.c-torture/execute/pr38819.c execution,  -O2 -fwhopr 
FAIL: gcc.dg/lto/20090210 c_lto_20090210_0.o-c_lto_20090210_1.o execute -O0 -fwhopr
FAIL: gcc.dg/lto/20090210 c_lto_20090210_0.o-c_lto_20090210_1.o execute -O2 -fwhopr
FAIL: gcc.dg/lto/20090210 c_lto_20090210_0.o-c_lto_20090210_1.o execute -O0 -flto
FAIL: gcc.dg/lto/20090210 c_lto_20090210_0.o-c_lto_20090210_1.o execute -O2 -flto

		=== gcc Summary for unix/-m32 ===

# of expected passes		65488
# of unexpected failures	19
# of expected failures		206
# of unsupported tests		976

		=== gcc Summary ===

# of expected passes		130981
# of unexpected failures	31
# of expected failures		407
# of unresolved testcases	4
# of unsupported tests		1951
/export/home/tgc/buildpkg/gcc45/src/all_native/gcc/xgcc  version 4.5.4 (tgcware64 4.5.4-3) 

		=== gfortran tests ===


Running target unix

		=== gfortran Summary for unix ===

# of expected passes		34280
# of expected failures		34
# of unsupported tests		254

Running target unix/-m32

		=== gfortran Summary for unix/-m32 ===

# of expected passes		34129
# of expected failures		34
# of unsupported tests		327

		=== gfortran Summary ===

# of expected passes		68409
# of expected failures		68
# of unsupported tests		581
/export/home/tgc/buildpkg/gcc45/src/all_native/gcc/testsuite/gfortran/../../gfortran  version 4.5.4 (tgcware64 4.5.4-3) 

		=== gnat tests ===


Running target unix

		=== gnat Summary for unix ===

# of expected passes		768
# of expected failures		7
# of unsupported tests		2

Running target unix/-m32

		=== gnat Summary for unix/-m32 ===

# of expected passes		768
# of expected failures		7
# of unsupported tests		2

		=== gnat Summary ===

# of expected passes		1536
# of expected failures		14
# of unsupported tests		4
		=== obj-c++ tests ===


Running target unix
UNRESOLVED: obj-c++.dg/lookup-2.mm -fgnu-runtime compilation failed to produce executable
UNRESOLVED: obj-c++.dg/try-catch-2.mm -fgnu-runtime compilation failed to produce executable
UNRESOLVED: obj-c++.dg/try-catch-9.mm -fgnu-runtime compilation failed to produce executable

		=== obj-c++ Summary for unix ===

# of expected passes		432
# of expected failures		11
# of unresolved testcases	3
# of unsupported tests		14

Running target unix/-m32
UNRESOLVED: obj-c++.dg/lookup-2.mm -fgnu-runtime compilation failed to produce executable
UNRESOLVED: obj-c++.dg/try-catch-2.mm -fgnu-runtime compilation failed to produce executable
UNRESOLVED: obj-c++.dg/try-catch-9.mm -fgnu-runtime compilation failed to produce executable

		=== obj-c++ Summary for unix/-m32 ===

# of expected passes		440
# of expected failures		3
# of unresolved testcases	3
# of unsupported tests		14

		=== obj-c++ Summary ===

# of expected passes		872
# of expected failures		14
# of unresolved testcases	6
# of unsupported tests		28
/export/home/tgc/buildpkg/gcc45/src/all_native/gcc/testsuite/obj-c++/../../g++  version 4.5.4 (tgcware64 4.5.4-3) 

		=== objc tests ===


Running target unix

		=== objc Summary for unix ===

# of expected passes		1874
# of expected failures		15
# of unsupported tests		20

Running target unix/-m32

		=== objc Summary for unix/-m32 ===

# of expected passes		1874
# of expected failures		15
# of unsupported tests		20

		=== objc Summary ===

# of expected passes		3748
# of expected failures		30
# of unsupported tests		40
/export/home/tgc/buildpkg/gcc45/src/all_native/gcc/xgcc  version 4.5.4 (tgcware64 4.5.4-3) 

		=== libffi tests ===


Running target unix

		=== libffi Summary for unix ===

# of expected passes		1634
# of expected failures		10
# of unsupported tests		15

Running target unix/-m32

		=== libffi Summary for unix/-m32 ===

# of expected passes		1634
# of expected failures		10
# of unsupported tests		15

		=== libffi Summary ===

# of expected passes		3268
# of expected failures		20
# of unsupported tests		30
		=== libgomp tests ===


Running target unix
FAIL: libgomp.graphite/force-parallel-1.c execution test

		=== libgomp Summary for unix ===

# of expected passes		2599
# of unexpected failures	1
# of unsupported tests		2

Running target unix/-m32
FAIL: libgomp.graphite/force-parallel-1.c execution test

		=== libgomp Summary for unix/-m32 ===

# of expected passes		2599
# of unexpected failures	1
# of unsupported tests		2

		=== libgomp Summary ===

# of expected passes		5198
# of unexpected failures	2
# of unsupported tests		4
		=== libjava tests ===


Running target unix
FAIL: InvokeInterface execution - source compiled test
FAIL: InvokeInterface -O3 execution - source compiled test

		=== libjava Summary for unix ===

# of expected passes		2570
# of unexpected failures	2
# of untested testcases		2

Running target unix/-m32
FAIL: InvokeInterface execution - source compiled test
FAIL: InvokeInterface -O3 execution - source compiled test

		=== libjava Summary for unix/-m32 ===

# of expected passes		2570
# of unexpected failures	2
# of untested testcases		2

		=== libjava Summary ===

# of expected passes		5140
# of unexpected failures	4
# of untested testcases		4
		=== libstdc++ tests ===


Running target unix

		=== libstdc++ Summary for unix ===

# of expected passes		6337
# of expected failures		91
# of unsupported tests		622

Running target unix/-m32

		=== libstdc++ Summary for unix/-m32 ===

# of expected passes		6337
# of expected failures		91
# of unsupported tests		622

		=== libstdc++ Summary ===

# of expected passes		12674
# of expected failures		182
# of unsupported tests		1244

Compiler version: 4.5.4 (tgcware64 4.5.4-3) 
Platform: sparc64-sun-solaris2.8
configure flags: --build=sparc64-sun-solaris2.8 CC='gcc -m64' CXX='g++ -m64' --prefix=/usr/tgcware64 --with-local-prefix=/usr/tgcware64/gcc45 --bindir=/usr/tgcware64/gcc45/bin --mandir=/usr/tgcware64/gcc45/man --infodir=/usr/tgcware64/gcc45/info --disable-nls --enable-shared --enable-threads=posix --with-gmp=/usr/tgcware64 --with-mpfr=/usr/tgcware64 --with-mpc=/usr/tgcware64 --with-cloog=/usr/tgcware64 --with-ppl=/usr/tgcware64 --without-gnu-ld --with-ld=/usr/ccs/bin/ld --with-gnu-as --with-as=/usr/tgcware/bin/gas --enable-languages=all,ada,obj-c++ --with-x --enable-java-awt=xlib --with-cpu=v9 --with-pkgversion='tgcware64 4.5.4-3' --with-bugurl=http://jupiterrise.com/tgcware


Index Nav: [Date Index] [Subject Index] [Author Index] [Thread Index]
Message Nav: [Date Prev] [Date Next] [Thread Prev] [Thread Next]