This is the mail archive of the
gcc-testresults@gcc.gnu.org
mailing list for the GCC project.
Results for 4.9.0 20130907 (experimental) [trunk revision 202354] (GCC) testsuite on hppa2.0w-hp-hpux11.11
- From: John David Anglin <dave at hiauly3 dot hia dot nrc dot ca>
- To: dave at hiauly3 dot hia dot nrc dot ca, gcc-testresults at gcc dot gnu dot org
- Date: Sun, 8 Sep 2013 10:49:04 -0400 (EDT)
- Subject: Results for 4.9.0 20130907 (experimental) [trunk revision 202354] (GCC) testsuite on hppa2.0w-hp-hpux11.11
- Authentication-results: sourceware.org; auth=none
=== acats tests ===
FAIL: c974013
FAIL: c9a011b
=== acats Summary ===
# of expected passes 2318
# of unexpected failures 2
Native configuration is hppa2.0w-hp-hpux11.11
=== g++ tests ===
Running target unix
UNRESOLVED: g++.dg/ext/label13.C -std=gnu++98 compilation failed to produce executable
UNRESOLVED: g++.dg/ext/label13.C -std=gnu++11 compilation failed to produce executable
FAIL: g++.dg/template/cond2.C -std=gnu++98 (test for warnings, line 9)
FAIL: g++.dg/template/cond2.C -std=gnu++11 (test for warnings, line 9)
WARNING: program timed out.
FAIL: c-c++-common/simulate-thread/bitfields-2.c -Os -g thread simulation test
=== g++ Summary ===
# of expected passes 48126
# of unexpected failures 3
# of expected failures 295
# of unresolved testcases 2
# of unsupported tests 1370
/test/gnu/gcc/objdir/gcc/testsuite/g++/../../xg++ version 4.9.0 20130907 (experimental) [trunk revision 202354] (GCC)
=== gcc tests ===
Running target unix
FAIL: gcc.dg/large-size-array-6.c (internal compiler error)
FAIL: gcc.dg/large-size-array-6.c (test for errors, line 6)
FAIL: gcc.dg/large-size-array-6.c (test for excess errors)
WARNING: program timed out.
FAIL: gcc.dg/tree-prof/crossmodule-indircall-1a.c compilation, -fprofile-generate -D_PROFILE_GENERATE
UNRESOLVED: gcc.dg/tree-prof/crossmodule-indircall-1a.c execution, -fprofile-generate -D_PROFILE_GENERATE
UNRESOLVED: gcc.dg/tree-prof/crossmodule-indircall-1a.c compilation, -fprofile-use -D_PROFILE_USE
UNRESOLVED: gcc.dg/tree-prof/crossmodule-indircall-1a.c execution, -fprofile-use -D_PROFILE_USE
=== gcc Summary ===
# of expected passes 69291
# of unexpected failures 4
# of expected failures 115
# of unresolved testcases 3
# of unsupported tests 1558
/test/gnu/gcc/objdir/gcc/xgcc version 4.9.0 20130907 (experimental) [trunk revision 202354] (GCC)
=== gfortran tests ===
Running target unix
FAIL: gfortran.dg/class_48.f90 -O2 (test for excess errors)
FAIL: gfortran.dg/class_48.f90 -Os (test for excess errors)
FAIL: gfortran.dg/pr45636.f90 -O scan-tree-dump-times forwprop2 "memset" 0
FAIL: gfortran.dg/round_4.f90 -O0 (test for excess errors)
FAIL: gfortran.dg/round_4.f90 -O0 execution test
FAIL: gfortran.dg/round_4.f90 -O1 (test for excess errors)
FAIL: gfortran.dg/round_4.f90 -O1 execution test
FAIL: gfortran.dg/round_4.f90 -O2 (test for excess errors)
FAIL: gfortran.dg/round_4.f90 -O2 execution test
FAIL: gfortran.dg/round_4.f90 -O3 -fomit-frame-pointer (test for excess errors)
FAIL: gfortran.dg/round_4.f90 -O3 -fomit-frame-pointer execution test
FAIL: gfortran.dg/round_4.f90 -O3 -fomit-frame-pointer -funroll-loops (test for excess errors)
FAIL: gfortran.dg/round_4.f90 -O3 -fomit-frame-pointer -funroll-loops execution test
FAIL: gfortran.dg/round_4.f90 -O3 -fomit-frame-pointer -funroll-all-loops -finline-functions (test for excess errors)
FAIL: gfortran.dg/round_4.f90 -O3 -fomit-frame-pointer -funroll-all-loops -finline-functions execution test
FAIL: gfortran.dg/round_4.f90 -O3 -g (test for excess errors)
FAIL: gfortran.dg/round_4.f90 -O3 -g execution test
FAIL: gfortran.dg/round_4.f90 -Os (test for excess errors)
FAIL: gfortran.dg/round_4.f90 -Os execution test
FAIL: gfortran.dg/size_kind_2.f90 -O scan-tree-dump original "var2 = 4294967300;"
=== gfortran Summary ===
# of expected passes 43258
# of unexpected failures 20
# of expected failures 38
# of unsupported tests 419
/test/gnu/gcc/objdir/gcc/testsuite/gfortran/../../gfortran version 4.9.0 20130907 (experimental) [trunk revision 202354] (GCC)
=== gnat tests ===
Running target unix
FAIL: gnat.dg/specs/linker_alias.ads (test for errors, line 6)
FAIL: gnat.dg/specs/linker_alias.ads (test for excess errors)
=== gnat Summary ===
# of expected passes 1170
# of unexpected failures 2
# of expected failures 18
# of unsupported tests 13
/test/gnu/gcc/objdir/gcc/gnatmake version 4.9.0 20130907 (experimental) [trunk revision 202354]
=== obj-c++ tests ===
Running target unix
=== obj-c++ Summary ===
# of expected passes 1407
# of expected failures 2
# of unsupported tests 69
/test/gnu/gcc/objdir/gcc/testsuite/obj-c++/../../xg++ version 4.9.0 20130907 (experimental) [trunk revision 202354] (GCC)
=== objc tests ===
Running target unix
=== objc Summary ===
# of expected passes 2912
# of unsupported tests 67
/test/gnu/gcc/objdir/gcc/xgcc version 4.9.0 20130907 (experimental) [trunk revision 202354] (GCC)
=== boehm-gc tests ===
Running target unix
=== boehm-gc Summary ===
# of expected passes 12
# of unsupported tests 1
=== libatomic tests ===
Running target unix
=== libatomic Summary ===
# of expected passes 4
# of unsupported tests 25
=== libffi tests ===
Running target unix
=== libffi Summary ===
# of expected passes 1819
# of unsupported tests 55
=== libgomp tests ===
Running target unix
=== libgomp Summary ===
# of expected passes 2129
# of unsupported tests 10
=== libjava tests ===
Running target unix
FAIL: LargeFile execution - source compiled test
FAIL: LargeFile -findirect-dispatch execution - source compiled test
FAIL: LargeFile -O3 execution - source compiled test
FAIL: LargeFile -O3 -findirect-dispatch execution - source compiled test
FAIL: sourcelocation output - source compiled test
FAIL: sourcelocation -findirect-dispatch output - source compiled test
FAIL: sourcelocation -O3 output - source compiled test
FAIL: sourcelocation -O3 -findirect-dispatch output - source compiled test
=== libjava Summary ===
# of expected passes 2574
# of unexpected failures 8
# of untested testcases 4
=== libstdc++ tests ===
Running target unix
=== libstdc++ Summary ===
# of expected passes 7864
# of expected failures 39
# of unsupported tests 919
Compiler version: 4.9.0 20130907 (experimental) [trunk revision 202354] (GCC)
Platform: hppa2.0w-hp-hpux11.11
configure flags:Test Run By dave on Sat Sep 7 16:41:46 EDT 2013