This is the mail archive of the
gcc-testresults@gcc.gnu.org
mailing list for the GCC project.
Results for 4.9.0 20130809 (experimental) [trunk revision 201621] testsuite on x86_64-unknown-linux-gnu
- From: Laurent GUERBY gcc13 <guerby at gcc13 dot fsffrance dot org>
- To: gcc-testresults at gcc dot gnu dot org
- Date: Sat, 10 Aug 2013 03:11:21 +0200
- Subject: Results for 4.9.0 20130809 (experimental) [trunk revision 201621] testsuite on x86_64-unknown-linux-gnu
LAST_UPDATED: Fri Aug 9 08:52:54 UTC 2013 (revision 201621)
=== acats tests ===
FAIL: c34005p
FAIL: c34005r
FAIL: c34005s
FAIL: c34005u
FAIL: c34005v
FAIL: c34006g
FAIL: c34006j
FAIL: c34006l
FAIL: c34008a
FAIL: c3a0014
FAIL: c41103b
FAIL: c41203b
FAIL: c41306a
FAIL: c452001
FAIL: c650001
FAIL: c74302b
FAIL: c74306a
FAIL: c85014a
FAIL: c85014b
FAIL: c85014c
FAIL: c87b26b
FAIL: c87b41a
FAIL: c99004a
FAIL: cb40005
FAIL: cc3019c
FAIL: cd10002
FAIL: cdd2a03
FAIL: cxac005
=== acats Summary ===
# of expected passes 2292
# of unexpected failures 28
Native configuration is x86_64-unknown-linux-gnu
=== gcc tests ===
Running target unix/-m32
FAIL: gcc.dg/debug/dwarf2/asm-line1.c scan-assembler is_stmt 1
FAIL: gcc.dg/debug/dwarf2/discriminator.c scan-assembler loc [0-9] 11 [0-9]( is_stmt [0-9])? discriminator 2\\n
FAIL: gcc.dg/debug/dwarf2/discriminator.c scan-assembler loc [0-9] 11 [0-9]( is_stmt [0-9])? discriminator 1\\n
FAIL: gcc.dg/cproj-fails-with-broken-glibc.c execution test
FAIL: gcc.dg/lto/pr56297 c_lto_pr56297_0.o-c_lto_pr56297_1.o link, -flto -fno-common (internal compiler error)
UNRESOLVED: gcc.dg/lto/pr56297 c_lto_pr56297_0.o-c_lto_pr56297_1.o execute -flto -fno-common
FAIL: gcc.dg/torture/pr8081.c -O2 -flto -flto-partition=none (internal compiler error)
FAIL: gcc.dg/torture/pr8081.c -O2 -flto -flto-partition=none (test for excess errors)
FAIL: gcc.dg/torture/pr8081.c -O2 -flto (internal compiler error)
FAIL: gcc.dg/torture/pr8081.c -O2 -flto (test for excess errors)
FAIL: gcc.dg/torture/tls/run-gd.c -O0 (test for excess errors)
FAIL: gcc.dg/torture/tls/run-gd.c -O1 (test for excess errors)
FAIL: gcc.dg/torture/tls/run-gd.c -O2 (test for excess errors)
FAIL: gcc.dg/torture/tls/run-gd.c -O3 -fomit-frame-pointer (test for excess errors)
FAIL: gcc.dg/torture/tls/run-gd.c -O3 -g (test for excess errors)
FAIL: gcc.dg/torture/tls/run-gd.c -Os (test for excess errors)
FAIL: gcc.dg/torture/tls/run-gd.c -O2 -flto -flto-partition=none (test for excess errors)
FAIL: gcc.dg/torture/tls/run-gd.c -O2 -flto (test for excess errors)
FAIL: gcc.dg/torture/tls/run-ld.c -O0 (test for excess errors)
FAIL: gcc.dg/torture/tls/run-ld.c -O1 (test for excess errors)
FAIL: gcc.dg/torture/tls/run-ld.c -O2 (test for excess errors)
FAIL: gcc.dg/torture/tls/run-ld.c -O3 -fomit-frame-pointer (test for excess errors)
FAIL: gcc.dg/torture/tls/run-ld.c -O3 -g (test for excess errors)
FAIL: gcc.dg/torture/tls/run-ld.c -Os (test for excess errors)
FAIL: gcc.dg/torture/tls/run-ld.c -O2 -flto -flto-partition=none (test for excess errors)
FAIL: gcc.dg/torture/tls/run-ld.c -O2 -flto (test for excess errors)
FAIL: gcc.dg/tree-ssa/attr-alias.c scan-tree-dump-times optimized " test4 " 1
FAIL: gcc.target/i386/pr55342.c scan-assembler-not notb
=== gcc Summary for unix/-m32 ===
# of expected passes 95423
# of unexpected failures 27
# of expected failures 249
# of unresolved testcases 1
# of unsupported tests 1962
Running target unix/-m64
FAIL: c-c++-common/asan/clone-test-1.c -O0 execution test
FAIL: c-c++-common/asan/clone-test-1.c -O1 execution test
FAIL: c-c++-common/asan/clone-test-1.c -O2 execution test
FAIL: c-c++-common/asan/clone-test-1.c -O3 -fomit-frame-pointer execution test
FAIL: c-c++-common/asan/clone-test-1.c -O3 -fomit-frame-pointer -funroll-loops execution test
FAIL: c-c++-common/asan/clone-test-1.c -O3 -fomit-frame-pointer -funroll-all-loops -finline-functions execution test
FAIL: c-c++-common/asan/clone-test-1.c -O3 -g execution test
FAIL: c-c++-common/asan/clone-test-1.c -Os execution test
FAIL: c-c++-common/asan/clone-test-1.c -O2 -flto -flto-partition=none execution test
FAIL: c-c++-common/asan/clone-test-1.c -O2 -flto execution test
FAIL: c-c++-common/asan/global-overflow-1.c -O0 output pattern test, is ==11027== ERROR: AddressSanitizer failed to allocate 0xdfff0001000 (15392894357504) bytes at address 0x02008fff7000 (12)
FAIL: c-c++-common/asan/global-overflow-1.c -O1 output pattern test, is ==11124== ERROR: AddressSanitizer failed to allocate 0xdfff0001000 (15392894357504) bytes at address 0x02008fff7000 (12)
FAIL: c-c++-common/asan/global-overflow-1.c -O2 output pattern test, is ==11199== ERROR: AddressSanitizer failed to allocate 0xdfff0001000 (15392894357504) bytes at address 0x02008fff7000 (12)
FAIL: c-c++-common/asan/global-overflow-1.c -O3 -fomit-frame-pointer output pattern test, is ==11256== ERROR: AddressSanitizer failed to allocate 0xdfff0001000 (15392894357504) bytes at address 0x02008fff7000 (12)
FAIL: c-c++-common/asan/global-overflow-1.c -O3 -g output pattern test, is ==11331== ERROR: AddressSanitizer failed to allocate 0xdfff0001000 (15392894357504) bytes at address 0x02008fff7000 (12)
FAIL: c-c++-common/asan/global-overflow-1.c -Os output pattern test, is ==11385== ERROR: AddressSanitizer failed to allocate 0xdfff0001000 (15392894357504) bytes at address 0x02008fff7000 (12)
FAIL: c-c++-common/asan/global-overflow-1.c -O2 -flto -flto-partition=none output pattern test, is ==11659== ERROR: AddressSanitizer failed to allocate 0xdfff0001000 (15392894357504) bytes at address 0x02008fff7000 (12)
FAIL: c-c++-common/asan/global-overflow-1.c -O2 -flto output pattern test, is ==11982== ERROR: AddressSanitizer failed to allocate 0xdfff0001000 (15392894357504) bytes at address 0x02008fff7000 (12)
FAIL: c-c++-common/asan/heap-overflow-1.c -O0 output pattern test, is ==12086== ERROR: AddressSanitizer failed to allocate 0xdfff0001000 (15392894357504) bytes at address 0x02008fff7000 (12)
FAIL: c-c++-common/asan/heap-overflow-1.c -O1 output pattern test, is ==12243== ERROR: AddressSanitizer failed to allocate 0xdfff0001000 (15392894357504) bytes at address 0x02008fff7000 (12)
FAIL: c-c++-common/asan/heap-overflow-1.c -O2 output pattern test, is ==12441== ERROR: AddressSanitizer failed to allocate 0xdfff0001000 (15392894357504) bytes at address 0x02008fff7000 (12)
FAIL: c-c++-common/asan/heap-overflow-1.c -O3 -fomit-frame-pointer output pattern test, is ==12521== ERROR: AddressSanitizer failed to allocate 0xdfff0001000 (15392894357504) bytes at address 0x02008fff7000 (12)
FAIL: c-c++-common/asan/heap-overflow-1.c -O3 -g output pattern test, is ==12570== ERROR: AddressSanitizer failed to allocate 0xdfff0001000 (15392894357504) bytes at address 0x02008fff7000 (12)
FAIL: c-c++-common/asan/heap-overflow-1.c -Os output pattern test, is ==12609== ERROR: AddressSanitizer failed to allocate 0xdfff0001000 (15392894357504) bytes at address 0x02008fff7000 (12)
FAIL: c-c++-common/asan/heap-overflow-1.c -O2 -flto -flto-partition=none output pattern test, is ==12642== ERROR: AddressSanitizer failed to allocate 0xdfff0001000 (15392894357504) bytes at address 0x02008fff7000 (12)
FAIL: c-c++-common/asan/heap-overflow-1.c -O2 -flto output pattern test, is ==12681== ERROR: AddressSanitizer failed to allocate 0xdfff0001000 (15392894357504) bytes at address 0x02008fff7000 (12)
FAIL: c-c++-common/asan/memcmp-1.c -O0 output pattern test, is ==12702== ERROR: AddressSanitizer failed to allocate 0xdfff0001000 (15392894357504) bytes at address 0x02008fff7000 (12)
FAIL: c-c++-common/asan/memcmp-1.c -O1 output pattern test, is ==12714== ERROR: AddressSanitizer failed to allocate 0xdfff0001000 (15392894357504) bytes at address 0x02008fff7000 (12)
FAIL: c-c++-common/asan/memcmp-1.c -O2 output pattern test, is ==12726== ERROR: AddressSanitizer failed to allocate 0xdfff0001000 (15392894357504) bytes at address 0x02008fff7000 (12)
FAIL: c-c++-common/asan/memcmp-1.c -O3 -fomit-frame-pointer output pattern test, is ==12738== ERROR: AddressSanitizer failed to allocate 0xdfff0001000 (15392894357504) bytes at address 0x02008fff7000 (12)
FAIL: c-c++-common/asan/memcmp-1.c -O3 -g output pattern test, is ==12754== ERROR: AddressSanitizer failed to allocate 0xdfff0001000 (15392894357504) bytes at address 0x02008fff7000 (12)
FAIL: c-c++-common/asan/memcmp-1.c -Os output pattern test, is ==12766== ERROR: AddressSanitizer failed to allocate 0xdfff0001000 (15392894357504) bytes at address 0x02008fff7000 (12)
FAIL: c-c++-common/asan/memcmp-1.c -O2 -flto -flto-partition=none output pattern test, is ==12806== ERROR: AddressSanitizer failed to allocate 0xdfff0001000 (15392894357504) bytes at address 0x02008fff7000 (12)
FAIL: c-c++-common/asan/memcmp-1.c -O2 -flto output pattern test, is ==12849== ERROR: AddressSanitizer failed to allocate 0xdfff0001000 (15392894357504) bytes at address 0x02008fff7000 (12)
FAIL: c-c++-common/asan/null-deref-1.c -O0 output pattern test, is ==12993== ERROR: AddressSanitizer failed to allocate 0xdfff0001000 (15392894357504) bytes at address 0x02008fff7000 (12)
FAIL: c-c++-common/asan/null-deref-1.c -O1 output pattern test, is ==13013== ERROR: AddressSanitizer failed to allocate 0xdfff0001000 (15392894357504) bytes at address 0x02008fff7000 (12)
FAIL: c-c++-common/asan/null-deref-1.c -O2 output pattern test, is ==13038== ERROR: AddressSanitizer failed to allocate 0xdfff0001000 (15392894357504) bytes at address 0x02008fff7000 (12)
FAIL: c-c++-common/asan/null-deref-1.c -O3 -fomit-frame-pointer output pattern test, is ==13063== ERROR: AddressSanitizer failed to allocate 0xdfff0001000 (15392894357504) bytes at address 0x02008fff7000 (12)
FAIL: c-c++-common/asan/null-deref-1.c -O3 -g output pattern test, is ==13093== ERROR: AddressSanitizer failed to allocate 0xdfff0001000 (15392894357504) bytes at address 0x02008fff7000 (12)
FAIL: c-c++-common/asan/null-deref-1.c -Os output pattern test, is ==13114== ERROR: AddressSanitizer failed to allocate 0xdfff0001000 (15392894357504) bytes at address 0x02008fff7000 (12)
FAIL: c-c++-common/asan/null-deref-1.c -O2 -flto -flto-partition=none output pattern test, is ==13182== ERROR: AddressSanitizer failed to allocate 0xdfff0001000 (15392894357504) bytes at address 0x02008fff7000 (12)
FAIL: c-c++-common/asan/null-deref-1.c -O2 -flto output pattern test, is ==13246== ERROR: AddressSanitizer failed to allocate 0xdfff0001000 (15392894357504) bytes at address 0x02008fff7000 (12)
FAIL: c-c++-common/asan/rlimit-mmap-test-1.c -O0 output pattern test, is ==13398== ERROR: AddressSanitizer failed to allocate 0xdfff0001000 (15392894357504) bytes at address 0x02008fff7000 (12)
FAIL: c-c++-common/asan/sanity-check-pure-c-1.c -O0 output pattern test, is ==13415== ERROR: AddressSanitizer failed to allocate 0xdfff0001000 (15392894357504) bytes at address 0x02008fff7000 (12)
FAIL: c-c++-common/asan/sanity-check-pure-c-1.c -O1 output pattern test, is ==13439== ERROR: AddressSanitizer failed to allocate 0xdfff0001000 (15392894357504) bytes at address 0x02008fff7000 (12)
FAIL: c-c++-common/asan/sanity-check-pure-c-1.c -O2 output pattern test, is ==13468== ERROR: AddressSanitizer failed to allocate 0xdfff0001000 (15392894357504) bytes at address 0x02008fff7000 (12)
FAIL: c-c++-common/asan/sanity-check-pure-c-1.c -O3 -fomit-frame-pointer output pattern test, is ==13495== ERROR: AddressSanitizer failed to allocate 0xdfff0001000 (15392894357504) bytes at address 0x02008fff7000 (12)
FAIL: c-c++-common/asan/sanity-check-pure-c-1.c -O3 -g output pattern test, is ==13513== ERROR: AddressSanitizer failed to allocate 0xdfff0001000 (15392894357504) bytes at address 0x02008fff7000 (12)
FAIL: c-c++-common/asan/sanity-check-pure-c-1.c -Os output pattern test, is ==13534== ERROR: AddressSanitizer failed to allocate 0xdfff0001000 (15392894357504) bytes at address 0x02008fff7000 (12)
FAIL: c-c++-common/asan/sanity-check-pure-c-1.c -O2 -flto -flto-partition=none output pattern test, is ==13585== ERROR: AddressSanitizer failed to allocate 0xdfff0001000 (15392894357504) bytes at address 0x02008fff7000 (12)
FAIL: c-c++-common/asan/sanity-check-pure-c-1.c -O2 -flto output pattern test, is ==13657== ERROR: AddressSanitizer failed to allocate 0xdfff0001000 (15392894357504) bytes at address 0x02008fff7000 (12)
FAIL: c-c++-common/asan/sleep-before-dying-1.c -O2 output pattern test, is ==13683== ERROR: AddressSanitizer failed to allocate 0xdfff0001000 (15392894357504) bytes at address 0x02008fff7000 (12)
FAIL: c-c++-common/asan/sleep-before-dying-1.c -O2 -flto -flto-partition=none output pattern test, is ==13748== ERROR: AddressSanitizer failed to allocate 0xdfff0001000 (15392894357504) bytes at address 0x02008fff7000 (12)
FAIL: c-c++-common/asan/sleep-before-dying-1.c -O2 -flto output pattern test, is ==13821== ERROR: AddressSanitizer failed to allocate 0xdfff0001000 (15392894357504) bytes at address 0x02008fff7000 (12)
FAIL: c-c++-common/asan/stack-overflow-1.c -O0 output pattern test, is ==13861== ERROR: AddressSanitizer failed to allocate 0xdfff0001000 (15392894357504) bytes at address 0x02008fff7000 (12)
FAIL: c-c++-common/asan/stack-overflow-1.c -O1 output pattern test, is ==13885== ERROR: AddressSanitizer failed to allocate 0xdfff0001000 (15392894357504) bytes at address 0x02008fff7000 (12)
FAIL: c-c++-common/asan/stack-overflow-1.c -O2 output pattern test, is ==13903== ERROR: AddressSanitizer failed to allocate 0xdfff0001000 (15392894357504) bytes at address 0x02008fff7000 (12)
FAIL: c-c++-common/asan/stack-overflow-1.c -O3 -fomit-frame-pointer output pattern test, is ==13919== ERROR: AddressSanitizer failed to allocate 0xdfff0001000 (15392894357504) bytes at address 0x02008fff7000 (12)
FAIL: c-c++-common/asan/stack-overflow-1.c -O3 -g output pattern test, is ==13938== ERROR: AddressSanitizer failed to allocate 0xdfff0001000 (15392894357504) bytes at address 0x02008fff7000 (12)
FAIL: c-c++-common/asan/stack-overflow-1.c -Os output pattern test, is ==13957== ERROR: AddressSanitizer failed to allocate 0xdfff0001000 (15392894357504) bytes at address 0x02008fff7000 (12)
FAIL: c-c++-common/asan/stack-overflow-1.c -O2 -flto -flto-partition=none output pattern test, is ==14014== ERROR: AddressSanitizer failed to allocate 0xdfff0001000 (15392894357504) bytes at address 0x02008fff7000 (12)
FAIL: c-c++-common/asan/stack-overflow-1.c -O2 -flto output pattern test, is ==14070== ERROR: AddressSanitizer failed to allocate 0xdfff0001000 (15392894357504) bytes at address 0x02008fff7000 (12)
FAIL: c-c++-common/asan/strip-path-prefix-1.c -O2 output pattern test, is ==14094== ERROR: AddressSanitizer failed to allocate 0xdfff0001000 (15392894357504) bytes at address 0x02008fff7000 (12)
FAIL: c-c++-common/asan/strip-path-prefix-1.c -O2 -flto -flto-partition=none output pattern test, is ==14183== ERROR: AddressSanitizer failed to allocate 0xdfff0001000 (15392894357504) bytes at address 0x02008fff7000 (12)
FAIL: c-c++-common/asan/strip-path-prefix-1.c -O2 -flto output pattern test, is ==14326== ERROR: AddressSanitizer failed to allocate 0xdfff0001000 (15392894357504) bytes at address 0x02008fff7000 (12)
FAIL: c-c++-common/asan/strncpy-overflow-1.c -O0 output pattern test, is ==14389== ERROR: AddressSanitizer failed to allocate 0xdfff0001000 (15392894357504) bytes at address 0x02008fff7000 (12)
FAIL: c-c++-common/asan/strncpy-overflow-1.c -O1 output pattern test, is ==14498== ERROR: AddressSanitizer failed to allocate 0xdfff0001000 (15392894357504) bytes at address 0x02008fff7000 (12)
FAIL: c-c++-common/asan/strncpy-overflow-1.c -O2 output pattern test, is ==14529== ERROR: AddressSanitizer failed to allocate 0xdfff0001000 (15392894357504) bytes at address 0x02008fff7000 (12)
FAIL: c-c++-common/asan/strncpy-overflow-1.c -O3 -fomit-frame-pointer output pattern test, is ==14590== ERROR: AddressSanitizer failed to allocate 0xdfff0001000 (15392894357504) bytes at address 0x02008fff7000 (12)
FAIL: c-c++-common/asan/strncpy-overflow-1.c -O3 -g output pattern test, is ==14642== ERROR: AddressSanitizer failed to allocate 0xdfff0001000 (15392894357504) bytes at address 0x02008fff7000 (12)
FAIL: c-c++-common/asan/strncpy-overflow-1.c -Os output pattern test, is ==14669== ERROR: AddressSanitizer failed to allocate 0xdfff0001000 (15392894357504) bytes at address 0x02008fff7000 (12)
FAIL: c-c++-common/asan/strncpy-overflow-1.c -O2 -flto -flto-partition=none output pattern test, is ==14763== ERROR: AddressSanitizer failed to allocate 0xdfff0001000 (15392894357504) bytes at address 0x02008fff7000 (12)
FAIL: c-c++-common/asan/strncpy-overflow-1.c -O2 -flto output pattern test, is ==14877== ERROR: AddressSanitizer failed to allocate 0xdfff0001000 (15392894357504) bytes at address 0x02008fff7000 (12)
FAIL: c-c++-common/asan/swapcontext-test-1.c -O0 execution test
FAIL: c-c++-common/asan/swapcontext-test-1.c -O1 execution test
FAIL: c-c++-common/asan/swapcontext-test-1.c -O2 execution test
FAIL: c-c++-common/asan/swapcontext-test-1.c -O3 -fomit-frame-pointer execution test
FAIL: c-c++-common/asan/swapcontext-test-1.c -O3 -fomit-frame-pointer -funroll-loops execution test
FAIL: c-c++-common/asan/swapcontext-test-1.c -O3 -fomit-frame-pointer -funroll-all-loops -finline-functions execution test
FAIL: c-c++-common/asan/swapcontext-test-1.c -O3 -g execution test
FAIL: c-c++-common/asan/swapcontext-test-1.c -Os execution test
FAIL: c-c++-common/asan/swapcontext-test-1.c -O2 -flto -flto-partition=none execution test
FAIL: c-c++-common/asan/swapcontext-test-1.c -O2 -flto execution test
FAIL: c-c++-common/asan/use-after-free-1.c -O0 output pattern test, is ==15536== ERROR: AddressSanitizer failed to allocate 0xdfff0001000 (15392894357504) bytes at address 0x02008fff7000 (12)
FAIL: c-c++-common/asan/use-after-free-1.c -O1 output pattern test, is ==15570== ERROR: AddressSanitizer failed to allocate 0xdfff0001000 (15392894357504) bytes at address 0x02008fff7000 (12)
FAIL: c-c++-common/asan/use-after-free-1.c -O2 output pattern test, is ==15634== ERROR: AddressSanitizer failed to allocate 0xdfff0001000 (15392894357504) bytes at address 0x02008fff7000 (12)
FAIL: c-c++-common/asan/use-after-free-1.c -O3 -fomit-frame-pointer output pattern test, is ==15707== ERROR: AddressSanitizer failed to allocate 0xdfff0001000 (15392894357504) bytes at address 0x02008fff7000 (12)
FAIL: c-c++-common/asan/use-after-free-1.c -O3 -g output pattern test, is ==15788== ERROR: AddressSanitizer failed to allocate 0xdfff0001000 (15392894357504) bytes at address 0x02008fff7000 (12)
FAIL: c-c++-common/asan/use-after-free-1.c -Os output pattern test, is ==15818== ERROR: AddressSanitizer failed to allocate 0xdfff0001000 (15392894357504) bytes at address 0x02008fff7000 (12)
FAIL: c-c++-common/asan/use-after-free-1.c -O2 -flto -flto-partition=none output pattern test, is ==15887== ERROR: AddressSanitizer failed to allocate 0xdfff0001000 (15392894357504) bytes at address 0x02008fff7000 (12)
FAIL: c-c++-common/asan/use-after-free-1.c -O2 -flto output pattern test, is ==15970== ERROR: AddressSanitizer failed to allocate 0xdfff0001000 (15392894357504) bytes at address 0x02008fff7000 (12)
FAIL: gcc.dg/debug/dwarf2/asm-line1.c scan-assembler is_stmt 1
FAIL: gcc.dg/debug/dwarf2/discriminator.c scan-assembler loc [0-9] 11 [0-9]( is_stmt [0-9])? discriminator 2\\n
FAIL: gcc.dg/debug/dwarf2/discriminator.c scan-assembler loc [0-9] 11 [0-9]( is_stmt [0-9])? discriminator 1\\n
FAIL: gcc.dg/cproj-fails-with-broken-glibc.c execution test
FAIL: gcc.dg/lto/pr56297 c_lto_pr56297_0.o-c_lto_pr56297_1.o link, -flto -fno-common (internal compiler error)
UNRESOLVED: gcc.dg/lto/pr56297 c_lto_pr56297_0.o-c_lto_pr56297_1.o execute -flto -fno-common
FAIL: gcc.dg/torture/pr8081.c -O2 -flto -flto-partition=none (internal compiler error)
FAIL: gcc.dg/torture/pr8081.c -O2 -flto -flto-partition=none (test for excess errors)
FAIL: gcc.dg/torture/pr8081.c -O2 -flto (internal compiler error)
FAIL: gcc.dg/torture/pr8081.c -O2 -flto (test for excess errors)
FAIL: gcc.dg/torture/tls/run-gd.c -O0 (test for excess errors)
FAIL: gcc.dg/torture/tls/run-gd.c -O1 (test for excess errors)
FAIL: gcc.dg/torture/tls/run-gd.c -O2 (test for excess errors)
FAIL: gcc.dg/torture/tls/run-gd.c -O3 -fomit-frame-pointer (test for excess errors)
FAIL: gcc.dg/torture/tls/run-gd.c -O3 -g (test for excess errors)
FAIL: gcc.dg/torture/tls/run-gd.c -Os (test for excess errors)
FAIL: gcc.dg/torture/tls/run-gd.c -O2 -flto -flto-partition=none (test for excess errors)
FAIL: gcc.dg/torture/tls/run-gd.c -O2 -flto (test for excess errors)
FAIL: gcc.dg/torture/tls/run-ld.c -O0 (test for excess errors)
FAIL: gcc.dg/torture/tls/run-ld.c -O1 (test for excess errors)
FAIL: gcc.dg/torture/tls/run-ld.c -O2 (test for excess errors)
FAIL: gcc.dg/torture/tls/run-ld.c -O3 -fomit-frame-pointer (test for excess errors)
FAIL: gcc.dg/torture/tls/run-ld.c -O3 -g (test for excess errors)
FAIL: gcc.dg/torture/tls/run-ld.c -Os (test for excess errors)
FAIL: gcc.dg/torture/tls/run-ld.c -O2 -flto -flto-partition=none (test for excess errors)
FAIL: gcc.dg/torture/tls/run-ld.c -O2 -flto (test for excess errors)
FAIL: gcc.dg/torture/tls/run-le.c -O0 -pie -fpie (test for excess errors)
UNRESOLVED: gcc.dg/torture/tls/run-le.c -O0 -pie -fpie compilation failed to produce executable
FAIL: gcc.dg/torture/tls/run-le.c -O1 -pie -fpie (test for excess errors)
UNRESOLVED: gcc.dg/torture/tls/run-le.c -O1 -pie -fpie compilation failed to produce executable
FAIL: gcc.dg/torture/tls/run-le.c -O2 -pie -fpie (test for excess errors)
UNRESOLVED: gcc.dg/torture/tls/run-le.c -O2 -pie -fpie compilation failed to produce executable
FAIL: gcc.dg/torture/tls/run-le.c -O3 -fomit-frame-pointer -pie -fpie (test for excess errors)
UNRESOLVED: gcc.dg/torture/tls/run-le.c -O3 -fomit-frame-pointer -pie -fpie compilation failed to produce executable
FAIL: gcc.dg/torture/tls/run-le.c -O3 -g -pie -fpie (test for excess errors)
UNRESOLVED: gcc.dg/torture/tls/run-le.c -O3 -g -pie -fpie compilation failed to produce executable
FAIL: gcc.dg/torture/tls/run-le.c -Os -pie -fpie (test for excess errors)
UNRESOLVED: gcc.dg/torture/tls/run-le.c -Os -pie -fpie compilation failed to produce executable
FAIL: gcc.dg/torture/tls/run-le.c -O0 -pie -fPIE (test for excess errors)
UNRESOLVED: gcc.dg/torture/tls/run-le.c -O0 -pie -fPIE compilation failed to produce executable
FAIL: gcc.dg/torture/tls/run-le.c -O1 -pie -fPIE (test for excess errors)
UNRESOLVED: gcc.dg/torture/tls/run-le.c -O1 -pie -fPIE compilation failed to produce executable
FAIL: gcc.dg/torture/tls/run-le.c -O2 -pie -fPIE (test for excess errors)
UNRESOLVED: gcc.dg/torture/tls/run-le.c -O2 -pie -fPIE compilation failed to produce executable
FAIL: gcc.dg/torture/tls/run-le.c -O3 -fomit-frame-pointer -pie -fPIE (test for excess errors)
UNRESOLVED: gcc.dg/torture/tls/run-le.c -O3 -fomit-frame-pointer -pie -fPIE compilation failed to produce executable
FAIL: gcc.dg/torture/tls/run-le.c -O3 -g -pie -fPIE (test for excess errors)
UNRESOLVED: gcc.dg/torture/tls/run-le.c -O3 -g -pie -fPIE compilation failed to produce executable
FAIL: gcc.dg/torture/tls/run-le.c -Os -pie -fPIE (test for excess errors)
UNRESOLVED: gcc.dg/torture/tls/run-le.c -Os -pie -fPIE compilation failed to produce executable
FAIL: gcc.dg/torture/tls/thr-init-1.c -O0 -pie -fpie (test for excess errors)
UNRESOLVED: gcc.dg/torture/tls/thr-init-1.c -O0 -pie -fpie compilation failed to produce executable
FAIL: gcc.dg/torture/tls/thr-init-1.c -O1 -pie -fpie (test for excess errors)
UNRESOLVED: gcc.dg/torture/tls/thr-init-1.c -O1 -pie -fpie compilation failed to produce executable
FAIL: gcc.dg/torture/tls/thr-init-1.c -O2 -pie -fpie (test for excess errors)
UNRESOLVED: gcc.dg/torture/tls/thr-init-1.c -O2 -pie -fpie compilation failed to produce executable
FAIL: gcc.dg/torture/tls/thr-init-1.c -O3 -fomit-frame-pointer -pie -fpie (test for excess errors)
UNRESOLVED: gcc.dg/torture/tls/thr-init-1.c -O3 -fomit-frame-pointer -pie -fpie compilation failed to produce executable
FAIL: gcc.dg/torture/tls/thr-init-1.c -O3 -g -pie -fpie (test for excess errors)
UNRESOLVED: gcc.dg/torture/tls/thr-init-1.c -O3 -g -pie -fpie compilation failed to produce executable
FAIL: gcc.dg/torture/tls/thr-init-1.c -Os -pie -fpie (test for excess errors)
UNRESOLVED: gcc.dg/torture/tls/thr-init-1.c -Os -pie -fpie compilation failed to produce executable
FAIL: gcc.dg/torture/tls/thr-init-1.c -O0 -pie -fPIE (test for excess errors)
UNRESOLVED: gcc.dg/torture/tls/thr-init-1.c -O0 -pie -fPIE compilation failed to produce executable
FAIL: gcc.dg/torture/tls/thr-init-1.c -O1 -pie -fPIE (test for excess errors)
UNRESOLVED: gcc.dg/torture/tls/thr-init-1.c -O1 -pie -fPIE compilation failed to produce executable
FAIL: gcc.dg/torture/tls/thr-init-1.c -O2 -pie -fPIE (test for excess errors)
UNRESOLVED: gcc.dg/torture/tls/thr-init-1.c -O2 -pie -fPIE compilation failed to produce executable
FAIL: gcc.dg/torture/tls/thr-init-1.c -O3 -fomit-frame-pointer -pie -fPIE (test for excess errors)
UNRESOLVED: gcc.dg/torture/tls/thr-init-1.c -O3 -fomit-frame-pointer -pie -fPIE compilation failed to produce executable
FAIL: gcc.dg/torture/tls/thr-init-1.c -O3 -g -pie -fPIE (test for excess errors)
UNRESOLVED: gcc.dg/torture/tls/thr-init-1.c -O3 -g -pie -fPIE compilation failed to produce executable
FAIL: gcc.dg/torture/tls/thr-init-1.c -Os -pie -fPIE (test for excess errors)
UNRESOLVED: gcc.dg/torture/tls/thr-init-1.c -Os -pie -fPIE compilation failed to produce executable
FAIL: gcc.dg/torture/tls/thr-init-2.c -O0 -pie -fpie (test for excess errors)
UNRESOLVED: gcc.dg/torture/tls/thr-init-2.c -O0 -pie -fpie compilation failed to produce executable
FAIL: gcc.dg/torture/tls/thr-init-2.c -O1 -pie -fpie (test for excess errors)
UNRESOLVED: gcc.dg/torture/tls/thr-init-2.c -O1 -pie -fpie compilation failed to produce executable
FAIL: gcc.dg/torture/tls/thr-init-2.c -O2 -pie -fpie (test for excess errors)
UNRESOLVED: gcc.dg/torture/tls/thr-init-2.c -O2 -pie -fpie compilation failed to produce executable
FAIL: gcc.dg/torture/tls/thr-init-2.c -O3 -fomit-frame-pointer -pie -fpie (test for excess errors)
UNRESOLVED: gcc.dg/torture/tls/thr-init-2.c -O3 -fomit-frame-pointer -pie -fpie compilation failed to produce executable
FAIL: gcc.dg/torture/tls/thr-init-2.c -O3 -g -pie -fpie (test for excess errors)
UNRESOLVED: gcc.dg/torture/tls/thr-init-2.c -O3 -g -pie -fpie compilation failed to produce executable
FAIL: gcc.dg/torture/tls/thr-init-2.c -Os -pie -fpie (test for excess errors)
UNRESOLVED: gcc.dg/torture/tls/thr-init-2.c -Os -pie -fpie compilation failed to produce executable
FAIL: gcc.dg/torture/tls/thr-init-2.c -O0 -pie -fPIE (test for excess errors)
UNRESOLVED: gcc.dg/torture/tls/thr-init-2.c -O0 -pie -fPIE compilation failed to produce executable
FAIL: gcc.dg/torture/tls/thr-init-2.c -O1 -pie -fPIE (test for excess errors)
UNRESOLVED: gcc.dg/torture/tls/thr-init-2.c -O1 -pie -fPIE compilation failed to produce executable
FAIL: gcc.dg/torture/tls/thr-init-2.c -O2 -pie -fPIE (test for excess errors)
UNRESOLVED: gcc.dg/torture/tls/thr-init-2.c -O2 -pie -fPIE compilation failed to produce executable
FAIL: gcc.dg/torture/tls/thr-init-2.c -O3 -fomit-frame-pointer -pie -fPIE (test for excess errors)
UNRESOLVED: gcc.dg/torture/tls/thr-init-2.c -O3 -fomit-frame-pointer -pie -fPIE compilation failed to produce executable
FAIL: gcc.dg/torture/tls/thr-init-2.c -O3 -g -pie -fPIE (test for excess errors)
UNRESOLVED: gcc.dg/torture/tls/thr-init-2.c -O3 -g -pie -fPIE compilation failed to produce executable
FAIL: gcc.dg/torture/tls/thr-init-2.c -Os -pie -fPIE (test for excess errors)
UNRESOLVED: gcc.dg/torture/tls/thr-init-2.c -Os -pie -fPIE compilation failed to produce executable
FAIL: gcc.dg/torture/tls/tls-reload-1.c -O0 -pie -fpie (test for excess errors)
UNRESOLVED: gcc.dg/torture/tls/tls-reload-1.c -O0 -pie -fpie compilation failed to produce executable
FAIL: gcc.dg/torture/tls/tls-reload-1.c -O1 -pie -fpie (test for excess errors)
UNRESOLVED: gcc.dg/torture/tls/tls-reload-1.c -O1 -pie -fpie compilation failed to produce executable
FAIL: gcc.dg/torture/tls/tls-reload-1.c -O2 -pie -fpie (test for excess errors)
UNRESOLVED: gcc.dg/torture/tls/tls-reload-1.c -O2 -pie -fpie compilation failed to produce executable
FAIL: gcc.dg/torture/tls/tls-reload-1.c -O3 -fomit-frame-pointer -pie -fpie (test for excess errors)
UNRESOLVED: gcc.dg/torture/tls/tls-reload-1.c -O3 -fomit-frame-pointer -pie -fpie compilation failed to produce executable
FAIL: gcc.dg/torture/tls/tls-reload-1.c -O3 -g -pie -fpie (test for excess errors)
UNRESOLVED: gcc.dg/torture/tls/tls-reload-1.c -O3 -g -pie -fpie compilation failed to produce executable
FAIL: gcc.dg/torture/tls/tls-reload-1.c -Os -pie -fpie (test for excess errors)
UNRESOLVED: gcc.dg/torture/tls/tls-reload-1.c -Os -pie -fpie compilation failed to produce executable
FAIL: gcc.dg/torture/tls/tls-reload-1.c -O0 -pie -fPIE (test for excess errors)
UNRESOLVED: gcc.dg/torture/tls/tls-reload-1.c -O0 -pie -fPIE compilation failed to produce executable
FAIL: gcc.dg/torture/tls/tls-reload-1.c -O1 -pie -fPIE (test for excess errors)
UNRESOLVED: gcc.dg/torture/tls/tls-reload-1.c -O1 -pie -fPIE compilation failed to produce executable
FAIL: gcc.dg/torture/tls/tls-reload-1.c -O2 -pie -fPIE (test for excess errors)
UNRESOLVED: gcc.dg/torture/tls/tls-reload-1.c -O2 -pie -fPIE compilation failed to produce executable
FAIL: gcc.dg/torture/tls/tls-reload-1.c -O3 -fomit-frame-pointer -pie -fPIE (test for excess errors)
UNRESOLVED: gcc.dg/torture/tls/tls-reload-1.c -O3 -fomit-frame-pointer -pie -fPIE compilation failed to produce executable
FAIL: gcc.dg/torture/tls/tls-reload-1.c -O3 -g -pie -fPIE (test for excess errors)
UNRESOLVED: gcc.dg/torture/tls/tls-reload-1.c -O3 -g -pie -fPIE compilation failed to produce executable
FAIL: gcc.dg/torture/tls/tls-reload-1.c -Os -pie -fPIE (test for excess errors)
UNRESOLVED: gcc.dg/torture/tls/tls-reload-1.c -Os -pie -fPIE compilation failed to produce executable
FAIL: gcc.dg/torture/tls/tls-test.c -O0 -pie -fpie (test for excess errors)
UNRESOLVED: gcc.dg/torture/tls/tls-test.c -O0 -pie -fpie compilation failed to produce executable
FAIL: gcc.dg/torture/tls/tls-test.c -O1 -pie -fpie (test for excess errors)
UNRESOLVED: gcc.dg/torture/tls/tls-test.c -O1 -pie -fpie compilation failed to produce executable
FAIL: gcc.dg/torture/tls/tls-test.c -O2 -pie -fpie (test for excess errors)
UNRESOLVED: gcc.dg/torture/tls/tls-test.c -O2 -pie -fpie compilation failed to produce executable
FAIL: gcc.dg/torture/tls/tls-test.c -O3 -fomit-frame-pointer -pie -fpie (test for excess errors)
UNRESOLVED: gcc.dg/torture/tls/tls-test.c -O3 -fomit-frame-pointer -pie -fpie compilation failed to produce executable
FAIL: gcc.dg/torture/tls/tls-test.c -O3 -g -pie -fpie (test for excess errors)
UNRESOLVED: gcc.dg/torture/tls/tls-test.c -O3 -g -pie -fpie compilation failed to produce executable
FAIL: gcc.dg/torture/tls/tls-test.c -Os -pie -fpie (test for excess errors)
UNRESOLVED: gcc.dg/torture/tls/tls-test.c -Os -pie -fpie compilation failed to produce executable
FAIL: gcc.dg/torture/tls/tls-test.c -O0 -pie -fPIE (test for excess errors)
UNRESOLVED: gcc.dg/torture/tls/tls-test.c -O0 -pie -fPIE compilation failed to produce executable
FAIL: gcc.dg/torture/tls/tls-test.c -O1 -pie -fPIE (test for excess errors)
UNRESOLVED: gcc.dg/torture/tls/tls-test.c -O1 -pie -fPIE compilation failed to produce executable
FAIL: gcc.dg/torture/tls/tls-test.c -O2 -pie -fPIE (test for excess errors)
UNRESOLVED: gcc.dg/torture/tls/tls-test.c -O2 -pie -fPIE compilation failed to produce executable
FAIL: gcc.dg/torture/tls/tls-test.c -O3 -fomit-frame-pointer -pie -fPIE (test for excess errors)
UNRESOLVED: gcc.dg/torture/tls/tls-test.c -O3 -fomit-frame-pointer -pie -fPIE compilation failed to produce executable
FAIL: gcc.dg/torture/tls/tls-test.c -O3 -g -pie -fPIE (test for excess errors)
UNRESOLVED: gcc.dg/torture/tls/tls-test.c -O3 -g -pie -fPIE compilation failed to produce executable
FAIL: gcc.dg/torture/tls/tls-test.c -Os -pie -fPIE (test for excess errors)
UNRESOLVED: gcc.dg/torture/tls/tls-test.c -Os -pie -fPIE compilation failed to produce executable
FAIL: gcc.dg/tree-ssa/attr-alias.c scan-tree-dump-times optimized " test4 " 1
FAIL: gcc.target/i386/pr56114.c (test for excess errors)
=== gcc Summary for unix/-m64 ===
# of expected passes 95526
# of unexpected failures 178
# of expected failures 251
# of unresolved testcases 61
# of unsupported tests 2271
=== gcc Summary ===
# of expected passes 190949
# of unexpected failures 205
# of expected failures 500
# of unresolved testcases 62
# of unsupported tests 4233
/home/guerby/build/gcc/xgcc version 4.9.0 20130809 (experimental) [trunk revision 201621] (GCC)
=== g++ tests ===
Running target unix/-m32
FAIL: g++.dg/asan/asan_test.C -O2 AddressSanitizer_pread64 pread64(fd, x, 15, 0) execution test
FAIL: g++.dg/asan/asan_test.C -O2 AddressSanitizer_pread pread(fd, x, 15, 0) execution test
FAIL: g++.dg/other/anon5.C -std=gnu++98 (test for excess errors)
FAIL: g++.dg/other/anon5.C -std=gnu++11 (test for excess errors)
FAIL: g++.dg/torture/covariant-1.C -O2 -flto -flto-partition=none execution test
FAIL: g++.dg/torture/covariant-1.C -O2 -flto execution test
=== g++ Summary for unix/-m32 ===
# of expected passes 55660
# of unexpected failures 6
# of expected failures 293
# of unsupported tests 786
Running target unix/-m64
FAIL: c-c++-common/asan/clone-test-1.c -O0 execution test
FAIL: c-c++-common/asan/clone-test-1.c -O1 execution test
FAIL: c-c++-common/asan/clone-test-1.c -O2 execution test
FAIL: c-c++-common/asan/clone-test-1.c -O3 -fomit-frame-pointer execution test
FAIL: c-c++-common/asan/clone-test-1.c -O3 -fomit-frame-pointer -funroll-loops execution test
FAIL: c-c++-common/asan/clone-test-1.c -O3 -fomit-frame-pointer -funroll-all-loops -finline-functions execution test
FAIL: c-c++-common/asan/clone-test-1.c -O3 -g execution test
FAIL: c-c++-common/asan/clone-test-1.c -Os execution test
FAIL: c-c++-common/asan/clone-test-1.c -O2 -flto -flto-partition=none execution test
FAIL: c-c++-common/asan/clone-test-1.c -O2 -flto execution test
FAIL: c-c++-common/asan/global-overflow-1.c -O0 output pattern test, is ==19844== ERROR: AddressSanitizer failed to allocate 0xdfff0001000 (15392894357504) bytes at address 0x02008fff7000 (12)
FAIL: c-c++-common/asan/global-overflow-1.c -O1 output pattern test, is ==19856== ERROR: AddressSanitizer failed to allocate 0xdfff0001000 (15392894357504) bytes at address 0x02008fff7000 (12)
FAIL: c-c++-common/asan/global-overflow-1.c -O2 output pattern test, is ==19868== ERROR: AddressSanitizer failed to allocate 0xdfff0001000 (15392894357504) bytes at address 0x02008fff7000 (12)
FAIL: c-c++-common/asan/global-overflow-1.c -O3 -fomit-frame-pointer output pattern test, is ==19880== ERROR: AddressSanitizer failed to allocate 0xdfff0001000 (15392894357504) bytes at address 0x02008fff7000 (12)
FAIL: c-c++-common/asan/global-overflow-1.c -O3 -g output pattern test, is ==19892== ERROR: AddressSanitizer failed to allocate 0xdfff0001000 (15392894357504) bytes at address 0x02008fff7000 (12)
FAIL: c-c++-common/asan/global-overflow-1.c -Os output pattern test, is ==19904== ERROR: AddressSanitizer failed to allocate 0xdfff0001000 (15392894357504) bytes at address 0x02008fff7000 (12)
FAIL: c-c++-common/asan/global-overflow-1.c -O2 -flto -flto-partition=none output pattern test, is ==19937== ERROR: AddressSanitizer failed to allocate 0xdfff0001000 (15392894357504) bytes at address 0x02008fff7000 (12)
FAIL: c-c++-common/asan/global-overflow-1.c -O2 -flto output pattern test, is ==19972== ERROR: AddressSanitizer failed to allocate 0xdfff0001000 (15392894357504) bytes at address 0x02008fff7000 (12)
FAIL: c-c++-common/asan/heap-overflow-1.c -O0 output pattern test, is ==19984== ERROR: AddressSanitizer failed to allocate 0xdfff0001000 (15392894357504) bytes at address 0x02008fff7000 (12)
FAIL: c-c++-common/asan/heap-overflow-1.c -O1 output pattern test, is ==19996== ERROR: AddressSanitizer failed to allocate 0xdfff0001000 (15392894357504) bytes at address 0x02008fff7000 (12)
FAIL: c-c++-common/asan/heap-overflow-1.c -O2 output pattern test, is ==20008== ERROR: AddressSanitizer failed to allocate 0xdfff0001000 (15392894357504) bytes at address 0x02008fff7000 (12)
FAIL: c-c++-common/asan/heap-overflow-1.c -O3 -fomit-frame-pointer output pattern test, is ==20020== ERROR: AddressSanitizer failed to allocate 0xdfff0001000 (15392894357504) bytes at address 0x02008fff7000 (12)
FAIL: c-c++-common/asan/heap-overflow-1.c -O3 -g output pattern test, is ==20032== ERROR: AddressSanitizer failed to allocate 0xdfff0001000 (15392894357504) bytes at address 0x02008fff7000 (12)
FAIL: c-c++-common/asan/heap-overflow-1.c -Os output pattern test, is ==20044== ERROR: AddressSanitizer failed to allocate 0xdfff0001000 (15392894357504) bytes at address 0x02008fff7000 (12)
FAIL: c-c++-common/asan/heap-overflow-1.c -O2 -flto -flto-partition=none output pattern test, is ==20077== ERROR: AddressSanitizer failed to allocate 0xdfff0001000 (15392894357504) bytes at address 0x02008fff7000 (12)
FAIL: c-c++-common/asan/heap-overflow-1.c -O2 -flto output pattern test, is ==20112== ERROR: AddressSanitizer failed to allocate 0xdfff0001000 (15392894357504) bytes at address 0x02008fff7000 (12)
FAIL: c-c++-common/asan/memcmp-1.c -O0 output pattern test, is ==20130== ERROR: AddressSanitizer failed to allocate 0xdfff0001000 (15392894357504) bytes at address 0x02008fff7000 (12)
FAIL: c-c++-common/asan/memcmp-1.c -O1 output pattern test, is ==20143== ERROR: AddressSanitizer failed to allocate 0xdfff0001000 (15392894357504) bytes at address 0x02008fff7000 (12)
FAIL: c-c++-common/asan/memcmp-1.c -O2 output pattern test, is ==20155== ERROR: AddressSanitizer failed to allocate 0xdfff0001000 (15392894357504) bytes at address 0x02008fff7000 (12)
FAIL: c-c++-common/asan/memcmp-1.c -O3 -fomit-frame-pointer output pattern test, is ==20167== ERROR: AddressSanitizer failed to allocate 0xdfff0001000 (15392894357504) bytes at address 0x02008fff7000 (12)
FAIL: c-c++-common/asan/memcmp-1.c -O3 -g output pattern test, is ==20179== ERROR: AddressSanitizer failed to allocate 0xdfff0001000 (15392894357504) bytes at address 0x02008fff7000 (12)
FAIL: c-c++-common/asan/memcmp-1.c -Os output pattern test, is ==20191== ERROR: AddressSanitizer failed to allocate 0xdfff0001000 (15392894357504) bytes at address 0x02008fff7000 (12)
FAIL: c-c++-common/asan/memcmp-1.c -O2 -flto -flto-partition=none output pattern test, is ==20224== ERROR: AddressSanitizer failed to allocate 0xdfff0001000 (15392894357504) bytes at address 0x02008fff7000 (12)
FAIL: c-c++-common/asan/memcmp-1.c -O2 -flto output pattern test, is ==20259== ERROR: AddressSanitizer failed to allocate 0xdfff0001000 (15392894357504) bytes at address 0x02008fff7000 (12)
FAIL: c-c++-common/asan/null-deref-1.c -O0 output pattern test, is ==20364== ERROR: AddressSanitizer failed to allocate 0xdfff0001000 (15392894357504) bytes at address 0x02008fff7000 (12)
FAIL: c-c++-common/asan/null-deref-1.c -O1 output pattern test, is ==20376== ERROR: AddressSanitizer failed to allocate 0xdfff0001000 (15392894357504) bytes at address 0x02008fff7000 (12)
FAIL: c-c++-common/asan/null-deref-1.c -O2 output pattern test, is ==20388== ERROR: AddressSanitizer failed to allocate 0xdfff0001000 (15392894357504) bytes at address 0x02008fff7000 (12)
FAIL: c-c++-common/asan/null-deref-1.c -O3 -fomit-frame-pointer output pattern test, is ==20400== ERROR: AddressSanitizer failed to allocate 0xdfff0001000 (15392894357504) bytes at address 0x02008fff7000 (12)
FAIL: c-c++-common/asan/null-deref-1.c -O3 -g output pattern test, is ==20412== ERROR: AddressSanitizer failed to allocate 0xdfff0001000 (15392894357504) bytes at address 0x02008fff7000 (12)
FAIL: c-c++-common/asan/null-deref-1.c -Os output pattern test, is ==20424== ERROR: AddressSanitizer failed to allocate 0xdfff0001000 (15392894357504) bytes at address 0x02008fff7000 (12)
FAIL: c-c++-common/asan/null-deref-1.c -O2 -flto -flto-partition=none output pattern test, is ==20463== ERROR: AddressSanitizer failed to allocate 0xdfff0001000 (15392894357504) bytes at address 0x02008fff7000 (12)
FAIL: c-c++-common/asan/null-deref-1.c -O2 -flto output pattern test, is ==20498== ERROR: AddressSanitizer failed to allocate 0xdfff0001000 (15392894357504) bytes at address 0x02008fff7000 (12)
FAIL: c-c++-common/asan/rlimit-mmap-test-1.c -O0 output pattern test, is ==20560== ERROR: AddressSanitizer failed to allocate 0xdfff0001000 (15392894357504) bytes at address 0x02008fff7000 (12)
FAIL: c-c++-common/asan/sanity-check-pure-c-1.c -O0 output pattern test, is ==20572== ERROR: AddressSanitizer failed to allocate 0xdfff0001000 (15392894357504) bytes at address 0x02008fff7000 (12)
FAIL: c-c++-common/asan/sanity-check-pure-c-1.c -O1 output pattern test, is ==20584== ERROR: AddressSanitizer failed to allocate 0xdfff0001000 (15392894357504) bytes at address 0x02008fff7000 (12)
FAIL: c-c++-common/asan/sanity-check-pure-c-1.c -O2 output pattern test, is ==20596== ERROR: AddressSanitizer failed to allocate 0xdfff0001000 (15392894357504) bytes at address 0x02008fff7000 (12)
FAIL: c-c++-common/asan/sanity-check-pure-c-1.c -O3 -fomit-frame-pointer output pattern test, is ==20608== ERROR: AddressSanitizer failed to allocate 0xdfff0001000 (15392894357504) bytes at address 0x02008fff7000 (12)
FAIL: c-c++-common/asan/sanity-check-pure-c-1.c -O3 -g output pattern test, is ==20620== ERROR: AddressSanitizer failed to allocate 0xdfff0001000 (15392894357504) bytes at address 0x02008fff7000 (12)
FAIL: c-c++-common/asan/sanity-check-pure-c-1.c -Os output pattern test, is ==20632== ERROR: AddressSanitizer failed to allocate 0xdfff0001000 (15392894357504) bytes at address 0x02008fff7000 (12)
FAIL: c-c++-common/asan/sanity-check-pure-c-1.c -O2 -flto -flto-partition=none output pattern test, is ==20665== ERROR: AddressSanitizer failed to allocate 0xdfff0001000 (15392894357504) bytes at address 0x02008fff7000 (12)
FAIL: c-c++-common/asan/sanity-check-pure-c-1.c -O2 -flto output pattern test, is ==20700== ERROR: AddressSanitizer failed to allocate 0xdfff0001000 (15392894357504) bytes at address 0x02008fff7000 (12)
FAIL: c-c++-common/asan/sleep-before-dying-1.c -O2 output pattern test, is ==20712== ERROR: AddressSanitizer failed to allocate 0xdfff0001000 (15392894357504) bytes at address 0x02008fff7000 (12)
FAIL: c-c++-common/asan/sleep-before-dying-1.c -O2 -flto -flto-partition=none output pattern test, is ==20745== ERROR: AddressSanitizer failed to allocate 0xdfff0001000 (15392894357504) bytes at address 0x02008fff7000 (12)
FAIL: c-c++-common/asan/sleep-before-dying-1.c -O2 -flto output pattern test, is ==20780== ERROR: AddressSanitizer failed to allocate 0xdfff0001000 (15392894357504) bytes at address 0x02008fff7000 (12)
FAIL: c-c++-common/asan/stack-overflow-1.c -O0 output pattern test, is ==20792== ERROR: AddressSanitizer failed to allocate 0xdfff0001000 (15392894357504) bytes at address 0x02008fff7000 (12)
FAIL: c-c++-common/asan/stack-overflow-1.c -O1 output pattern test, is ==20804== ERROR: AddressSanitizer failed to allocate 0xdfff0001000 (15392894357504) bytes at address 0x02008fff7000 (12)
FAIL: c-c++-common/asan/stack-overflow-1.c -O2 output pattern test, is ==20816== ERROR: AddressSanitizer failed to allocate 0xdfff0001000 (15392894357504) bytes at address 0x02008fff7000 (12)
FAIL: c-c++-common/asan/stack-overflow-1.c -O3 -fomit-frame-pointer output pattern test, is ==20828== ERROR: AddressSanitizer failed to allocate 0xdfff0001000 (15392894357504) bytes at address 0x02008fff7000 (12)
FAIL: c-c++-common/asan/stack-overflow-1.c -O3 -g output pattern test, is ==20840== ERROR: AddressSanitizer failed to allocate 0xdfff0001000 (15392894357504) bytes at address 0x02008fff7000 (12)
FAIL: c-c++-common/asan/stack-overflow-1.c -Os output pattern test, is ==20852== ERROR: AddressSanitizer failed to allocate 0xdfff0001000 (15392894357504) bytes at address 0x02008fff7000 (12)
FAIL: c-c++-common/asan/stack-overflow-1.c -O2 -flto -flto-partition=none output pattern test, is ==20885== ERROR: AddressSanitizer failed to allocate 0xdfff0001000 (15392894357504) bytes at address 0x02008fff7000 (12)
FAIL: c-c++-common/asan/stack-overflow-1.c -O2 -flto output pattern test, is ==20926== ERROR: AddressSanitizer failed to allocate 0xdfff0001000 (15392894357504) bytes at address 0x02008fff7000 (12)
FAIL: c-c++-common/asan/strip-path-prefix-1.c -O2 output pattern test, is ==20938== ERROR: AddressSanitizer failed to allocate 0xdfff0001000 (15392894357504) bytes at address 0x02008fff7000 (12)
FAIL: c-c++-common/asan/strip-path-prefix-1.c -O2 -flto -flto-partition=none output pattern test, is ==20971== ERROR: AddressSanitizer failed to allocate 0xdfff0001000 (15392894357504) bytes at address 0x02008fff7000 (12)
FAIL: c-c++-common/asan/strip-path-prefix-1.c -O2 -flto output pattern test, is ==21009== ERROR: AddressSanitizer failed to allocate 0xdfff0001000 (15392894357504) bytes at address 0x02008fff7000 (12)
FAIL: c-c++-common/asan/strncpy-overflow-1.c -O0 output pattern test, is ==21024== ERROR: AddressSanitizer failed to allocate 0xdfff0001000 (15392894357504) bytes at address 0x02008fff7000 (12)
FAIL: c-c++-common/asan/strncpy-overflow-1.c -O1 output pattern test, is ==21036== ERROR: AddressSanitizer failed to allocate 0xdfff0001000 (15392894357504) bytes at address 0x02008fff7000 (12)
FAIL: c-c++-common/asan/strncpy-overflow-1.c -O2 output pattern test, is ==21048== ERROR: AddressSanitizer failed to allocate 0xdfff0001000 (15392894357504) bytes at address 0x02008fff7000 (12)
FAIL: c-c++-common/asan/strncpy-overflow-1.c -O3 -fomit-frame-pointer output pattern test, is ==21066== ERROR: AddressSanitizer failed to allocate 0xdfff0001000 (15392894357504) bytes at address 0x02008fff7000 (12)
FAIL: c-c++-common/asan/strncpy-overflow-1.c -O3 -g output pattern test, is ==21078== ERROR: AddressSanitizer failed to allocate 0xdfff0001000 (15392894357504) bytes at address 0x02008fff7000 (12)
FAIL: c-c++-common/asan/strncpy-overflow-1.c -Os output pattern test, is ==21090== ERROR: AddressSanitizer failed to allocate 0xdfff0001000 (15392894357504) bytes at address 0x02008fff7000 (12)
FAIL: c-c++-common/asan/strncpy-overflow-1.c -O2 -flto -flto-partition=none output pattern test, is ==21123== ERROR: AddressSanitizer failed to allocate 0xdfff0001000 (15392894357504) bytes at address 0x02008fff7000 (12)
FAIL: c-c++-common/asan/strncpy-overflow-1.c -O2 -flto output pattern test, is ==21158== ERROR: AddressSanitizer failed to allocate 0xdfff0001000 (15392894357504) bytes at address 0x02008fff7000 (12)
FAIL: c-c++-common/asan/swapcontext-test-1.c -O0 execution test
FAIL: c-c++-common/asan/swapcontext-test-1.c -O1 execution test
FAIL: c-c++-common/asan/swapcontext-test-1.c -O2 execution test
FAIL: c-c++-common/asan/swapcontext-test-1.c -O3 -fomit-frame-pointer execution test
FAIL: c-c++-common/asan/swapcontext-test-1.c -O3 -fomit-frame-pointer -funroll-loops execution test
FAIL: c-c++-common/asan/swapcontext-test-1.c -O3 -fomit-frame-pointer -funroll-all-loops -finline-functions execution test
FAIL: c-c++-common/asan/swapcontext-test-1.c -O3 -g execution test
FAIL: c-c++-common/asan/swapcontext-test-1.c -Os execution test
FAIL: c-c++-common/asan/swapcontext-test-1.c -O2 -flto -flto-partition=none execution test
FAIL: c-c++-common/asan/swapcontext-test-1.c -O2 -flto execution test
FAIL: c-c++-common/asan/use-after-free-1.c -O0 output pattern test, is ==21350== ERROR: AddressSanitizer failed to allocate 0xdfff0001000 (15392894357504) bytes at address 0x02008fff7000 (12)
FAIL: c-c++-common/asan/use-after-free-1.c -O1 output pattern test, is ==21362== ERROR: AddressSanitizer failed to allocate 0xdfff0001000 (15392894357504) bytes at address 0x02008fff7000 (12)
FAIL: c-c++-common/asan/use-after-free-1.c -O2 output pattern test, is ==21374== ERROR: AddressSanitizer failed to allocate 0xdfff0001000 (15392894357504) bytes at address 0x02008fff7000 (12)
FAIL: c-c++-common/asan/use-after-free-1.c -O3 -fomit-frame-pointer output pattern test, is ==21386== ERROR: AddressSanitizer failed to allocate 0xdfff0001000 (15392894357504) bytes at address 0x02008fff7000 (12)
FAIL: c-c++-common/asan/use-after-free-1.c -O3 -g output pattern test, is ==21398== ERROR: AddressSanitizer failed to allocate 0xdfff0001000 (15392894357504) bytes at address 0x02008fff7000 (12)
FAIL: c-c++-common/asan/use-after-free-1.c -Os output pattern test, is ==21410== ERROR: AddressSanitizer failed to allocate 0xdfff0001000 (15392894357504) bytes at address 0x02008fff7000 (12)
FAIL: c-c++-common/asan/use-after-free-1.c -O2 -flto -flto-partition=none output pattern test, is ==21443== ERROR: AddressSanitizer failed to allocate 0xdfff0001000 (15392894357504) bytes at address 0x02008fff7000 (12)
FAIL: c-c++-common/asan/use-after-free-1.c -O2 -flto output pattern test, is ==21478== ERROR: AddressSanitizer failed to allocate 0xdfff0001000 (15392894357504) bytes at address 0x02008fff7000 (12)
FAIL: g++.dg/asan/deep-stack-uaf-1.C -O0 output pattern test, is ==21509== ERROR: AddressSanitizer failed to allocate 0xdfff0001000 (15392894357504) bytes at address 0x02008fff7000 (12)
FAIL: g++.dg/asan/deep-stack-uaf-1.C -O1 output pattern test, is ==21521== ERROR: AddressSanitizer failed to allocate 0xdfff0001000 (15392894357504) bytes at address 0x02008fff7000 (12)
FAIL: g++.dg/asan/deep-stack-uaf-1.C -O2 output pattern test, is ==21533== ERROR: AddressSanitizer failed to allocate 0xdfff0001000 (15392894357504) bytes at address 0x02008fff7000 (12)
FAIL: g++.dg/asan/deep-stack-uaf-1.C -O3 -fomit-frame-pointer output pattern test, is ==21545== ERROR: AddressSanitizer failed to allocate 0xdfff0001000 (15392894357504) bytes at address 0x02008fff7000 (12)
FAIL: g++.dg/asan/deep-stack-uaf-1.C -O3 -g output pattern test, is ==21557== ERROR: AddressSanitizer failed to allocate 0xdfff0001000 (15392894357504) bytes at address 0x02008fff7000 (12)
FAIL: g++.dg/asan/deep-stack-uaf-1.C -Os output pattern test, is ==21569== ERROR: AddressSanitizer failed to allocate 0xdfff0001000 (15392894357504) bytes at address 0x02008fff7000 (12)
FAIL: g++.dg/asan/deep-tail-call-1.C -O0 output pattern test, is ==21581== ERROR: AddressSanitizer failed to allocate 0xdfff0001000 (15392894357504) bytes at address 0x02008fff7000 (12)
FAIL: g++.dg/asan/deep-tail-call-1.C -O1 output pattern test, is ==21593== ERROR: AddressSanitizer failed to allocate 0xdfff0001000 (15392894357504) bytes at address 0x02008fff7000 (12)
FAIL: g++.dg/asan/deep-tail-call-1.C -O2 output pattern test, is ==21605== ERROR: AddressSanitizer failed to allocate 0xdfff0001000 (15392894357504) bytes at address 0x02008fff7000 (12)
FAIL: g++.dg/asan/deep-tail-call-1.C -O3 -fomit-frame-pointer output pattern test, is ==21617== ERROR: AddressSanitizer failed to allocate 0xdfff0001000 (15392894357504) bytes at address 0x02008fff7000 (12)
FAIL: g++.dg/asan/deep-tail-call-1.C -O3 -g output pattern test, is ==21629== ERROR: AddressSanitizer failed to allocate 0xdfff0001000 (15392894357504) bytes at address 0x02008fff7000 (12)
FAIL: g++.dg/asan/deep-tail-call-1.C -Os output pattern test, is ==21641== ERROR: AddressSanitizer failed to allocate 0xdfff0001000 (15392894357504) bytes at address 0x02008fff7000 (12)
FAIL: g++.dg/asan/deep-tail-call-1.C -O2 -flto -flto-partition=none output pattern test, is ==21674== ERROR: AddressSanitizer failed to allocate 0xdfff0001000 (15392894357504) bytes at address 0x02008fff7000 (12)
FAIL: g++.dg/asan/deep-tail-call-1.C -O2 -flto output pattern test, is ==21709== ERROR: AddressSanitizer failed to allocate 0xdfff0001000 (15392894357504) bytes at address 0x02008fff7000 (12)
FAIL: g++.dg/asan/deep-thread-stack-1.C -O0 output pattern test, is ==21728== ERROR: AddressSanitizer failed to allocate 0xdfff0001000 (15392894357504) bytes at address 0x02008fff7000 (12)
FAIL: g++.dg/asan/deep-thread-stack-1.C -O1 output pattern test, is ==21740== ERROR: AddressSanitizer failed to allocate 0xdfff0001000 (15392894357504) bytes at address 0x02008fff7000 (12)
FAIL: g++.dg/asan/deep-thread-stack-1.C -O2 output pattern test, is ==21752== ERROR: AddressSanitizer failed to allocate 0xdfff0001000 (15392894357504) bytes at address 0x02008fff7000 (12)
FAIL: g++.dg/asan/deep-thread-stack-1.C -O3 -fomit-frame-pointer output pattern test, is ==21764== ERROR: AddressSanitizer failed to allocate 0xdfff0001000 (15392894357504) bytes at address 0x02008fff7000 (12)
FAIL: g++.dg/asan/deep-thread-stack-1.C -O3 -g output pattern test, is ==21776== ERROR: AddressSanitizer failed to allocate 0xdfff0001000 (15392894357504) bytes at address 0x02008fff7000 (12)
FAIL: g++.dg/asan/deep-thread-stack-1.C -Os output pattern test, is ==21788== ERROR: AddressSanitizer failed to allocate 0xdfff0001000 (15392894357504) bytes at address 0x02008fff7000 (12)
FAIL: g++.dg/asan/deep-thread-stack-1.C -O2 -flto -flto-partition=none output pattern test, is ==21821== ERROR: AddressSanitizer failed to allocate 0xdfff0001000 (15392894357504) bytes at address 0x02008fff7000 (12)
FAIL: g++.dg/asan/deep-thread-stack-1.C -O2 -flto output pattern test, is ==21856== ERROR: AddressSanitizer failed to allocate 0xdfff0001000 (15392894357504) bytes at address 0x02008fff7000 (12)
FAIL: g++.dg/asan/default-options-1.C -O0 execution test
FAIL: g++.dg/asan/default-options-1.C -O1 execution test
FAIL: g++.dg/asan/default-options-1.C -O2 execution test
FAIL: g++.dg/asan/default-options-1.C -O3 -fomit-frame-pointer execution test
FAIL: g++.dg/asan/default-options-1.C -O3 -g execution test
FAIL: g++.dg/asan/default-options-1.C -Os execution test
FAIL: g++.dg/asan/default-options-1.C -O2 -flto -flto-partition=none execution test
FAIL: g++.dg/asan/default-options-1.C -O2 -flto execution test
FAIL: g++.dg/asan/interception-failure-test-1.C -O0 execution test
FAIL: g++.dg/asan/interception-failure-test-1.C -O1 execution test
FAIL: g++.dg/asan/interception-failure-test-1.C -O2 execution test
FAIL: g++.dg/asan/interception-failure-test-1.C -O3 -fomit-frame-pointer execution test
FAIL: g++.dg/asan/interception-failure-test-1.C -O3 -g execution test
FAIL: g++.dg/asan/interception-failure-test-1.C -Os execution test
FAIL: g++.dg/asan/interception-failure-test-1.C -O2 -flto -flto-partition=none execution test
FAIL: g++.dg/asan/interception-failure-test-1.C -O2 -flto execution test
FAIL: g++.dg/asan/interception-malloc-test-1.C -O0 output pattern test, is ==22160== ERROR: AddressSanitizer failed to allocate 0xdfff0001000 (15392894357504) bytes at address 0x02008fff7000 (12)
FAIL: g++.dg/asan/interception-malloc-test-1.C -O1 output pattern test, is ==22172== ERROR: AddressSanitizer failed to allocate 0xdfff0001000 (15392894357504) bytes at address 0x02008fff7000 (12)
FAIL: g++.dg/asan/interception-malloc-test-1.C -O2 output pattern test, is ==22184== ERROR: AddressSanitizer failed to allocate 0xdfff0001000 (15392894357504) bytes at address 0x02008fff7000 (12)
FAIL: g++.dg/asan/interception-malloc-test-1.C -O3 -fomit-frame-pointer output pattern test, is ==22196== ERROR: AddressSanitizer failed to allocate 0xdfff0001000 (15392894357504) bytes at address 0x02008fff7000 (12)
FAIL: g++.dg/asan/interception-malloc-test-1.C -O3 -g output pattern test, is ==22208== ERROR: AddressSanitizer failed to allocate 0xdfff0001000 (15392894357504) bytes at address 0x02008fff7000 (12)
FAIL: g++.dg/asan/interception-malloc-test-1.C -Os output pattern test, is ==22220== ERROR: AddressSanitizer failed to allocate 0xdfff0001000 (15392894357504) bytes at address 0x02008fff7000 (12)
FAIL: g++.dg/asan/interception-malloc-test-1.C -O2 -flto -flto-partition=none output pattern test, is ==22253== ERROR: AddressSanitizer failed to allocate 0xdfff0001000 (15392894357504) bytes at address 0x02008fff7000 (12)
FAIL: g++.dg/asan/interception-malloc-test-1.C -O2 -flto output pattern test, is ==22288== ERROR: AddressSanitizer failed to allocate 0xdfff0001000 (15392894357504) bytes at address 0x02008fff7000 (12)
FAIL: g++.dg/asan/interception-test-1.C -O0 output pattern test, is ==22300== ERROR: AddressSanitizer failed to allocate 0xdfff0001000 (15392894357504) bytes at address 0x02008fff7000 (12)
FAIL: g++.dg/asan/interception-test-1.C -O1 output pattern test, is ==22312== ERROR: AddressSanitizer failed to allocate 0xdfff0001000 (15392894357504) bytes at address 0x02008fff7000 (12)
FAIL: g++.dg/asan/interception-test-1.C -O2 output pattern test, is ==22324== ERROR: AddressSanitizer failed to allocate 0xdfff0001000 (15392894357504) bytes at address 0x02008fff7000 (12)
FAIL: g++.dg/asan/interception-test-1.C -O3 -fomit-frame-pointer output pattern test, is ==22336== ERROR: AddressSanitizer failed to allocate 0xdfff0001000 (15392894357504) bytes at address 0x02008fff7000 (12)
FAIL: g++.dg/asan/interception-test-1.C -O3 -g output pattern test, is ==22348== ERROR: AddressSanitizer failed to allocate 0xdfff0001000 (15392894357504) bytes at address 0x02008fff7000 (12)
FAIL: g++.dg/asan/interception-test-1.C -Os output pattern test, is ==22360== ERROR: AddressSanitizer failed to allocate 0xdfff0001000 (15392894357504) bytes at address 0x02008fff7000 (12)
FAIL: g++.dg/asan/interception-test-1.C -O2 -flto -flto-partition=none output pattern test, is ==22393== ERROR: AddressSanitizer failed to allocate 0xdfff0001000 (15392894357504) bytes at address 0x02008fff7000 (12)
FAIL: g++.dg/asan/interception-test-1.C -O2 -flto output pattern test, is ==22428== ERROR: AddressSanitizer failed to allocate 0xdfff0001000 (15392894357504) bytes at address 0x02008fff7000 (12)
FAIL: g++.dg/asan/large-func-test-1.C -O0 output pattern test, is ==22440== ERROR: AddressSanitizer failed to allocate 0xdfff0001000 (15392894357504) bytes at address 0x02008fff7000 (12)
FAIL: g++.dg/asan/large-func-test-1.C -O1 output pattern test, is ==22452== ERROR: AddressSanitizer failed to allocate 0xdfff0001000 (15392894357504) bytes at address 0x02008fff7000 (12)
FAIL: g++.dg/asan/large-func-test-1.C -O2 output pattern test, is ==22465== ERROR: AddressSanitizer failed to allocate 0xdfff0001000 (15392894357504) bytes at address 0x02008fff7000 (12)
FAIL: g++.dg/asan/large-func-test-1.C -O3 -fomit-frame-pointer output pattern test, is ==22482== ERROR: AddressSanitizer failed to allocate 0xdfff0001000 (15392894357504) bytes at address 0x02008fff7000 (12)
FAIL: g++.dg/asan/large-func-test-1.C -O3 -g output pattern test, is ==22494== ERROR: AddressSanitizer failed to allocate 0xdfff0001000 (15392894357504) bytes at address 0x02008fff7000 (12)
FAIL: g++.dg/asan/large-func-test-1.C -Os output pattern test, is ==22506== ERROR: AddressSanitizer failed to allocate 0xdfff0001000 (15392894357504) bytes at address 0x02008fff7000 (12)
FAIL: g++.dg/asan/large-func-test-1.C -O2 -flto -flto-partition=none output pattern test, is ==22539== ERROR: AddressSanitizer failed to allocate 0xdfff0001000 (15392894357504) bytes at address 0x02008fff7000 (12)
FAIL: g++.dg/asan/large-func-test-1.C -O2 -flto output pattern test, is ==22584== ERROR: AddressSanitizer failed to allocate 0xdfff0001000 (15392894357504) bytes at address 0x02008fff7000 (12)
FAIL: g++.dg/asan/pr55617.C -O0 execution test
FAIL: g++.dg/asan/pr55617.C -O1 execution test
FAIL: g++.dg/asan/pr55617.C -O2 execution test
FAIL: g++.dg/asan/pr55617.C -O3 -fomit-frame-pointer execution test
FAIL: g++.dg/asan/pr55617.C -O3 -g execution test
FAIL: g++.dg/asan/pr55617.C -Os execution test
FAIL: g++.dg/asan/pr55617.C -O2 -flto -flto-partition=none execution test
FAIL: g++.dg/asan/pr55617.C -O2 -flto execution test
FAIL: g++.dg/asan/symbolize-callback-1.C -O2 output pattern test, is ==22742== ERROR: AddressSanitizer failed to allocate 0xdfff0001000 (15392894357504) bytes at address 0x02008fff7000 (12)
FAIL: g++.dg/asan/symbolize-callback-1.C -O2 -flto -flto-partition=none output pattern test, is ==22775== ERROR: AddressSanitizer failed to allocate 0xdfff0001000 (15392894357504) bytes at address 0x02008fff7000 (12)
FAIL: g++.dg/asan/symbolize-callback-1.C -O2 -flto output pattern test, is ==22810== ERROR: AddressSanitizer failed to allocate 0xdfff0001000 (15392894357504) bytes at address 0x02008fff7000 (12)
FAIL: g++.dg/other/anon5.C -std=gnu++98 (test for excess errors)
FAIL: g++.dg/other/anon5.C -std=gnu++11 (test for excess errors)
=== g++ Summary for unix/-m64 ===
# of expected passes 54980
# of unexpected failures 166
# of expected failures 293
# of unsupported tests 1038
=== g++ Summary ===
# of expected passes 110640
# of unexpected failures 172
# of expected failures 586
# of unsupported tests 1824
/home/guerby/build/gcc/testsuite/g++/../../xg++ version 4.9.0 20130809 (experimental) [trunk revision 201621] (GCC)
=== gnat tests ===
Running target unix/-m32
=== gnat Summary for unix/-m32 ===
# of expected passes 1182
# of expected failures 18
# of unsupported tests 3
Running target unix/-m64
=== gnat Summary for unix/-m64 ===
# of expected passes 1182
# of expected failures 18
# of unsupported tests 3
=== gnat Summary ===
# of expected passes 2364
# of expected failures 36
# of unsupported tests 6
/home/guerby/build/gcc/gnatmake version 4.9.0 20130809 (experimental) [trunk revision 201621]
=== libatomic tests ===
Running target unix/-m32
=== libatomic Summary for unix/-m32 ===
# of expected passes 44
# of unsupported tests 5
Running target unix/-m64
=== libatomic Summary for unix/-m64 ===
# of expected passes 54
=== libatomic Summary ===
# of expected passes 98
# of unsupported tests 5
=== libgomp tests ===
Running target unix/-m32
=== libgomp Summary for unix/-m32 ===
# of expected passes 459
Running target unix/-m64
=== libgomp Summary for unix/-m64 ===
# of expected passes 459
=== libgomp Summary ===
# of expected passes 918
=== libitm tests ===
Running target unix/-m32
=== libitm Summary for unix/-m32 ===
# of expected passes 26
# of expected failures 3
# of unsupported tests 1
Running target unix/-m64
=== libitm Summary for unix/-m64 ===
# of expected passes 26
# of expected failures 3
# of unsupported tests 1
=== libitm Summary ===
# of expected passes 52
# of expected failures 6
# of unsupported tests 2
=== libmudflap tests ===
Running target unix/-m32
FAIL: libmudflap.c/fail17-frag.c (-static) (test for excess errors)
FAIL: libmudflap.c/fail23-frag.c (-static) (test for excess errors)
FAIL: libmudflap.c/fail25-frag.c (-static) (test for excess errors)
FAIL: libmudflap.c/fail4-frag.c (-static) (test for excess errors)
FAIL: libmudflap.c/fail5-frag.c (-static) (test for excess errors)
FAIL: libmudflap.c/fail6-frag.c (-static) (test for excess errors)
FAIL: libmudflap.c/fail7-frag.c (-static) (test for excess errors)
FAIL: libmudflap.c/fail8-frag.c (-static) (test for excess errors)
FAIL: libmudflap.c/fail9-frag.c (-static) (test for excess errors)
FAIL: libmudflap.c/heap-scalestress.c (-static) (test for excess errors)
FAIL: libmudflap.c/hook-allocstuff.c (-static) (test for excess errors)
FAIL: libmudflap.c/pass-stratcliff.c (-static) (test for excess errors)
FAIL: libmudflap.c/pass30-frag.c (-static) (test for excess errors)
FAIL: libmudflap.c/pass30-frag.c (-static) (test for excess errors)
FAIL: libmudflap.c/pass4-frag.c (-static) (test for excess errors)
FAIL: libmudflap.c/pass4-frag.c (-static) (test for excess errors)
FAIL: libmudflap.c/pass45-frag.c (-static) (test for excess errors)
FAIL: libmudflap.c/pass45-frag.c (-static) (test for excess errors)
FAIL: libmudflap.c/pass46-frag.c (-static) (test for excess errors)
FAIL: libmudflap.c/pass46-frag.c (-static) (test for excess errors)
FAIL: libmudflap.c/pass47-frag.c (-static) (test for excess errors)
FAIL: libmudflap.c/pass47-frag.c (-static) (test for excess errors)
FAIL: libmudflap.c/pass49-frag.c (-static) (test for excess errors)
FAIL: libmudflap.c/pass49-frag.c (-static) (test for excess errors)
FAIL: libmudflap.c/pass5-frag.c (-static) (test for excess errors)
FAIL: libmudflap.c/pass5-frag.c (-static) (test for excess errors)
FAIL: libmudflap.c/pass51-frag.c (-static) (test for excess errors)
FAIL: libmudflap.c/pass51-frag.c (-static) (test for excess errors)
FAIL: libmudflap.c/pass52-frag.c (-static) (test for excess errors)
FAIL: libmudflap.c/pass52-frag.c (-static) (test for excess errors)
FAIL: libmudflap.c/pass6-frag.c (-static) (test for excess errors)
FAIL: libmudflap.c/pass6-frag.c (-static) (test for excess errors)
FAIL: libmudflap.c/pass7-frag.c (-static) (test for excess errors)
FAIL: libmudflap.c/pass7-frag.c (-static) (test for excess errors)
FAIL: libmudflap.c/pass8-frag.c (-static) (test for excess errors)
FAIL: libmudflap.c/pass8-frag.c (-static) (test for excess errors)
FAIL: libmudflap.c/pass9-frag.c (-static) (test for excess errors)
FAIL: libmudflap.c/pass9-frag.c (-static) (test for excess errors)
FAIL: libmudflap.c++/fail24-frag.cxx (-static) (test for excess errors)
FAIL: libmudflap.c++/pass31-frag.cxx (-static) (test for excess errors)
FAIL: libmudflap.c++/pass41-frag.cxx (-static) execution test
FAIL: libmudflap.c++/pass41-frag.cxx ( -O) execution test
FAIL: libmudflap.c++/pass41-frag.cxx (-O2) execution test
FAIL: libmudflap.c++/pass41-frag.cxx (-O3) execution test
FAIL: libmudflap.cth/pass37-frag.c (-static -DSTATIC) (test for excess errors)
FAIL: libmudflap.cth/pass39-frag.c (-static -DSTATIC) (test for excess errors)
FAIL: libmudflap.cth/pass40-frag.c (-static -DSTATIC) (test for excess errors)
FAIL: libmudflap.cth/pass59-frag.c (-static -DSTATIC) (test for excess errors)
=== libmudflap Summary for unix/-m32 ===
# of expected passes 1858
# of unexpected failures 48
Running target unix/-m64
FAIL: libmudflap.c/fail17-frag.c (-static) (test for excess errors)
FAIL: libmudflap.c/fail23-frag.c (-static) (test for excess errors)
FAIL: libmudflap.c/fail25-frag.c (-static) (test for excess errors)
FAIL: libmudflap.c/fail4-frag.c (-static) (test for excess errors)
FAIL: libmudflap.c/fail5-frag.c (-static) (test for excess errors)
FAIL: libmudflap.c/fail6-frag.c (-static) (test for excess errors)
FAIL: libmudflap.c/fail7-frag.c (-static) (test for excess errors)
FAIL: libmudflap.c/fail8-frag.c (-static) (test for excess errors)
FAIL: libmudflap.c/fail9-frag.c (-static) (test for excess errors)
FAIL: libmudflap.c/heap-scalestress.c (-static) (test for excess errors)
FAIL: libmudflap.c/hook-allocstuff.c (-static) (test for excess errors)
FAIL: libmudflap.c/pass-stratcliff.c (-static) (test for excess errors)
FAIL: libmudflap.c/pass30-frag.c (-static) (test for excess errors)
FAIL: libmudflap.c/pass30-frag.c (-static) (test for excess errors)
FAIL: libmudflap.c/pass4-frag.c (-static) (test for excess errors)
FAIL: libmudflap.c/pass4-frag.c (-static) (test for excess errors)
FAIL: libmudflap.c/pass45-frag.c (-static) (test for excess errors)
FAIL: libmudflap.c/pass45-frag.c (-static) (test for excess errors)
FAIL: libmudflap.c/pass46-frag.c (-static) (test for excess errors)
FAIL: libmudflap.c/pass46-frag.c (-static) (test for excess errors)
FAIL: libmudflap.c/pass47-frag.c (-static) (test for excess errors)
FAIL: libmudflap.c/pass47-frag.c (-static) (test for excess errors)
FAIL: libmudflap.c/pass49-frag.c (-static) (test for excess errors)
FAIL: libmudflap.c/pass49-frag.c (-static) (test for excess errors)
FAIL: libmudflap.c/pass5-frag.c (-static) (test for excess errors)
FAIL: libmudflap.c/pass5-frag.c (-static) (test for excess errors)
FAIL: libmudflap.c/pass51-frag.c (-static) (test for excess errors)
FAIL: libmudflap.c/pass51-frag.c (-static) (test for excess errors)
FAIL: libmudflap.c/pass52-frag.c (-static) (test for excess errors)
FAIL: libmudflap.c/pass52-frag.c (-static) (test for excess errors)
FAIL: libmudflap.c/pass6-frag.c (-static) (test for excess errors)
FAIL: libmudflap.c/pass6-frag.c (-static) (test for excess errors)
FAIL: libmudflap.c/pass7-frag.c (-static) (test for excess errors)
FAIL: libmudflap.c/pass7-frag.c (-static) (test for excess errors)
FAIL: libmudflap.c/pass8-frag.c (-static) (test for excess errors)
FAIL: libmudflap.c/pass8-frag.c (-static) (test for excess errors)
FAIL: libmudflap.c/pass9-frag.c (-static) (test for excess errors)
FAIL: libmudflap.c/pass9-frag.c (-static) (test for excess errors)
FAIL: libmudflap.c++/fail24-frag.cxx (-static) (test for excess errors)
FAIL: libmudflap.c++/pass31-frag.cxx (-static) (test for excess errors)
FAIL: libmudflap.c++/pass41-frag.cxx (-static) execution test
FAIL: libmudflap.c++/pass41-frag.cxx ( -O) execution test
FAIL: libmudflap.c++/pass41-frag.cxx (-O2) execution test
FAIL: libmudflap.c++/pass41-frag.cxx (-O3) execution test
FAIL: libmudflap.cth/pass37-frag.c (-static -DSTATIC) (test for excess errors)
FAIL: libmudflap.cth/pass39-frag.c (-static -DSTATIC) (test for excess errors)
FAIL: libmudflap.cth/pass40-frag.c (-static -DSTATIC) (test for excess errors)
FAIL: libmudflap.cth/pass59-frag.c (-static -DSTATIC) (test for excess errors)
=== libmudflap Summary for unix/-m64 ===
# of expected passes 1858
# of unexpected failures 48
=== libmudflap Summary ===
# of expected passes 3716
# of unexpected failures 96
=== libstdc++ tests ===
Running target unix/-m32
FAIL: 22_locale/time_get/get_date/wchar_t/4.cc execution test
=== libstdc++ Summary for unix/-m32 ===
# of expected passes 9443
# of unexpected failures 1
# of expected failures 43
# of unsupported tests 220
Running target unix/-m64
FAIL: 22_locale/time_get/get_date/wchar_t/4.cc execution test
=== libstdc++ Summary for unix/-m64 ===
# of expected passes 9435
# of unexpected failures 1
# of expected failures 43
# of unsupported tests 224
=== libstdc++ Summary ===
# of expected passes 18878
# of unexpected failures 2
# of expected failures 86
# of unsupported tests 444
Compiler version: 4.9.0 20130809 (experimental) [trunk revision 201621]
Platform: x86_64-unknown-linux-gnu
configure flags: --prefix=/n/13/guerby/install-trunk --enable-languages=c,ada --enable-__cxa_atexit --disable-nls --enable-threads=posix --with-mpfr=/opt/cfarm/mpfr-2.4.1 --with-gmp=/opt/cfarm/gmp-4.2.4 --with-libelf=/opt/cfarm/libelf-0.8.12 --with-mpc=/opt/cfarm/mpc-0.8