This is the mail archive of the gcc-testresults@gcc.gnu.org mailing list for the GCC project.


Index Nav: [Date Index] [Subject Index] [Author Index] [Thread Index]
Message Nav: [Date Prev] [Date Next] [Thread Prev] [Thread Next]
Other format: [Raw text]

Results for 4.7.2 testsuite on i386-apple-darwin9.8.0


        Summary of Testing gcc-4.7.2

To:  gcc-testresults@gcc.gnu.org

1 Introduction

	Built gcc-4.7.2.  Sending information because other builds seen
for Mac OS X did not include Ada (Gnat).

	Report from configure etc.

bash> config.guess 
i386-apple-darwin9.8.0

bash> gcc -v
Using built-in specs.
COLLECT_GCC=gcc
COLLECT_LTO_WRAPPER=/usr/local/gcc-4.7.2/usr/local/bin/../libexec/gcc/i386-apple-darwin9.8.0/4.7.2/lto-wrapper
Target: i386-apple-darwin9.8.0
Configured with: ../src/gcc-4.7.2/configure --enable-languages=ada,c,c++
Thread model: posix
gcc version 4.7.2 (GCC) 


	Running Mac OS X:

 System Version:	Mac OS X 10.5.8 (9L30)
 Kernel Version:	Darwin 9.8.0
bash> uname -mpv
 Darwin Kernel Version 9.8.0: Wed Jul 15 16:55:01 PDT 2009; root:xnu-1228.15.4~1/RELEASE_I386 i386 i386


2 Problems Encountered

	During the build, test, and install operations, several problems
needed circumvention.  The ones affecting testing are listed in the next
sections.  In some cases bugs have been logged.

2.1 Failures during "Build runtime libraries using the stage3 compiler from the
    previous step."

Problem: Failed with errors for libitm.la:
	"file is not of required architecture" and
	"pointer in read-only segment not allowed"

Work-around: None.  However, a reply from gcc-help indicated:
	"It sounds like everything is working but libitm."

Bug Report: Bug 57292 - Failure in build after stage 3, concerning libitm.la


2.2 Failures during testing

Problem: Testing of libitm failed, but this was expected, due to the above
		=== libitm Summary ===

# of expected passes		1
# of unexpected failures	14
# of unresolved testcases	14
# of unsupported tests		1


3 Conclusion

	The information above might be of use to others building on a similar
Mac platform.

ENT/13-Jul-2013
LAST_UPDATED: Obtained from SVN: tags/gcc_4_7_2_release revision 191558

		=== acats tests ===

		=== acats Summary ===
# of expected passes		2320
# of unexpected failures	0
Native configuration is i386-apple-darwin9.8.0

		=== g++ tests ===


Running target unix
UNRESOLVED: g++.dg/ext/label13.C -std=gnu++98 compilation failed to produce executable
UNRESOLVED: g++.dg/ext/label13.C -std=gnu++11 compilation failed to produce executable

		=== g++ Summary ===

# of expected passes		47171
# of expected failures		288
# of unresolved testcases	2
# of unsupported tests		394
/Gnu/gcc/obj/gcc/testsuite/g++/../../g++  version 4.7.2 (GCC) 

		=== gcc tests ===


Running target unix
FAIL: gcc.dg/bf-ms-layout.c execution test
FAIL: gcc.dg/torture/pr47278-1.c  -O0  (test for excess errors)
FAIL: gcc.dg/torture/pr47278-1.c  -O1  (test for excess errors)
FAIL: gcc.dg/torture/pr47278-1.c  -O2  (test for excess errors)
FAIL: gcc.dg/torture/pr47278-1.c  -O3 -fomit-frame-pointer  (test for excess errors)
FAIL: gcc.dg/torture/pr47278-1.c  -O3 -g  (test for excess errors)
FAIL: gcc.dg/torture/pr47278-1.c  -Os  (test for excess errors)
FAIL: gcc.dg/torture/pr47278-1.c  -O2 -flto -flto-partition=none  (test for excess errors)
FAIL: gcc.dg/torture/pr47278-1.c  -O2 -flto  (test for excess errors)
FAIL: gcc.dg/torture/pr53922.c  -O0  (test for excess errors)
UNRESOLVED: gcc.dg/torture/pr53922.c  -O0  compilation failed to produce executable
FAIL: gcc.dg/torture/pr53922.c  -O1  (test for excess errors)
UNRESOLVED: gcc.dg/torture/pr53922.c  -O1  compilation failed to produce executable
FAIL: gcc.dg/torture/pr53922.c  -O2  (test for excess errors)
UNRESOLVED: gcc.dg/torture/pr53922.c  -O2  compilation failed to produce executable
FAIL: gcc.dg/torture/pr53922.c  -O3 -fomit-frame-pointer  (test for excess errors)
UNRESOLVED: gcc.dg/torture/pr53922.c  -O3 -fomit-frame-pointer  compilation failed to produce executable
FAIL: gcc.dg/torture/pr53922.c  -O3 -g  (test for excess errors)
UNRESOLVED: gcc.dg/torture/pr53922.c  -O3 -g  compilation failed to produce executable
FAIL: gcc.dg/torture/pr53922.c  -Os  (test for excess errors)
UNRESOLVED: gcc.dg/torture/pr53922.c  -Os  compilation failed to produce executable
FAIL: gcc.dg/torture/pr53922.c  -O2 -flto -flto-partition=none  (test for excess errors)
UNRESOLVED: gcc.dg/torture/pr53922.c  -O2 -flto -flto-partition=none  compilation failed to produce executable
FAIL: gcc.dg/torture/pr53922.c  -O2 -flto  (test for excess errors)
UNRESOLVED: gcc.dg/torture/pr53922.c  -O2 -flto  compilation failed to produce executable
FAIL: gcc.dg/tree-prof/pr44777.c execution,    -fprofile-generate -D_PROFILE_GENERATE
UNRESOLVED: gcc.dg/tree-prof/pr44777.c compilation,  -fprofile-use -D_PROFILE_USE
UNRESOLVED: gcc.dg/tree-prof/pr44777.c execution,    -fprofile-use -D_PROFILE_USE
FAIL: gcc.target/i386/pr42542-4.c (test for excess errors)
UNRESOLVED: gcc.target/i386/pr42542-4.c compilation failed to produce executable
FAIL: gcc.target/i386/pr42542-5.c (test for excess errors)
UNRESOLVED: gcc.target/i386/pr42542-5.c compilation failed to produce executable
FAIL: gcc.target/i386/sse4_1-blendvpd.c (test for excess errors)
UNRESOLVED: gcc.target/i386/sse4_1-blendvpd.c compilation failed to produce executable
FAIL: gcc.target/i386/sse4_1-blendvps.c (test for excess errors)
UNRESOLVED: gcc.target/i386/sse4_1-blendvps.c compilation failed to produce executable
FAIL: gcc.target/i386/sse4_1-cond-1.c (test for excess errors)
UNRESOLVED: gcc.target/i386/sse4_1-cond-1.c compilation failed to produce executable
FAIL: gcc.target/i386/sse4_1-insertps-1.c (test for excess errors)
UNRESOLVED: gcc.target/i386/sse4_1-insertps-1.c compilation failed to produce executable
FAIL: gcc.target/i386/sse4_1-insertps-2.c (test for excess errors)
UNRESOLVED: gcc.target/i386/sse4_1-insertps-2.c compilation failed to produce executable
FAIL: gcc.target/i386/sse4_1-pblendvb.c (test for excess errors)
UNRESOLVED: gcc.target/i386/sse4_1-pblendvb.c compilation failed to produce executable

		=== gcc Summary ===

# of expected passes		82376
# of unexpected failures	26
# of expected failures		256
# of unresolved testcases	18
# of unsupported tests		1952
/Gnu/gcc/obj/gcc/xgcc  version 4.7.2 (GCC) 

		=== gnat tests ===


Running target unix

		=== gnat Summary ===

# of expected passes		1109
# of expected failures		14
# of unsupported tests		4
/Gnu/gcc/obj/gcc/gnatmake version 4.7.2

		=== libgomp tests ===


Running target unix

		=== libgomp Summary ===

# of expected passes		1235
# of unsupported tests		3
		=== libitm tests ===


Running target unix
FAIL: libitm.c/cancel.c (test for excess errors)
UNRESOLVED: libitm.c/cancel.c compilation failed to produce executable
FAIL: libitm.c/clone-1.c (test for excess errors)
UNRESOLVED: libitm.c/clone-1.c compilation failed to produce executable
FAIL: libitm.c/dropref-2.c (test for excess errors)
UNRESOLVED: libitm.c/dropref-2.c compilation failed to produce executable
FAIL: libitm.c/dropref.c (test for excess errors)
UNRESOLVED: libitm.c/dropref.c compilation failed to produce executable
FAIL: libitm.c/memcpy-1.c (test for excess errors)
UNRESOLVED: libitm.c/memcpy-1.c compilation failed to produce executable
FAIL: libitm.c/memset-1.c (test for excess errors)
UNRESOLVED: libitm.c/memset-1.c compilation failed to produce executable
FAIL: libitm.c/notx.c (test for excess errors)
UNRESOLVED: libitm.c/notx.c compilation failed to produce executable
FAIL: libitm.c/reentrant.c (test for excess errors)
UNRESOLVED: libitm.c/reentrant.c compilation failed to produce executable
FAIL: libitm.c/simple-1.c (test for excess errors)
UNRESOLVED: libitm.c/simple-1.c compilation failed to produce executable
FAIL: libitm.c/simple-2.c (test for excess errors)
UNRESOLVED: libitm.c/simple-2.c compilation failed to produce executable
FAIL: libitm.c/stackundo.c (test for excess errors)
UNRESOLVED: libitm.c/stackundo.c compilation failed to produce executable
FAIL: libitm.c/txrelease.c (test for excess errors)
UNRESOLVED: libitm.c/txrelease.c compilation failed to produce executable
FAIL: libitm.c++/dropref.C (test for excess errors)
UNRESOLVED: libitm.c++/dropref.C compilation failed to produce executable
FAIL: libitm.c++/eh-1.C (test for excess errors)
UNRESOLVED: libitm.c++/eh-1.C compilation failed to produce executable

		=== libitm Summary ===

# of expected passes		1
# of unexpected failures	14
# of unresolved testcases	14
# of unsupported tests		1
		=== libstdc++ tests ===


Running target unix
FAIL: 18_support/50594.cc execution test
WARNING: program timed out.
FAIL: 30_threads/condition_variable/54185.cc execution test
FAIL: ext/mt_allocator/deallocate_global_thread-1.cc execution test
FAIL: ext/mt_allocator/deallocate_global_thread-3.cc execution test

		=== libstdc++ Summary ===

# of expected passes		7776
# of unexpected failures	4
# of expected failures		43
# of unsupported tests		575

Compiler version: 4.7.2 
Platform: i386-apple-darwin9.8.0
configure flags: --enable-languages=ada,c,c++


Index Nav: [Date Index] [Subject Index] [Author Index] [Thread Index]
Message Nav: [Date Prev] [Date Next] [Thread Prev] [Thread Next]