This is the mail archive of the
gcc-testresults@gcc.gnu.org
mailing list for the GCC project.
Results for 4.4.7 (tgcware 4.4.7-3) testsuite on sparc-sun-solaris2.7
- From: "Tom G. Christensen" <tgc at jupiterrise dot com>
- To: gcc-testresults at gcc dot gnu dot org
- Date: Wed, 07 Aug 2013 17:52:44 +0200
- Subject: Results for 4.4.7 (tgcware 4.4.7-3) testsuite on sparc-sun-solaris2.7
Built with:
GNU as (2.23.1)
Sun ld (106950-24)
gmp 5.1.2
mpfr 3.1.1p2
mpc 1.0.1
ppl 0.12.1
cloog-ppl 0.15.11
CONFIG_SHELL=/bin/ksh
Bootstrap compiler:
Using built-in specs.
Target: sparc-sun-solaris2.7
Configured with: ../gcc-4.3.6/configure --prefix=/usr/tgcware --with-local-prefix=/usr/tgcware/gcc43 --bindir=/usr/tgcware/gcc43/bin --mandir=/usr/tgcware/gcc43/man --infodir=/usr/tgcware/gcc43/info --disable-nls --enable-shared --enable-threads=posix --with-gmp=/usr/tgcware --with-mpfr=/usr/tgcware --without-gnu-ld --with-ld=/usr/ccs/bin/ld --with-gnu-as --with-as=/usr/tgcware/bin/gas --enable-languages=all,ada,obj-c++ --with-x --enable-java-awt=xlib --with-cpu=v7
Thread model: posix
gcc version 4.3.6 (tgcware 4.3.6-3)
LAST_UPDATED: Obtained from SVN: tags/gcc_4_4_7_release revision 185319
=== acats tests ===
=== acats Summary ===
# of expected passes 2315
# of unexpected failures 0
Native configuration is sparc-sun-solaris2.7
=== g++ tests ===
Running target unix
=== g++ Summary for unix ===
# of expected passes 19413
# of expected failures 161
# of unsupported tests 273
Running target unix/-m64
=== g++ Summary for unix/-m64 ===
# of expected passes 19380
# of expected failures 161
# of unsupported tests 274
=== g++ Summary ===
# of expected passes 38793
# of expected failures 322
# of unsupported tests 547
/export/home/tgc/buildpkg/gcc44/src/all_native/gcc/testsuite/g++/../../g++ version 4.4.7 (tgcware 4.4.7-3)
=== gcc tests ===
Running target unix
FAIL: gcc.c-torture/compile/limits-exprparen.c -O0 (test for excess errors)
FAIL: gcc.c-torture/compile/limits-exprparen.c -O1 (test for excess errors)
FAIL: gcc.c-torture/compile/limits-exprparen.c -O2 (test for excess errors)
FAIL: gcc.c-torture/compile/limits-exprparen.c -O3 -fomit-frame-pointer (test for excess errors)
FAIL: gcc.c-torture/compile/limits-exprparen.c -O3 -g (test for excess errors)
FAIL: gcc.c-torture/compile/limits-exprparen.c -Os (test for excess errors)
WARNING: program timed out.
FAIL: gcc.dg/pr28796-2.c execution test
FAIL: gcc.dg/vect/vect-35.c scan-tree-dump-times vect "vectorized 1 loops" 1
=== gcc Summary for unix ===
# of expected passes 51736
# of unexpected failures 8
# of expected failures 225
# of unsupported tests 779
Running target unix/-m64
FAIL: gcc.c-torture/compile/limits-exprparen.c -O0 (test for excess errors)
FAIL: gcc.c-torture/compile/limits-exprparen.c -O1 (test for excess errors)
FAIL: gcc.c-torture/compile/limits-exprparen.c -O2 (test for excess errors)
FAIL: gcc.c-torture/compile/limits-exprparen.c -O3 -fomit-frame-pointer (test for excess errors)
FAIL: gcc.c-torture/compile/limits-exprparen.c -O3 -g (test for excess errors)
FAIL: gcc.c-torture/compile/limits-exprparen.c -Os (test for excess errors)
WARNING: program timed out.
FAIL: gcc.dg/pr28796-2.c execution test
=== gcc Summary for unix/-m64 ===
# of expected passes 51738
# of unexpected failures 7
# of expected failures 220
# of unsupported tests 780
=== gcc Summary ===
# of expected passes 103474
# of unexpected failures 15
# of expected failures 445
# of unsupported tests 1559
/export/home/tgc/buildpkg/gcc44/src/all_native/gcc/xgcc version 4.4.7 (tgcware 4.4.7-3)
=== gfortran tests ===
Running target unix
=== gfortran Summary for unix ===
# of expected passes 29982
# of expected failures 15
# of unsupported tests 298
Running target unix/-m64
=== gfortran Summary for unix/-m64 ===
# of expected passes 30131
# of expected failures 15
# of unsupported tests 225
=== gfortran Summary ===
# of expected passes 60113
# of expected failures 30
# of unsupported tests 523
/export/home/tgc/buildpkg/gcc44/src/all_native/gcc/testsuite/gfortran/../../gfortran version 4.4.7 (tgcware 4.4.7-3)
=== gnat tests ===
Running target unix
=== gnat Summary for unix ===
# of expected passes 619
# of expected failures 6
# of unsupported tests 1
Running target unix/-m64
=== gnat Summary for unix/-m64 ===
# of expected passes 619
# of expected failures 6
# of unsupported tests 1
=== gnat Summary ===
# of expected passes 1238
# of expected failures 12
# of unsupported tests 2
=== obj-c++ tests ===
Running target unix
XPASS: obj-c++.dg/comp-types-10.mm (test for excess errors)
UNRESOLVED: obj-c++.dg/lookup-2.mm compilation failed to produce executable
UNRESOLVED: obj-c++.dg/try-catch-2.mm compilation failed to produce executable
UNRESOLVED: obj-c++.dg/try-catch-9.mm compilation failed to produce executable
=== obj-c++ Summary for unix ===
# of expected passes 436
# of unexpected successes 1
# of expected failures 9
# of unresolved testcases 3
# of unsupported tests 13
Running target unix/-m64
XPASS: obj-c++.dg/comp-types-10.mm (test for excess errors)
UNRESOLVED: obj-c++.dg/lookup-2.mm compilation failed to produce executable
UNRESOLVED: obj-c++.dg/try-catch-2.mm compilation failed to produce executable
UNRESOLVED: obj-c++.dg/try-catch-9.mm compilation failed to produce executable
=== obj-c++ Summary for unix/-m64 ===
# of expected passes 425
# of unexpected successes 1
# of expected failures 20
# of unresolved testcases 3
# of unsupported tests 13
=== obj-c++ Summary ===
# of expected passes 861
# of unexpected successes 2
# of expected failures 29
# of unresolved testcases 6
# of unsupported tests 26
/export/home/tgc/buildpkg/gcc44/src/all_native/gcc/testsuite/obj-c++/../../g++ version 4.4.7 (tgcware 4.4.7-3)
=== objc tests ===
Running target unix
=== objc Summary for unix ===
# of expected passes 1866
# of expected failures 15
# of unsupported tests 24
Running target unix/-m64
=== objc Summary for unix/-m64 ===
# of expected passes 1866
# of expected failures 15
# of unsupported tests 24
=== objc Summary ===
# of expected passes 3732
# of expected failures 30
# of unsupported tests 48
/export/home/tgc/buildpkg/gcc44/src/all_native/gcc/xgcc version 4.4.7 (tgcware 4.4.7-3)
=== libffi tests ===
Running target unix
=== libffi Summary for unix ===
# of expected passes 1399
# of unsupported tests 10
Running target unix/-m64
=== libffi Summary for unix/-m64 ===
# of expected passes 1399
# of unsupported tests 10
=== libffi Summary ===
# of expected passes 2798
# of unsupported tests 20
=== libgomp tests ===
Running target unix
WARNING: program timed out.
FAIL: libgomp.c/appendix-a/a.18.1.c execution test
WARNING: program timed out.
FAIL: libgomp.fortran/appendix-a/a.18.1.f90 -O0 execution test
WARNING: program timed out.
FAIL: libgomp.fortran/appendix-a/a.18.1.f90 -O1 execution test
WARNING: program timed out.
FAIL: libgomp.fortran/appendix-a/a.18.1.f90 -O2 execution test
WARNING: program timed out.
FAIL: libgomp.fortran/appendix-a/a.18.1.f90 -O3 -fomit-frame-pointer execution test
WARNING: program timed out.
FAIL: libgomp.fortran/appendix-a/a.18.1.f90 -O3 -fomit-frame-pointer -funroll-loops execution test
WARNING: program timed out.
FAIL: libgomp.fortran/appendix-a/a.18.1.f90 -O3 -fomit-frame-pointer -funroll-all-loops -finline-functions execution test
WARNING: program timed out.
FAIL: libgomp.fortran/appendix-a/a.18.1.f90 -O3 -g execution test
WARNING: program timed out.
FAIL: libgomp.fortran/appendix-a/a.18.1.f90 -Os execution test
=== libgomp Summary for unix ===
# of expected passes 2513
# of unexpected failures 9
# of unsupported tests 9
Running target unix/-m64
WARNING: program timed out.
FAIL: libgomp.c/appendix-a/a.18.1.c execution test
WARNING: program timed out.
FAIL: libgomp.fortran/appendix-a/a.18.1.f90 -O0 execution test
WARNING: program timed out.
FAIL: libgomp.fortran/appendix-a/a.18.1.f90 -O1 execution test
WARNING: program timed out.
FAIL: libgomp.fortran/appendix-a/a.18.1.f90 -O2 execution test
WARNING: program timed out.
FAIL: libgomp.fortran/appendix-a/a.18.1.f90 -O3 -fomit-frame-pointer execution test
WARNING: program timed out.
FAIL: libgomp.fortran/appendix-a/a.18.1.f90 -O3 -fomit-frame-pointer -funroll-loops execution test
WARNING: program timed out.
FAIL: libgomp.fortran/appendix-a/a.18.1.f90 -O3 -fomit-frame-pointer -funroll-all-loops -finline-functions execution test
WARNING: program timed out.
FAIL: libgomp.fortran/appendix-a/a.18.1.f90 -O3 -g execution test
WARNING: program timed out.
FAIL: libgomp.fortran/appendix-a/a.18.1.f90 -Os execution test
=== libgomp Summary for unix/-m64 ===
# of expected passes 2513
# of unexpected failures 9
# of unsupported tests 9
=== libgomp Summary ===
# of expected passes 5026
# of unexpected failures 18
# of unsupported tests 18
=== libjava tests ===
Running target unix
WARNING: program timed out.
FAIL: getallthreads run
FAIL: InvokeInterface execution - source compiled test
FAIL: InvokeInterface -O3 execution - source compiled test
WARNING: program timed out.
FAIL: PR18699 execution - source compiled test
WARNING: program timed out.
FAIL: PR27908 execution - source compiled test
WARNING: program timed out.
FAIL: PR27908 -findirect-dispatch execution - source compiled test
WARNING: program timed out.
FAIL: PR27908 -O3 execution - source compiled test
WARNING: program timed out.
FAIL: PR27908 -O3 -findirect-dispatch execution - source compiled test
FAIL: StackTrace2 -findirect-dispatch execution - source compiled test
FAIL: StackTrace2 -O3 -findirect-dispatch execution - source compiled test
=== libjava Summary for unix ===
# of expected passes 2555
# of unexpected failures 10
# of untested testcases 10
Running target unix/-m64
FAIL: PR16923 run
FAIL: getstacktrace run
WARNING: program timed out.
FAIL: getallthreads run
FAIL: InvokeInterface execution - source compiled test
FAIL: InvokeInterface -O3 execution - source compiled test
WARNING: program timed out.
FAIL: PR27908 execution - source compiled test
WARNING: program timed out.
FAIL: PR27908 -findirect-dispatch execution - source compiled test
WARNING: program timed out.
FAIL: PR27908 -O3 execution - source compiled test
WARNING: program timed out.
FAIL: PR27908 -O3 -findirect-dispatch execution - source compiled test
=== libjava Summary for unix/-m64 ===
# of expected passes 2559
# of unexpected failures 9
# of untested testcases 9
=== libjava Summary ===
# of expected passes 5114
# of unexpected failures 19
# of untested testcases 19
=== libstdc++ tests ===
Running target unix
FAIL: 27_io/basic_istream/extractors_arithmetic/char/12.cc execution test
FAIL: 27_io/basic_istream/extractors_arithmetic/wchar_t/12.cc execution test
=== libstdc++ Summary for unix ===
# of expected passes 5453
# of unexpected failures 2
# of expected failures 71
# of unsupported tests 553
Running target unix/-m64
FAIL: 27_io/basic_istream/extractors_arithmetic/char/12.cc execution test
FAIL: 27_io/basic_istream/extractors_arithmetic/wchar_t/12.cc execution test
WARNING: program timed out.
FAIL: 27_io/basic_ostringstream/pthread3.cc execution test
=== libstdc++ Summary for unix/-m64 ===
# of expected passes 5461
# of unexpected failures 3
# of expected failures 71
# of unsupported tests 548
=== libstdc++ Summary ===
# of expected passes 10914
# of unexpected failures 5
# of expected failures 142
# of unsupported tests 1101
Compiler version: 4.4.7 (tgcware 4.4.7-3)
Platform: sparc-sun-solaris2.7
configure flags: --prefix=/usr/tgcware --with-local-prefix=/usr/tgcware/gcc44 --bindir=/usr/tgcware/gcc44/bin --mandir=/usr/tgcware/gcc44/man --infodir=/usr/tgcware/gcc44/info --disable-nls --enable-shared --enable-threads=posix --with-gmp=/usr/tgcware --with-mpfr=/usr/tgcware --with-cloog=/usr/tgcware --with-ppl=/usr/tgcware --disable-ppl-version-check --without-gnu-ld --with-ld=/usr/ccs/bin/ld --with-gnu-as --with-as=/usr/tgcware/bin/gas --enable-languages=all,ada,obj-c++ --with-x --enable-java-awt=xlib --with-cpu=v7