This is the mail archive of the gcc-testresults@gcc.gnu.org mailing list for the GCC project.


Index Nav: [Date Index] [Subject Index] [Author Index] [Thread Index]
Message Nav: [Date Prev] [Date Next] [Thread Prev] [Thread Next]
Other format: [Raw text]

Results for 4.6.4 (tgcware 4.6.4-2) testsuite on sparc-sun-solaris2.9


Built with:
GNU as 2.23.1
Sun ld 5.9-1.401 (112963-36)
gmp 5.1.2
mpfr 3.1.1p2
mpc 1.0.1
ppl 0.12.1
cloog-ppl 0.15.11

CONFIG_SHELL=/bin/ksh

Bootstrap compiler:
Using built-in specs.
COLLECT_GCC=/usr/tgcware/gcc45/bin/gcc
COLLECT_LTO_WRAPPER=/usr/tgcware/libexec/gcc/sparc-sun-solaris2.9/4.5.4/lto-wrapper
Target: sparc-sun-solaris2.9
Configured with: ../gcc-4.5.4/configure --prefix=/usr/tgcware --with-local-prefix=/usr/tgcware/gcc45 --bindir=/usr/tgcware/gcc45/bin --mandir=/usr/tgcware/gcc45/man --infodir=/usr/tgcware/gcc45/info --disable-nls --enable-shared --enable-threads=posix --with-gmp=/usr/tgcware --with-mpfr=/usr/tgcware --with-mpc=/usr/tgcware --with-cloog=/usr/tgcware --with-ppl=/usr/tgcware --without-gnu-ld --with-ld=/usr/ccs/bin/ld --with-gnu-as --with-as=/usr/tgcware/bin/gas --enable-languages=all,ada,obj-c++ --with-x --enable-java-awt=xlib --with-cpu=v9
Thread model: posix
gcc version 4.5.4 (tgcware 4.5.4-2) 

LAST_UPDATED: Obtained from SVN: tags/gcc_4_6_4_release revision 197895

		=== acats tests ===

		=== acats Summary ===
# of expected passes		2321
# of unexpected failures	0
Native configuration is sparc-sun-solaris2.9

		=== g++ tests ===


Running target unix
XPASS: g++.dg/uninit-pred-3_b.C (test for excess errors)

		=== g++ Summary for unix ===

# of expected passes		26672
# of unexpected successes	1
# of expected failures		169
# of unsupported tests		440

Running target unix/-m64
FAIL: g++.dg/cpp0x/nullptr28.C execution test
XPASS: g++.dg/uninit-pred-3_b.C (test for excess errors)

		=== g++ Summary for unix/-m64 ===

# of expected passes		27283
# of unexpected failures	1
# of unexpected successes	1
# of expected failures		169
# of unsupported tests		437

		=== g++ Summary ===

# of expected passes		53955
# of unexpected failures	1
# of unexpected successes	2
# of expected failures		338
# of unsupported tests		877
/export/home/tgc/buildpkg/gcc46/src/all_native/gcc/testsuite/g++/../../g++  version 4.6.4 (tgcware 4.6.4-2) 

		=== gcc tests ===


Running target unix
FAIL: gcc.c-torture/compile/limits-exprparen.c  -O0  (internal compiler error)
FAIL: gcc.c-torture/compile/limits-exprparen.c  -O0  (test for excess errors)
FAIL: gcc.c-torture/compile/limits-exprparen.c  -O1  (internal compiler error)
FAIL: gcc.c-torture/compile/limits-exprparen.c  -O1  (test for excess errors)
FAIL: gcc.c-torture/compile/limits-exprparen.c  -O2  (internal compiler error)
FAIL: gcc.c-torture/compile/limits-exprparen.c  -O2  (test for excess errors)
FAIL: gcc.c-torture/compile/limits-exprparen.c  -O3 -fomit-frame-pointer  (internal compiler error)
FAIL: gcc.c-torture/compile/limits-exprparen.c  -O3 -fomit-frame-pointer  (test for excess errors)
FAIL: gcc.c-torture/compile/limits-exprparen.c  -O3 -g  (internal compiler error)
FAIL: gcc.c-torture/compile/limits-exprparen.c  -O3 -g  (test for excess errors)
FAIL: gcc.c-torture/compile/limits-exprparen.c  -Os  (internal compiler error)
FAIL: gcc.c-torture/compile/limits-exprparen.c  -Os  (test for excess errors)
FAIL: gcc.c-torture/compile/limits-exprparen.c  -O2 -flto -flto-partition=none  (internal compiler error)
FAIL: gcc.c-torture/compile/limits-exprparen.c  -O2 -flto -flto-partition=none  (test for excess errors)
FAIL: gcc.c-torture/compile/limits-exprparen.c  -O2 -flto  (internal compiler error)
FAIL: gcc.c-torture/compile/limits-exprparen.c  -O2 -flto  (test for excess errors)
FAIL: gcc.dg/lto/20110201-1 c_lto_20110201-1_0.o-c_lto_20110201-1_0.o link,  -O0 -flto 
UNRESOLVED: gcc.dg/lto/20110201-1 c_lto_20110201-1_0.o-c_lto_20110201-1_0.o execute  -O0 -flto 

		=== gcc Summary for unix ===

# of expected passes		71026
# of unexpected failures	17
# of expected failures		244
# of unresolved testcases	1
# of unsupported tests		1209

Running target unix/-m64
FAIL: gcc.c-torture/compile/limits-exprparen.c  -O0  (internal compiler error)
FAIL: gcc.c-torture/compile/limits-exprparen.c  -O0  (test for excess errors)
FAIL: gcc.c-torture/compile/limits-exprparen.c  -O1  (internal compiler error)
FAIL: gcc.c-torture/compile/limits-exprparen.c  -O1  (test for excess errors)
FAIL: gcc.c-torture/compile/limits-exprparen.c  -O2  (internal compiler error)
FAIL: gcc.c-torture/compile/limits-exprparen.c  -O2  (test for excess errors)
FAIL: gcc.c-torture/compile/limits-exprparen.c  -O3 -fomit-frame-pointer  (internal compiler error)
FAIL: gcc.c-torture/compile/limits-exprparen.c  -O3 -fomit-frame-pointer  (test for excess errors)
FAIL: gcc.c-torture/compile/limits-exprparen.c  -O3 -g  (internal compiler error)
FAIL: gcc.c-torture/compile/limits-exprparen.c  -O3 -g  (test for excess errors)
FAIL: gcc.c-torture/compile/limits-exprparen.c  -Os  (internal compiler error)
FAIL: gcc.c-torture/compile/limits-exprparen.c  -Os  (test for excess errors)
FAIL: gcc.c-torture/compile/limits-exprparen.c  -O2 -flto -flto-partition=none  (internal compiler error)
FAIL: gcc.c-torture/compile/limits-exprparen.c  -O2 -flto -flto-partition=none  (test for excess errors)
FAIL: gcc.c-torture/compile/limits-exprparen.c  -O2 -flto  (internal compiler error)
FAIL: gcc.c-torture/compile/limits-exprparen.c  -O2 -flto  (test for excess errors)

		=== gcc Summary for unix/-m64 ===

# of expected passes		71628
# of unexpected failures	16
# of expected failures		235
# of unsupported tests		1203

		=== gcc Summary ===

# of expected passes		142654
# of unexpected failures	33
# of expected failures		479
# of unresolved testcases	1
# of unsupported tests		2412
/export/home/tgc/buildpkg/gcc46/src/all_native/gcc/xgcc  version 4.6.4 (tgcware 4.6.4-2) 

		=== gfortran tests ===


Running target unix

		=== gfortran Summary for unix ===

# of expected passes		38754
# of expected failures		55
# of unsupported tests		407

Running target unix/-m64

		=== gfortran Summary for unix/-m64 ===

# of expected passes		39033
# of expected failures		55
# of unsupported tests		270

		=== gfortran Summary ===

# of expected passes		77787
# of expected failures		110
# of unsupported tests		677
/export/home/tgc/buildpkg/gcc46/src/all_native/gcc/testsuite/gfortran/../../gfortran  version 4.6.4 (tgcware 4.6.4-2) 

		=== gnat tests ===


Running target unix

		=== gnat Summary for unix ===

# of expected passes		877
# of expected failures		10
# of unsupported tests		4

Running target unix/-m64

		=== gnat Summary for unix/-m64 ===

# of expected passes		877
# of expected failures		10
# of unsupported tests		4

		=== gnat Summary ===

# of expected passes		1754
# of expected failures		20
# of unsupported tests		8
/export/home/tgc/buildpkg/gcc46/src/all_native/gcc/gnatmake version 4.6.4

		=== obj-c++ tests ===


Running target unix

		=== obj-c++ Summary for unix ===

# of expected passes		1388
# of expected failures		2
# of unsupported tests		86

Running target unix/-m64

		=== obj-c++ Summary for unix/-m64 ===

# of expected passes		1380
# of expected failures		10
# of unsupported tests		86

		=== obj-c++ Summary ===

# of expected passes		2768
# of expected failures		12
# of unsupported tests		172
/export/home/tgc/buildpkg/gcc46/src/all_native/gcc/testsuite/obj-c++/../../g++  version 4.6.4 (tgcware 4.6.4-2) 

		=== objc tests ===


Running target unix

		=== objc Summary for unix ===

# of expected passes		2868
# of expected failures		10
# of unsupported tests		98

Running target unix/-m64

		=== objc Summary for unix/-m64 ===

# of expected passes		2868
# of expected failures		10
# of unsupported tests		98

		=== objc Summary ===

# of expected passes		5736
# of expected failures		20
# of unsupported tests		196
/export/home/tgc/buildpkg/gcc46/src/all_native/gcc/xgcc  version 4.6.4 (tgcware 4.6.4-2) 

		=== libffi tests ===


Running target unix

		=== libffi Summary for unix ===

# of expected passes		1634
# of expected failures		10
# of unsupported tests		15

Running target unix/-m64

		=== libffi Summary for unix/-m64 ===

# of expected passes		1634
# of expected failures		10
# of unsupported tests		15

		=== libffi Summary ===

# of expected passes		3268
# of expected failures		20
# of unsupported tests		30
		=== libgomp tests ===


Running target unix
FAIL: libgomp.graphite/force-parallel-1.c execution test

		=== libgomp Summary for unix ===

# of expected passes		2661
# of unexpected failures	1
# of unsupported tests		10

Running target unix/-m64
FAIL: libgomp.graphite/force-parallel-1.c execution test

		=== libgomp Summary for unix/-m64 ===

# of expected passes		2661
# of unexpected failures	1
# of unsupported tests		10

		=== libgomp Summary ===

# of expected passes		5322
# of unexpected failures	2
# of unsupported tests		20
		=== libjava tests ===


Running target unix
FAIL: StackTrace2 execution - source compiled test

		=== libjava Summary for unix ===

# of expected passes		2572
# of unexpected failures	1
# of untested testcases		1

Running target unix/-m64

		=== libjava Summary for unix/-m64 ===

# of expected passes		2574

		=== libjava Summary ===

# of expected passes		5146
# of unexpected failures	1
# of untested testcases		1
		=== libstdc++ tests ===


Running target unix

		=== libstdc++ Summary for unix ===

# of expected passes		6910
# of expected failures		84
# of unsupported tests		745

Running target unix/-m64

		=== libstdc++ Summary for unix/-m64 ===

# of expected passes		6910
# of expected failures		84
# of unsupported tests		745

		=== libstdc++ Summary ===

# of expected passes		13820
# of expected failures		168
# of unsupported tests		1490

Compiler version: 4.6.4 (tgcware 4.6.4-2) 
Platform: sparc-sun-solaris2.9
configure flags: --prefix=/usr/tgcware --with-local-prefix=/usr/tgcware/gcc46 --bindir=/usr/tgcware/gcc46/bin --mandir=/usr/tgcware/gcc46/man --infodir=/usr/tgcware/gcc46/info --disable-nls --enable-shared --enable-threads=posix --with-gmp=/usr/tgcware --with-mpfr=/usr/tgcware --with-mpc=/usr/tgcware --with-cloog=/usr/tgcware --with-ppl=/usr/tgcware --without-gnu-ld --with-ld=/usr/ccs/bin/ld --with-gnu-as --with-as=/usr/tgcware/bin/gas --enable-languages=all,ada,obj-c++ --with-x --enable-java-awt=xlib --with-cpu=v9


Index Nav: [Date Index] [Subject Index] [Author Index] [Thread Index]
Message Nav: [Date Prev] [Date Next] [Thread Prev] [Thread Next]