This is the mail archive of the gcc-testresults@gcc.gnu.org mailing list for the GCC project.


Index Nav: [Date Index] [Subject Index] [Author Index] [Thread Index]
Message Nav: [Date Prev] [Date Next] [Thread Prev] [Thread Next]
Other format: [Raw text]

Results for 4.4.7 (tgcware 4.4.7-3) testsuite on sparc-sun-solaris2.9


Built with:
GNU as 2.23.1
Sun ld 5.9-1.401 (112963-36)
gmp 5.1.2
mpfr 3.1.1p2
mpc 1.0.1
ppl 0.12.1
cloog-ppl 0.15.11

To make libgomp selfcontained and avoid massive testsuite failures a small
change was made to libgomp/configure.tgt that ensures it is linked with
libpthread and libthread.

CONFIG_SHELL=/bin/ksh

Bootstrap compiler:
Using built-in specs.
Target: sparc-sun-solaris2.9
Configured with: ../gcc-4.3.6/configure --prefix=/usr/tgcware --with-local-prefix=/usr/tgcware/gcc43 --bindir=/usr/tgcware/gcc43/bin --mandir=/usr/tgcware/gcc43/man --infodir=/usr/tgcware/gcc43/info --disable-nls --enable-shared --enable-threads=posix --with-gmp=/usr/tgcware --with-mpfr=/usr/tgcware --without-gnu-ld --with-ld=/usr/ccs/bin/ld --with-gnu-as --with-as=/usr/tgcware/bin/gas --enable-languages=all,ada,obj-c++ --with-x --enable-java-awt=xlib --with-cpu=v9
Thread model: posix
gcc version 4.3.6 (tgcware 4.3.6-3) 

LAST_UPDATED: Obtained from SVN: tags/gcc_4_4_7_release revision 185319

		=== acats tests ===

		=== acats Summary ===
# of expected passes		2315
# of unexpected failures	0
Native configuration is sparc-sun-solaris2.9

		=== g++ tests ===


Running target unix

		=== g++ Summary for unix ===

# of expected passes		19564
# of expected failures		160
# of unsupported tests		215

Running target unix/-m64

		=== g++ Summary for unix/-m64 ===

# of expected passes		19531
# of expected failures		160
# of unsupported tests		216

		=== g++ Summary ===

# of expected passes		39095
# of expected failures		320
# of unsupported tests		431
/export/home/tgc/buildpkg/gcc44/src/all_native/gcc/testsuite/g++/../../g++  version 4.4.7 (tgcware 4.4.7-3) 

		=== gcc tests ===


Running target unix
FAIL: gcc.c-torture/compile/limits-exprparen.c  -O0  (test for excess errors)
FAIL: gcc.c-torture/compile/limits-exprparen.c  -O1  (test for excess errors)
FAIL: gcc.c-torture/compile/limits-exprparen.c  -O2  (test for excess errors)
FAIL: gcc.c-torture/compile/limits-exprparen.c  -O3 -fomit-frame-pointer  (test for excess errors)
FAIL: gcc.c-torture/compile/limits-exprparen.c  -O3 -g  (test for excess errors)
FAIL: gcc.c-torture/compile/limits-exprparen.c  -Os  (test for excess errors)
FAIL: gcc.c-torture/execute/pr38819.c execution,  -O2 
FAIL: gcc.c-torture/execute/pr38819.c execution,  -O3 -fomit-frame-pointer 
FAIL: gcc.c-torture/execute/pr38819.c execution,  -O3 -fomit-frame-pointer -funroll-loops 
FAIL: gcc.c-torture/execute/pr38819.c execution,  -O3 -fomit-frame-pointer -funroll-all-loops -finline-functions 
FAIL: gcc.c-torture/execute/pr38819.c execution,  -O3 -g 
FAIL: gcc.dg/vect/vect-35.c scan-tree-dump-times vect "vectorized 1 loops" 1

		=== gcc Summary for unix ===

# of expected passes		51837
# of unexpected failures	12
# of expected failures		225
# of unsupported tests		757

Running target unix/-m64
FAIL: gcc.c-torture/compile/limits-exprparen.c  -O0  (test for excess errors)
FAIL: gcc.c-torture/compile/limits-exprparen.c  -O1  (test for excess errors)
FAIL: gcc.c-torture/compile/limits-exprparen.c  -O2  (test for excess errors)
FAIL: gcc.c-torture/compile/limits-exprparen.c  -O3 -fomit-frame-pointer  (test for excess errors)
FAIL: gcc.c-torture/compile/limits-exprparen.c  -O3 -g  (test for excess errors)
FAIL: gcc.c-torture/compile/limits-exprparen.c  -Os  (test for excess errors)

		=== gcc Summary for unix/-m64 ===

# of expected passes		51844
# of unexpected failures	6
# of expected failures		220
# of unsupported tests		758

		=== gcc Summary ===

# of expected passes		103681
# of unexpected failures	18
# of expected failures		445
# of unsupported tests		1515
/export/home/tgc/buildpkg/gcc44/src/all_native/gcc/xgcc  version 4.4.7 (tgcware 4.4.7-3) 

		=== gfortran tests ===


Running target unix

		=== gfortran Summary for unix ===

# of expected passes		29982
# of expected failures		15
# of unsupported tests		298

Running target unix/-m64

		=== gfortran Summary for unix/-m64 ===

# of expected passes		30131
# of expected failures		15
# of unsupported tests		225

		=== gfortran Summary ===

# of expected passes		60113
# of expected failures		30
# of unsupported tests		523
/export/home/tgc/buildpkg/gcc44/src/all_native/gcc/testsuite/gfortran/../../gfortran  version 4.4.7 (tgcware 4.4.7-3) 

		=== gnat tests ===


Running target unix

		=== gnat Summary for unix ===

# of expected passes		619
# of expected failures		6
# of unsupported tests		1

Running target unix/-m64

		=== gnat Summary for unix/-m64 ===

# of expected passes		619
# of expected failures		6
# of unsupported tests		1

		=== gnat Summary ===

# of expected passes		1238
# of expected failures		12
# of unsupported tests		2
		=== obj-c++ tests ===


Running target unix
XPASS: obj-c++.dg/comp-types-10.mm (test for excess errors)
UNRESOLVED: obj-c++.dg/lookup-2.mm compilation failed to produce executable
UNRESOLVED: obj-c++.dg/try-catch-2.mm compilation failed to produce executable
UNRESOLVED: obj-c++.dg/try-catch-9.mm compilation failed to produce executable

		=== obj-c++ Summary for unix ===

# of expected passes		436
# of unexpected successes	1
# of expected failures		9
# of unresolved testcases	3
# of unsupported tests		13

Running target unix/-m64
XPASS: obj-c++.dg/comp-types-10.mm (test for excess errors)
UNRESOLVED: obj-c++.dg/lookup-2.mm compilation failed to produce executable
UNRESOLVED: obj-c++.dg/try-catch-2.mm compilation failed to produce executable
UNRESOLVED: obj-c++.dg/try-catch-9.mm compilation failed to produce executable

		=== obj-c++ Summary for unix/-m64 ===

# of expected passes		425
# of unexpected successes	1
# of expected failures		20
# of unresolved testcases	3
# of unsupported tests		13

		=== obj-c++ Summary ===

# of expected passes		861
# of unexpected successes	2
# of expected failures		29
# of unresolved testcases	6
# of unsupported tests		26
/export/home/tgc/buildpkg/gcc44/src/all_native/gcc/testsuite/obj-c++/../../g++  version 4.4.7 (tgcware 4.4.7-3) 

		=== objc tests ===


Running target unix

		=== objc Summary for unix ===

# of expected passes		1866
# of expected failures		15
# of unsupported tests		24

Running target unix/-m64

		=== objc Summary for unix/-m64 ===

# of expected passes		1866
# of expected failures		15
# of unsupported tests		24

		=== objc Summary ===

# of expected passes		3732
# of expected failures		30
# of unsupported tests		48
/export/home/tgc/buildpkg/gcc44/src/all_native/gcc/xgcc  version 4.4.7 (tgcware 4.4.7-3) 

		=== libffi tests ===


Running target unix

		=== libffi Summary for unix ===

# of expected passes		1399
# of unsupported tests		10

Running target unix/-m64

		=== libffi Summary for unix/-m64 ===

# of expected passes		1399
# of unsupported tests		10

		=== libffi Summary ===

# of expected passes		2798
# of unsupported tests		20
		=== libgomp tests ===


Running target unix

		=== libgomp Summary for unix ===

# of expected passes		2522
# of unsupported tests		9

Running target unix/-m64

		=== libgomp Summary for unix/-m64 ===

# of expected passes		2522
# of unsupported tests		9

		=== libgomp Summary ===

# of expected passes		5044
# of unsupported tests		18
		=== libjava tests ===


Running target unix
FAIL: events output

		=== libjava Summary for unix ===

# of expected passes		2573
# of unexpected failures	1

Running target unix/-m64

		=== libjava Summary for unix/-m64 ===

# of expected passes		2574

		=== libjava Summary ===

# of expected passes		5147
# of unexpected failures	1
		=== libstdc++ tests ===


Running target unix

		=== libstdc++ Summary for unix ===

# of expected passes		5475
# of expected failures		74
# of unsupported tests		541

Running target unix/-m64

		=== libstdc++ Summary for unix/-m64 ===

# of expected passes		5475
# of expected failures		74
# of unsupported tests		541

		=== libstdc++ Summary ===

# of expected passes		10950
# of expected failures		148
# of unsupported tests		1082

Compiler version: 4.4.7 (tgcware 4.4.7-3) 
Platform: sparc-sun-solaris2.9
configure flags: --prefix=/usr/tgcware --with-local-prefix=/usr/tgcware/gcc44 --bindir=/usr/tgcware/gcc44/bin --mandir=/usr/tgcware/gcc44/man --infodir=/usr/tgcware/gcc44/info --disable-nls --enable-shared --enable-threads=posix --with-gmp=/usr/tgcware --with-mpfr=/usr/tgcware --with-cloog=/usr/tgcware --with-ppl=/usr/tgcware --disable-ppl-version-check --without-gnu-ld --with-ld=/usr/ccs/bin/ld --with-gnu-as --with-as=/usr/tgcware/bin/gas --enable-languages=all,ada,obj-c++ --with-x --enable-java-awt=xlib --with-cpu=v9


Index Nav: [Date Index] [Subject Index] [Author Index] [Thread Index]
Message Nav: [Date Prev] [Date Next] [Thread Prev] [Thread Next]