This is the mail archive of the
gcc-testresults@gcc.gnu.org
mailing list for the GCC project.
Results for 4.5.4 (tgcware 4.5.4-2) testsuite on i386-pc-solaris2.9
- From: "Tom G. Christensen" <tgc at jupiterrise dot com>
- To: gcc-testresults at gcc dot gnu dot org
- Date: Sat, 03 Aug 2013 14:34:37 +0200
- Subject: Results for 4.5.4 (tgcware 4.5.4-2) testsuite on i386-pc-solaris2.9
Built with:
GNU as 2.23.1
Sun ld 5.9-1.401 (113986-29)
gmp 5.1.2
mpfr 3.1.1p2
mpc 1.0.1
ppl 0.12.1
cloog-ppl 0.15.11
CONFIG_SHELL=/bin/ksh
Source was patched to fix PR other/45915
Bootstrap compiler:
Using built-in specs.
Target: i386-pc-solaris2.9
Configured with: ../gcc-4.4.7/configure --prefix=/usr/tgcware --with-local-prefix=/usr/tgcware/gcc44 --bindir=/usr/tgcware/gcc44/bin --mandir=/usr/tgcware/gcc44/man --infodir=/usr/tgcware/gcc44/info --disable-nls --enable-shared --enable-threads=posix --with-gmp=/usr/tgcware --with-mpfr=/usr/tgcware --with-cloog=/usr/tgcware --with-ppl=/usr/tgcware --disable-ppl-version-check --without-gnu-ld --with-ld=/usr/ccs/bin/ld --with-gnu-as --with-as=/usr/tgcware/bin/gas --enable-languages=all,ada,obj-c++ --with-x --enable-java-awt=xlib --with-arch-32=pentium
Thread model: posix
gcc version 4.4.7 (tgcware 4.4.7-3)
LAST_UPDATED: Obtained from SVN: tags/gcc_4_5_4_release revision 189153
=== acats tests ===
=== acats Summary ===
# of expected passes 2321
# of unexpected failures 0
Native configuration is i386-pc-solaris2.9
=== g++ tests ===
Running target unix
=== g++ Summary ===
# of expected passes 23216
# of expected failures 154
# of unsupported tests 182
/export/home/tgc/buildpkg/gcc45/src/all_native/gcc/testsuite/g++/../../g++ version 4.5.4 (tgcware 4.5.4-2)
=== gcc tests ===
Running target unix
FAIL: gcc.c-torture/compile/limits-exprparen.c -O0 (test for excess errors)
FAIL: gcc.c-torture/compile/limits-exprparen.c -O1 (test for excess errors)
FAIL: gcc.c-torture/compile/limits-exprparen.c -O2 (test for excess errors)
FAIL: gcc.c-torture/compile/limits-exprparen.c -O3 -fomit-frame-pointer (test for excess errors)
FAIL: gcc.c-torture/compile/limits-exprparen.c -O3 -g (test for excess errors)
FAIL: gcc.c-torture/compile/limits-exprparen.c -Os (test for excess errors)
FAIL: gcc.c-torture/compile/limits-exprparen.c -O2 -flto (test for excess errors)
FAIL: gcc.c-torture/compile/limits-exprparen.c -O2 -fwhopr (test for excess errors)
=== gcc Summary ===
# of expected passes 72063
# of unexpected failures 8
# of expected failures 178
# of unsupported tests 755
/export/home/tgc/buildpkg/gcc45/src/all_native/gcc/xgcc version 4.5.4 (tgcware 4.5.4-2)
=== gfortran tests ===
Running target unix
=== gfortran Summary ===
# of expected passes 34192
# of expected failures 31
# of unsupported tests 298
/export/home/tgc/buildpkg/gcc45/src/all_native/gcc/testsuite/gfortran/../../gfortran version 4.5.4 (tgcware 4.5.4-2)
=== gnat tests ===
Running target unix
=== gnat Summary ===
# of expected passes 769
# of expected failures 7
# of unsupported tests 1
=== obj-c++ tests ===
Running target unix
UNRESOLVED: obj-c++.dg/lookup-2.mm -fgnu-runtime compilation failed to produce executable
UNRESOLVED: obj-c++.dg/try-catch-2.mm -fgnu-runtime compilation failed to produce executable
UNRESOLVED: obj-c++.dg/try-catch-9.mm -fgnu-runtime compilation failed to produce executable
=== obj-c++ Summary ===
# of expected passes 440
# of expected failures 3
# of unresolved testcases 3
# of unsupported tests 14
/export/home/tgc/buildpkg/gcc45/src/all_native/gcc/testsuite/obj-c++/../../g++ version 4.5.4 (tgcware 4.5.4-2)
=== objc tests ===
Running target unix
=== objc Summary ===
# of expected passes 1882
# of expected failures 7
# of unsupported tests 20
/export/home/tgc/buildpkg/gcc45/src/all_native/gcc/xgcc version 4.5.4 (tgcware 4.5.4-2)
=== libffi tests ===
Running target unix
=== libffi Summary ===
# of expected passes 1634
# of expected failures 10
# of unsupported tests 15
=== libgomp tests ===
Running target unix
FAIL: libgomp.graphite/force-parallel-1.c execution test
=== libgomp Summary ===
# of expected passes 2599
# of unexpected failures 1
# of unsupported tests 2
=== libjava tests ===
Running target unix
FAIL: Divide_1 output - source compiled test
FAIL: Divide_1 -findirect-dispatch output - source compiled test
FAIL: Divide_1 -O3 output - source compiled test
FAIL: Divide_1 -O3 -findirect-dispatch output - source compiled test
=== libjava Summary ===
# of expected passes 2570
# of unexpected failures 4
=== libstdc++ tests ===
Running target unix
=== libstdc++ Summary ===
# of expected passes 6335
# of expected failures 93
# of unsupported tests 622
Compiler version: 4.5.4 (tgcware 4.5.4-2)
Platform: i386-pc-solaris2.9
configure flags: --prefix=/usr/tgcware --with-local-prefix=/usr/tgcware/gcc45 --bindir=/usr/tgcware/gcc45/bin --mandir=/usr/tgcware/gcc45/man --infodir=/usr/tgcware/gcc45/info --disable-nls --enable-shared --enable-threads=posix --with-gmp=/usr/tgcware --with-mpfr=/usr/tgcware --with-mpc=/usr/tgcware --with-cloog=/usr/tgcware --with-ppl=/usr/tgcware --without-gnu-ld --with-ld=/usr/ccs/bin/ld --with-gnu-as --with-as=/usr/tgcware/bin/gas --enable-languages=all,ada,obj-c++ --with-x --enable-java-awt=xlib --with-arch-32=pentium