This is the mail archive of the gcc-testresults@gcc.gnu.org mailing list for the GCC project.


Index Nav: [Date Index] [Subject Index] [Author Index] [Thread Index]
Message Nav: [Date Prev] [Date Next] [Thread Prev] [Thread Next]
Other format: [Raw text]

Results for 4.4.7 (tgcware 4.4.7-3) testsuite on i386-pc-solaris2.9


Built with:
GNU as 2.23.1
Sun ld 5.9-1.401 (113986-29)
gmp 5.1.2
mpfr 3.1.1p2
mpc 1.0.1
ppl 0.12.1
cloog-ppl 0.15.11

To make libgomp selfcontained and avoid massive testsuite failures a small
change was made to libgomp/configure.tgt that ensures it is linked with
libpthread and libthread.

CONFIG_SHELL=/bin/ksh

Bootstrap compiler:
Using built-in specs.
Target: i386-pc-solaris2.9
Configured with: ../gcc-4.3.6/configure --prefix=/usr/tgcware --with-local-prefix=/usr/tgcware/gcc43 --bindir=/usr/tgcware/gcc43/bin --mandir=/usr/tgcware/gcc43/man --infodir=/usr/tgcware/gcc43/info --disable-nls --enable-shared --enable-threads=posix --with-gmp=/usr/tgcware --with-mpfr=/usr/tgcware --without-gnu-ld --with-ld=/usr/ccs/bin/ld --with-gnu-as --with-as=/usr/tgcware/bin/gas --enable-languages=all,ada,obj-c++ --with-x --enable-java-awt=xlib --with-arch=pentium
Thread model: posix
gcc version 4.3.6 (tgcware 4.3.6-3) 

LAST_UPDATED: Obtained from SVN: tags/gcc_4_4_7_release revision 185319

		=== acats tests ===

		=== acats Summary ===
# of expected passes		2315
# of unexpected failures	0
Native configuration is i386-pc-solaris2.9

		=== g++ tests ===


Running target unix
FAIL: g++.old-deja/g++.other/headers1.C (test for excess errors)
UNRESOLVED: g++.old-deja/g++.other/headers1.C compilation failed to produce executable

		=== g++ Summary ===

# of expected passes		20251
# of unexpected failures	1
# of expected failures		160
# of unresolved testcases	1
# of unsupported tests		140
/export/home/tgc/buildpkg/gcc44/src/all_native/gcc/testsuite/g++/../../g++  version 4.4.7 (tgcware 4.4.7-3) 

		=== gcc tests ===


Running target unix
FAIL: gcc.c-torture/execute/990127-2.c execution,  -O2 
FAIL: gcc.c-torture/execute/990127-2.c execution,  -Os 
XPASS: gcc.dg/tree-ssa/20040204-1.c scan-tree-dump-times optimized "link_error" 0
FAIL: gcc.target/i386/pr37191.c (test for excess errors)
FAIL: gcc.target/i386/pr41963.c (test for excess errors)
FAIL: gcc.target/i386/reload-1.c (test for excess errors)
FAIL: gcc.target/i386/reload-1.c scan-rtl-dump-not csa "deleted 1 dead insns": dump file does not exist

		=== gcc Summary ===

# of expected passes		57341
# of unexpected failures	6
# of unexpected successes	1
# of expected failures		193
# of unsupported tests		620
/export/home/tgc/buildpkg/gcc44/src/all_native/gcc/xgcc  version 4.4.7 (tgcware 4.4.7-3) 

		=== gfortran tests ===


Running target unix

		=== gfortran Summary ===

# of expected passes		30107
# of expected failures		13
# of unsupported tests		261
/export/home/tgc/buildpkg/gcc44/src/all_native/gcc/testsuite/gfortran/../../gfortran  version 4.4.7 (tgcware 4.4.7-3) 

		=== gnat tests ===


Running target unix

		=== gnat Summary ===

# of expected passes		618
# of expected failures		6
# of unsupported tests		1
		=== obj-c++ tests ===


Running target unix
XPASS: obj-c++.dg/comp-types-10.mm (test for excess errors)
UNRESOLVED: obj-c++.dg/lookup-2.mm compilation failed to produce executable
UNRESOLVED: obj-c++.dg/try-catch-2.mm compilation failed to produce executable
UNRESOLVED: obj-c++.dg/try-catch-9.mm compilation failed to produce executable

		=== obj-c++ Summary ===

# of expected passes		436
# of unexpected successes	1
# of expected failures		9
# of unresolved testcases	3
# of unsupported tests		13
/export/home/tgc/buildpkg/gcc44/src/all_native/gcc/testsuite/obj-c++/../../g++  version 4.4.7 (tgcware 4.4.7-3) 

		=== objc tests ===


Running target unix

		=== objc Summary ===

# of expected passes		1874
# of expected failures		7
# of unsupported tests		24
/export/home/tgc/buildpkg/gcc44/src/all_native/gcc/xgcc  version 4.4.7 (tgcware 4.4.7-3) 

		=== libffi tests ===


Running target unix

		=== libffi Summary ===

# of expected passes		1399
# of unsupported tests		10
		=== libgomp tests ===


Running target unix

		=== libgomp Summary ===

# of expected passes		2536
# of unsupported tests		2
		=== libjava tests ===


Running target unix
FAIL: Throw_2 execution - source compiled test
FAIL: Throw_2 -findirect-dispatch execution - source compiled test
FAIL: Throw_2 -O3 execution - source compiled test
FAIL: Throw_2 -O3 -findirect-dispatch execution - source compiled test

		=== libjava Summary ===

# of expected passes		2566
# of unexpected failures	4
# of untested testcases		4
		=== libstdc++ tests ===


Running target unix

		=== libstdc++ Summary ===

# of expected passes		5473
# of expected failures		76
# of unsupported tests		541

Compiler version: 4.4.7 (tgcware 4.4.7-3) 
Platform: i386-pc-solaris2.9
configure flags: --prefix=/usr/tgcware --with-local-prefix=/usr/tgcware/gcc44 --bindir=/usr/tgcware/gcc44/bin --mandir=/usr/tgcware/gcc44/man --infodir=/usr/tgcware/gcc44/info --disable-nls --enable-shared --enable-threads=posix --with-gmp=/usr/tgcware --with-mpfr=/usr/tgcware --with-cloog=/usr/tgcware --with-ppl=/usr/tgcware --disable-ppl-version-check --without-gnu-ld --with-ld=/usr/ccs/bin/ld --with-gnu-as --with-as=/usr/tgcware/bin/gas --enable-languages=all,ada,obj-c++ --with-x --enable-java-awt=xlib --with-arch-32=pentium


Index Nav: [Date Index] [Subject Index] [Author Index] [Thread Index]
Message Nav: [Date Prev] [Date Next] [Thread Prev] [Thread Next]