This is the mail archive of the gcc-testresults@gcc.gnu.org mailing list for the GCC project.


Index Nav: [Date Index] [Subject Index] [Author Index] [Thread Index]
Message Nav: [Date Prev] [Date Next] [Thread Prev] [Thread Next]
Other format: [Raw text]

Results for 4.8.1 (GCC) testsuite on i686-pc-linux-gnu


LAST_UPDATED: Obtained from SVN: tags/gcc_4_8_1_release revision 199526

Native configuration is i686-pc-linux-gnu

		=== gcc tests ===


Running target unix
FAIL: gcc.dg/debug/dwarf2/asm-line1.c scan-assembler is_stmt 1
FAIL: gcc.dg/cproj-fails-with-broken-glibc.c execution test
FAIL: gcc.dg/torture/tls/run-gd.c  -O0  (test for excess errors)
FAIL: gcc.dg/torture/tls/run-gd.c  -O1  (test for excess errors)
FAIL: gcc.dg/torture/tls/run-gd.c  -O2  (test for excess errors)
FAIL: gcc.dg/torture/tls/run-gd.c  -O3 -fomit-frame-pointer  (test for excess errors)
FAIL: gcc.dg/torture/tls/run-gd.c  -O3 -g  (test for excess errors)
FAIL: gcc.dg/torture/tls/run-gd.c  -Os  (test for excess errors)
FAIL: gcc.dg/torture/tls/run-gd.c  -O2 -flto -flto-partition=none  (test for excess errors)
FAIL: gcc.dg/torture/tls/run-gd.c  -O2 -flto  (test for excess errors)
FAIL: gcc.dg/torture/tls/run-ld.c  -O0  (test for excess errors)
FAIL: gcc.dg/torture/tls/run-ld.c  -O1  (test for excess errors)
FAIL: gcc.dg/torture/tls/run-ld.c  -O2  (test for excess errors)
FAIL: gcc.dg/torture/tls/run-ld.c  -O3 -fomit-frame-pointer  (test for excess errors)
FAIL: gcc.dg/torture/tls/run-ld.c  -O3 -g  (test for excess errors)
FAIL: gcc.dg/torture/tls/run-ld.c  -Os  (test for excess errors)
FAIL: gcc.dg/torture/tls/run-ld.c  -O2 -flto -flto-partition=none  (test for excess errors)
FAIL: gcc.dg/torture/tls/run-ld.c  -O2 -flto  (test for excess errors)

		=== gcc Summary ===

# of expected passes		91365
# of unexpected failures	18
# of expected failures		259
# of unsupported tests		1946
/usr/local/src/temp/gcc/xgcc  version 4.8.1 (GCC) 

		=== g++ tests ===


Running target unix
FAIL: g++.dg/asan/asan_test.C  -O2  AddressSanitizer_HugeMallocTest Ident((char*)malloc(size))[-1] = 0 output pattern test, should match is located 1 bytes to the left of 2726297600-byte
ERROR: g++.dg/abi/mangle33.C -std=c++98: error executing dg-final: couldn't compile regular expression pattern: out of memory
UNRESOLVED: g++.dg/abi/mangle33.C -std=c++98: error executing dg-final: couldn't compile regular expression pattern: out of memory
ERROR: g++.dg/abi/mangle33.C -std=c++11: error executing dg-final: couldn't compile regular expression pattern: out of memory
UNRESOLVED: g++.dg/abi/mangle33.C -std=c++11: error executing dg-final: couldn't compile regular expression pattern: out of memory
FAIL: g++.dg/other/anon5.C -std=gnu++98 (test for excess errors)
FAIL: g++.dg/other/anon5.C -std=gnu++11 (test for excess errors)

		=== g++ Summary ===

# of expected passes		53239
# of unexpected failures	3
# of expected failures		290
# of unresolved testcases	2
# of unsupported tests		697
/usr/local/src/temp/gcc/testsuite/g++/../../xg++  version 4.8.1 (GCC) 

		=== libatomic tests ===


Running target unix

		=== libatomic Summary ===

# of expected passes		44
# of unsupported tests		5
		=== libgomp tests ===


Running target unix

		=== libgomp Summary ===

# of expected passes		1313
		=== libitm tests ===


Running target unix

		=== libitm Summary ===

# of expected passes		26
# of expected failures		3
# of unsupported tests		1
		=== libmudflap tests ===


Running target unix
FAIL: libmudflap.c/fail17-frag.c (-static) (test for excess errors)
FAIL: libmudflap.c/fail23-frag.c (-static) (test for excess errors)
FAIL: libmudflap.c/fail25-frag.c (-static) (test for excess errors)
FAIL: libmudflap.c/fail4-frag.c (-static) (test for excess errors)
FAIL: libmudflap.c/fail5-frag.c (-static) (test for excess errors)
FAIL: libmudflap.c/fail6-frag.c (-static) (test for excess errors)
FAIL: libmudflap.c/fail7-frag.c (-static) (test for excess errors)
FAIL: libmudflap.c/fail8-frag.c (-static) (test for excess errors)
FAIL: libmudflap.c/fail9-frag.c (-static) (test for excess errors)
FAIL: libmudflap.c/heap-scalestress.c (-static) (test for excess errors)
FAIL: libmudflap.c/hook-allocstuff.c (-static) (test for excess errors)
FAIL: libmudflap.c/pass-stratcliff.c (-static) (test for excess errors)
FAIL: libmudflap.c/pass30-frag.c (-static) (test for excess errors)
FAIL: libmudflap.c/pass30-frag.c (-static) (test for excess errors)
FAIL: libmudflap.c/pass4-frag.c (-static) (test for excess errors)
FAIL: libmudflap.c/pass4-frag.c (-static) (test for excess errors)
FAIL: libmudflap.c/pass45-frag.c (-static) (test for excess errors)
FAIL: libmudflap.c/pass45-frag.c (-static) (test for excess errors)
FAIL: libmudflap.c/pass46-frag.c (-static) (test for excess errors)
FAIL: libmudflap.c/pass46-frag.c (-static) (test for excess errors)
FAIL: libmudflap.c/pass47-frag.c (-static) (test for excess errors)
FAIL: libmudflap.c/pass47-frag.c (-static) (test for excess errors)
FAIL: libmudflap.c/pass49-frag.c (-static) (test for excess errors)
FAIL: libmudflap.c/pass49-frag.c (-static) (test for excess errors)
FAIL: libmudflap.c/pass5-frag.c (-static) (test for excess errors)
FAIL: libmudflap.c/pass5-frag.c (-static) (test for excess errors)
FAIL: libmudflap.c/pass51-frag.c (-static) (test for excess errors)
FAIL: libmudflap.c/pass51-frag.c (-static) (test for excess errors)
FAIL: libmudflap.c/pass52-frag.c (-static) (test for excess errors)
FAIL: libmudflap.c/pass52-frag.c (-static) (test for excess errors)
FAIL: libmudflap.c/pass6-frag.c (-static) (test for excess errors)
FAIL: libmudflap.c/pass6-frag.c (-static) (test for excess errors)
FAIL: libmudflap.c/pass7-frag.c (-static) (test for excess errors)
FAIL: libmudflap.c/pass7-frag.c (-static) (test for excess errors)
FAIL: libmudflap.c/pass8-frag.c (-static) (test for excess errors)
FAIL: libmudflap.c/pass8-frag.c (-static) (test for excess errors)
FAIL: libmudflap.c/pass9-frag.c (-static) (test for excess errors)
FAIL: libmudflap.c/pass9-frag.c (-static) (test for excess errors)
FAIL: libmudflap.c++/fail24-frag.cxx (-static) (test for excess errors)
FAIL: libmudflap.c++/pass31-frag.cxx (-static) (test for excess errors)
FAIL: libmudflap.c++/pass41-frag.cxx (-static) execution test
FAIL: libmudflap.c++/pass41-frag.cxx ( -O) execution test
FAIL: libmudflap.c++/pass41-frag.cxx (-O2) execution test
FAIL: libmudflap.c++/pass41-frag.cxx (-O3) execution test
ERROR: tcl error sourcing /usr/local/src/gcc-4.8.1/libmudflap/testsuite/libmudflap.cth/cthfrags.exp.
ERROR: couldn't compile regular expression pattern: out of memory

		=== libmudflap Summary ===

# of expected passes		1594
# of unexpected failures	44
		=== libstdc++ tests ===


Running target unix

		=== libstdc++ Summary ===

# of expected passes		9214
# of expected failures		45
# of unsupported tests		213

Compiler version: 4.8.1 (GCC) 
Platform: i686-pc-linux-gnu
configure flags: --prefix=/usr/local/gcc-4.8.1 --enable-threads=posix --enable-__cxa_atexit --enable-clocale=gnu -enable-languages=c,c++ --enable-shared --with-gmp=/usr/local/gmp-5.1.2 --with-mpfr=/usr/local/mpfr-3.1.2 --with-mpc=/usr/local/mpc-1.0.1 --with-dejagnu=/usr/local/dejagnu-1.5


Index Nav: [Date Index] [Subject Index] [Author Index] [Thread Index]
Message Nav: [Date Prev] [Date Next] [Thread Prev] [Thread Next]