This is the mail archive of the
gcc-testresults@gcc.gnu.org
mailing list for the GCC project.
Results for 4.8.2 20130719 (prerelease) [gcc-4_8-branch revision 201052] (GCC) testsuite on i386-pc-solaris2.11
- From: Rainer Orth <ro at CeBiTec dot Uni-Bielefeld dot DE>
- To: gcc-testresults at gcc dot gnu dot org
- Date: Mon, 22 Jul 2013 12:46:47 +0200 (MEST)
- Subject: Results for 4.8.2 20130719 (prerelease) [gcc-4_8-branch revision 201052] (GCC) testsuite on i386-pc-solaris2.11
LAST_UPDATED: Fri Jul 19 13:05:18 UTC 2013 (revision 201052)
=== acats tests ===
=== acats Summary ===
# of expected passes 2320
# of unexpected failures 0
Native configuration is i386-pc-solaris2.11
=== g++ tests ===
Running target unix
=== g++ Summary for unix ===
# of expected passes 50883
# of expected failures 292
# of unsupported tests 653
Running target unix/-m64
=== g++ Summary for unix/-m64 ===
# of expected passes 51651
# of expected failures 292
# of unsupported tests 896
=== g++ Summary ===
# of expected passes 102534
# of expected failures 584
# of unsupported tests 1549
/var/gcc/regression/gcc-4.8-branch/11-gcc-gas/build/gcc/testsuite/g++/../../xg++ version 4.8.2 20130719 (prerelease) [gcc-4_8-branch revision 201052] (GCC)
=== gcc tests ===
Running target unix
=== gcc Summary for unix ===
# of expected passes 91529
# of expected failures 263
# of unsupported tests 1147
Running target unix/-m64
=== gcc Summary for unix/-m64 ===
# of expected passes 91935
# of expected failures 265
# of unsupported tests 1452
=== gcc Summary ===
# of expected passes 183464
# of expected failures 528
# of unsupported tests 2599
/var/gcc/regression/gcc-4.8-branch/11-gcc-gas/build/gcc/xgcc version 4.8.2 20130719 (prerelease) [gcc-4_8-branch revision 201052] (GCC)
=== gfortran tests ===
Running target unix
=== gfortran Summary for unix ===
# of expected passes 43297
# of expected failures 56
# of unsupported tests 228
Running target unix/-m64
=== gfortran Summary for unix/-m64 ===
# of expected passes 43600
# of expected failures 56
# of unsupported tests 82
=== gfortran Summary ===
# of expected passes 86897
# of expected failures 112
# of unsupported tests 310
/var/gcc/regression/gcc-4.8-branch/11-gcc-gas/build/gcc/testsuite/gfortran/../../gfortran version 4.8.2 20130719 (prerelease) [gcc-4_8-branch revision 201052] (GCC)
=== gnat tests ===
Running target unix
=== gnat Summary for unix ===
# of expected passes 1160
# of expected failures 17
# of unsupported tests 6
Running target unix/-m64
=== gnat Summary for unix/-m64 ===
# of expected passes 1160
# of expected failures 17
# of unsupported tests 6
=== gnat Summary ===
# of expected passes 2320
# of expected failures 34
# of unsupported tests 12
/var/gcc/regression/gcc-4.8-branch/11-gcc-gas/build/gcc/gnatmake version 4.8.2 20130719 (prerelease) [gcc-4_8-branch revision 201052]
=== obj-c++ tests ===
Running target unix
=== obj-c++ Summary for unix ===
# of expected passes 1450
# of expected failures 2
# of unsupported tests 86
Running target unix/-m64
=== obj-c++ Summary for unix/-m64 ===
# of expected passes 1442
# of expected failures 10
# of unsupported tests 86
=== obj-c++ Summary ===
# of expected passes 2892
# of expected failures 12
# of unsupported tests 172
/var/gcc/regression/gcc-4.8-branch/11-gcc-gas/build/gcc/testsuite/obj-c++/../../xg++ version 4.8.2 20130719 (prerelease) [gcc-4_8-branch revision 201052] (GCC)
=== objc tests ===
Running target unix
=== objc Summary for unix ===
# of expected passes 2988
# of expected failures 6
# of unsupported tests 74
Running target unix/-m64
=== objc Summary for unix/-m64 ===
# of expected passes 2988
# of expected failures 6
# of unsupported tests 74
=== objc Summary ===
# of expected passes 5976
# of expected failures 12
# of unsupported tests 148
/var/gcc/regression/gcc-4.8-branch/11-gcc-gas/build/gcc/xgcc version 4.8.2 20130719 (prerelease) [gcc-4_8-branch revision 201052] (GCC)
=== boehm-gc tests ===
Running target unix
=== boehm-gc Summary for unix ===
# of expected passes 12
# of unsupported tests 1
Running target unix/-m64
=== boehm-gc Summary for unix/-m64 ===
# of expected passes 12
# of unsupported tests 1
=== boehm-gc Summary ===
# of expected passes 24
# of unsupported tests 2
=== libatomic tests ===
Running target unix
=== libatomic Summary for unix ===
# of expected passes 44
# of unsupported tests 5
Running target unix/-m64
=== libatomic Summary for unix/-m64 ===
# of expected passes 54
=== libatomic Summary ===
# of expected passes 98
# of unsupported tests 5
=== libffi tests ===
Running target unix
=== libffi Summary for unix ===
# of expected passes 1819
# of unsupported tests 55
Running target unix/-m64
=== libffi Summary for unix/-m64 ===
# of expected passes 1819
# of unsupported tests 55
=== libffi Summary ===
# of expected passes 3638
# of unsupported tests 110
=== libgomp tests ===
Running target unix
=== libgomp Summary for unix ===
# of expected passes 3046
# of unsupported tests 3
Running target unix/-m64
=== libgomp Summary for unix/-m64 ===
# of expected passes 3046
# of unsupported tests 3
=== libgomp Summary ===
# of expected passes 6092
# of unsupported tests 6
=== libitm tests ===
Running target unix
=== libitm Summary for unix ===
# of expected passes 26
# of expected failures 3
# of unsupported tests 1
Running target unix/-m64
=== libitm Summary for unix/-m64 ===
# of expected passes 26
# of expected failures 3
# of unsupported tests 1
=== libitm Summary ===
# of expected passes 52
# of expected failures 6
# of unsupported tests 2
=== libjava tests ===
Running target unix
FAIL: sourcelocation output - source compiled test
FAIL: sourcelocation -findirect-dispatch output - source compiled test
FAIL: sourcelocation -O3 output - source compiled test
FAIL: sourcelocation -O3 -findirect-dispatch output - source compiled test
=== libjava Summary for unix ===
# of expected passes 2582
# of unexpected failures 4
Running target unix/-m64
FAIL: sourcelocation output - source compiled test
FAIL: sourcelocation -findirect-dispatch output - source compiled test
FAIL: sourcelocation -O3 output - source compiled test
FAIL: sourcelocation -O3 -findirect-dispatch output - source compiled test
=== libjava Summary for unix/-m64 ===
# of expected passes 2582
# of unexpected failures 4
=== libjava Summary ===
# of expected passes 5164
# of unexpected failures 8
=== libmudflap tests ===
Running target unix
FAIL: libmudflap.c++/pass41-frag.cxx ( -O) execution test
FAIL: libmudflap.c++/pass41-frag.cxx (-O2) execution test
FAIL: libmudflap.c++/pass41-frag.cxx (-O3) execution test
=== libmudflap Summary for unix ===
# of expected passes 1439
# of unexpected failures 3
Running target unix/-m64
FAIL: libmudflap.c++/pass41-frag.cxx ( -O) execution test
FAIL: libmudflap.c++/pass41-frag.cxx (-O2) execution test
FAIL: libmudflap.c++/pass41-frag.cxx (-O3) execution test
=== libmudflap Summary for unix/-m64 ===
# of expected passes 1439
# of unexpected failures 3
=== libmudflap Summary ===
# of expected passes 2878
# of unexpected failures 6
=== libstdc++ tests ===
Running target unix
=== libstdc++ Summary for unix ===
# of expected passes 8328
# of expected failures 45
# of unsupported tests 579
Running target unix/-m64
=== libstdc++ Summary for unix/-m64 ===
# of expected passes 8328
# of expected failures 45
# of unsupported tests 579
=== libstdc++ Summary ===
# of expected passes 16656
# of expected failures 90
# of unsupported tests 1158
Compiler version: 4.8.2 20130719 (prerelease) [gcc-4_8-branch revision 201052] (GCC)
Platform: i386-pc-solaris2.11
configure flags: --prefix=/vol/gcc --target=i386-pc-solaris2.11 --enable-objc-gc --enable-libmudflap --with-as=/vol/gcc/bin/gas-2.23.1 --with-gnu-as --with-gmp-include=/vol/gcc/include --with-gmp-lib=/vol/gcc/lib --with-mpfr-include=/vol/gcc/include --with-mpfr-lib=/vol/gcc/lib --with-mpc-include=/vol/gcc/include --with-mpc-lib=/vol/gcc/lib --enable-languages=all,ada,obj-c++,go --with-isl-include=/vol/gcc/include --with-isl-lib=/vol/gcc/lib --with-cloog-include=/vol/gcc/include --with-cloog-lib=/vol/gcc/lib --enable-cloog-backend=isl --enable-languages=all,ada,obj-c++
BOOT_CFLAGS=-g -O2