This is the mail archive of the gcc-testresults@gcc.gnu.org mailing list for the GCC project.


Index Nav: [Date Index] [Subject Index] [Author Index] [Thread Index]
Message Nav: [Date Prev] [Date Next] [Thread Prev] [Thread Next]
Other format: [Raw text]

Results for 4.8.1 (GCC) testsuite on hppa64-hp-hpux11.11


Native configuration is hppa64-hp-hpux11.11

		=== g++ tests ===


Running target unix
FAIL: g++.dg/debug/dwarf2/non-virtual-thunk.C -std=gnu++98  scan-assembler thunk.C:30
FAIL: g++.dg/debug/dwarf2/non-virtual-thunk.C -std=gnu++11  scan-assembler thunk.C:30
FAIL: g++.dg/opt/pr56999.C -std=gnu++98 (test for excess errors)
FAIL: g++.dg/opt/pr56999.C -std=gnu++11 (test for excess errors)
WARNING: program timed out.
FAIL: g++.dg/simulate-thread/atomics-1.C  -O0 -g  thread simulation test
FAIL: g++.dg/simulate-thread/atomics-2.C  -O0 -g  thread simulation test

		=== g++ Summary ===

# of expected passes		48358
# of unexpected failures	6
# of expected failures		290
# of unsupported tests		1187
/mnt/gnu/gcc/objdir-test/gcc/testsuite/g++/../../xg++  version 4.8.1 (GCC) 

		=== gcc tests ===


Running target unix
FAIL: gcc.c-torture/compile/pr55921.c  -O0  (internal compiler error)
FAIL: gcc.c-torture/compile/pr55921.c  -O0  (test for excess errors)
FAIL: gcc.c-torture/compile/pr55921.c  -O1  (internal compiler error)
FAIL: gcc.c-torture/compile/pr55921.c  -O1  (test for excess errors)
FAIL: gcc.c-torture/compile/pr55921.c  -O2  (internal compiler error)
FAIL: gcc.c-torture/compile/pr55921.c  -O2  (test for excess errors)
FAIL: gcc.c-torture/compile/pr55921.c  -O3 -fomit-frame-pointer  (internal compiler error)
FAIL: gcc.c-torture/compile/pr55921.c  -O3 -fomit-frame-pointer  (test for excess errors)
FAIL: gcc.c-torture/compile/pr55921.c  -O3 -g  (internal compiler error)
FAIL: gcc.c-torture/compile/pr55921.c  -O3 -g  (test for excess errors)
FAIL: gcc.c-torture/compile/pr55921.c  -Os  (internal compiler error)
FAIL: gcc.c-torture/compile/pr55921.c  -Os  (test for excess errors)
FAIL: gcc.c-torture/compile/pr55921.c  -O2 -flto -flto-partition=none  (internal compiler error)
FAIL: gcc.c-torture/compile/pr55921.c  -O2 -flto -flto-partition=none  (test for excess errors)
FAIL: gcc.c-torture/compile/pr55921.c  -O2 -flto  (internal compiler error)
FAIL: gcc.c-torture/compile/pr55921.c  -O2 -flto  (test for excess errors)
WARNING: program timed out.

		=== gcc Summary ===

# of expected passes		77791
# of unexpected failures	16
# of expected failures		127
# of unsupported tests		1551
/mnt/gnu/gcc/objdir-test/gcc/xgcc  version 4.8.1 (GCC) 

		=== gfortran tests ===


Running target unix

		=== gfortran Summary ===

# of expected passes		42184
# of expected failures		42
# of unsupported tests		377
/mnt/gnu/gcc/objdir-test/gcc/testsuite/gfortran/../../gfortran  version 4.8.1 (GCC) 

		=== obj-c++ tests ===


Running target unix

		=== obj-c++ Summary ===

# of expected passes		1442
# of expected failures		10
# of unsupported tests		86
/mnt/gnu/gcc/objdir-test/gcc/testsuite/obj-c++/../../xg++  version 4.8.1 (GCC) 

		=== objc tests ===


Running target unix

		=== objc Summary ===

# of expected passes		2992
# of unsupported tests		75
/mnt/gnu/gcc/objdir-test/gcc/xgcc  version 4.8.1 (GCC) 

		=== libatomic tests ===


Running target unix

		=== libatomic Summary ===

# of expected passes		4
# of unsupported tests		25
		=== libgomp tests ===


Running target unix

		=== libgomp Summary ===

# of expected passes		2983
# of unsupported tests		10
		=== libstdc++ tests ===


Running target unix
FAIL: 23_containers/bitset/45713.cc (test for excess errors)

		=== libstdc++ Summary ===

# of expected passes		7628
# of unexpected failures	1
# of expected failures		45
# of unsupported tests		883

Compiler version: 4.8.1 (GCC) 
Platform: hppa64-hp-hpux11.11
configure flags:Test Run By dave on Sat Jul 13 04:47:19 2013


Index Nav: [Date Index] [Subject Index] [Author Index] [Thread Index]
Message Nav: [Date Prev] [Date Next] [Thread Prev] [Thread Next]