This is the mail archive of the
gcc-testresults@gcc.gnu.org
mailing list for the GCC project.
Results for 4.8.2 20130711 (prerelease) (GCC) testsuite on powerpc64-unknown-linux-gnu
- From: Sebastian Huber <sebastian dot huber at embedded-brains dot de>
- To: gcc-testresults at gcc dot gnu dot org
- Date: Thu, 11 Jul 2013 14:00:10 +0200
- Subject: Results for 4.8.2 20130711 (prerelease) (GCC) testsuite on powerpc64-unknown-linux-gnu
Native configuration is powerpc64-unknown-linux-gnu
=== gcc tests ===
Running target unix/-m32
FAIL: c-c++-common/asan/null-deref-1.c -O0 output pattern test, is ASAN:SIGSEGV
FAIL: c-c++-common/asan/null-deref-1.c -O1 output pattern test, is ASAN:SIGSEGV
FAIL: c-c++-common/asan/null-deref-1.c -O2 output pattern test, is ASAN:SIGSEGV
FAIL: c-c++-common/asan/null-deref-1.c -O3 -fomit-frame-pointer output
pattern test, is ASAN:SIGSEGV
FAIL: c-c++-common/asan/null-deref-1.c -O3 -g output pattern test, is
ASAN:SIGSEGV
FAIL: c-c++-common/asan/null-deref-1.c -Os output pattern test, is ASAN:SIGSEGV
FAIL: c-c++-common/asan/null-deref-1.c -O2 -flto -fno-use-linker-plugin
-flto-partition=none output pattern test, is ASAN:SIGSEGV
FAIL: c-c++-common/asan/null-deref-1.c -O2 -flto -fuse-linker-plugin
-fno-fat-lto-objects output pattern test, is ASAN:SIGSEGV
FAIL: gcc.dg/and-1.c scan-assembler-not nand
FAIL: gcc.dg/pr57518.c scan-rtl-dump-not ira "REG_EQUIV.*mem.*"ip""
XPASS: gcc.dg/guality/example.c -O0 execution test
XPASS: gcc.dg/guality/example.c -O1 execution test
XPASS: gcc.dg/guality/example.c -O2 execution test
XPASS: gcc.dg/guality/example.c -Os execution test
XPASS: gcc.dg/guality/example.c -O2 -flto -fno-use-linker-plugin
-flto-partition=none execution test
XPASS: gcc.dg/guality/guality.c -O0 execution test
XPASS: gcc.dg/guality/guality.c -O1 execution test
XPASS: gcc.dg/guality/guality.c -O2 execution test
XPASS: gcc.dg/guality/guality.c -O3 -fomit-frame-pointer execution test
XPASS: gcc.dg/guality/guality.c -O3 -g execution test
XPASS: gcc.dg/guality/guality.c -Os execution test
XPASS: gcc.dg/guality/guality.c -O2 -flto -fno-use-linker-plugin
-flto-partition=none execution test
XPASS: gcc.dg/guality/guality.c -O2 -flto -fuse-linker-plugin
-fno-fat-lto-objects execution test
XPASS: gcc.dg/guality/inline-params.c -O2 execution test
XPASS: gcc.dg/guality/inline-params.c -O3 -fomit-frame-pointer execution test
XPASS: gcc.dg/guality/inline-params.c -O3 -g execution test
XPASS: gcc.dg/guality/inline-params.c -Os execution test
XPASS: gcc.dg/guality/inline-params.c -O2 -flto -fno-use-linker-plugin
-flto-partition=none execution test
FAIL: gcc.dg/guality/pr36728-1.c -O1 line 16 arg6 == 6
FAIL: gcc.dg/guality/pr36728-1.c -O1 line 16 arg7 == 30
FAIL: gcc.dg/guality/pr36728-1.c -O1 line 18 arg5 == 5
FAIL: gcc.dg/guality/pr36728-1.c -O1 line 18 arg6 == 6
FAIL: gcc.dg/guality/pr36728-1.c -O1 line 18 arg7 == 30
FAIL: gcc.dg/guality/pr36728-1.c -O2 line 16 arg6 == 6
FAIL: gcc.dg/guality/pr36728-1.c -O2 line 18 arg1 == 1
FAIL: gcc.dg/guality/pr36728-1.c -O2 line 18 arg5 == 5
FAIL: gcc.dg/guality/pr36728-1.c -O2 line 18 arg6 == 6
FAIL: gcc.dg/guality/pr36728-1.c -O2 line 18 arg7 == 30
FAIL: gcc.dg/guality/pr36728-1.c -O3 -fomit-frame-pointer line 16 arg6 == 6
FAIL: gcc.dg/guality/pr36728-1.c -O3 -fomit-frame-pointer line 18 arg1 == 1
FAIL: gcc.dg/guality/pr36728-1.c -O3 -fomit-frame-pointer line 18 arg5 == 5
FAIL: gcc.dg/guality/pr36728-1.c -O3 -fomit-frame-pointer line 18 arg6 == 6
FAIL: gcc.dg/guality/pr36728-1.c -O3 -fomit-frame-pointer line 18 arg7 == 30
FAIL: gcc.dg/guality/pr36728-1.c -O3 -g line 16 arg6 == 6
FAIL: gcc.dg/guality/pr36728-1.c -O3 -g line 18 arg1 == 1
FAIL: gcc.dg/guality/pr36728-1.c -O3 -g line 18 arg5 == 5
FAIL: gcc.dg/guality/pr36728-1.c -O3 -g line 18 arg6 == 6
FAIL: gcc.dg/guality/pr36728-1.c -O3 -g line 18 arg7 == 30
FAIL: gcc.dg/guality/pr36728-1.c -Os line 16 arg5 == 5
FAIL: gcc.dg/guality/pr36728-1.c -Os line 16 arg6 == 6
FAIL: gcc.dg/guality/pr36728-1.c -Os line 16 arg7 == 30
FAIL: gcc.dg/guality/pr36728-1.c -Os line 18 arg1 == 1
FAIL: gcc.dg/guality/pr36728-1.c -Os line 18 arg5 == 5
FAIL: gcc.dg/guality/pr36728-1.c -Os line 18 arg6 == 6
FAIL: gcc.dg/guality/pr36728-1.c -Os line 18 arg7 == 30
FAIL: gcc.dg/guality/pr36728-1.c -O2 -flto -fno-use-linker-plugin
-flto-partition=none line 16 arg6 == 6
FAIL: gcc.dg/guality/pr36728-1.c -O2 -flto -fno-use-linker-plugin
-flto-partition=none line 18 arg1 == 1
FAIL: gcc.dg/guality/pr36728-1.c -O2 -flto -fno-use-linker-plugin
-flto-partition=none line 18 arg5 == 5
FAIL: gcc.dg/guality/pr36728-1.c -O2 -flto -fno-use-linker-plugin
-flto-partition=none line 18 arg6 == 6
FAIL: gcc.dg/guality/pr36728-1.c -O2 -flto -fno-use-linker-plugin
-flto-partition=none line 18 arg7 == 30
FAIL: gcc.dg/guality/pr36728-1.c -O2 -flto -fuse-linker-plugin
-fno-fat-lto-objects line 16 arg4 == 4
FAIL: gcc.dg/guality/pr36728-1.c -O2 -flto -fuse-linker-plugin
-fno-fat-lto-objects line 16 arg6 == 6
FAIL: gcc.dg/guality/pr36728-1.c -O2 -flto -fuse-linker-plugin
-fno-fat-lto-objects line 18 arg1 == 1
FAIL: gcc.dg/guality/pr36728-1.c -O2 -flto -fuse-linker-plugin
-fno-fat-lto-objects line 18 arg4 == 4
FAIL: gcc.dg/guality/pr36728-1.c -O2 -flto -fuse-linker-plugin
-fno-fat-lto-objects line 18 arg5 == 5
FAIL: gcc.dg/guality/pr36728-1.c -O2 -flto -fuse-linker-plugin
-fno-fat-lto-objects line 18 arg6 == 6
FAIL: gcc.dg/guality/pr36728-1.c -O2 -flto -fuse-linker-plugin
-fno-fat-lto-objects line 18 arg7 == 30
FAIL: gcc.dg/guality/pr36728-2.c -O1 line 16 arg7 == 30
FAIL: gcc.dg/guality/pr36728-2.c -O1 line 18 arg6 == 6
FAIL: gcc.dg/guality/pr36728-2.c -O1 line 18 arg7 == 30
FAIL: gcc.dg/guality/pr36728-2.c -O2 line 16 arg6 == 6
FAIL: gcc.dg/guality/pr36728-2.c -O2 line 18 arg6 == 6
FAIL: gcc.dg/guality/pr36728-2.c -O2 line 18 arg7 == 30
FAIL: gcc.dg/guality/pr36728-2.c -O3 -fomit-frame-pointer line 16 arg6 == 6
FAIL: gcc.dg/guality/pr36728-2.c -O3 -fomit-frame-pointer line 18 arg6 == 6
FAIL: gcc.dg/guality/pr36728-2.c -O3 -fomit-frame-pointer line 18 arg7 == 30
FAIL: gcc.dg/guality/pr36728-2.c -O3 -g line 16 arg6 == 6
FAIL: gcc.dg/guality/pr36728-2.c -O3 -g line 18 arg6 == 6
FAIL: gcc.dg/guality/pr36728-2.c -O3 -g line 18 arg7 == 30
FAIL: gcc.dg/guality/pr36728-2.c -Os line 16 arg6 == 6
FAIL: gcc.dg/guality/pr36728-2.c -Os line 16 arg7 == 30
FAIL: gcc.dg/guality/pr36728-2.c -Os line 18 arg6 == 6
FAIL: gcc.dg/guality/pr36728-2.c -Os line 18 arg7 == 30
FAIL: gcc.dg/guality/pr36728-2.c -Os line 18 y == 2
FAIL: gcc.dg/guality/pr36728-2.c -O2 -flto -fno-use-linker-plugin
-flto-partition=none line 16 arg6 == 6
FAIL: gcc.dg/guality/pr36728-2.c -O2 -flto -fno-use-linker-plugin
-flto-partition=none line 18 arg6 == 6
FAIL: gcc.dg/guality/pr36728-2.c -O2 -flto -fno-use-linker-plugin
-flto-partition=none line 18 arg7 == 30
FAIL: gcc.dg/guality/pr36728-2.c -O2 -flto -fuse-linker-plugin
-fno-fat-lto-objects line 18 arg5 == 5
FAIL: gcc.dg/guality/pr36728-2.c -O2 -flto -fuse-linker-plugin
-fno-fat-lto-objects line 18 arg6 == 6
FAIL: gcc.dg/guality/pr36728-2.c -O2 -flto -fuse-linker-plugin
-fno-fat-lto-objects line 18 arg7 == 30
FAIL: gcc.dg/guality/pr36728-3.c -O1 line 14 arg6 == 6
FAIL: gcc.dg/guality/pr36728-3.c -O1 line 14 arg7 == 30
FAIL: gcc.dg/guality/pr36728-3.c -O1 line 16 arg6 == 6
FAIL: gcc.dg/guality/pr36728-3.c -O1 line 16 arg7 == 30
FAIL: gcc.dg/guality/pr36728-3.c -O2 line 14 arg6 == 6
FAIL: gcc.dg/guality/pr36728-3.c -O2 line 14 arg7 == 30
FAIL: gcc.dg/guality/pr36728-3.c -O2 line 16 arg6 == 6
FAIL: gcc.dg/guality/pr36728-3.c -O2 line 16 arg7 == 30
FAIL: gcc.dg/guality/pr36728-3.c -O3 -fomit-frame-pointer line 14 arg6 == 6
FAIL: gcc.dg/guality/pr36728-3.c -O3 -fomit-frame-pointer line 14 arg7 == 30
FAIL: gcc.dg/guality/pr36728-3.c -O3 -fomit-frame-pointer line 16 arg6 == 6
FAIL: gcc.dg/guality/pr36728-3.c -O3 -fomit-frame-pointer line 16 arg7 == 30
FAIL: gcc.dg/guality/pr36728-3.c -O3 -g line 14 arg6 == 6
FAIL: gcc.dg/guality/pr36728-3.c -O3 -g line 14 arg7 == 30
FAIL: gcc.dg/guality/pr36728-3.c -O3 -g line 16 arg6 == 6
FAIL: gcc.dg/guality/pr36728-3.c -O3 -g line 16 arg7 == 30
FAIL: gcc.dg/guality/pr36728-3.c -Os line 14 arg6 == 6
FAIL: gcc.dg/guality/pr36728-3.c -Os line 14 arg7 == 30
FAIL: gcc.dg/guality/pr36728-3.c -Os line 16 arg6 == 6
FAIL: gcc.dg/guality/pr36728-3.c -Os line 16 arg7 == 30
FAIL: gcc.dg/guality/pr36728-3.c -O2 -flto -fno-use-linker-plugin
-flto-partition=none line 14 arg6 == 6
FAIL: gcc.dg/guality/pr36728-3.c -O2 -flto -fno-use-linker-plugin
-flto-partition=none line 14 arg7 == 30
FAIL: gcc.dg/guality/pr36728-3.c -O2 -flto -fno-use-linker-plugin
-flto-partition=none line 16 arg6 == 6
FAIL: gcc.dg/guality/pr36728-3.c -O2 -flto -fno-use-linker-plugin
-flto-partition=none line 16 arg7 == 30
FAIL: gcc.dg/guality/pr36728-3.c -O2 -flto -fuse-linker-plugin
-fno-fat-lto-objects line 14 arg6 == 6
FAIL: gcc.dg/guality/pr36728-3.c -O2 -flto -fuse-linker-plugin
-fno-fat-lto-objects line 14 arg7 == 30
FAIL: gcc.dg/guality/pr36728-3.c -O2 -flto -fuse-linker-plugin
-fno-fat-lto-objects line 16 arg6 == 6
FAIL: gcc.dg/guality/pr36728-3.c -O2 -flto -fuse-linker-plugin
-fno-fat-lto-objects line 16 arg7 == 30
FAIL: gcc.dg/guality/pr36728-4.c -O1 line 14 arg7 == 30
FAIL: gcc.dg/guality/pr36728-4.c -O1 line 16 arg7 == 30
FAIL: gcc.dg/guality/pr36728-4.c -O2 line 14 arg7 == 30
FAIL: gcc.dg/guality/pr36728-4.c -O2 line 16 arg7 == 30
FAIL: gcc.dg/guality/pr36728-4.c -O3 -fomit-frame-pointer line 14 arg7 == 30
FAIL: gcc.dg/guality/pr36728-4.c -O3 -fomit-frame-pointer line 16 arg7 == 30
FAIL: gcc.dg/guality/pr36728-4.c -O3 -g line 14 arg7 == 30
FAIL: gcc.dg/guality/pr36728-4.c -O3 -g line 16 arg7 == 30
FAIL: gcc.dg/guality/pr36728-4.c -Os line 14 arg7 == 30
FAIL: gcc.dg/guality/pr36728-4.c -Os line 16 arg7 == 30
FAIL: gcc.dg/guality/pr36728-4.c -O2 -flto -fno-use-linker-plugin
-flto-partition=none line 14 arg7 == 30
FAIL: gcc.dg/guality/pr36728-4.c -O2 -flto -fno-use-linker-plugin
-flto-partition=none line 16 arg7 == 30
FAIL: gcc.dg/guality/pr36728-4.c -O2 -flto -fuse-linker-plugin
-fno-fat-lto-objects line 14 arg7 == 30
FAIL: gcc.dg/guality/pr36728-4.c -O2 -flto -fuse-linker-plugin
-fno-fat-lto-objects line 16 arg7 == 30
XPASS: gcc.dg/guality/pr41353-1.c -O0 line 28 j == 28 + 37
XPASS: gcc.dg/guality/pr41447-1.c -O0 execution test
XPASS: gcc.dg/guality/pr41447-1.c -O1 execution test
XPASS: gcc.dg/guality/pr41447-1.c -O2 execution test
XPASS: gcc.dg/guality/pr41447-1.c -O3 -fomit-frame-pointer execution test
XPASS: gcc.dg/guality/pr41447-1.c -O3 -g execution test
XPASS: gcc.dg/guality/pr41447-1.c -Os execution test
XPASS: gcc.dg/guality/pr41447-1.c -O2 -flto -fno-use-linker-plugin
-flto-partition=none execution test
XPASS: gcc.dg/guality/pr41447-1.c -O2 -flto -fuse-linker-plugin
-fno-fat-lto-objects execution test
XPASS: gcc.dg/guality/pr41616-1.c -O0 execution test
XPASS: gcc.dg/guality/pr41616-1.c -O1 execution test
XPASS: gcc.dg/guality/pr41616-1.c -O2 execution test
XPASS: gcc.dg/guality/pr41616-1.c -O3 -fomit-frame-pointer execution test
XPASS: gcc.dg/guality/pr41616-1.c -O3 -g execution test
XPASS: gcc.dg/guality/pr41616-1.c -Os execution test
XPASS: gcc.dg/guality/pr41616-1.c -O2 -flto -fno-use-linker-plugin
-flto-partition=none execution test
FAIL: gcc.dg/guality/pr54200.c -O1 line 20 z == 3
FAIL: gcc.dg/guality/pr54200.c -O2 line 20 z == 3
FAIL: gcc.dg/guality/pr54200.c -O3 -fomit-frame-pointer line 20 z == 3
FAIL: gcc.dg/guality/pr54200.c -O3 -g line 20 z == 3
FAIL: gcc.dg/guality/pr54200.c -Os line 20 z == 3
FAIL: gcc.dg/guality/pr54200.c -O2 -flto -fno-use-linker-plugin
-flto-partition=none line 20 z == 3
FAIL: gcc.dg/guality/pr54200.c -O2 -flto -fuse-linker-plugin
-fno-fat-lto-objects line 20 z == 3
FAIL: gcc.dg/guality/pr54519-1.c -O2 -flto -fno-use-linker-plugin
-flto-partition=none line 20 y == 25
FAIL: gcc.dg/guality/pr54519-1.c -O2 -flto -fno-use-linker-plugin
-flto-partition=none line 20 z == 6
FAIL: gcc.dg/guality/pr54519-1.c -O2 -flto -fno-use-linker-plugin
-flto-partition=none line 23 y == 117
FAIL: gcc.dg/guality/pr54519-1.c -O2 -flto -fno-use-linker-plugin
-flto-partition=none line 23 z == 8
FAIL: gcc.dg/guality/pr54519-1.c -O2 -flto -fuse-linker-plugin
-fno-fat-lto-objects line 20 y == 25
FAIL: gcc.dg/guality/pr54519-1.c -O2 -flto -fuse-linker-plugin
-fno-fat-lto-objects line 20 z == 6
FAIL: gcc.dg/guality/pr54519-2.c -O2 -flto -fno-use-linker-plugin
-flto-partition=none line 17 y == 25
FAIL: gcc.dg/guality/pr54519-2.c -O2 -flto -fuse-linker-plugin
-fno-fat-lto-objects line 17 y == 25
FAIL: gcc.dg/guality/pr54519-3.c -O2 -flto -fuse-linker-plugin
-fno-fat-lto-objects line 20 z == 6
FAIL: gcc.dg/guality/pr54519-3.c -O2 -flto -fuse-linker-plugin
-fno-fat-lto-objects line 23 z == 8
FAIL: gcc.dg/guality/pr54519-4.c -O2 -flto -fuse-linker-plugin
-fno-fat-lto-objects line 17 y == 25
FAIL: gcc.dg/guality/pr54519-5.c -O2 -flto -fno-use-linker-plugin
-flto-partition=none line 17 y == 25
FAIL: gcc.dg/guality/pr54519-5.c -O2 -flto -fuse-linker-plugin
-fno-fat-lto-objects line 17 y == 25
FAIL: gcc.dg/guality/pr54693-2.c -Os line 21 y == 20 - 2 * i
FAIL: gcc.dg/guality/pr54693-2.c -Os line 21 z == 30 - 3 * i
FAIL: gcc.dg/guality/pr54970.c -O1 line 15 a[0] == 1
FAIL: gcc.dg/guality/pr54970.c -O1 line 20 a[0] == 1
FAIL: gcc.dg/guality/pr54970.c -O1 line 25 a[0] == 1
FAIL: gcc.dg/guality/pr54970.c -O1 line 31 *p == 6
FAIL: gcc.dg/guality/pr54970.c -O1 line 31 *q == 5
FAIL: gcc.dg/guality/pr54970.c -O1 line 36 *p == 26
FAIL: gcc.dg/guality/pr54970.c -O1 line 36 *q == 5
FAIL: gcc.dg/guality/pr54970.c -O1 line 45 *p == 26
FAIL: gcc.dg/guality/pr54970.c -O1 line 45 p[-1] == 25
FAIL: gcc.dg/guality/pr54970.c -O1 line 45 p[-2] == 4
FAIL: gcc.dg/guality/pr54970.c -O1 line 45 q[-1] == 4
FAIL: gcc.dg/guality/pr54970.c -O1 line 45 q[1] == 26
FAIL: gcc.dg/guality/pr54970.c -O1 line 45 *q == 25
FAIL: gcc.dg/guality/pr54970.c -O2 line 15 a[0] == 1
FAIL: gcc.dg/guality/pr54970.c -O2 line 20 a[0] == 1
FAIL: gcc.dg/guality/pr54970.c -O2 line 25 a[0] == 1
FAIL: gcc.dg/guality/pr54970.c -O2 line 31 *p == 6
FAIL: gcc.dg/guality/pr54970.c -O2 line 31 *q == 5
FAIL: gcc.dg/guality/pr54970.c -O2 line 36 *p == 26
FAIL: gcc.dg/guality/pr54970.c -O2 line 36 *q == 5
FAIL: gcc.dg/guality/pr54970.c -O2 line 45 *p == 26
FAIL: gcc.dg/guality/pr54970.c -O2 line 45 p[-1] == 25
FAIL: gcc.dg/guality/pr54970.c -O2 line 45 p[-2] == 4
FAIL: gcc.dg/guality/pr54970.c -O2 line 45 q[-1] == 4
FAIL: gcc.dg/guality/pr54970.c -O2 line 45 q[1] == 26
FAIL: gcc.dg/guality/pr54970.c -O2 line 45 *q == 25
FAIL: gcc.dg/guality/pr54970.c -O3 -fomit-frame-pointer line 15 a[0] == 1
FAIL: gcc.dg/guality/pr54970.c -O3 -fomit-frame-pointer line 20 a[0] == 1
FAIL: gcc.dg/guality/pr54970.c -O3 -fomit-frame-pointer line 25 a[0] == 1
FAIL: gcc.dg/guality/pr54970.c -O3 -fomit-frame-pointer line 31 *p == 6
FAIL: gcc.dg/guality/pr54970.c -O3 -fomit-frame-pointer line 31 *q == 5
FAIL: gcc.dg/guality/pr54970.c -O3 -fomit-frame-pointer line 36 *p == 26
FAIL: gcc.dg/guality/pr54970.c -O3 -fomit-frame-pointer line 36 *q == 5
FAIL: gcc.dg/guality/pr54970.c -O3 -fomit-frame-pointer line 45 *p == 26
FAIL: gcc.dg/guality/pr54970.c -O3 -fomit-frame-pointer line 45 p[-1] == 25
FAIL: gcc.dg/guality/pr54970.c -O3 -fomit-frame-pointer line 45 p[-2] == 4
FAIL: gcc.dg/guality/pr54970.c -O3 -fomit-frame-pointer line 45 q[-1] == 4
FAIL: gcc.dg/guality/pr54970.c -O3 -fomit-frame-pointer line 45 q[1] == 26
FAIL: gcc.dg/guality/pr54970.c -O3 -fomit-frame-pointer line 45 *q == 25
FAIL: gcc.dg/guality/pr54970.c -O3 -g line 15 a[0] == 1
FAIL: gcc.dg/guality/pr54970.c -O3 -g line 20 a[0] == 1
FAIL: gcc.dg/guality/pr54970.c -O3 -g line 25 a[0] == 1
FAIL: gcc.dg/guality/pr54970.c -O3 -g line 31 *p == 6
FAIL: gcc.dg/guality/pr54970.c -O3 -g line 31 *q == 5
FAIL: gcc.dg/guality/pr54970.c -O3 -g line 36 *p == 26
FAIL: gcc.dg/guality/pr54970.c -O3 -g line 36 *q == 5
FAIL: gcc.dg/guality/pr54970.c -O3 -g line 45 *p == 26
FAIL: gcc.dg/guality/pr54970.c -O3 -g line 45 p[-1] == 25
FAIL: gcc.dg/guality/pr54970.c -O3 -g line 45 p[-2] == 4
FAIL: gcc.dg/guality/pr54970.c -O3 -g line 45 q[-1] == 4
FAIL: gcc.dg/guality/pr54970.c -O3 -g line 45 q[1] == 26
FAIL: gcc.dg/guality/pr54970.c -O3 -g line 45 *q == 25
FAIL: gcc.dg/guality/pr54970.c -Os line 15 a[0] == 1
FAIL: gcc.dg/guality/pr54970.c -Os line 20 a[0] == 1
FAIL: gcc.dg/guality/pr54970.c -Os line 25 a[0] == 1
FAIL: gcc.dg/guality/pr54970.c -Os line 31 *p == 6
FAIL: gcc.dg/guality/pr54970.c -Os line 31 *q == 5
FAIL: gcc.dg/guality/pr54970.c -Os line 36 *p == 26
FAIL: gcc.dg/guality/pr54970.c -Os line 36 *q == 5
FAIL: gcc.dg/guality/pr54970.c -Os line 45 *p == 26
FAIL: gcc.dg/guality/pr54970.c -Os line 45 p[-1] == 25
FAIL: gcc.dg/guality/pr54970.c -Os line 45 p[-2] == 4
FAIL: gcc.dg/guality/pr54970.c -Os line 45 q[-1] == 4
FAIL: gcc.dg/guality/pr54970.c -Os line 45 q[1] == 26
FAIL: gcc.dg/guality/pr54970.c -Os line 45 *q == 25
FAIL: gcc.dg/guality/pr54970.c -O2 -flto -fno-use-linker-plugin
-flto-partition=none line 15 a[0] == 1
FAIL: gcc.dg/guality/pr54970.c -O2 -flto -fno-use-linker-plugin
-flto-partition=none line 20 a[0] == 1
FAIL: gcc.dg/guality/pr54970.c -O2 -flto -fno-use-linker-plugin
-flto-partition=none line 25 a[0] == 1
FAIL: gcc.dg/guality/pr54970.c -O2 -flto -fno-use-linker-plugin
-flto-partition=none line 31 *p == 6
FAIL: gcc.dg/guality/pr54970.c -O2 -flto -fno-use-linker-plugin
-flto-partition=none line 31 *q == 5
FAIL: gcc.dg/guality/pr54970.c -O2 -flto -fno-use-linker-plugin
-flto-partition=none line 36 *p == 26
FAIL: gcc.dg/guality/pr54970.c -O2 -flto -fno-use-linker-plugin
-flto-partition=none line 36 *q == 5
FAIL: gcc.dg/guality/pr54970.c -O2 -flto -fno-use-linker-plugin
-flto-partition=none line 45 *p == 26
FAIL: gcc.dg/guality/pr54970.c -O2 -flto -fno-use-linker-plugin
-flto-partition=none line 45 p[-1] == 25
FAIL: gcc.dg/guality/pr54970.c -O2 -flto -fno-use-linker-plugin
-flto-partition=none line 45 p[-2] == 4
FAIL: gcc.dg/guality/pr54970.c -O2 -flto -fno-use-linker-plugin
-flto-partition=none line 45 q[-1] == 4
FAIL: gcc.dg/guality/pr54970.c -O2 -flto -fno-use-linker-plugin
-flto-partition=none line 45 q[1] == 26
FAIL: gcc.dg/guality/pr54970.c -O2 -flto -fno-use-linker-plugin
-flto-partition=none line 45 *q == 25
FAIL: gcc.dg/guality/pr54970.c -O2 -flto -fuse-linker-plugin
-fno-fat-lto-objects line 15 a[0] == 1
FAIL: gcc.dg/guality/pr54970.c -O2 -flto -fuse-linker-plugin
-fno-fat-lto-objects line 20 a[0] == 1
FAIL: gcc.dg/guality/pr54970.c -O2 -flto -fuse-linker-plugin
-fno-fat-lto-objects line 25 a[0] == 1
FAIL: gcc.dg/guality/pr54970.c -O2 -flto -fuse-linker-plugin
-fno-fat-lto-objects line 31 *p == 6
FAIL: gcc.dg/guality/pr54970.c -O2 -flto -fuse-linker-plugin
-fno-fat-lto-objects line 31 *q == 5
FAIL: gcc.dg/guality/pr54970.c -O2 -flto -fuse-linker-plugin
-fno-fat-lto-objects line 36 *p == 26
FAIL: gcc.dg/guality/pr54970.c -O2 -flto -fuse-linker-plugin
-fno-fat-lto-objects line 36 *q == 5
FAIL: gcc.dg/guality/pr54970.c -O2 -flto -fuse-linker-plugin
-fno-fat-lto-objects line 45 *p == 26
FAIL: gcc.dg/guality/pr54970.c -O2 -flto -fuse-linker-plugin
-fno-fat-lto-objects line 45 p[-1] == 25
FAIL: gcc.dg/guality/pr54970.c -O2 -flto -fuse-linker-plugin
-fno-fat-lto-objects line 45 p[-2] == 4
FAIL: gcc.dg/guality/pr54970.c -O2 -flto -fuse-linker-plugin
-fno-fat-lto-objects line 45 q[-1] == 4
FAIL: gcc.dg/guality/pr54970.c -O2 -flto -fuse-linker-plugin
-fno-fat-lto-objects line 45 q[1] == 26
FAIL: gcc.dg/guality/pr54970.c -O2 -flto -fuse-linker-plugin
-fno-fat-lto-objects line 45 *q == 25
FAIL: gcc.dg/guality/sra-1.c -O1 line 43 a.j == 14
FAIL: gcc.dg/guality/sra-1.c -O2 line 43 a.j == 14
FAIL: gcc.dg/guality/sra-1.c -O3 -fomit-frame-pointer line 43 a.j == 14
FAIL: gcc.dg/guality/sra-1.c -O3 -g line 43 a.j == 14
FAIL: gcc.dg/guality/sra-1.c -Os line 43 a.j == 14
FAIL: gcc.dg/guality/sra-1.c -O2 -flto -fno-use-linker-plugin
-flto-partition=none line 43 a.j == 14
FAIL: gcc.dg/guality/sra-1.c -O2 -flto -fuse-linker-plugin
-fno-fat-lto-objects line 43 a.j == 14
FAIL: gcc.dg/tree-ssa/sra-12.c scan-tree-dump-times release_ssa "l;" 0
FAIL: gcc.dg/tree-ssa/ssa-dom-thread-4.c scan-tree-dump-times dom1 "Threaded" 3
FAIL: gcc.dg/tree-ssa/vrp47.c scan-tree-dump-times vrp1 "[xy][^ ]* !=" 0
FAIL: gcc.dg/tree-ssa/vrp47.c scan-tree-dump-times dom2 "x[^ ]* & y" 1
FAIL: gcc.target/powerpc/405-dlmzb-strlen-1.c scan-assembler dlmzb\\\\.
FAIL: gcc.target/powerpc/440-dlmzb-strlen-1.c scan-assembler dlmzb\\\\.
FAIL: gcc.target/powerpc/ppc-vector-memcpy.c scan-assembler lvx
=== gcc Summary for unix/-m32 ===
# of expected passes 47426
# of unexpected failures 226
# of unexpected successes 34
# of expected failures 190
# of unsupported tests 931
Running target unix/-m32/-mpowerpc64
FAIL: gcc.c-torture/execute/20040709-2.c compilation, -O1 (internal compiler
error)
UNRESOLVED: gcc.c-torture/execute/20040709-2.c execution, -O1
FAIL: gcc.c-torture/execute/20040709-2.c execution, -O2
FAIL: gcc.c-torture/execute/20040709-2.c execution, -O3 -fomit-frame-pointer
FAIL: gcc.c-torture/execute/20040709-2.c execution, -O3 -fomit-frame-pointer
-funroll-loops
FAIL: gcc.c-torture/execute/20040709-2.c execution, -O3 -fomit-frame-pointer
-funroll-all-loops -finline-functions
FAIL: gcc.c-torture/execute/20040709-2.c execution, -O3 -g
FAIL: gcc.c-torture/execute/20040709-2.c execution, -Os
FAIL: gcc.c-torture/execute/20040709-2.c execution, -Og -g
FAIL: gcc.c-torture/execute/20040709-2.c execution, -O2 -flto
-fno-use-linker-plugin -flto-partition=none
FAIL: gcc.c-torture/execute/950915-1.c execution, -O1
FAIL: gcc.c-torture/execute/950915-1.c execution, -O2
FAIL: gcc.c-torture/execute/950915-1.c execution, -O3 -fomit-frame-pointer
FAIL: gcc.c-torture/execute/950915-1.c execution, -O3 -g
FAIL: gcc.c-torture/execute/950915-1.c execution, -Os
FAIL: gcc.c-torture/execute/950915-1.c execution, -Og -g
FAIL: gcc.c-torture/execute/950915-1.c execution, -O2 -flto
-fno-use-linker-plugin -flto-partition=none
FAIL: gcc.c-torture/execute/pr44942.c execution, -O0
FAIL: gcc.c-torture/execute/pr44942.c execution, -O1
FAIL: gcc.c-torture/execute/pr44942.c execution, -O2
FAIL: gcc.c-torture/execute/pr44942.c execution, -O3 -fomit-frame-pointer
FAIL: gcc.c-torture/execute/pr44942.c execution, -O3 -g
FAIL: gcc.c-torture/execute/pr44942.c execution, -Os
FAIL: gcc.c-torture/execute/pr44942.c execution, -Og -g
FAIL: gcc.c-torture/execute/pr44942.c execution, -O2 -flto
-fno-use-linker-plugin -flto-partition=none
FAIL: gcc.c-torture/execute/pr44942.c execution, -O2 -flto -fuse-linker-plugin
-fno-fat-lto-objects
FAIL: gcc.c-torture/execute/pr49218.c compilation, -O0
UNRESOLVED: gcc.c-torture/execute/pr49218.c execution, -O0
FAIL: gcc.c-torture/execute/pr49218.c compilation, -O1
UNRESOLVED: gcc.c-torture/execute/pr49218.c execution, -O1
FAIL: gcc.c-torture/execute/pr49218.c compilation, -O2
UNRESOLVED: gcc.c-torture/execute/pr49218.c execution, -O2
FAIL: gcc.c-torture/execute/pr49218.c compilation, -O3 -fomit-frame-pointer
UNRESOLVED: gcc.c-torture/execute/pr49218.c execution, -O3 -fomit-frame-pointer
FAIL: gcc.c-torture/execute/pr49218.c compilation, -O3 -fomit-frame-pointer
-funroll-loops
UNRESOLVED: gcc.c-torture/execute/pr49218.c execution, -O3
-fomit-frame-pointer -funroll-loops
FAIL: gcc.c-torture/execute/pr49218.c compilation, -O3 -fomit-frame-pointer
-funroll-all-loops -finline-functions
UNRESOLVED: gcc.c-torture/execute/pr49218.c execution, -O3
-fomit-frame-pointer -funroll-all-loops -finline-functions
FAIL: gcc.c-torture/execute/pr49218.c compilation, -O3 -g
UNRESOLVED: gcc.c-torture/execute/pr49218.c execution, -O3 -g
FAIL: gcc.c-torture/execute/pr49218.c compilation, -Os
UNRESOLVED: gcc.c-torture/execute/pr49218.c execution, -Os
FAIL: gcc.c-torture/execute/pr49218.c compilation, -Og -g
UNRESOLVED: gcc.c-torture/execute/pr49218.c execution, -Og -g
FAIL: gcc.c-torture/execute/pr49218.c compilation, -O2 -flto
-fno-use-linker-plugin -flto-partition=none
UNRESOLVED: gcc.c-torture/execute/pr49218.c execution, -O2 -flto
-fno-use-linker-plugin -flto-partition=none
FAIL: gcc.c-torture/execute/pr57344-1.c execution, -O1
FAIL: gcc.c-torture/execute/pr57344-1.c execution, -Og -g
FAIL: gcc.c-torture/execute/pr57344-2.c execution, -O1
FAIL: gcc.c-torture/execute/pr57344-2.c execution, -Og -g
FAIL: gcc.c-torture/execute/va-arg-1.c execution, -O0
FAIL: gcc.c-torture/execute/va-arg-1.c execution, -O1
FAIL: gcc.c-torture/execute/va-arg-1.c execution, -O2
FAIL: gcc.c-torture/execute/va-arg-1.c execution, -O3 -fomit-frame-pointer
FAIL: gcc.c-torture/execute/va-arg-1.c execution, -O3 -g
FAIL: gcc.c-torture/execute/va-arg-1.c execution, -Os
FAIL: gcc.c-torture/execute/va-arg-1.c execution, -Og -g
FAIL: gcc.c-torture/execute/va-arg-1.c execution, -O2 -flto
-fno-use-linker-plugin -flto-partition=none
FAIL: gcc.c-torture/execute/va-arg-1.c execution, -O2 -flto
-fuse-linker-plugin -fno-fat-lto-objects
FAIL: gcc.c-torture/execute/va-arg-10.c execution, -O0
FAIL: gcc.c-torture/execute/va-arg-10.c execution, -O1
FAIL: gcc.c-torture/execute/va-arg-10.c execution, -O2
FAIL: gcc.c-torture/execute/va-arg-10.c execution, -O3 -fomit-frame-pointer
FAIL: gcc.c-torture/execute/va-arg-10.c execution, -O3 -fomit-frame-pointer
-funroll-loops
FAIL: gcc.c-torture/execute/va-arg-10.c execution, -O3 -fomit-frame-pointer
-funroll-all-loops -finline-functions
FAIL: gcc.c-torture/execute/va-arg-10.c execution, -O3 -g
FAIL: gcc.c-torture/execute/va-arg-10.c execution, -Os
FAIL: gcc.c-torture/execute/va-arg-10.c execution, -Og -g
FAIL: gcc.c-torture/execute/va-arg-10.c execution, -O2 -flto
-fno-use-linker-plugin -flto-partition=none
FAIL: gcc.c-torture/execute/va-arg-10.c execution, -O2 -flto
-fuse-linker-plugin -fno-fat-lto-objects
FAIL: gcc.c-torture/execute/va-arg-12.c execution, -O0
FAIL: gcc.c-torture/execute/va-arg-12.c execution, -O1
FAIL: gcc.c-torture/execute/va-arg-12.c execution, -O2
FAIL: gcc.c-torture/execute/va-arg-12.c execution, -O3 -fomit-frame-pointer
FAIL: gcc.c-torture/execute/va-arg-12.c execution, -O3 -g
FAIL: gcc.c-torture/execute/va-arg-12.c execution, -Os
FAIL: gcc.c-torture/execute/va-arg-12.c execution, -Og -g
FAIL: gcc.c-torture/execute/va-arg-12.c execution, -O2 -flto
-fno-use-linker-plugin -flto-partition=none
FAIL: gcc.c-torture/execute/va-arg-12.c execution, -O2 -flto
-fuse-linker-plugin -fno-fat-lto-objects
FAIL: gcc.c-torture/execute/va-arg-2.c execution, -O0
FAIL: gcc.c-torture/execute/va-arg-2.c execution, -O1
FAIL: gcc.c-torture/execute/va-arg-2.c execution, -O2
FAIL: gcc.c-torture/execute/va-arg-2.c execution, -O3 -fomit-frame-pointer
FAIL: gcc.c-torture/execute/va-arg-2.c execution, -O3 -fomit-frame-pointer
-funroll-loops
FAIL: gcc.c-torture/execute/va-arg-2.c execution, -O3 -fomit-frame-pointer
-funroll-all-loops -finline-functions
FAIL: gcc.c-torture/execute/va-arg-2.c execution, -O3 -g
FAIL: gcc.c-torture/execute/va-arg-2.c execution, -Os
FAIL: gcc.c-torture/execute/va-arg-2.c execution, -Og -g
FAIL: gcc.c-torture/execute/va-arg-2.c execution, -O2 -flto
-fno-use-linker-plugin -flto-partition=none
FAIL: gcc.c-torture/execute/va-arg-2.c execution, -O2 -flto
-fuse-linker-plugin -fno-fat-lto-objects
FAIL: gcc.c-torture/execute/va-arg-24.c execution, -O0
FAIL: gcc.c-torture/execute/va-arg-24.c execution, -O1
FAIL: gcc.c-torture/execute/va-arg-24.c execution, -O2
FAIL: gcc.c-torture/execute/va-arg-24.c execution, -O3 -fomit-frame-pointer
FAIL: gcc.c-torture/execute/va-arg-24.c execution, -O3 -fomit-frame-pointer
-funroll-loops
FAIL: gcc.c-torture/execute/va-arg-24.c execution, -O3 -fomit-frame-pointer
-funroll-all-loops -finline-functions
FAIL: gcc.c-torture/execute/va-arg-24.c execution, -O3 -g
FAIL: gcc.c-torture/execute/va-arg-24.c execution, -Os
FAIL: gcc.c-torture/execute/va-arg-24.c execution, -Og -g
FAIL: gcc.c-torture/execute/va-arg-24.c execution, -O2 -flto
-fno-use-linker-plugin -flto-partition=none
FAIL: gcc.c-torture/execute/va-arg-24.c execution, -O2 -flto
-fuse-linker-plugin -fno-fat-lto-objects
FAIL: gcc.c-torture/execute/va-arg-7.c execution, -O0
FAIL: gcc.c-torture/execute/va-arg-7.c execution, -O1
FAIL: gcc.c-torture/execute/va-arg-7.c execution, -O2
FAIL: gcc.c-torture/execute/va-arg-7.c execution, -O3 -fomit-frame-pointer
FAIL: gcc.c-torture/execute/va-arg-7.c execution, -O3 -g
FAIL: gcc.c-torture/execute/va-arg-7.c execution, -Os
FAIL: gcc.c-torture/execute/va-arg-7.c execution, -Og -g
FAIL: gcc.c-torture/execute/va-arg-7.c execution, -O2 -flto
-fno-use-linker-plugin -flto-partition=none
FAIL: gcc.c-torture/execute/va-arg-7.c execution, -O2 -flto
-fuse-linker-plugin -fno-fat-lto-objects
FAIL: gcc.c-torture/execute/va-arg-8.c execution, -O0
FAIL: gcc.c-torture/execute/va-arg-8.c execution, -O1
FAIL: gcc.c-torture/execute/va-arg-8.c execution, -O2
FAIL: gcc.c-torture/execute/va-arg-8.c execution, -O3 -fomit-frame-pointer
FAIL: gcc.c-torture/execute/va-arg-8.c execution, -O3 -g
FAIL: gcc.c-torture/execute/va-arg-8.c execution, -Os
FAIL: gcc.c-torture/execute/va-arg-8.c execution, -Og -g
FAIL: gcc.c-torture/execute/va-arg-8.c execution, -O2 -flto
-fno-use-linker-plugin -flto-partition=none
FAIL: gcc.c-torture/execute/va-arg-8.c execution, -O2 -flto
-fuse-linker-plugin -fno-fat-lto-objects
FAIL: gcc.c-torture/execute/va-arg-9.c execution, -O0
FAIL: gcc.c-torture/execute/va-arg-9.c execution, -O1
FAIL: gcc.c-torture/execute/va-arg-9.c execution, -O2
FAIL: gcc.c-torture/execute/va-arg-9.c execution, -O3 -fomit-frame-pointer
FAIL: gcc.c-torture/execute/va-arg-9.c execution, -O3 -fomit-frame-pointer
-funroll-loops
FAIL: gcc.c-torture/execute/va-arg-9.c execution, -O3 -fomit-frame-pointer
-funroll-all-loops -finline-functions
FAIL: gcc.c-torture/execute/va-arg-9.c execution, -O3 -g
FAIL: gcc.c-torture/execute/va-arg-9.c execution, -Os
FAIL: gcc.c-torture/execute/va-arg-9.c execution, -Og -g
FAIL: gcc.c-torture/execute/va-arg-9.c execution, -O2 -flto
-fno-use-linker-plugin -flto-partition=none
FAIL: gcc.c-torture/execute/va-arg-9.c execution, -O2 -flto
-fuse-linker-plugin -fno-fat-lto-objects
FAIL: c-c++-common/asan/null-deref-1.c -O0 output pattern test, is ASAN:SIGSEGV
FAIL: c-c++-common/asan/null-deref-1.c -O1 output pattern test, is ASAN:SIGSEGV
FAIL: c-c++-common/asan/null-deref-1.c -O2 output pattern test, is ASAN:SIGSEGV
FAIL: c-c++-common/asan/null-deref-1.c -O3 -fomit-frame-pointer output
pattern test, is ASAN:SIGSEGV
FAIL: c-c++-common/asan/null-deref-1.c -O3 -g output pattern test, is
ASAN:SIGSEGV
FAIL: c-c++-common/asan/null-deref-1.c -Os output pattern test, is ASAN:SIGSEGV
FAIL: c-c++-common/asan/null-deref-1.c -O2 -flto -fno-use-linker-plugin
-flto-partition=none output pattern test, is ASAN:SIGSEGV
FAIL: c-c++-common/asan/null-deref-1.c -O2 -flto -fuse-linker-plugin
-fno-fat-lto-objects output pattern test, is ASAN:SIGSEGV
FAIL: gcc.dg/compat/scalar-by-value-dfp c_compat_x_tst.o-c_compat_y_tst.o execute
FAIL: gcc.dg/compat/scalar-return-dfp c_compat_x_tst.o-c_compat_y_tst.o execute
FAIL: gcc.dg/compat/struct-by-value-11 c_compat_x_tst.o-c_compat_y_tst.o execute
FAIL: gcc.dg/compat/struct-by-value-1 c_compat_x_tst.o-c_compat_y_tst.o execute
FAIL: gcc.dg/compat/struct-by-value-2 c_compat_x_tst.o-c_compat_y_tst.o execute
FAIL: gcc.dg/compat/struct-by-value-4 c_compat_x_tst.o-c_compat_y_tst.o execute
FAIL: gcc.dg/compat/struct-return-2 c_compat_x_tst.o-c_compat_y_tst.o execute
FAIL: tmpdir-gcc.dg-struct-layout-1/t001 c_compat_x_tst.o-c_compat_y_tst.o execute
FAIL: tmpdir-gcc.dg-struct-layout-1/t002 c_compat_x_tst.o-c_compat_y_tst.o execute
FAIL: tmpdir-gcc.dg-struct-layout-1/t003 c_compat_x_tst.o-c_compat_y_tst.o execute
FAIL: tmpdir-gcc.dg-struct-layout-1/t004 c_compat_x_tst.o-c_compat_y_tst.o execute
FAIL: tmpdir-gcc.dg-struct-layout-1/t005 c_compat_x_tst.o-c_compat_y_tst.o execute
FAIL: tmpdir-gcc.dg-struct-layout-1/t006 c_compat_x_tst.o-c_compat_y_tst.o execute
FAIL: tmpdir-gcc.dg-struct-layout-1/t007 c_compat_x_tst.o-c_compat_y_tst.o execute
FAIL: tmpdir-gcc.dg-struct-layout-1/t008 c_compat_x_tst.o-c_compat_y_tst.o execute
FAIL: tmpdir-gcc.dg-struct-layout-1/t009 c_compat_x_tst.o-c_compat_y_tst.o execute
FAIL: tmpdir-gcc.dg-struct-layout-1/t010 c_compat_x_tst.o-c_compat_y_tst.o execute
FAIL: tmpdir-gcc.dg-struct-layout-1/t011 c_compat_x_tst.o-c_compat_y_tst.o execute
FAIL: tmpdir-gcc.dg-struct-layout-1/t012 c_compat_x_tst.o-c_compat_y_tst.o execute
FAIL: tmpdir-gcc.dg-struct-layout-1/t013 c_compat_x_tst.o-c_compat_y_tst.o execute
FAIL: tmpdir-gcc.dg-struct-layout-1/t014 c_compat_x_tst.o-c_compat_y_tst.o execute
FAIL: tmpdir-gcc.dg-struct-layout-1/t015 c_compat_x_tst.o-c_compat_y_tst.o execute
FAIL: tmpdir-gcc.dg-struct-layout-1/t016 c_compat_x_tst.o-c_compat_y_tst.o execute
FAIL: tmpdir-gcc.dg-struct-layout-1/t017 c_compat_x_tst.o-c_compat_y_tst.o execute
FAIL: tmpdir-gcc.dg-struct-layout-1/t018 c_compat_x_tst.o-c_compat_y_tst.o execute
FAIL: tmpdir-gcc.dg-struct-layout-1/t019 c_compat_x_tst.o-c_compat_y_tst.o execute
FAIL: tmpdir-gcc.dg-struct-layout-1/t020 c_compat_x_tst.o-c_compat_y_tst.o execute
FAIL: tmpdir-gcc.dg-struct-layout-1/t021 c_compat_x_tst.o-c_compat_y_tst.o execute
FAIL: tmpdir-gcc.dg-struct-layout-1/t022 c_compat_x_tst.o-c_compat_y_tst.o execute
FAIL: tmpdir-gcc.dg-struct-layout-1/t023 c_compat_x_tst.o-c_compat_y_tst.o execute
FAIL: tmpdir-gcc.dg-struct-layout-1/t024 c_compat_x_tst.o-c_compat_y_tst.o execute
FAIL: tmpdir-gcc.dg-struct-layout-1/t025 c_compat_x_tst.o-c_compat_y_tst.o execute
FAIL: tmpdir-gcc.dg-struct-layout-1/t026 c_compat_x_tst.o-c_compat_y_tst.o execute
FAIL: tmpdir-gcc.dg-struct-layout-1/t027 c_compat_x_tst.o-c_compat_y_tst.o execute
FAIL: tmpdir-gcc.dg-struct-layout-1/t028 c_compat_x_tst.o-c_compat_y_tst.o execute
FAIL: gcc.dg/dfp/convert-dfp-round.c execution test
FAIL: gcc.dg/dfp/union-init.c execution test
FAIL: c-c++-common/dfp/call-by-value.c execution test
FAIL: c-c++-common/dfp/cast.c execution test
FAIL: c-c++-common/dfp/compare-eq-d128.c execution test
FAIL: c-c++-common/dfp/compare-eq-d32.c execution test
FAIL: c-c++-common/dfp/compare-eq-d64.c execution test
FAIL: c-c++-common/dfp/compare-rel-d128.c execution test
FAIL: c-c++-common/dfp/compare-rel-d32.c execution test
FAIL: c-c++-common/dfp/compare-rel-d64.c execution test
FAIL: c-c++-common/dfp/compare-rel-dfp.c execution test
FAIL: c-c++-common/dfp/compare-special-d128.c execution test
FAIL: c-c++-common/dfp/compare-special-d32.c execution test
FAIL: c-c++-common/dfp/compare-special-d64.c execution test
FAIL: c-c++-common/dfp/convert-bfp-13.c execution test
FAIL: c-c++-common/dfp/convert-bfp-3.c execution test
FAIL: c-c++-common/dfp/convert-bfp.c execution test
FAIL: c-c++-common/dfp/convert-dfp-fold-2.c execution test
FAIL: c-c++-common/dfp/convert-dfp.c execution test
FAIL: c-c++-common/dfp/convert-int.c execution test
FAIL: c-c++-common/dfp/func-array.c execution test
FAIL: c-c++-common/dfp/func-deref.c execution test
FAIL: c-c++-common/dfp/func-mixed.c execution test
FAIL: c-c++-common/dfp/func-pointer.c execution test
FAIL: c-c++-common/dfp/func-scalar.c execution test
FAIL: c-c++-common/dfp/func-struct.c execution test
FAIL: c-c++-common/dfp/func-vararg-alternate-d32.c execution test
FAIL: c-c++-common/dfp/func-vararg-dfp.c execution test
FAIL: c-c++-common/dfp/func-vararg-mixed.c execution test
FAIL: c-c++-common/dfp/loop-index.c execution test
FAIL: c-c++-common/dfp/operator-assignment.c execution test
FAIL: c-c++-common/dfp/operator-comma.c execution test
FAIL: c-c++-common/dfp/operator-cond.c execution test
FAIL: c-c++-common/dfp/operator-logical.c execution test
FAIL: c-c++-common/dfp/operator-unary.c execution test
FAIL: c-c++-common/dfp/pr36800.c execution test
FAIL: c-c++-common/dfp/pr39034.c execution test
FAIL: c-c++-common/dfp/pr39035.c execution test
FAIL: c-c++-common/dfp/usual-arith-conv.c execution test
FAIL: gcc.dg/20020919-1.c (test for errors, line 109)
FAIL: gcc.dg/20020919-1.c (test for errors, line 127)
FAIL: gcc.dg/20020919-1.c (test for errors, line 136)
FAIL: gcc.dg/20020919-1.c (test for errors, line 163)
FAIL: gcc.dg/20020919-1.c (test for errors, line 181)
FAIL: gcc.dg/20020919-1.c (test for errors, line 235)
FAIL: gcc.dg/and-1.c scan-assembler-not nand
FAIL: gcc.dg/lower-subreg-1.c scan-rtl-dump subreg1 "Splitting reg"
FAIL: gcc.dg/pr48134.c (internal compiler error)
FAIL: gcc.dg/pr48134.c (test for excess errors)
FAIL: gcc.dg/pr57518.c scan-rtl-dump-not ira "REG_EQUIV.*mem.*"ip""
FAIL: gcc.dg/struct-by-value-1.c execution test
FAIL: c-c++-common/int128-2.c -Wc++-compat (test for excess errors)
UNRESOLVED: c-c++-common/int128-2.c -Wc++-compat compilation failed to
produce executable
XPASS: gcc.dg/guality/example.c -O0 execution test
XPASS: gcc.dg/guality/example.c -O1 execution test
XPASS: gcc.dg/guality/example.c -O2 execution test
XPASS: gcc.dg/guality/example.c -Os execution test
XPASS: gcc.dg/guality/example.c -O2 -flto -fno-use-linker-plugin
-flto-partition=none execution test
XPASS: gcc.dg/guality/guality.c -O0 execution test
XPASS: gcc.dg/guality/guality.c -O1 execution test
XPASS: gcc.dg/guality/guality.c -O2 execution test
XPASS: gcc.dg/guality/guality.c -O3 -fomit-frame-pointer execution test
XPASS: gcc.dg/guality/guality.c -O3 -g execution test
XPASS: gcc.dg/guality/guality.c -Os execution test
XPASS: gcc.dg/guality/guality.c -O2 -flto -fno-use-linker-plugin
-flto-partition=none execution test
XPASS: gcc.dg/guality/guality.c -O2 -flto -fuse-linker-plugin
-fno-fat-lto-objects execution test
XPASS: gcc.dg/guality/inline-params.c -O2 execution test
XPASS: gcc.dg/guality/inline-params.c -O3 -fomit-frame-pointer execution test
XPASS: gcc.dg/guality/inline-params.c -O3 -g execution test
XPASS: gcc.dg/guality/inline-params.c -Os execution test
XPASS: gcc.dg/guality/inline-params.c -O2 -flto -fno-use-linker-plugin
-flto-partition=none execution test
FAIL: gcc.dg/guality/pr36728-1.c -O1 line 16 arg6 == 6
FAIL: gcc.dg/guality/pr36728-1.c -O1 line 16 arg7 == 30
FAIL: gcc.dg/guality/pr36728-1.c -O1 line 18 arg5 == 5
FAIL: gcc.dg/guality/pr36728-1.c -O1 line 18 arg6 == 6
FAIL: gcc.dg/guality/pr36728-1.c -O1 line 18 arg7 == 30
FAIL: gcc.dg/guality/pr36728-1.c -O2 line 16 arg6 == 6
FAIL: gcc.dg/guality/pr36728-1.c -O2 line 18 arg1 == 1
FAIL: gcc.dg/guality/pr36728-1.c -O2 line 18 arg5 == 5
FAIL: gcc.dg/guality/pr36728-1.c -O2 line 18 arg6 == 6
FAIL: gcc.dg/guality/pr36728-1.c -O2 line 18 arg7 == 30
FAIL: gcc.dg/guality/pr36728-1.c -O3 -fomit-frame-pointer line 16 arg6 == 6
FAIL: gcc.dg/guality/pr36728-1.c -O3 -fomit-frame-pointer line 18 arg1 == 1
FAIL: gcc.dg/guality/pr36728-1.c -O3 -fomit-frame-pointer line 18 arg5 == 5
FAIL: gcc.dg/guality/pr36728-1.c -O3 -fomit-frame-pointer line 18 arg6 == 6
FAIL: gcc.dg/guality/pr36728-1.c -O3 -fomit-frame-pointer line 18 arg7 == 30
FAIL: gcc.dg/guality/pr36728-1.c -O3 -g line 16 arg6 == 6
FAIL: gcc.dg/guality/pr36728-1.c -O3 -g line 18 arg1 == 1
FAIL: gcc.dg/guality/pr36728-1.c -O3 -g line 18 arg5 == 5
FAIL: gcc.dg/guality/pr36728-1.c -O3 -g line 18 arg6 == 6
FAIL: gcc.dg/guality/pr36728-1.c -O3 -g line 18 arg7 == 30
FAIL: gcc.dg/guality/pr36728-1.c -Os line 16 arg5 == 5
FAIL: gcc.dg/guality/pr36728-1.c -Os line 16 arg6 == 6
FAIL: gcc.dg/guality/pr36728-1.c -Os line 16 arg7 == 30
FAIL: gcc.dg/guality/pr36728-1.c -Os line 18 arg1 == 1
FAIL: gcc.dg/guality/pr36728-1.c -Os line 18 arg5 == 5
FAIL: gcc.dg/guality/pr36728-1.c -Os line 18 arg6 == 6
FAIL: gcc.dg/guality/pr36728-1.c -Os line 18 arg7 == 30
FAIL: gcc.dg/guality/pr36728-1.c -O2 -flto -fno-use-linker-plugin
-flto-partition=none line 16 arg6 == 6
FAIL: gcc.dg/guality/pr36728-1.c -O2 -flto -fno-use-linker-plugin
-flto-partition=none line 18 arg1 == 1
FAIL: gcc.dg/guality/pr36728-1.c -O2 -flto -fno-use-linker-plugin
-flto-partition=none line 18 arg5 == 5
FAIL: gcc.dg/guality/pr36728-1.c -O2 -flto -fno-use-linker-plugin
-flto-partition=none line 18 arg6 == 6
FAIL: gcc.dg/guality/pr36728-1.c -O2 -flto -fno-use-linker-plugin
-flto-partition=none line 18 arg7 == 30
FAIL: gcc.dg/guality/pr36728-1.c -O2 -flto -fuse-linker-plugin
-fno-fat-lto-objects line 16 arg4 == 4
FAIL: gcc.dg/guality/pr36728-1.c -O2 -flto -fuse-linker-plugin
-fno-fat-lto-objects line 16 arg6 == 6
FAIL: gcc.dg/guality/pr36728-1.c -O2 -flto -fuse-linker-plugin
-fno-fat-lto-objects line 18 arg1 == 1
FAIL: gcc.dg/guality/pr36728-1.c -O2 -flto -fuse-linker-plugin
-fno-fat-lto-objects line 18 arg4 == 4
FAIL: gcc.dg/guality/pr36728-1.c -O2 -flto -fuse-linker-plugin
-fno-fat-lto-objects line 18 arg5 == 5
FAIL: gcc.dg/guality/pr36728-1.c -O2 -flto -fuse-linker-plugin
-fno-fat-lto-objects line 18 arg6 == 6
FAIL: gcc.dg/guality/pr36728-1.c -O2 -flto -fuse-linker-plugin
-fno-fat-lto-objects line 18 arg7 == 30
FAIL: gcc.dg/guality/pr36728-2.c -O1 line 16 arg7 == 30
FAIL: gcc.dg/guality/pr36728-2.c -O1 line 18 arg6 == 6
FAIL: gcc.dg/guality/pr36728-2.c -O1 line 18 arg7 == 30
FAIL: gcc.dg/guality/pr36728-2.c -O2 line 16 arg6 == 6
FAIL: gcc.dg/guality/pr36728-2.c -O2 line 18 arg6 == 6
FAIL: gcc.dg/guality/pr36728-2.c -O2 line 18 arg7 == 30
FAIL: gcc.dg/guality/pr36728-2.c -O3 -fomit-frame-pointer line 16 arg6 == 6
FAIL: gcc.dg/guality/pr36728-2.c -O3 -fomit-frame-pointer line 18 arg6 == 6
FAIL: gcc.dg/guality/pr36728-2.c -O3 -fomit-frame-pointer line 18 arg7 == 30
FAIL: gcc.dg/guality/pr36728-2.c -O3 -g line 16 arg6 == 6
FAIL: gcc.dg/guality/pr36728-2.c -O3 -g line 18 arg6 == 6
FAIL: gcc.dg/guality/pr36728-2.c -O3 -g line 18 arg7 == 30
FAIL: gcc.dg/guality/pr36728-2.c -Os line 16 arg6 == 6
FAIL: gcc.dg/guality/pr36728-2.c -Os line 16 arg7 == 30
FAIL: gcc.dg/guality/pr36728-2.c -Os line 18 arg6 == 6
FAIL: gcc.dg/guality/pr36728-2.c -Os line 18 arg7 == 30
FAIL: gcc.dg/guality/pr36728-2.c -Os line 18 y == 2
FAIL: gcc.dg/guality/pr36728-2.c -O2 -flto -fno-use-linker-plugin
-flto-partition=none line 16 arg6 == 6
FAIL: gcc.dg/guality/pr36728-2.c -O2 -flto -fno-use-linker-plugin
-flto-partition=none line 18 arg6 == 6
FAIL: gcc.dg/guality/pr36728-2.c -O2 -flto -fno-use-linker-plugin
-flto-partition=none line 18 arg7 == 30
FAIL: gcc.dg/guality/pr36728-2.c -O2 -flto -fuse-linker-plugin
-fno-fat-lto-objects line 18 arg5 == 5
FAIL: gcc.dg/guality/pr36728-2.c -O2 -flto -fuse-linker-plugin
-fno-fat-lto-objects line 18 arg6 == 6
FAIL: gcc.dg/guality/pr36728-2.c -O2 -flto -fuse-linker-plugin
-fno-fat-lto-objects line 18 arg7 == 30
FAIL: gcc.dg/guality/pr36728-3.c -O1 line 14 arg6 == 6
FAIL: gcc.dg/guality/pr36728-3.c -O1 line 14 arg7 == 30
FAIL: gcc.dg/guality/pr36728-3.c -O1 line 16 arg6 == 6
FAIL: gcc.dg/guality/pr36728-3.c -O1 line 16 arg7 == 30
FAIL: gcc.dg/guality/pr36728-3.c -O2 line 14 arg6 == 6
FAIL: gcc.dg/guality/pr36728-3.c -O2 line 14 arg7 == 30
FAIL: gcc.dg/guality/pr36728-3.c -O2 line 16 arg6 == 6
FAIL: gcc.dg/guality/pr36728-3.c -O2 line 16 arg7 == 30
FAIL: gcc.dg/guality/pr36728-3.c -O3 -fomit-frame-pointer line 14 arg6 == 6
FAIL: gcc.dg/guality/pr36728-3.c -O3 -fomit-frame-pointer line 14 arg7 == 30
FAIL: gcc.dg/guality/pr36728-3.c -O3 -fomit-frame-pointer line 16 arg6 == 6
FAIL: gcc.dg/guality/pr36728-3.c -O3 -fomit-frame-pointer line 16 arg7 == 30
FAIL: gcc.dg/guality/pr36728-3.c -O3 -g line 14 arg6 == 6
FAIL: gcc.dg/guality/pr36728-3.c -O3 -g line 14 arg7 == 30
FAIL: gcc.dg/guality/pr36728-3.c -O3 -g line 16 arg6 == 6
FAIL: gcc.dg/guality/pr36728-3.c -O3 -g line 16 arg7 == 30
FAIL: gcc.dg/guality/pr36728-3.c -Os line 14 arg6 == 6
FAIL: gcc.dg/guality/pr36728-3.c -Os line 14 arg7 == 30
FAIL: gcc.dg/guality/pr36728-3.c -Os line 16 arg6 == 6
FAIL: gcc.dg/guality/pr36728-3.c -Os line 16 arg7 == 30
FAIL: gcc.dg/guality/pr36728-3.c -O2 -flto -fno-use-linker-plugin
-flto-partition=none line 14 arg6 == 6
FAIL: gcc.dg/guality/pr36728-3.c -O2 -flto -fno-use-linker-plugin
-flto-partition=none line 14 arg7 == 30
FAIL: gcc.dg/guality/pr36728-3.c -O2 -flto -fno-use-linker-plugin
-flto-partition=none line 16 arg6 == 6
FAIL: gcc.dg/guality/pr36728-3.c -O2 -flto -fno-use-linker-plugin
-flto-partition=none line 16 arg7 == 30
FAIL: gcc.dg/guality/pr36728-3.c -O2 -flto -fuse-linker-plugin
-fno-fat-lto-objects line 14 arg6 == 6
FAIL: gcc.dg/guality/pr36728-3.c -O2 -flto -fuse-linker-plugin
-fno-fat-lto-objects line 14 arg7 == 30
FAIL: gcc.dg/guality/pr36728-3.c -O2 -flto -fuse-linker-plugin
-fno-fat-lto-objects line 16 arg6 == 6
FAIL: gcc.dg/guality/pr36728-3.c -O2 -flto -fuse-linker-plugin
-fno-fat-lto-objects line 16 arg7 == 30
FAIL: gcc.dg/guality/pr36728-4.c -O1 line 14 arg7 == 30
FAIL: gcc.dg/guality/pr36728-4.c -O1 line 16 arg7 == 30
FAIL: gcc.dg/guality/pr36728-4.c -O2 line 14 arg7 == 30
FAIL: gcc.dg/guality/pr36728-4.c -O2 line 16 arg7 == 30
FAIL: gcc.dg/guality/pr36728-4.c -O3 -fomit-frame-pointer line 14 arg7 == 30
FAIL: gcc.dg/guality/pr36728-4.c -O3 -fomit-frame-pointer line 16 arg7 == 30
FAIL: gcc.dg/guality/pr36728-4.c -O3 -g line 14 arg7 == 30
FAIL: gcc.dg/guality/pr36728-4.c -O3 -g line 16 arg7 == 30
FAIL: gcc.dg/guality/pr36728-4.c -Os line 14 arg7 == 30
FAIL: gcc.dg/guality/pr36728-4.c -Os line 16 arg7 == 30
FAIL: gcc.dg/guality/pr36728-4.c -O2 -flto -fno-use-linker-plugin
-flto-partition=none line 14 arg7 == 30
FAIL: gcc.dg/guality/pr36728-4.c -O2 -flto -fno-use-linker-plugin
-flto-partition=none line 16 arg7 == 30
FAIL: gcc.dg/guality/pr36728-4.c -O2 -flto -fuse-linker-plugin
-fno-fat-lto-objects line 14 arg7 == 30
FAIL: gcc.dg/guality/pr36728-4.c -O2 -flto -fuse-linker-plugin
-fno-fat-lto-objects line 16 arg7 == 30
XPASS: gcc.dg/guality/pr41353-1.c -O0 line 28 j == 28 + 37
XPASS: gcc.dg/guality/pr41447-1.c -O0 execution test
XPASS: gcc.dg/guality/pr41447-1.c -O1 execution test
XPASS: gcc.dg/guality/pr41447-1.c -O2 execution test
XPASS: gcc.dg/guality/pr41447-1.c -O3 -fomit-frame-pointer execution test
XPASS: gcc.dg/guality/pr41447-1.c -O3 -g execution test
XPASS: gcc.dg/guality/pr41447-1.c -Os execution test
XPASS: gcc.dg/guality/pr41447-1.c -O2 -flto -fno-use-linker-plugin
-flto-partition=none execution test
XPASS: gcc.dg/guality/pr41447-1.c -O2 -flto -fuse-linker-plugin
-fno-fat-lto-objects execution test
XPASS: gcc.dg/guality/pr41616-1.c -O0 execution test
XPASS: gcc.dg/guality/pr41616-1.c -O1 execution test
XPASS: gcc.dg/guality/pr41616-1.c -O2 execution test
XPASS: gcc.dg/guality/pr41616-1.c -O3 -fomit-frame-pointer execution test
XPASS: gcc.dg/guality/pr41616-1.c -O3 -g execution test
XPASS: gcc.dg/guality/pr41616-1.c -Os execution test
XPASS: gcc.dg/guality/pr41616-1.c -O2 -flto -fno-use-linker-plugin
-flto-partition=none execution test
FAIL: gcc.dg/guality/pr54200.c -O1 line 20 z == 3
FAIL: gcc.dg/guality/pr54200.c -O2 line 20 z == 3
FAIL: gcc.dg/guality/pr54200.c -O3 -fomit-frame-pointer line 20 z == 3
FAIL: gcc.dg/guality/pr54200.c -O3 -g line 20 z == 3
FAIL: gcc.dg/guality/pr54200.c -Os line 20 z == 3
FAIL: gcc.dg/guality/pr54200.c -O2 -flto -fno-use-linker-plugin
-flto-partition=none line 20 z == 3
FAIL: gcc.dg/guality/pr54200.c -O2 -flto -fuse-linker-plugin
-fno-fat-lto-objects line 20 z == 3
FAIL: gcc.dg/guality/pr54519-1.c -O2 -flto -fno-use-linker-plugin
-flto-partition=none line 20 y == 25
FAIL: gcc.dg/guality/pr54519-1.c -O2 -flto -fno-use-linker-plugin
-flto-partition=none line 20 z == 6
FAIL: gcc.dg/guality/pr54519-1.c -O2 -flto -fno-use-linker-plugin
-flto-partition=none line 23 y == 117
FAIL: gcc.dg/guality/pr54519-1.c -O2 -flto -fno-use-linker-plugin
-flto-partition=none line 23 z == 8
FAIL: gcc.dg/guality/pr54519-1.c -O2 -flto -fuse-linker-plugin
-fno-fat-lto-objects line 20 y == 25
FAIL: gcc.dg/guality/pr54519-1.c -O2 -flto -fuse-linker-plugin
-fno-fat-lto-objects line 20 z == 6
FAIL: gcc.dg/guality/pr54519-2.c -O2 -flto -fno-use-linker-plugin
-flto-partition=none line 17 y == 25
FAIL: gcc.dg/guality/pr54519-2.c -O2 -flto -fuse-linker-plugin
-fno-fat-lto-objects line 17 y == 25
FAIL: gcc.dg/guality/pr54519-3.c -O2 -flto -fuse-linker-plugin
-fno-fat-lto-objects line 20 z == 6
FAIL: gcc.dg/guality/pr54519-3.c -O2 -flto -fuse-linker-plugin
-fno-fat-lto-objects line 23 z == 8
FAIL: gcc.dg/guality/pr54519-4.c -O2 -flto -fuse-linker-plugin
-fno-fat-lto-objects line 17 y == 25
FAIL: gcc.dg/guality/pr54519-5.c -O2 -flto -fno-use-linker-plugin
-flto-partition=none line 17 y == 25
FAIL: gcc.dg/guality/pr54519-5.c -O2 -flto -fuse-linker-plugin
-fno-fat-lto-objects line 17 y == 25
FAIL: gcc.dg/guality/pr54693-2.c -Os line 21 y == 20 - 2 * i
FAIL: gcc.dg/guality/pr54693-2.c -Os line 21 z == 30 - 3 * i
FAIL: gcc.dg/guality/pr54970.c -O1 line 15 a[0] == 1
FAIL: gcc.dg/guality/pr54970.c -O1 line 20 a[0] == 1
FAIL: gcc.dg/guality/pr54970.c -O1 line 25 a[0] == 1
FAIL: gcc.dg/guality/pr54970.c -O1 line 31 *p == 6
FAIL: gcc.dg/guality/pr54970.c -O1 line 31 *q == 5
FAIL: gcc.dg/guality/pr54970.c -O1 line 36 *p == 26
FAIL: gcc.dg/guality/pr54970.c -O1 line 36 *q == 5
FAIL: gcc.dg/guality/pr54970.c -O1 line 45 *p == 26
FAIL: gcc.dg/guality/pr54970.c -O1 line 45 p[-1] == 25
FAIL: gcc.dg/guality/pr54970.c -O1 line 45 p[-2] == 4
FAIL: gcc.dg/guality/pr54970.c -O1 line 45 q[-1] == 4
FAIL: gcc.dg/guality/pr54970.c -O1 line 45 q[1] == 26
FAIL: gcc.dg/guality/pr54970.c -O1 line 45 *q == 25
FAIL: gcc.dg/guality/pr54970.c -O2 line 15 a[0] == 1
FAIL: gcc.dg/guality/pr54970.c -O2 line 20 a[0] == 1
FAIL: gcc.dg/guality/pr54970.c -O2 line 25 a[0] == 1
FAIL: gcc.dg/guality/pr54970.c -O2 line 31 *p == 6
FAIL: gcc.dg/guality/pr54970.c -O2 line 31 *q == 5
FAIL: gcc.dg/guality/pr54970.c -O2 line 36 *p == 26
FAIL: gcc.dg/guality/pr54970.c -O2 line 36 *q == 5
FAIL: gcc.dg/guality/pr54970.c -O2 line 45 *p == 26
FAIL: gcc.dg/guality/pr54970.c -O2 line 45 p[-1] == 25
FAIL: gcc.dg/guality/pr54970.c -O2 line 45 p[-2] == 4
FAIL: gcc.dg/guality/pr54970.c -O2 line 45 q[-1] == 4
FAIL: gcc.dg/guality/pr54970.c -O2 line 45 q[1] == 26
FAIL: gcc.dg/guality/pr54970.c -O2 line 45 *q == 25
FAIL: gcc.dg/guality/pr54970.c -O3 -fomit-frame-pointer line 15 a[0] == 1
FAIL: gcc.dg/guality/pr54970.c -O3 -fomit-frame-pointer line 20 a[0] == 1
FAIL: gcc.dg/guality/pr54970.c -O3 -fomit-frame-pointer line 25 a[0] == 1
FAIL: gcc.dg/guality/pr54970.c -O3 -fomit-frame-pointer line 31 *p == 6
FAIL: gcc.dg/guality/pr54970.c -O3 -fomit-frame-pointer line 31 *q == 5
FAIL: gcc.dg/guality/pr54970.c -O3 -fomit-frame-pointer line 36 *p == 26
FAIL: gcc.dg/guality/pr54970.c -O3 -fomit-frame-pointer line 36 *q == 5
FAIL: gcc.dg/guality/pr54970.c -O3 -fomit-frame-pointer line 45 *p == 26
FAIL: gcc.dg/guality/pr54970.c -O3 -fomit-frame-pointer line 45 p[-1] == 25
FAIL: gcc.dg/guality/pr54970.c -O3 -fomit-frame-pointer line 45 p[-2] == 4
FAIL: gcc.dg/guality/pr54970.c -O3 -fomit-frame-pointer line 45 q[-1] == 4
FAIL: gcc.dg/guality/pr54970.c -O3 -fomit-frame-pointer line 45 q[1] == 26
FAIL: gcc.dg/guality/pr54970.c -O3 -fomit-frame-pointer line 45 *q == 25
FAIL: gcc.dg/guality/pr54970.c -O3 -g line 15 a[0] == 1
FAIL: gcc.dg/guality/pr54970.c -O3 -g line 20 a[0] == 1
FAIL: gcc.dg/guality/pr54970.c -O3 -g line 25 a[0] == 1
FAIL: gcc.dg/guality/pr54970.c -O3 -g line 31 *p == 6
FAIL: gcc.dg/guality/pr54970.c -O3 -g line 31 *q == 5
FAIL: gcc.dg/guality/pr54970.c -O3 -g line 36 *p == 26
FAIL: gcc.dg/guality/pr54970.c -O3 -g line 36 *q == 5
FAIL: gcc.dg/guality/pr54970.c -O3 -g line 45 *p == 26
FAIL: gcc.dg/guality/pr54970.c -O3 -g line 45 p[-1] == 25
FAIL: gcc.dg/guality/pr54970.c -O3 -g line 45 p[-2] == 4
FAIL: gcc.dg/guality/pr54970.c -O3 -g line 45 q[-1] == 4
FAIL: gcc.dg/guality/pr54970.c -O3 -g line 45 q[1] == 26
FAIL: gcc.dg/guality/pr54970.c -O3 -g line 45 *q == 25
FAIL: gcc.dg/guality/pr54970.c -Os line 15 a[0] == 1
FAIL: gcc.dg/guality/pr54970.c -Os line 20 a[0] == 1
FAIL: gcc.dg/guality/pr54970.c -Os line 25 a[0] == 1
FAIL: gcc.dg/guality/pr54970.c -Os line 31 *p == 6
FAIL: gcc.dg/guality/pr54970.c -Os line 31 *q == 5
FAIL: gcc.dg/guality/pr54970.c -Os line 36 *p == 26
FAIL: gcc.dg/guality/pr54970.c -Os line 36 *q == 5
FAIL: gcc.dg/guality/pr54970.c -Os line 45 *p == 26
FAIL: gcc.dg/guality/pr54970.c -Os line 45 p[-1] == 25
FAIL: gcc.dg/guality/pr54970.c -Os line 45 p[-2] == 4
FAIL: gcc.dg/guality/pr54970.c -Os line 45 q[-1] == 4
FAIL: gcc.dg/guality/pr54970.c -Os line 45 q[1] == 26
FAIL: gcc.dg/guality/pr54970.c -Os line 45 *q == 25
FAIL: gcc.dg/guality/pr54970.c -O2 -flto -fno-use-linker-plugin
-flto-partition=none line 15 a[0] == 1
FAIL: gcc.dg/guality/pr54970.c -O2 -flto -fno-use-linker-plugin
-flto-partition=none line 20 a[0] == 1
FAIL: gcc.dg/guality/pr54970.c -O2 -flto -fno-use-linker-plugin
-flto-partition=none line 25 a[0] == 1
FAIL: gcc.dg/guality/pr54970.c -O2 -flto -fno-use-linker-plugin
-flto-partition=none line 31 *p == 6
FAIL: gcc.dg/guality/pr54970.c -O2 -flto -fno-use-linker-plugin
-flto-partition=none line 31 *q == 5
FAIL: gcc.dg/guality/pr54970.c -O2 -flto -fno-use-linker-plugin
-flto-partition=none line 36 *p == 26
FAIL: gcc.dg/guality/pr54970.c -O2 -flto -fno-use-linker-plugin
-flto-partition=none line 36 *q == 5
FAIL: gcc.dg/guality/pr54970.c -O2 -flto -fno-use-linker-plugin
-flto-partition=none line 45 *p == 26
FAIL: gcc.dg/guality/pr54970.c -O2 -flto -fno-use-linker-plugin
-flto-partition=none line 45 p[-1] == 25
FAIL: gcc.dg/guality/pr54970.c -O2 -flto -fno-use-linker-plugin
-flto-partition=none line 45 p[-2] == 4
FAIL: gcc.dg/guality/pr54970.c -O2 -flto -fno-use-linker-plugin
-flto-partition=none line 45 q[-1] == 4
FAIL: gcc.dg/guality/pr54970.c -O2 -flto -fno-use-linker-plugin
-flto-partition=none line 45 q[1] == 26
FAIL: gcc.dg/guality/pr54970.c -O2 -flto -fno-use-linker-plugin
-flto-partition=none line 45 *q == 25
FAIL: gcc.dg/guality/pr54970.c -O2 -flto -fuse-linker-plugin
-fno-fat-lto-objects line 15 a[0] == 1
FAIL: gcc.dg/guality/pr54970.c -O2 -flto -fuse-linker-plugin
-fno-fat-lto-objects line 20 a[0] == 1
FAIL: gcc.dg/guality/pr54970.c -O2 -flto -fuse-linker-plugin
-fno-fat-lto-objects line 25 a[0] == 1
FAIL: gcc.dg/guality/pr54970.c -O2 -flto -fuse-linker-plugin
-fno-fat-lto-objects line 31 *p == 6
FAIL: gcc.dg/guality/pr54970.c -O2 -flto -fuse-linker-plugin
-fno-fat-lto-objects line 31 *q == 5
FAIL: gcc.dg/guality/pr54970.c -O2 -flto -fuse-linker-plugin
-fno-fat-lto-objects line 36 *p == 26
FAIL: gcc.dg/guality/pr54970.c -O2 -flto -fuse-linker-plugin
-fno-fat-lto-objects line 36 *q == 5
FAIL: gcc.dg/guality/pr54970.c -O2 -flto -fuse-linker-plugin
-fno-fat-lto-objects line 45 *p == 26
FAIL: gcc.dg/guality/pr54970.c -O2 -flto -fuse-linker-plugin
-fno-fat-lto-objects line 45 p[-1] == 25
FAIL: gcc.dg/guality/pr54970.c -O2 -flto -fuse-linker-plugin
-fno-fat-lto-objects line 45 p[-2] == 4
FAIL: gcc.dg/guality/pr54970.c -O2 -flto -fuse-linker-plugin
-fno-fat-lto-objects line 45 q[-1] == 4
FAIL: gcc.dg/guality/pr54970.c -O2 -flto -fuse-linker-plugin
-fno-fat-lto-objects line 45 q[1] == 26
FAIL: gcc.dg/guality/pr54970.c -O2 -flto -fuse-linker-plugin
-fno-fat-lto-objects line 45 *q == 25
FAIL: gcc.dg/guality/sra-1.c -O1 line 43 a.j == 14
FAIL: gcc.dg/guality/sra-1.c -O2 line 43 a.j == 14
FAIL: gcc.dg/guality/sra-1.c -O3 -fomit-frame-pointer line 43 a.j == 14
FAIL: gcc.dg/guality/sra-1.c -O3 -g line 43 a.j == 14
FAIL: gcc.dg/guality/sra-1.c -Os line 43 a.j == 14
FAIL: gcc.dg/guality/sra-1.c -O2 -flto -fno-use-linker-plugin
-flto-partition=none line 43 a.j == 14
FAIL: gcc.dg/guality/sra-1.c -O2 -flto -fuse-linker-plugin
-fno-fat-lto-objects line 43 a.j == 14
FAIL: c-c++-common/torture/complex-sign-mul-minus-one.c -O0 execution test
FAIL: c-c++-common/torture/complex-sign-mul-minus-one.c -O1 execution test
FAIL: c-c++-common/torture/complex-sign-mul-minus-one.c -O2 execution test
FAIL: c-c++-common/torture/complex-sign-mul-minus-one.c -O3
-fomit-frame-pointer execution test
FAIL: c-c++-common/torture/complex-sign-mul-minus-one.c -O3
-fomit-frame-pointer -funroll-loops execution test
FAIL: c-c++-common/torture/complex-sign-mul-minus-one.c -O3
-fomit-frame-pointer -funroll-all-loops -finline-functions execution test
FAIL: c-c++-common/torture/complex-sign-mul-minus-one.c -O3 -g execution test
FAIL: c-c++-common/torture/complex-sign-mul-minus-one.c -Os execution test
FAIL: c-c++-common/torture/complex-sign-mul-minus-one.c -O2 -flto
-fno-use-linker-plugin -flto-partition=none execution test
FAIL: c-c++-common/torture/complex-sign-mul-minus-one.c -O2 -flto
-fuse-linker-plugin -fno-fat-lto-objects execution test
FAIL: c-c++-common/torture/complex-sign-mul-one.c -O0 execution test
FAIL: c-c++-common/torture/complex-sign-mul-one.c -O1 execution test
FAIL: c-c++-common/torture/complex-sign-mul-one.c -O2 execution test
FAIL: c-c++-common/torture/complex-sign-mul-one.c -O3 -fomit-frame-pointer
execution test
FAIL: c-c++-common/torture/complex-sign-mul-one.c -O3 -fomit-frame-pointer
-funroll-loops execution test
FAIL: c-c++-common/torture/complex-sign-mul-one.c -O3 -fomit-frame-pointer
-funroll-all-loops -finline-functions execution test
FAIL: c-c++-common/torture/complex-sign-mul-one.c -O3 -g execution test
FAIL: c-c++-common/torture/complex-sign-mul-one.c -Os execution test
FAIL: c-c++-common/torture/complex-sign-mul-one.c -O2 -flto
-fno-use-linker-plugin -flto-partition=none execution test
FAIL: c-c++-common/torture/complex-sign-mul-one.c -O2 -flto
-fuse-linker-plugin -fno-fat-lto-objects execution test
FAIL: c-c++-common/torture/complex-sign-mul.c -O0 execution test
FAIL: c-c++-common/torture/complex-sign-mul.c -O1 execution test
FAIL: c-c++-common/torture/complex-sign-mul.c -O2 execution test
FAIL: c-c++-common/torture/complex-sign-mul.c -O3 -fomit-frame-pointer
execution test
FAIL: c-c++-common/torture/complex-sign-mul.c -O3 -fomit-frame-pointer
-funroll-loops execution test
FAIL: c-c++-common/torture/complex-sign-mul.c -O3 -fomit-frame-pointer
-funroll-all-loops -finline-functions execution test
FAIL: c-c++-common/torture/complex-sign-mul.c -O3 -g execution test
FAIL: c-c++-common/torture/complex-sign-mul.c -Os execution test
FAIL: c-c++-common/torture/complex-sign-mul.c -O2 -flto -fno-use-linker-plugin
-flto-partition=none execution test
FAIL: c-c++-common/torture/complex-sign-mul.c -O2 -flto -fuse-linker-plugin
-fno-fat-lto-objects execution test
FAIL: gcc.dg/torture/fp-int-convert-2.c -O0 (test for excess errors)
UNRESOLVED: gcc.dg/torture/fp-int-convert-2.c -O0 compilation failed to
produce executable
FAIL: gcc.dg/torture/fp-int-convert-2.c -O1 (test for excess errors)
UNRESOLVED: gcc.dg/torture/fp-int-convert-2.c -O1 compilation failed to
produce executable
FAIL: gcc.dg/torture/fp-int-convert-2.c -O2 (test for excess errors)
UNRESOLVED: gcc.dg/torture/fp-int-convert-2.c -O2 compilation failed to
produce executable
FAIL: gcc.dg/torture/fp-int-convert-2.c -O3 -fomit-frame-pointer (test for
excess errors)
UNRESOLVED: gcc.dg/torture/fp-int-convert-2.c -O3 -fomit-frame-pointer
compilation failed to produce executable
FAIL: gcc.dg/torture/fp-int-convert-2.c -O3 -g (test for excess errors)
UNRESOLVED: gcc.dg/torture/fp-int-convert-2.c -O3 -g compilation failed to
produce executable
FAIL: gcc.dg/torture/fp-int-convert-2.c -Os (test for excess errors)
UNRESOLVED: gcc.dg/torture/fp-int-convert-2.c -Os compilation failed to
produce executable
FAIL: gcc.dg/torture/fp-int-convert-2.c -O2 -flto -fno-use-linker-plugin
-flto-partition=none (test for excess errors)
UNRESOLVED: gcc.dg/torture/fp-int-convert-2.c -O2 -flto -fno-use-linker-plugin
-flto-partition=none compilation failed to produce executable
FAIL: gcc.dg/torture/pr47473.c -O0 execution test
FAIL: gcc.dg/torture/vec-cvt-1.c -O1 execution test
FAIL: gcc.dg/tree-ssa/sra-13.c execution test
FAIL: gcc.dg/tree-ssa/ssa-dom-thread-4.c scan-tree-dump-times dom1 "Threaded" 3
FAIL: gcc.dg/tree-ssa/vrp47.c scan-tree-dump-times vrp1 "[xy][^ ]* !=" 0
FAIL: gcc.dg/tree-ssa/vrp47.c scan-tree-dump-times dom2 "x[^ ]* & y" 1
FAIL: gcc.dg/vmx/varargs-7.c -O0 execution test
FAIL: gcc.dg/vmx/varargs-7.c -O1 execution test
FAIL: gcc.dg/vmx/varargs-7.c -O2 execution test
FAIL: gcc.dg/vmx/varargs-7.c -O3 -fomit-frame-pointer execution test
FAIL: gcc.dg/vmx/varargs-7.c -O3 -g execution test
FAIL: gcc.dg/vmx/varargs-7.c -Os execution test
FAIL: gcc.dg/vmx/varargs-7.c -O2 -flto -fno-use-linker-plugin
-flto-partition=none execution test
FAIL: gcc.dg/vmx/varargs-7.c -O2 -flto -fuse-linker-plugin
-fno-fat-lto-objects execution test
FAIL: gcc.target/powerpc/20050603-3.c scan-assembler-not inm
FAIL: gcc.target/powerpc/405-dlmzb-strlen-1.c scan-assembler dlmzb\\\\.
FAIL: gcc.target/powerpc/440-dlmzb-strlen-1.c scan-assembler dlmzb\\\\.
FAIL: gcc.target/powerpc/dimode_off.c object-size text <= 640
FAIL: gcc.target/powerpc/ppc-fpconv-4.c scan-assembler-not fcfid
FAIL: gcc.target/powerpc/ppc-fpconv-8.c scan-assembler-times fctiwz 6
FAIL: gcc.target/powerpc/ppc-fpconv-8.c scan-assembler-not fctidz
FAIL: gcc.target/powerpc/ppc-get-timebase.c (internal compiler error)
FAIL: gcc.target/powerpc/ppc-get-timebase.c (test for excess errors)
UNRESOLVED: gcc.target/powerpc/ppc-get-timebase.c compilation failed to produce
executable
FAIL: gcc.target/powerpc/ppc-vector-memcpy.c scan-assembler lvx
FAIL: gcc.target/powerpc/ppc32-abi-dfp-1.c execution test
FAIL: gcc.target/powerpc/recip-6.c (test for excess errors)
FAIL: gcc.target/powerpc/recip-6.c execution test
FAIL: gcc.target/powerpc/recip-7.c (test for excess errors)
FAIL: gcc.target/powerpc/recip-7.c execution test
=== gcc Summary for unix/-m32/-mpowerpc64 ===
# of expected passes 113212
# of unexpected failures 591
# of unexpected successes 34
# of expected failures 356
# of unresolved testcases 10
# of unsupported tests 2728
Running target unix/-m64
FAIL: c-c++-common/asan/clone-test-1.c -O0 execution test
FAIL: c-c++-common/asan/clone-test-1.c -O1 execution test
FAIL: c-c++-common/asan/clone-test-1.c -O2 execution test
FAIL: c-c++-common/asan/clone-test-1.c -O3 -fomit-frame-pointer execution test
FAIL: c-c++-common/asan/clone-test-1.c -O3 -fomit-frame-pointer -funroll-loops
execution test
FAIL: c-c++-common/asan/clone-test-1.c -O3 -fomit-frame-pointer
-funroll-all-loops -finline-functions execution test
FAIL: c-c++-common/asan/clone-test-1.c -O3 -g execution test
FAIL: c-c++-common/asan/clone-test-1.c -Os execution test
FAIL: c-c++-common/asan/clone-test-1.c -O2 -flto -fno-use-linker-plugin
-flto-partition=none execution test
FAIL: c-c++-common/asan/clone-test-1.c -O2 -flto -fuse-linker-plugin
-fno-fat-lto-objects execution test
FAIL: c-c++-common/asan/global-overflow-1.c -O0 output pattern test, is
==49384== AddressSanitizer CHECK failed:
/home/sh/archive/gcc-git/libsanitizer/asan/asan_thread.cc:74
"((AddrIsInMem(stack_bottom_))) != (0)" (0x0, 0x0)
FAIL: c-c++-common/asan/global-overflow-1.c -O1 output pattern test, is
==49789== AddressSanitizer CHECK failed:
/home/sh/archive/gcc-git/libsanitizer/asan/asan_thread.cc:74
"((AddrIsInMem(stack_bottom_))) != (0)" (0x0, 0x0)
FAIL: c-c++-common/asan/global-overflow-1.c -O2 output pattern test, is
==50236== AddressSanitizer CHECK failed:
/home/sh/archive/gcc-git/libsanitizer/asan/asan_thread.cc:74
"((AddrIsInMem(stack_bottom_))) != (0)" (0x0, 0x0)
FAIL: c-c++-common/asan/global-overflow-1.c -O3 -fomit-frame-pointer output
pattern test, is ==50825== AddressSanitizer CHECK failed:
/home/sh/archive/gcc-git/libsanitizer/asan/asan_thread.cc:74
"((AddrIsInMem(stack_bottom_))) != (0)" (0x0, 0x0)
FAIL: c-c++-common/asan/global-overflow-1.c -O3 -g output pattern test, is
==51324== AddressSanitizer CHECK failed:
/home/sh/archive/gcc-git/libsanitizer/asan/asan_thread.cc:74
"((AddrIsInMem(stack_bottom_))) != (0)" (0x0, 0x0)
FAIL: c-c++-common/asan/global-overflow-1.c -Os output pattern test, is
==51704== AddressSanitizer CHECK failed:
/home/sh/archive/gcc-git/libsanitizer/asan/asan_thread.cc:74
"((AddrIsInMem(stack_bottom_))) != (0)" (0x0, 0x0)
FAIL: c-c++-common/asan/global-overflow-1.c -O2 -flto -fno-use-linker-plugin
-flto-partition=none output pattern test, is ==53039== AddressSanitizer CHECK
failed: /home/sh/archive/gcc-git/libsanitizer/asan/asan_thread.cc:74
"((AddrIsInMem(stack_bottom_))) != (0)" (0x0, 0x0)
FAIL: c-c++-common/asan/global-overflow-1.c -O2 -flto -fuse-linker-plugin
-fno-fat-lto-objects output pattern test, is ==53454== AddressSanitizer CHECK
failed: /home/sh/archive/gcc-git/libsanitizer/asan/asan_thread.cc:74
"((AddrIsInMem(stack_bottom_))) != (0)" (0x0, 0x0)
FAIL: c-c++-common/asan/heap-overflow-1.c -O0 output pattern test, is
==53633== AddressSanitizer CHECK failed:
/home/sh/archive/gcc-git/libsanitizer/asan/asan_thread.cc:74
"((AddrIsInMem(stack_bottom_))) != (0)" (0x0, 0x0)
FAIL: c-c++-common/asan/heap-overflow-1.c -O1 output pattern test, is
==53718== AddressSanitizer CHECK failed:
/home/sh/archive/gcc-git/libsanitizer/asan/asan_thread.cc:74
"((AddrIsInMem(stack_bottom_))) != (0)" (0x0, 0x0)
FAIL: c-c++-common/asan/heap-overflow-1.c -O2 output pattern test, is
==53980== AddressSanitizer CHECK failed:
/home/sh/archive/gcc-git/libsanitizer/asan/asan_thread.cc:74
"((AddrIsInMem(stack_bottom_))) != (0)" (0x0, 0x0)
FAIL: c-c++-common/asan/heap-overflow-1.c -O3 -fomit-frame-pointer output
pattern test, is ==54179== AddressSanitizer CHECK failed:
/home/sh/archive/gcc-git/libsanitizer/asan/asan_thread.cc:74
"((AddrIsInMem(stack_bottom_))) != (0)" (0x0, 0x0)
FAIL: c-c++-common/asan/heap-overflow-1.c -O3 -g output pattern test, is
==54300== AddressSanitizer CHECK failed:
/home/sh/archive/gcc-git/libsanitizer/asan/asan_thread.cc:74
"((AddrIsInMem(stack_bottom_))) != (0)" (0x0, 0x0)
FAIL: c-c++-common/asan/heap-overflow-1.c -Os output pattern test, is
==54703== AddressSanitizer CHECK failed:
/home/sh/archive/gcc-git/libsanitizer/asan/asan_thread.cc:74
"((AddrIsInMem(stack_bottom_))) != (0)" (0x0, 0x0)
FAIL: c-c++-common/asan/heap-overflow-1.c -O2 -flto -fno-use-linker-plugin
-flto-partition=none output pattern test, is ==55751== AddressSanitizer CHECK
failed: /home/sh/archive/gcc-git/libsanitizer/asan/asan_thread.cc:74
"((AddrIsInMem(stack_bottom_))) != (0)" (0x0, 0x0)
FAIL: c-c++-common/asan/heap-overflow-1.c -O2 -flto -fuse-linker-plugin
-fno-fat-lto-objects output pattern test, is ==56387== AddressSanitizer CHECK
failed: /home/sh/archive/gcc-git/libsanitizer/asan/asan_thread.cc:74
"((AddrIsInMem(stack_bottom_))) != (0)" (0x0, 0x0)
FAIL: c-c++-common/asan/memcmp-1.c -O0 output pattern test, is ==56744==
AddressSanitizer CHECK failed:
/home/sh/archive/gcc-git/libsanitizer/asan/asan_thread.cc:74
"((AddrIsInMem(stack_bottom_))) != (0)" (0x0, 0x0)
FAIL: c-c++-common/asan/memcmp-1.c -O1 output pattern test, is ==57024==
AddressSanitizer CHECK failed:
/home/sh/archive/gcc-git/libsanitizer/asan/asan_thread.cc:74
"((AddrIsInMem(stack_bottom_))) != (0)" (0x0, 0x0)
FAIL: c-c++-common/asan/memcmp-1.c -O2 output pattern test, is ==57279==
AddressSanitizer CHECK failed:
/home/sh/archive/gcc-git/libsanitizer/asan/asan_thread.cc:74
"((AddrIsInMem(stack_bottom_))) != (0)" (0x0, 0x0)
FAIL: c-c++-common/asan/memcmp-1.c -O3 -fomit-frame-pointer output pattern
test, is ==57647== AddressSanitizer CHECK failed:
/home/sh/archive/gcc-git/libsanitizer/asan/asan_thread.cc:74
"((AddrIsInMem(stack_bottom_))) != (0)" (0x0, 0x0)
FAIL: c-c++-common/asan/memcmp-1.c -O3 -g output pattern test, is ==57934==
AddressSanitizer CHECK failed:
/home/sh/archive/gcc-git/libsanitizer/asan/asan_thread.cc:74
"((AddrIsInMem(stack_bottom_))) != (0)" (0x0, 0x0)
FAIL: c-c++-common/asan/memcmp-1.c -Os output pattern test, is ==58235==
AddressSanitizer CHECK failed:
/home/sh/archive/gcc-git/libsanitizer/asan/asan_thread.cc:74
"((AddrIsInMem(stack_bottom_))) != (0)" (0x0, 0x0)
FAIL: c-c++-common/asan/memcmp-1.c -O2 -flto -fno-use-linker-plugin
-flto-partition=none output pattern test, is ==59031== AddressSanitizer CHECK
failed: /home/sh/archive/gcc-git/libsanitizer/asan/asan_thread.cc:74
"((AddrIsInMem(stack_bottom_))) != (0)" (0x0, 0x0)
FAIL: c-c++-common/asan/memcmp-1.c -O2 -flto -fuse-linker-plugin
-fno-fat-lto-objects output pattern test, is ==59503== AddressSanitizer CHECK
failed: /home/sh/archive/gcc-git/libsanitizer/asan/asan_thread.cc:74
"((AddrIsInMem(stack_bottom_))) != (0)" (0x0, 0x0)
FAIL: c-c++-common/asan/null-deref-1.c -O0 output pattern test, is ==61146==
AddressSanitizer CHECK failed:
/home/sh/archive/gcc-git/libsanitizer/asan/asan_thread.cc:74
"((AddrIsInMem(stack_bottom_))) != (0)" (0x0, 0x0)
FAIL: c-c++-common/asan/null-deref-1.c -O1 output pattern test, is ==61441==
AddressSanitizer CHECK failed:
/home/sh/archive/gcc-git/libsanitizer/asan/asan_thread.cc:74
"((AddrIsInMem(stack_bottom_))) != (0)" (0x0, 0x0)
FAIL: c-c++-common/asan/null-deref-1.c -O2 output pattern test, is ==61711==
AddressSanitizer CHECK failed:
/home/sh/archive/gcc-git/libsanitizer/asan/asan_thread.cc:74
"((AddrIsInMem(stack_bottom_))) != (0)" (0x0, 0x0)
FAIL: c-c++-common/asan/null-deref-1.c -O3 -fomit-frame-pointer output
pattern test, is ==62065== AddressSanitizer CHECK failed:
/home/sh/archive/gcc-git/libsanitizer/asan/asan_thread.cc:74
"((AddrIsInMem(stack_bottom_))) != (0)" (0x0, 0x0)
FAIL: c-c++-common/asan/null-deref-1.c -O3 -g output pattern test, is
==62409== AddressSanitizer CHECK failed:
/home/sh/archive/gcc-git/libsanitizer/asan/asan_thread.cc:74
"((AddrIsInMem(stack_bottom_))) != (0)" (0x0, 0x0)
FAIL: c-c++-common/asan/null-deref-1.c -Os output pattern test, is ==62688==
AddressSanitizer CHECK failed:
/home/sh/archive/gcc-git/libsanitizer/asan/asan_thread.cc:74
"((AddrIsInMem(stack_bottom_))) != (0)" (0x0, 0x0)
FAIL: c-c++-common/asan/null-deref-1.c -O2 -flto -fno-use-linker-plugin
-flto-partition=none output pattern test, is ==63488== AddressSanitizer CHECK
failed: /home/sh/archive/gcc-git/libsanitizer/asan/asan_thread.cc:74
"((AddrIsInMem(stack_bottom_))) != (0)" (0x0, 0x0)
FAIL: c-c++-common/asan/null-deref-1.c -O2 -flto -fuse-linker-plugin
-fno-fat-lto-objects output pattern test, is ==63946== AddressSanitizer CHECK
failed: /home/sh/archive/gcc-git/libsanitizer/asan/asan_thread.cc:74
"((AddrIsInMem(stack_bottom_))) != (0)" (0x0, 0x0)
FAIL: c-c++-common/asan/rlimit-mmap-test-1.c -O0 output pattern test, is
==65452== AddressSanitizer CHECK failed:
/home/sh/archive/gcc-git/libsanitizer/asan/asan_thread.cc:74
"((AddrIsInMem(stack_bottom_))) != (0)" (0x0, 0x0)
FAIL: c-c++-common/asan/sanity-check-pure-c-1.c -O0 output pattern test, is
==547== AddressSanitizer CHECK failed:
/home/sh/archive/gcc-git/libsanitizer/asan/asan_thread.cc:74
"((AddrIsInMem(stack_bottom_))) != (0)" (0x0, 0x0)
FAIL: c-c++-common/asan/sanity-check-pure-c-1.c -O1 output pattern test, is
==925== AddressSanitizer CHECK failed:
/home/sh/archive/gcc-git/libsanitizer/asan/asan_thread.cc:74
"((AddrIsInMem(stack_bottom_))) != (0)" (0x0, 0x0)
FAIL: c-c++-common/asan/sanity-check-pure-c-1.c -O2 output pattern test, is
==1343== AddressSanitizer CHECK failed:
/home/sh/archive/gcc-git/libsanitizer/asan/asan_thread.cc:74
"((AddrIsInMem(stack_bottom_))) != (0)" (0x0, 0x0)
FAIL: c-c++-common/asan/sanity-check-pure-c-1.c -O3 -fomit-frame-pointer
output pattern test, is ==1623== AddressSanitizer CHECK failed:
/home/sh/archive/gcc-git/libsanitizer/asan/asan_thread.cc:74
"((AddrIsInMem(stack_bottom_))) != (0)" (0x0, 0x0)
FAIL: c-c++-common/asan/sanity-check-pure-c-1.c -O3 -g output pattern test,
is ==1946== AddressSanitizer CHECK failed:
/home/sh/archive/gcc-git/libsanitizer/asan/asan_thread.cc:74
"((AddrIsInMem(stack_bottom_))) != (0)" (0x0, 0x0)
FAIL: c-c++-common/asan/sanity-check-pure-c-1.c -Os output pattern test, is
==2115== AddressSanitizer CHECK failed:
/home/sh/archive/gcc-git/libsanitizer/asan/asan_thread.cc:74
"((AddrIsInMem(stack_bottom_))) != (0)" (0x0, 0x0)
FAIL: c-c++-common/asan/sanity-check-pure-c-1.c -O2 -flto
-fno-use-linker-plugin -flto-partition=none output pattern test, is ==2990==
AddressSanitizer CHECK failed:
/home/sh/archive/gcc-git/libsanitizer/asan/asan_thread.cc:74
"((AddrIsInMem(stack_bottom_))) != (0)" (0x0, 0x0)
FAIL: c-c++-common/asan/sanity-check-pure-c-1.c -O2 -flto -fuse-linker-plugin
-fno-fat-lto-objects output pattern test, is ==3589== AddressSanitizer CHECK
failed: /home/sh/archive/gcc-git/libsanitizer/asan/asan_thread.cc:74
"((AddrIsInMem(stack_bottom_))) != (0)" (0x0, 0x0)
FAIL: c-c++-common/asan/sleep-before-dying-1.c -O2 output pattern test, is
==3815== AddressSanitizer CHECK failed:
/home/sh/archive/gcc-git/libsanitizer/asan/asan_thread.cc:74
"((AddrIsInMem(stack_bottom_))) != (0)" (0x0, 0x0)
FAIL: c-c++-common/asan/sleep-before-dying-1.c -O2 -flto
-fno-use-linker-plugin -flto-partition=none output pattern test, is ==4419==
AddressSanitizer CHECK failed:
/home/sh/archive/gcc-git/libsanitizer/asan/asan_thread.cc:74
"((AddrIsInMem(stack_bottom_))) != (0)" (0x0, 0x0)
FAIL: c-c++-common/asan/sleep-before-dying-1.c -O2 -flto -fuse-linker-plugin
-fno-fat-lto-objects output pattern test, is ==4918== AddressSanitizer CHECK
failed: /home/sh/archive/gcc-git/libsanitizer/asan/asan_thread.cc:74
"((AddrIsInMem(stack_bottom_))) != (0)" (0x0, 0x0)
FAIL: c-c++-common/asan/stack-overflow-1.c -O0 output pattern test, is
==5235== AddressSanitizer CHECK failed:
/home/sh/archive/gcc-git/libsanitizer/asan/asan_thread.cc:74
"((AddrIsInMem(stack_bottom_))) != (0)" (0x0, 0x0)
FAIL: c-c++-common/asan/stack-overflow-1.c -O1 output pattern test, is
==5501== AddressSanitizer CHECK failed:
/home/sh/archive/gcc-git/libsanitizer/asan/asan_thread.cc:74
"((AddrIsInMem(stack_bottom_))) != (0)" (0x0, 0x0)
FAIL: c-c++-common/asan/stack-overflow-1.c -O2 output pattern test, is
==5804== AddressSanitizer CHECK failed:
/home/sh/archive/gcc-git/libsanitizer/asan/asan_thread.cc:74
"((AddrIsInMem(stack_bottom_))) != (0)" (0x0, 0x0)
FAIL: c-c++-common/asan/stack-overflow-1.c -O3 -fomit-frame-pointer output
pattern test, is ==6107== AddressSanitizer CHECK failed:
/home/sh/archive/gcc-git/libsanitizer/asan/asan_thread.cc:74
"((AddrIsInMem(stack_bottom_))) != (0)" (0x0, 0x0)
FAIL: c-c++-common/asan/stack-overflow-1.c -O3 -g output pattern test, is
==6483== AddressSanitizer CHECK failed:
/home/sh/archive/gcc-git/libsanitizer/asan/asan_thread.cc:74
"((AddrIsInMem(stack_bottom_))) != (0)" (0x0, 0x0)
FAIL: c-c++-common/asan/stack-overflow-1.c -Os output pattern test, is
==6746== AddressSanitizer CHECK failed:
/home/sh/archive/gcc-git/libsanitizer/asan/asan_thread.cc:74
"((AddrIsInMem(stack_bottom_))) != (0)" (0x0, 0x0)
FAIL: c-c++-common/asan/stack-overflow-1.c -O2 -flto -fno-use-linker-plugin
-flto-partition=none output pattern test, is ==7405== AddressSanitizer CHECK
failed: /home/sh/archive/gcc-git/libsanitizer/asan/asan_thread.cc:74
"((AddrIsInMem(stack_bottom_))) != (0)" (0x0, 0x0)
FAIL: c-c++-common/asan/stack-overflow-1.c -O2 -flto -fuse-linker-plugin
-fno-fat-lto-objects output pattern test, is ==7881== AddressSanitizer CHECK
failed: /home/sh/archive/gcc-git/libsanitizer/asan/asan_thread.cc:74
"((AddrIsInMem(stack_bottom_))) != (0)" (0x0, 0x0)
FAIL: c-c++-common/asan/strip-path-prefix-1.c -O2 output pattern test, is
==8187== AddressSanitizer CHECK failed:
/home/sh/archive/gcc-git/libsanitizer/asan/asan_thread.cc:74
"((AddrIsInMem(stack_bottom_))) != (0)" (0x0, 0x0)
FAIL: c-c++-common/asan/strip-path-prefix-1.c -O2 -flto -fno-use-linker-plugin
-flto-partition=none output pattern test, is ==8892== AddressSanitizer CHECK
failed: /home/sh/archive/gcc-git/libsanitizer/asan/asan_thread.cc:74
"((AddrIsInMem(stack_bottom_))) != (0)" (0x0, 0x0)
FAIL: c-c++-common/asan/strip-path-prefix-1.c -O2 -flto -fuse-linker-plugin
-fno-fat-lto-objects output pattern test, is ==9381== AddressSanitizer CHECK
failed: /home/sh/archive/gcc-git/libsanitizer/asan/asan_thread.cc:74
"((AddrIsInMem(stack_bottom_))) != (0)" (0x0, 0x0)
FAIL: c-c++-common/asan/strncpy-overflow-1.c -O0 output pattern test, is
==9657== AddressSanitizer CHECK failed:
/home/sh/archive/gcc-git/libsanitizer/asan/asan_thread.cc:74
"((AddrIsInMem(stack_bottom_))) != (0)" (0x0, 0x0)
FAIL: c-c++-common/asan/strncpy-overflow-1.c -O1 output pattern test, is
==10030== AddressSanitizer CHECK failed:
/home/sh/archive/gcc-git/libsanitizer/asan/asan_thread.cc:74
"((AddrIsInMem(stack_bottom_))) != (0)" (0x0, 0x0)
FAIL: c-c++-common/asan/strncpy-overflow-1.c -O2 output pattern test, is
==10346== AddressSanitizer CHECK failed:
/home/sh/archive/gcc-git/libsanitizer/asan/asan_thread.cc:74
"((AddrIsInMem(stack_bottom_))) != (0)" (0x0, 0x0)
FAIL: c-c++-common/asan/strncpy-overflow-1.c -O3 -fomit-frame-pointer output
pattern test, is ==10677== AddressSanitizer CHECK failed:
/home/sh/archive/gcc-git/libsanitizer/asan/asan_thread.cc:74
"((AddrIsInMem(stack_bottom_))) != (0)" (0x0, 0x0)
FAIL: c-c++-common/asan/strncpy-overflow-1.c -O3 -g output pattern test, is
==10786== AddressSanitizer CHECK failed:
/home/sh/archive/gcc-git/libsanitizer/asan/asan_thread.cc:74
"((AddrIsInMem(stack_bottom_))) != (0)" (0x0, 0x0)
FAIL: c-c++-common/asan/strncpy-overflow-1.c -Os output pattern test, is
==11500== AddressSanitizer CHECK failed:
/home/sh/archive/gcc-git/libsanitizer/asan/asan_thread.cc:74
"((AddrIsInMem(stack_bottom_))) != (0)" (0x0, 0x0)
FAIL: c-c++-common/asan/strncpy-overflow-1.c -O2 -flto -fno-use-linker-plugin
-flto-partition=none output pattern test, is ==12391== AddressSanitizer CHECK
failed: /home/sh/archive/gcc-git/libsanitizer/asan/asan_thread.cc:74
"((AddrIsInMem(stack_bottom_))) != (0)" (0x0, 0x0)
FAIL: c-c++-common/asan/strncpy-overflow-1.c -O2 -flto -fuse-linker-plugin
-fno-fat-lto-objects output pattern test, is ==12996== AddressSanitizer CHECK
failed: /home/sh/archive/gcc-git/libsanitizer/asan/asan_thread.cc:74
"((AddrIsInMem(stack_bottom_))) != (0)" (0x0, 0x0)
FAIL: c-c++-common/asan/swapcontext-test-1.c -O0 execution test
FAIL: c-c++-common/asan/swapcontext-test-1.c -O1 execution test
FAIL: c-c++-common/asan/swapcontext-test-1.c -O2 execution test
FAIL: c-c++-common/asan/swapcontext-test-1.c -O3 -fomit-frame-pointer
execution test
FAIL: c-c++-common/asan/swapcontext-test-1.c -O3 -fomit-frame-pointer
-funroll-loops execution test
FAIL: c-c++-common/asan/swapcontext-test-1.c -O3 -fomit-frame-pointer
-funroll-all-loops -finline-functions execution test
FAIL: c-c++-common/asan/swapcontext-test-1.c -O3 -g execution test
FAIL: c-c++-common/asan/swapcontext-test-1.c -Os execution test
FAIL: c-c++-common/asan/swapcontext-test-1.c -O2 -flto -fno-use-linker-plugin
-flto-partition=none execution test
FAIL: c-c++-common/asan/swapcontext-test-1.c -O2 -flto -fuse-linker-plugin
-fno-fat-lto-objects execution test
FAIL: c-c++-common/asan/use-after-free-1.c -O0 output pattern test, is
==18439== AddressSanitizer CHECK failed:
/home/sh/archive/gcc-git/libsanitizer/asan/asan_thread.cc:74
"((AddrIsInMem(stack_bottom_))) != (0)" (0x0, 0x0)
FAIL: c-c++-common/asan/use-after-free-1.c -O1 output pattern test, is
==18794== AddressSanitizer CHECK failed:
/home/sh/archive/gcc-git/libsanitizer/asan/asan_thread.cc:74
"((AddrIsInMem(stack_bottom_))) != (0)" (0x0, 0x0)
FAIL: c-c++-common/asan/use-after-free-1.c -O2 output pattern test, is
==19338== AddressSanitizer CHECK failed:
/home/sh/archive/gcc-git/libsanitizer/asan/asan_thread.cc:74
"((AddrIsInMem(stack_bottom_))) != (0)" (0x0, 0x0)
FAIL: c-c++-common/asan/use-after-free-1.c -O3 -fomit-frame-pointer output
pattern test, is ==19723== AddressSanitizer CHECK failed:
/home/sh/archive/gcc-git/libsanitizer/asan/asan_thread.cc:74
"((AddrIsInMem(stack_bottom_))) != (0)" (0x0, 0x0)
FAIL: c-c++-common/asan/use-after-free-1.c -O3 -g output pattern test, is
==20107== AddressSanitizer CHECK failed:
/home/sh/archive/gcc-git/libsanitizer/asan/asan_thread.cc:74
"((AddrIsInMem(stack_bottom_))) != (0)" (0x0, 0x0)
FAIL: c-c++-common/asan/use-after-free-1.c -Os output pattern test, is
==20486== AddressSanitizer CHECK failed:
/home/sh/archive/gcc-git/libsanitizer/asan/asan_thread.cc:74
"((AddrIsInMem(stack_bottom_))) != (0)" (0x0, 0x0)
FAIL: c-c++-common/asan/use-after-free-1.c -O2 -flto -fno-use-linker-plugin
-flto-partition=none output pattern test, is ==21318== AddressSanitizer CHECK
failed: /home/sh/archive/gcc-git/libsanitizer/asan/asan_thread.cc:74
"((AddrIsInMem(stack_bottom_))) != (0)" (0x0, 0x0)
FAIL: c-c++-common/asan/use-after-free-1.c -O2 -flto -fuse-linker-plugin
-fno-fat-lto-objects output pattern test, is ==21861== AddressSanitizer CHECK
failed: /home/sh/archive/gcc-git/libsanitizer/asan/asan_thread.cc:74
"((AddrIsInMem(stack_bottom_))) != (0)" (0x0, 0x0)
FAIL: gcc.dg/and-1.c scan-assembler-not nand
FAIL: gcc.dg/pr44194-1.c scan-rtl-dump dse1 "global deletions = (2|3)"
XPASS: gcc.dg/guality/example.c -O0 execution test
XPASS: gcc.dg/guality/example.c -O1 execution test
XPASS: gcc.dg/guality/guality.c -O0 execution test
XPASS: gcc.dg/guality/guality.c -O1 execution test
XPASS: gcc.dg/guality/guality.c -O2 execution test
XPASS: gcc.dg/guality/guality.c -O3 -fomit-frame-pointer execution test
XPASS: gcc.dg/guality/guality.c -O3 -g execution test
XPASS: gcc.dg/guality/guality.c -Os execution test
XPASS: gcc.dg/guality/guality.c -O2 -flto -fno-use-linker-plugin
-flto-partition=none execution test
XPASS: gcc.dg/guality/guality.c -O2 -flto -fuse-linker-plugin
-fno-fat-lto-objects execution test
XPASS: gcc.dg/guality/inline-params.c -O2 execution test
XPASS: gcc.dg/guality/inline-params.c -O3 -fomit-frame-pointer execution test
XPASS: gcc.dg/guality/inline-params.c -O3 -g execution test
XPASS: gcc.dg/guality/inline-params.c -Os execution test
XPASS: gcc.dg/guality/inline-params.c -O2 -flto -fno-use-linker-plugin
-flto-partition=none execution test
FAIL: gcc.dg/guality/pr36728-1.c -O1 line 16 arg6 == 6
FAIL: gcc.dg/guality/pr36728-1.c -O1 line 16 arg7 == 30
FAIL: gcc.dg/guality/pr36728-1.c -O1 line 18 arg4 == 4
FAIL: gcc.dg/guality/pr36728-1.c -O1 line 18 arg5 == 5
FAIL: gcc.dg/guality/pr36728-1.c -O1 line 18 arg6 == 6
FAIL: gcc.dg/guality/pr36728-1.c -O1 line 18 arg7 == 30
FAIL: gcc.dg/guality/pr36728-1.c -O2 line 16 arg7 == 30
FAIL: gcc.dg/guality/pr36728-1.c -O2 line 18 arg4 == 4
FAIL: gcc.dg/guality/pr36728-1.c -O2 line 18 arg5 == 5
FAIL: gcc.dg/guality/pr36728-1.c -O2 line 18 arg6 == 6
FAIL: gcc.dg/guality/pr36728-1.c -O2 line 18 arg7 == 30
FAIL: gcc.dg/guality/pr36728-1.c -O3 -fomit-frame-pointer line 16 arg7 == 30
FAIL: gcc.dg/guality/pr36728-1.c -O3 -fomit-frame-pointer line 18 arg4 == 4
FAIL: gcc.dg/guality/pr36728-1.c -O3 -fomit-frame-pointer line 18 arg5 == 5
FAIL: gcc.dg/guality/pr36728-1.c -O3 -fomit-frame-pointer line 18 arg6 == 6
FAIL: gcc.dg/guality/pr36728-1.c -O3 -fomit-frame-pointer line 18 arg7 == 30
FAIL: gcc.dg/guality/pr36728-1.c -O3 -g line 16 arg7 == 30
FAIL: gcc.dg/guality/pr36728-1.c -O3 -g line 18 arg4 == 4
FAIL: gcc.dg/guality/pr36728-1.c -O3 -g line 18 arg5 == 5
FAIL: gcc.dg/guality/pr36728-1.c -O3 -g line 18 arg6 == 6
FAIL: gcc.dg/guality/pr36728-1.c -O3 -g line 18 arg7 == 30
FAIL: gcc.dg/guality/pr36728-1.c -Os line 16 arg7 == 30
FAIL: gcc.dg/guality/pr36728-1.c -Os line 16 y == 2
FAIL: gcc.dg/guality/pr36728-1.c -Os line 18 arg4 == 4
FAIL: gcc.dg/guality/pr36728-1.c -Os line 18 arg5 == 5
FAIL: gcc.dg/guality/pr36728-1.c -Os line 18 arg6 == 6
FAIL: gcc.dg/guality/pr36728-1.c -Os line 18 arg7 == 30
FAIL: gcc.dg/guality/pr36728-1.c -O2 -flto -fno-use-linker-plugin
-flto-partition=none line 16 arg7 == 30
FAIL: gcc.dg/guality/pr36728-1.c -O2 -flto -fno-use-linker-plugin
-flto-partition=none line 18 arg4 == 4
FAIL: gcc.dg/guality/pr36728-1.c -O2 -flto -fno-use-linker-plugin
-flto-partition=none line 18 arg5 == 5
FAIL: gcc.dg/guality/pr36728-1.c -O2 -flto -fno-use-linker-plugin
-flto-partition=none line 18 arg6 == 6
FAIL: gcc.dg/guality/pr36728-1.c -O2 -flto -fno-use-linker-plugin
-flto-partition=none line 18 arg7 == 30
FAIL: gcc.dg/guality/pr36728-1.c -O2 -flto -fuse-linker-plugin
-fno-fat-lto-objects line 16 arg6 == 6
FAIL: gcc.dg/guality/pr36728-1.c -O2 -flto -fuse-linker-plugin
-fno-fat-lto-objects line 16 arg7 == 30
FAIL: gcc.dg/guality/pr36728-1.c -O2 -flto -fuse-linker-plugin
-fno-fat-lto-objects line 16 y == 2
FAIL: gcc.dg/guality/pr36728-1.c -O2 -flto -fuse-linker-plugin
-fno-fat-lto-objects line 18 arg6 == 6
FAIL: gcc.dg/guality/pr36728-1.c -O2 -flto -fuse-linker-plugin
-fno-fat-lto-objects line 18 arg7 == 30
FAIL: gcc.dg/guality/pr36728-2.c -O1 line 16 arg7 == 30
FAIL: gcc.dg/guality/pr36728-2.c -O1 line 18 arg5 == 5
FAIL: gcc.dg/guality/pr36728-2.c -O1 line 18 arg6 == 6
FAIL: gcc.dg/guality/pr36728-2.c -O1 line 18 arg7 == 30
FAIL: gcc.dg/guality/pr36728-2.c -O2 line 16 arg5 == 5
FAIL: gcc.dg/guality/pr36728-2.c -O2 line 16 arg7 == 30
FAIL: gcc.dg/guality/pr36728-2.c -O2 line 16 y == 2
FAIL: gcc.dg/guality/pr36728-2.c -O2 line 18 arg5 == 5
FAIL: gcc.dg/guality/pr36728-2.c -O2 line 18 arg7 == 30
FAIL: gcc.dg/guality/pr36728-2.c -O3 -fomit-frame-pointer line 16 arg5 == 5
FAIL: gcc.dg/guality/pr36728-2.c -O3 -fomit-frame-pointer line 16 arg7 == 30
FAIL: gcc.dg/guality/pr36728-2.c -O3 -fomit-frame-pointer line 16 y == 2
FAIL: gcc.dg/guality/pr36728-2.c -O3 -fomit-frame-pointer line 18 arg5 == 5
FAIL: gcc.dg/guality/pr36728-2.c -O3 -fomit-frame-pointer line 18 arg7 == 30
FAIL: gcc.dg/guality/pr36728-2.c -O3 -g line 16 arg5 == 5
FAIL: gcc.dg/guality/pr36728-2.c -O3 -g line 16 arg7 == 30
FAIL: gcc.dg/guality/pr36728-2.c -O3 -g line 16 y == 2
FAIL: gcc.dg/guality/pr36728-2.c -O3 -g line 18 arg5 == 5
FAIL: gcc.dg/guality/pr36728-2.c -O3 -g line 18 arg7 == 30
FAIL: gcc.dg/guality/pr36728-2.c -Os line 18 arg5 == 5
FAIL: gcc.dg/guality/pr36728-2.c -Os line 18 arg6 == 6
FAIL: gcc.dg/guality/pr36728-2.c -Os line 18 arg7 == 30
FAIL: gcc.dg/guality/pr36728-2.c -O2 -flto -fno-use-linker-plugin
-flto-partition=none line 16 arg5 == 5
FAIL: gcc.dg/guality/pr36728-2.c -O2 -flto -fno-use-linker-plugin
-flto-partition=none line 16 arg7 == 30
FAIL: gcc.dg/guality/pr36728-2.c -O2 -flto -fno-use-linker-plugin
-flto-partition=none line 16 y == 2
FAIL: gcc.dg/guality/pr36728-2.c -O2 -flto -fno-use-linker-plugin
-flto-partition=none line 18 arg5 == 5
FAIL: gcc.dg/guality/pr36728-2.c -O2 -flto -fno-use-linker-plugin
-flto-partition=none line 18 arg7 == 30
FAIL: gcc.dg/guality/pr36728-2.c -O2 -flto -fuse-linker-plugin
-fno-fat-lto-objects line 18 arg6 == 6
FAIL: gcc.dg/guality/pr36728-2.c -O2 -flto -fuse-linker-plugin
-fno-fat-lto-objects line 18 arg7 == 30
FAIL: gcc.dg/guality/pr36728-3.c -O1 line 14 arg6 == 6
FAIL: gcc.dg/guality/pr36728-3.c -O1 line 14 arg7 == 30
FAIL: gcc.dg/guality/pr36728-3.c -O1 line 16 arg6 == 6
FAIL: gcc.dg/guality/pr36728-3.c -O1 line 16 arg7 == 30
FAIL: gcc.dg/guality/pr36728-3.c -O2 line 14 arg6 == 6
FAIL: gcc.dg/guality/pr36728-3.c -O2 line 14 arg7 == 30
FAIL: gcc.dg/guality/pr36728-3.c -O2 line 16 arg6 == 6
FAIL: gcc.dg/guality/pr36728-3.c -O2 line 16 arg7 == 30
FAIL: gcc.dg/guality/pr36728-3.c -O3 -fomit-frame-pointer line 14 arg6 == 6
FAIL: gcc.dg/guality/pr36728-3.c -O3 -fomit-frame-pointer line 14 arg7 == 30
FAIL: gcc.dg/guality/pr36728-3.c -O3 -fomit-frame-pointer line 16 arg6 == 6
FAIL: gcc.dg/guality/pr36728-3.c -O3 -fomit-frame-pointer line 16 arg7 == 30
FAIL: gcc.dg/guality/pr36728-3.c -O3 -g line 14 arg6 == 6
FAIL: gcc.dg/guality/pr36728-3.c -O3 -g line 14 arg7 == 30
FAIL: gcc.dg/guality/pr36728-3.c -O3 -g line 16 arg6 == 6
FAIL: gcc.dg/guality/pr36728-3.c -O3 -g line 16 arg7 == 30
FAIL: gcc.dg/guality/pr36728-3.c -Os line 14 arg6 == 6
FAIL: gcc.dg/guality/pr36728-3.c -Os line 14 arg7 == 30
FAIL: gcc.dg/guality/pr36728-3.c -Os line 16 arg6 == 6
FAIL: gcc.dg/guality/pr36728-3.c -Os line 16 arg7 == 30
FAIL: gcc.dg/guality/pr36728-3.c -O2 -flto -fno-use-linker-plugin
-flto-partition=none line 14 arg6 == 6
FAIL: gcc.dg/guality/pr36728-3.c -O2 -flto -fno-use-linker-plugin
-flto-partition=none line 14 arg7 == 30
FAIL: gcc.dg/guality/pr36728-3.c -O2 -flto -fno-use-linker-plugin
-flto-partition=none line 16 arg6 == 6
FAIL: gcc.dg/guality/pr36728-3.c -O2 -flto -fno-use-linker-plugin
-flto-partition=none line 16 arg7 == 30
FAIL: gcc.dg/guality/pr36728-3.c -O2 -flto -fuse-linker-plugin
-fno-fat-lto-objects line 14 arg6 == 6
FAIL: gcc.dg/guality/pr36728-3.c -O2 -flto -fuse-linker-plugin
-fno-fat-lto-objects line 14 arg7 == 30
FAIL: gcc.dg/guality/pr36728-3.c -O2 -flto -fuse-linker-plugin
-fno-fat-lto-objects line 16 arg6 == 6
FAIL: gcc.dg/guality/pr36728-3.c -O2 -flto -fuse-linker-plugin
-fno-fat-lto-objects line 16 arg7 == 30
FAIL: gcc.dg/guality/pr36728-4.c -O1 line 14 arg7 == 30
FAIL: gcc.dg/guality/pr36728-4.c -O1 line 16 arg7 == 30
FAIL: gcc.dg/guality/pr36728-4.c -O2 line 14 arg7 == 30
FAIL: gcc.dg/guality/pr36728-4.c -O2 line 16 arg7 == 30
FAIL: gcc.dg/guality/pr36728-4.c -O3 -fomit-frame-pointer line 14 arg7 == 30
FAIL: gcc.dg/guality/pr36728-4.c -O3 -fomit-frame-pointer line 16 arg7 == 30
FAIL: gcc.dg/guality/pr36728-4.c -O3 -g line 14 arg7 == 30
FAIL: gcc.dg/guality/pr36728-4.c -O3 -g line 16 arg7 == 30
FAIL: gcc.dg/guality/pr36728-4.c -Os line 14 arg7 == 30
FAIL: gcc.dg/guality/pr36728-4.c -Os line 16 arg7 == 30
FAIL: gcc.dg/guality/pr36728-4.c -O2 -flto -fno-use-linker-plugin
-flto-partition=none line 14 arg7 == 30
FAIL: gcc.dg/guality/pr36728-4.c -O2 -flto -fno-use-linker-plugin
-flto-partition=none line 16 arg7 == 30
FAIL: gcc.dg/guality/pr36728-4.c -O2 -flto -fuse-linker-plugin
-fno-fat-lto-objects line 14 arg7 == 30
FAIL: gcc.dg/guality/pr36728-4.c -O2 -flto -fuse-linker-plugin
-fno-fat-lto-objects line 16 arg7 == 30
XPASS: gcc.dg/guality/pr41353-1.c -O0 line 28 j == 28 + 37
FAIL: gcc.dg/guality/pr41353-1.c -O1 line 28 i == 37
XPASS: gcc.dg/guality/pr41353-1.c -O1 line 28 j == 28 + 37
FAIL: gcc.dg/guality/pr41353-1.c -O1 line 28 i1 == 2 * 37
FAIL: gcc.dg/guality/pr41353-1.c -O1 line 28 i2 == 3 * 37
FAIL: gcc.dg/guality/pr41353-1.c -O2 line 28 i == 37
XPASS: gcc.dg/guality/pr41353-1.c -O2 line 28 j == 28 + 37
FAIL: gcc.dg/guality/pr41353-1.c -O2 line 28 i1 == 2 * 37
FAIL: gcc.dg/guality/pr41353-1.c -O2 line 28 i2 == 3 * 37
FAIL: gcc.dg/guality/pr41353-1.c -O3 -fomit-frame-pointer line 28 i == 37
XPASS: gcc.dg/guality/pr41353-1.c -O3 -fomit-frame-pointer line 28 j == 28 + 37
FAIL: gcc.dg/guality/pr41353-1.c -O3 -fomit-frame-pointer line 28 i1 == 2 * 37
FAIL: gcc.dg/guality/pr41353-1.c -O3 -fomit-frame-pointer line 28 i2 == 3 * 37
FAIL: gcc.dg/guality/pr41353-1.c -O3 -g line 28 i == 37
XPASS: gcc.dg/guality/pr41353-1.c -O3 -g line 28 j == 28 + 37
FAIL: gcc.dg/guality/pr41353-1.c -O3 -g line 28 i1 == 2 * 37
FAIL: gcc.dg/guality/pr41353-1.c -O3 -g line 28 i2 == 3 * 37
FAIL: gcc.dg/guality/pr41353-1.c -Os line 28 i == 37
XPASS: gcc.dg/guality/pr41353-1.c -Os line 28 j == 28 + 37
FAIL: gcc.dg/guality/pr41353-1.c -Os line 28 i1 == 2 * 37
FAIL: gcc.dg/guality/pr41353-1.c -Os line 28 i2 == 3 * 37
FAIL: gcc.dg/guality/pr41353-1.c -O2 -flto -fno-use-linker-plugin
-flto-partition=none line 28 i == 37
XPASS: gcc.dg/guality/pr41353-1.c -O2 -flto -fno-use-linker-plugin
-flto-partition=none line 28 j == 28 + 37
FAIL: gcc.dg/guality/pr41353-1.c -O2 -flto -fno-use-linker-plugin
-flto-partition=none line 28 i1 == 2 * 37
FAIL: gcc.dg/guality/pr41353-1.c -O2 -flto -fno-use-linker-plugin
-flto-partition=none line 28 i2 == 3 * 37
FAIL: gcc.dg/guality/pr41353-1.c -O2 -flto -fuse-linker-plugin
-fno-fat-lto-objects line 28 i == 37
XPASS: gcc.dg/guality/pr41353-1.c -O2 -flto -fuse-linker-plugin
-fno-fat-lto-objects line 28 j == 28 + 37
FAIL: gcc.dg/guality/pr41353-1.c -O2 -flto -fuse-linker-plugin
-fno-fat-lto-objects line 28 i1 == 2 * 37
FAIL: gcc.dg/guality/pr41353-1.c -O2 -flto -fuse-linker-plugin
-fno-fat-lto-objects line 28 i2 == 3 * 37
XPASS: gcc.dg/guality/pr41447-1.c -O0 execution test
XPASS: gcc.dg/guality/pr41447-1.c -O1 execution test
XPASS: gcc.dg/guality/pr41447-1.c -O2 execution test
XPASS: gcc.dg/guality/pr41447-1.c -O3 -fomit-frame-pointer execution test
XPASS: gcc.dg/guality/pr41447-1.c -O3 -g execution test
XPASS: gcc.dg/guality/pr41447-1.c -Os execution test
XPASS: gcc.dg/guality/pr41447-1.c -O2 -flto -fno-use-linker-plugin
-flto-partition=none execution test
XPASS: gcc.dg/guality/pr41447-1.c -O2 -flto -fuse-linker-plugin
-fno-fat-lto-objects execution test
XPASS: gcc.dg/guality/pr41616-1.c -O0 execution test
XPASS: gcc.dg/guality/pr41616-1.c -O1 execution test
XPASS: gcc.dg/guality/pr41616-1.c -O2 execution test
XPASS: gcc.dg/guality/pr41616-1.c -O3 -fomit-frame-pointer execution test
XPASS: gcc.dg/guality/pr41616-1.c -O3 -g execution test
XPASS: gcc.dg/guality/pr41616-1.c -Os execution test
XPASS: gcc.dg/guality/pr41616-1.c -O2 -flto -fno-use-linker-plugin
-flto-partition=none execution test
FAIL: gcc.dg/guality/pr43051-1.c -O1 line 40 v == 1
FAIL: gcc.dg/guality/pr43051-1.c -O2 line 40 v == 1
FAIL: gcc.dg/guality/pr43051-1.c -O3 -fomit-frame-pointer line 35 v == 1
FAIL: gcc.dg/guality/pr43051-1.c -O3 -fomit-frame-pointer line 40 v == 1
FAIL: gcc.dg/guality/pr43051-1.c -O3 -fomit-frame-pointer -funroll-loops line
35 v == 1
FAIL: gcc.dg/guality/pr43051-1.c -O3 -fomit-frame-pointer -funroll-loops line
40 v == 1
FAIL: gcc.dg/guality/pr43051-1.c -O3 -fomit-frame-pointer -funroll-all-loops
-finline-functions line 35 v == 1
FAIL: gcc.dg/guality/pr43051-1.c -O3 -fomit-frame-pointer -funroll-all-loops
-finline-functions line 40 v == 1
FAIL: gcc.dg/guality/pr43051-1.c -O3 -g line 35 v == 1
FAIL: gcc.dg/guality/pr43051-1.c -O3 -g line 40 v == 1
FAIL: gcc.dg/guality/pr43051-1.c -Os line 40 v == 1
FAIL: gcc.dg/guality/pr43051-1.c -O2 -flto -fno-use-linker-plugin
-flto-partition=none line 40 v == 1
FAIL: gcc.dg/guality/pr43051-1.c -O2 -flto -fuse-linker-plugin
-fno-fat-lto-objects line 40 v == 1
FAIL: gcc.dg/guality/pr54200.c -O1 line 20 z == 3
FAIL: gcc.dg/guality/pr54200.c -O2 line 20 z == 3
FAIL: gcc.dg/guality/pr54200.c -O3 -fomit-frame-pointer line 20 z == 3
FAIL: gcc.dg/guality/pr54200.c -O3 -g line 20 z == 3
FAIL: gcc.dg/guality/pr54200.c -Os line 20 z == 3
FAIL: gcc.dg/guality/pr54200.c -O2 -flto -fno-use-linker-plugin
-flto-partition=none line 20 z == 3
FAIL: gcc.dg/guality/pr54200.c -O2 -flto -fuse-linker-plugin
-fno-fat-lto-objects line 20 z == 3
FAIL: gcc.dg/guality/pr54519-1.c -O1 line 20 x == 36
FAIL: gcc.dg/guality/pr54519-1.c -O1 line 20 y == 25
FAIL: gcc.dg/guality/pr54519-1.c -O1 line 23 x == 98
FAIL: gcc.dg/guality/pr54519-1.c -O1 line 23 y == 117
FAIL: gcc.dg/guality/pr54519-1.c -O2 line 20 x == 36
FAIL: gcc.dg/guality/pr54519-1.c -O2 line 23 x == 98
FAIL: gcc.dg/guality/pr54519-1.c -Os line 20 x == 36
FAIL: gcc.dg/guality/pr54519-1.c -Os line 23 x == 98
FAIL: gcc.dg/guality/pr54519-1.c -O2 -flto -fno-use-linker-plugin
-flto-partition=none line 20 x == 36
FAIL: gcc.dg/guality/pr54519-1.c -O2 -flto -fno-use-linker-plugin
-flto-partition=none line 20 y == 25
FAIL: gcc.dg/guality/pr54519-1.c -O2 -flto -fno-use-linker-plugin
-flto-partition=none line 20 z == 6
FAIL: gcc.dg/guality/pr54519-1.c -O2 -flto -fno-use-linker-plugin
-flto-partition=none line 23 x == 98
FAIL: gcc.dg/guality/pr54519-1.c -O2 -flto -fno-use-linker-plugin
-flto-partition=none line 23 y == 117
FAIL: gcc.dg/guality/pr54519-1.c -O2 -flto -fno-use-linker-plugin
-flto-partition=none line 23 z == 8
FAIL: gcc.dg/guality/pr54519-1.c -O2 -flto -fuse-linker-plugin
-fno-fat-lto-objects line 20 y == 25
FAIL: gcc.dg/guality/pr54519-1.c -O2 -flto -fuse-linker-plugin
-fno-fat-lto-objects line 20 z == 6
FAIL: gcc.dg/guality/pr54519-2.c -O1 line 17 x == 6
FAIL: gcc.dg/guality/pr54519-2.c -O2 -flto -fno-use-linker-plugin
-flto-partition=none line 17 y == 25
FAIL: gcc.dg/guality/pr54519-2.c -O2 -flto -fuse-linker-plugin
-fno-fat-lto-objects line 17 y == 25
FAIL: gcc.dg/guality/pr54519-3.c -O1 line 20 x == 36
FAIL: gcc.dg/guality/pr54519-3.c -O1 line 20 y == 25
FAIL: gcc.dg/guality/pr54519-3.c -O1 line 20 z == 6
FAIL: gcc.dg/guality/pr54519-3.c -O1 line 23 x == 98
FAIL: gcc.dg/guality/pr54519-3.c -O1 line 23 y == 117
FAIL: gcc.dg/guality/pr54519-3.c -O1 line 23 z == 8
FAIL: gcc.dg/guality/pr54519-3.c -O2 line 20 z == 6
FAIL: gcc.dg/guality/pr54519-3.c -O2 line 23 z == 8
FAIL: gcc.dg/guality/pr54519-3.c -O3 -fomit-frame-pointer line 20 z == 6
FAIL: gcc.dg/guality/pr54519-3.c -O3 -fomit-frame-pointer line 23 z == 8
FAIL: gcc.dg/guality/pr54519-3.c -O3 -g line 20 z == 6
FAIL: gcc.dg/guality/pr54519-3.c -O3 -g line 23 z == 8
FAIL: gcc.dg/guality/pr54519-3.c -Os line 20 z == 6
FAIL: gcc.dg/guality/pr54519-3.c -Os line 23 z == 8
FAIL: gcc.dg/guality/pr54519-3.c -O2 -flto -fno-use-linker-plugin
-flto-partition=none line 20 y == 25
FAIL: gcc.dg/guality/pr54519-3.c -O2 -flto -fno-use-linker-plugin
-flto-partition=none line 20 z == 6
FAIL: gcc.dg/guality/pr54519-3.c -O2 -flto -fno-use-linker-plugin
-flto-partition=none line 23 y == 117
FAIL: gcc.dg/guality/pr54519-3.c -O2 -flto -fno-use-linker-plugin
-flto-partition=none line 23 z == 8
FAIL: gcc.dg/guality/pr54519-3.c -O2 -flto -fuse-linker-plugin
-fno-fat-lto-objects line 20 y == 25
FAIL: gcc.dg/guality/pr54519-3.c -O2 -flto -fuse-linker-plugin
-fno-fat-lto-objects line 20 z == 6
FAIL: gcc.dg/guality/pr54519-3.c -O2 -flto -fuse-linker-plugin
-fno-fat-lto-objects line 23 y == 117
FAIL: gcc.dg/guality/pr54519-3.c -O2 -flto -fuse-linker-plugin
-fno-fat-lto-objects line 23 z == 8
FAIL: gcc.dg/guality/pr54519-4.c -O1 line 17 x == 6
FAIL: gcc.dg/guality/pr54519-4.c -O1 line 17 y == 25
FAIL: gcc.dg/guality/pr54519-4.c -O2 line 17 y == 25
FAIL: gcc.dg/guality/pr54519-4.c -O3 -fomit-frame-pointer line 17 y == 25
FAIL: gcc.dg/guality/pr54519-4.c -O3 -g line 17 y == 25
FAIL: gcc.dg/guality/pr54519-4.c -Os line 17 y == 25
FAIL: gcc.dg/guality/pr54519-4.c -O2 -flto -fno-use-linker-plugin
-flto-partition=none line 17 y == 25
FAIL: gcc.dg/guality/pr54519-4.c -O2 -flto -fuse-linker-plugin
-fno-fat-lto-objects line 17 y == 25
FAIL: gcc.dg/guality/pr54519-5.c -O1 line 17 x == 6
FAIL: gcc.dg/guality/pr54519-5.c -O1 line 17 y == 25
FAIL: gcc.dg/guality/pr54519-5.c -O2 line 17 y == 25
FAIL: gcc.dg/guality/pr54519-5.c -O3 -fomit-frame-pointer line 17 y == 25
FAIL: gcc.dg/guality/pr54519-5.c -O3 -g line 17 y == 25
FAIL: gcc.dg/guality/pr54519-5.c -Os line 17 y == 25
FAIL: gcc.dg/guality/pr54519-5.c -O2 -flto -fno-use-linker-plugin
-flto-partition=none line 17 y == 25
FAIL: gcc.dg/guality/pr54519-5.c -O2 -flto -fuse-linker-plugin
-fno-fat-lto-objects line 17 y == 25
FAIL: gcc.dg/guality/pr54551.c -O1 line 18 a == 4
FAIL: gcc.dg/guality/pr54551.c -O2 line 18 a == 4
FAIL: gcc.dg/guality/pr54551.c -O3 -fomit-frame-pointer line 18 a == 4
FAIL: gcc.dg/guality/pr54551.c -O3 -g line 18 a == 4
FAIL: gcc.dg/guality/pr54551.c -Os line 18 a == 4
FAIL: gcc.dg/guality/pr54551.c -O2 -flto -fno-use-linker-plugin
-flto-partition=none line 18 a == 4
FAIL: gcc.dg/guality/pr54693-2.c -O1 line 21 x == 10 - i
FAIL: gcc.dg/guality/pr54693-2.c -O1 line 21 y == 20 - 2 * i
FAIL: gcc.dg/guality/pr54693-2.c -O2 line 21 x == 10 - i
FAIL: gcc.dg/guality/pr54693-2.c -O2 line 21 y == 20 - 2 * i
FAIL: gcc.dg/guality/pr54693-2.c -O3 -fomit-frame-pointer line 21 x == 10 - i
FAIL: gcc.dg/guality/pr54693-2.c -O3 -fomit-frame-pointer line 21 y == 20 - 2 * i
FAIL: gcc.dg/guality/pr54693-2.c -O3 -fomit-frame-pointer -funroll-loops line
21 x == 10 - i
FAIL: gcc.dg/guality/pr54693-2.c -O3 -fomit-frame-pointer -funroll-loops line
21 y == 20 - 2 * i
FAIL: gcc.dg/guality/pr54693-2.c -O3 -fomit-frame-pointer -funroll-all-loops
-finline-functions line 21 x == 10 - i
FAIL: gcc.dg/guality/pr54693-2.c -O3 -fomit-frame-pointer -funroll-all-loops
-finline-functions line 21 y == 20 - 2 * i
FAIL: gcc.dg/guality/pr54693-2.c -O3 -g line 21 x == 10 - i
FAIL: gcc.dg/guality/pr54693-2.c -O3 -g line 21 y == 20 - 2 * i
FAIL: gcc.dg/guality/pr54693-2.c -Os line 21 y == 20 - 2 * i
FAIL: gcc.dg/guality/pr54693-2.c -Os line 21 z == 30 - 3 * i
FAIL: gcc.dg/guality/pr54693-2.c -O2 -flto -fno-use-linker-plugin
-flto-partition=none line 21 x == 10 - i
FAIL: gcc.dg/guality/pr54693-2.c -O2 -flto -fno-use-linker-plugin
-flto-partition=none line 21 y == 20 - 2 * i
FAIL: gcc.dg/guality/pr54693-2.c -O2 -flto -fuse-linker-plugin
-fno-fat-lto-objects line 21 x == 10 - i
FAIL: gcc.dg/guality/pr54693-2.c -O2 -flto -fuse-linker-plugin
-fno-fat-lto-objects line 21 y == 20 - 2 * i
FAIL: gcc.dg/guality/pr54693.c -O1 line 22 i == c - 48
FAIL: gcc.dg/guality/pr54693.c -O2 line 22 i == c - 48
FAIL: gcc.dg/guality/pr54693.c -O3 -fomit-frame-pointer line 22 i == c - 48
FAIL: gcc.dg/guality/pr54693.c -O3 -fomit-frame-pointer -funroll-loops line
22 i == c - 48
FAIL: gcc.dg/guality/pr54693.c -O3 -fomit-frame-pointer -funroll-all-loops
-finline-functions line 22 i == c - 48
FAIL: gcc.dg/guality/pr54693.c -O3 -g line 22 i == c - 48
FAIL: gcc.dg/guality/pr54693.c -O2 -flto -fno-use-linker-plugin
-flto-partition=none line 22 i == c - 48
FAIL: gcc.dg/guality/pr54693.c -O2 -flto -fuse-linker-plugin
-fno-fat-lto-objects line 22 i == c - 48
FAIL: gcc.dg/guality/pr54970.c -O1 line 15 a[0] == 1
FAIL: gcc.dg/guality/pr54970.c -O1 line 15 a[1] == 2
FAIL: gcc.dg/guality/pr54970.c -O1 line 15 a[2] == 3
FAIL: gcc.dg/guality/pr54970.c -O1 line 15 *p == 3
FAIL: gcc.dg/guality/pr54970.c -O1 line 15 *q == 2
FAIL: gcc.dg/guality/pr54970.c -O1 line 20 a[0] == 1
FAIL: gcc.dg/guality/pr54970.c -O1 line 20 a[1] == 2
FAIL: gcc.dg/guality/pr54970.c -O1 line 20 a[2] == 13
FAIL: gcc.dg/guality/pr54970.c -O1 line 20 *p == 13
FAIL: gcc.dg/guality/pr54970.c -O1 line 20 *q == 2
FAIL: gcc.dg/guality/pr54970.c -O1 line 25 a[0] == 1
FAIL: gcc.dg/guality/pr54970.c -O1 line 25 a[1] == 12
FAIL: gcc.dg/guality/pr54970.c -O1 line 25 a[2] == 13
FAIL: gcc.dg/guality/pr54970.c -O1 line 25 *p == 13
FAIL: gcc.dg/guality/pr54970.c -O1 line 25 *q == 12
FAIL: gcc.dg/guality/pr54970.c -O1 line 31 *p == 6
FAIL: gcc.dg/guality/pr54970.c -O1 line 31 *q == 5
FAIL: gcc.dg/guality/pr54970.c -O1 line 36 *p == 26
FAIL: gcc.dg/guality/pr54970.c -O1 line 36 *q == 5
FAIL: gcc.dg/guality/pr54970.c -O1 line 45 *p == 26
FAIL: gcc.dg/guality/pr54970.c -O1 line 45 p[-1] == 25
FAIL: gcc.dg/guality/pr54970.c -O1 line 45 p[-2] == 4
FAIL: gcc.dg/guality/pr54970.c -O1 line 45 q[-1] == 4
FAIL: gcc.dg/guality/pr54970.c -O1 line 45 q[1] == 26
FAIL: gcc.dg/guality/pr54970.c -O1 line 45 *q == 25
FAIL: gcc.dg/guality/pr54970.c -O2 line 15 a[0] == 1
FAIL: gcc.dg/guality/pr54970.c -O2 line 15 a[1] == 2
FAIL: gcc.dg/guality/pr54970.c -O2 line 15 a[2] == 3
FAIL: gcc.dg/guality/pr54970.c -O2 line 15 *p == 3
FAIL: gcc.dg/guality/pr54970.c -O2 line 15 *q == 2
FAIL: gcc.dg/guality/pr54970.c -O2 line 20 a[0] == 1
FAIL: gcc.dg/guality/pr54970.c -O2 line 20 a[1] == 2
FAIL: gcc.dg/guality/pr54970.c -O2 line 20 a[2] == 13
FAIL: gcc.dg/guality/pr54970.c -O2 line 20 *p == 13
FAIL: gcc.dg/guality/pr54970.c -O2 line 20 *q == 2
FAIL: gcc.dg/guality/pr54970.c -O2 line 25 a[0] == 1
FAIL: gcc.dg/guality/pr54970.c -O2 line 25 a[1] == 12
FAIL: gcc.dg/guality/pr54970.c -O2 line 25 a[2] == 13
FAIL: gcc.dg/guality/pr54970.c -O2 line 25 *p == 13
FAIL: gcc.dg/guality/pr54970.c -O2 line 25 *q == 12
FAIL: gcc.dg/guality/pr54970.c -O2 line 31 *p == 6
FAIL: gcc.dg/guality/pr54970.c -O2 line 31 *q == 5
FAIL: gcc.dg/guality/pr54970.c -O2 line 36 *p == 26
FAIL: gcc.dg/guality/pr54970.c -O2 line 36 *q == 5
FAIL: gcc.dg/guality/pr54970.c -O2 line 45 *p == 26
FAIL: gcc.dg/guality/pr54970.c -O2 line 45 p[-1] == 25
FAIL: gcc.dg/guality/pr54970.c -O2 line 45 p[-2] == 4
FAIL: gcc.dg/guality/pr54970.c -O2 line 45 q[-1] == 4
FAIL: gcc.dg/guality/pr54970.c -O2 line 45 q[1] == 26
FAIL: gcc.dg/guality/pr54970.c -O2 line 45 *q == 25
FAIL: gcc.dg/guality/pr54970.c -O3 -fomit-frame-pointer line 15 a[0] == 1
FAIL: gcc.dg/guality/pr54970.c -O3 -fomit-frame-pointer line 15 a[1] == 2
FAIL: gcc.dg/guality/pr54970.c -O3 -fomit-frame-pointer line 15 a[2] == 3
FAIL: gcc.dg/guality/pr54970.c -O3 -fomit-frame-pointer line 15 *p == 3
FAIL: gcc.dg/guality/pr54970.c -O3 -fomit-frame-pointer line 15 *q == 2
FAIL: gcc.dg/guality/pr54970.c -O3 -fomit-frame-pointer line 20 a[0] == 1
FAIL: gcc.dg/guality/pr54970.c -O3 -fomit-frame-pointer line 20 a[1] == 2
FAIL: gcc.dg/guality/pr54970.c -O3 -fomit-frame-pointer line 20 a[2] == 13
FAIL: gcc.dg/guality/pr54970.c -O3 -fomit-frame-pointer line 20 *p == 13
FAIL: gcc.dg/guality/pr54970.c -O3 -fomit-frame-pointer line 20 *q == 2
FAIL: gcc.dg/guality/pr54970.c -O3 -fomit-frame-pointer line 25 a[0] == 1
FAIL: gcc.dg/guality/pr54970.c -O3 -fomit-frame-pointer line 25 a[1] == 12
FAIL: gcc.dg/guality/pr54970.c -O3 -fomit-frame-pointer line 25 a[2] == 13
FAIL: gcc.dg/guality/pr54970.c -O3 -fomit-frame-pointer line 25 *p == 13
FAIL: gcc.dg/guality/pr54970.c -O3 -fomit-frame-pointer line 25 *q == 12
FAIL: gcc.dg/guality/pr54970.c -O3 -fomit-frame-pointer line 31 *p == 6
FAIL: gcc.dg/guality/pr54970.c -O3 -fomit-frame-pointer line 31 *q == 5
FAIL: gcc.dg/guality/pr54970.c -O3 -fomit-frame-pointer line 36 *p == 26
FAIL: gcc.dg/guality/pr54970.c -O3 -fomit-frame-pointer line 36 *q == 5
FAIL: gcc.dg/guality/pr54970.c -O3 -fomit-frame-pointer line 45 *p == 26
FAIL: gcc.dg/guality/pr54970.c -O3 -fomit-frame-pointer line 45 p[-1] == 25
FAIL: gcc.dg/guality/pr54970.c -O3 -fomit-frame-pointer line 45 p[-2] == 4
FAIL: gcc.dg/guality/pr54970.c -O3 -fomit-frame-pointer line 45 q[-1] == 4
FAIL: gcc.dg/guality/pr54970.c -O3 -fomit-frame-pointer line 45 q[1] == 26
FAIL: gcc.dg/guality/pr54970.c -O3 -fomit-frame-pointer line 45 *q == 25
FAIL: gcc.dg/guality/pr54970.c -O3 -g line 15 a[0] == 1
FAIL: gcc.dg/guality/pr54970.c -O3 -g line 15 a[1] == 2
FAIL: gcc.dg/guality/pr54970.c -O3 -g line 15 a[2] == 3
FAIL: gcc.dg/guality/pr54970.c -O3 -g line 15 *p == 3
FAIL: gcc.dg/guality/pr54970.c -O3 -g line 15 *q == 2
FAIL: gcc.dg/guality/pr54970.c -O3 -g line 20 a[0] == 1
FAIL: gcc.dg/guality/pr54970.c -O3 -g line 20 a[1] == 2
FAIL: gcc.dg/guality/pr54970.c -O3 -g line 20 a[2] == 13
FAIL: gcc.dg/guality/pr54970.c -O3 -g line 20 *p == 13
FAIL: gcc.dg/guality/pr54970.c -O3 -g line 20 *q == 2
FAIL: gcc.dg/guality/pr54970.c -O3 -g line 25 a[0] == 1
FAIL: gcc.dg/guality/pr54970.c -O3 -g line 25 a[1] == 12
FAIL: gcc.dg/guality/pr54970.c -O3 -g line 25 a[2] == 13
FAIL: gcc.dg/guality/pr54970.c -O3 -g line 25 *p == 13
FAIL: gcc.dg/guality/pr54970.c -O3 -g line 25 *q == 12
FAIL: gcc.dg/guality/pr54970.c -O3 -g line 31 *p == 6
FAIL: gcc.dg/guality/pr54970.c -O3 -g line 31 *q == 5
FAIL: gcc.dg/guality/pr54970.c -O3 -g line 36 *p == 26
FAIL: gcc.dg/guality/pr54970.c -O3 -g line 36 *q == 5
FAIL: gcc.dg/guality/pr54970.c -O3 -g line 45 *p == 26
FAIL: gcc.dg/guality/pr54970.c -O3 -g line 45 p[-1] == 25
FAIL: gcc.dg/guality/pr54970.c -O3 -g line 45 p[-2] == 4
FAIL: gcc.dg/guality/pr54970.c -O3 -g line 45 q[-1] == 4
FAIL: gcc.dg/guality/pr54970.c -O3 -g line 45 q[1] == 26
FAIL: gcc.dg/guality/pr54970.c -O3 -g line 45 *q == 25
FAIL: gcc.dg/guality/pr54970.c -Os line 15 a[0] == 1
FAIL: gcc.dg/guality/pr54970.c -Os line 15 a[1] == 2
FAIL: gcc.dg/guality/pr54970.c -Os line 15 a[2] == 3
FAIL: gcc.dg/guality/pr54970.c -Os line 15 *p == 3
FAIL: gcc.dg/guality/pr54970.c -Os line 15 *q == 2
FAIL: gcc.dg/guality/pr54970.c -Os line 20 a[0] == 1
FAIL: gcc.dg/guality/pr54970.c -Os line 20 a[1] == 2
FAIL: gcc.dg/guality/pr54970.c -Os line 20 a[2] == 13
FAIL: gcc.dg/guality/pr54970.c -Os line 20 *p == 13
FAIL: gcc.dg/guality/pr54970.c -Os line 20 *q == 2
FAIL: gcc.dg/guality/pr54970.c -Os line 25 a[0] == 1
FAIL: gcc.dg/guality/pr54970.c -Os line 25 a[1] == 12
FAIL: gcc.dg/guality/pr54970.c -Os line 25 a[2] == 13
FAIL: gcc.dg/guality/pr54970.c -Os line 25 *p == 13
FAIL: gcc.dg/guality/pr54970.c -Os line 25 *q == 12
FAIL: gcc.dg/guality/pr54970.c -Os line 31 *p == 6
FAIL: gcc.dg/guality/pr54970.c -Os line 31 *q == 5
FAIL: gcc.dg/guality/pr54970.c -Os line 36 *p == 26
FAIL: gcc.dg/guality/pr54970.c -Os line 36 *q == 5
FAIL: gcc.dg/guality/pr54970.c -Os line 45 *p == 26
FAIL: gcc.dg/guality/pr54970.c -Os line 45 p[-1] == 25
FAIL: gcc.dg/guality/pr54970.c -Os line 45 p[-2] == 4
FAIL: gcc.dg/guality/pr54970.c -Os line 45 q[-1] == 4
FAIL: gcc.dg/guality/pr54970.c -Os line 45 q[1] == 26
FAIL: gcc.dg/guality/pr54970.c -Os line 45 *q == 25
FAIL: gcc.dg/guality/pr54970.c -O2 -flto -fno-use-linker-plugin
-flto-partition=none line 15 a[0] == 1
FAIL: gcc.dg/guality/pr54970.c -O2 -flto -fno-use-linker-plugin
-flto-partition=none line 15 a[1] == 2
FAIL: gcc.dg/guality/pr54970.c -O2 -flto -fno-use-linker-plugin
-flto-partition=none line 15 a[2] == 3
FAIL: gcc.dg/guality/pr54970.c -O2 -flto -fno-use-linker-plugin
-flto-partition=none line 15 *p == 3
FAIL: gcc.dg/guality/pr54970.c -O2 -flto -fno-use-linker-plugin
-flto-partition=none line 15 *q == 2
FAIL: gcc.dg/guality/pr54970.c -O2 -flto -fno-use-linker-plugin
-flto-partition=none line 20 a[0] == 1
FAIL: gcc.dg/guality/pr54970.c -O2 -flto -fno-use-linker-plugin
-flto-partition=none line 20 a[1] == 2
FAIL: gcc.dg/guality/pr54970.c -O2 -flto -fno-use-linker-plugin
-flto-partition=none line 20 a[2] == 13
FAIL: gcc.dg/guality/pr54970.c -O2 -flto -fno-use-linker-plugin
-flto-partition=none line 20 *p == 13
FAIL: gcc.dg/guality/pr54970.c -O2 -flto -fno-use-linker-plugin
-flto-partition=none line 20 *q == 2
FAIL: gcc.dg/guality/pr54970.c -O2 -flto -fno-use-linker-plugin
-flto-partition=none line 25 a[0] == 1
FAIL: gcc.dg/guality/pr54970.c -O2 -flto -fno-use-linker-plugin
-flto-partition=none line 25 a[1] == 12
FAIL: gcc.dg/guality/pr54970.c -O2 -flto -fno-use-linker-plugin
-flto-partition=none line 25 a[2] == 13
FAIL: gcc.dg/guality/pr54970.c -O2 -flto -fno-use-linker-plugin
-flto-partition=none line 25 *p == 13
FAIL: gcc.dg/guality/pr54970.c -O2 -flto -fno-use-linker-plugin
-flto-partition=none line 25 *q == 12
FAIL: gcc.dg/guality/pr54970.c -O2 -flto -fno-use-linker-plugin
-flto-partition=none line 31 *p == 6
FAIL: gcc.dg/guality/pr54970.c -O2 -flto -fno-use-linker-plugin
-flto-partition=none line 31 *q == 5
FAIL: gcc.dg/guality/pr54970.c -O2 -flto -fno-use-linker-plugin
-flto-partition=none line 36 *p == 26
FAIL: gcc.dg/guality/pr54970.c -O2 -flto -fno-use-linker-plugin
-flto-partition=none line 36 *q == 5
FAIL: gcc.dg/guality/pr54970.c -O2 -flto -fno-use-linker-plugin
-flto-partition=none line 45 *p == 26
FAIL: gcc.dg/guality/pr54970.c -O2 -flto -fno-use-linker-plugin
-flto-partition=none line 45 p[-1] == 25
FAIL: gcc.dg/guality/pr54970.c -O2 -flto -fno-use-linker-plugin
-flto-partition=none line 45 p[-2] == 4
FAIL: gcc.dg/guality/pr54970.c -O2 -flto -fno-use-linker-plugin
-flto-partition=none line 45 q[-1] == 4
FAIL: gcc.dg/guality/pr54970.c -O2 -flto -fno-use-linker-plugin
-flto-partition=none line 45 q[1] == 26
FAIL: gcc.dg/guality/pr54970.c -O2 -flto -fno-use-linker-plugin
-flto-partition=none line 45 *q == 25
FAIL: gcc.dg/guality/pr54970.c -O2 -flto -fuse-linker-plugin
-fno-fat-lto-objects line 15 a[0] == 1
FAIL: gcc.dg/guality/pr54970.c -O2 -flto -fuse-linker-plugin
-fno-fat-lto-objects line 15 a[1] == 2
FAIL: gcc.dg/guality/pr54970.c -O2 -flto -fuse-linker-plugin
-fno-fat-lto-objects line 15 a[2] == 3
FAIL: gcc.dg/guality/pr54970.c -O2 -flto -fuse-linker-plugin
-fno-fat-lto-objects line 15 *p == 3
FAIL: gcc.dg/guality/pr54970.c -O2 -flto -fuse-linker-plugin
-fno-fat-lto-objects line 15 *q == 2
FAIL: gcc.dg/guality/pr54970.c -O2 -flto -fuse-linker-plugin
-fno-fat-lto-objects line 20 a[0] == 1
FAIL: gcc.dg/guality/pr54970.c -O2 -flto -fuse-linker-plugin
-fno-fat-lto-objects line 20 a[1] == 2
FAIL: gcc.dg/guality/pr54970.c -O2 -flto -fuse-linker-plugin
-fno-fat-lto-objects line 20 a[2] == 13
FAIL: gcc.dg/guality/pr54970.c -O2 -flto -fuse-linker-plugin
-fno-fat-lto-objects line 20 *p == 13
FAIL: gcc.dg/guality/pr54970.c -O2 -flto -fuse-linker-plugin
-fno-fat-lto-objects line 20 *q == 2
FAIL: gcc.dg/guality/pr54970.c -O2 -flto -fuse-linker-plugin
-fno-fat-lto-objects line 25 a[0] == 1
FAIL: gcc.dg/guality/pr54970.c -O2 -flto -fuse-linker-plugin
-fno-fat-lto-objects line 25 a[1] == 12
FAIL: gcc.dg/guality/pr54970.c -O2 -flto -fuse-linker-plugin
-fno-fat-lto-objects line 25 a[2] == 13
FAIL: gcc.dg/guality/pr54970.c -O2 -flto -fuse-linker-plugin
-fno-fat-lto-objects line 25 *p == 13
FAIL: gcc.dg/guality/pr54970.c -O2 -flto -fuse-linker-plugin
-fno-fat-lto-objects line 25 *q == 12
FAIL: gcc.dg/guality/pr54970.c -O2 -flto -fuse-linker-plugin
-fno-fat-lto-objects line 31 *p == 6
FAIL: gcc.dg/guality/pr54970.c -O2 -flto -fuse-linker-plugin
-fno-fat-lto-objects line 31 *q == 5
FAIL: gcc.dg/guality/pr54970.c -O2 -flto -fuse-linker-plugin
-fno-fat-lto-objects line 36 *p == 26
FAIL: gcc.dg/guality/pr54970.c -O2 -flto -fuse-linker-plugin
-fno-fat-lto-objects line 36 *q == 5
FAIL: gcc.dg/guality/pr54970.c -O2 -flto -fuse-linker-plugin
-fno-fat-lto-objects line 45 *p == 26
FAIL: gcc.dg/guality/pr54970.c -O2 -flto -fuse-linker-plugin
-fno-fat-lto-objects line 45 p[-1] == 25
FAIL: gcc.dg/guality/pr54970.c -O2 -flto -fuse-linker-plugin
-fno-fat-lto-objects line 45 p[-2] == 4
FAIL: gcc.dg/guality/pr54970.c -O2 -flto -fuse-linker-plugin
-fno-fat-lto-objects line 45 q[-1] == 4
FAIL: gcc.dg/guality/pr54970.c -O2 -flto -fuse-linker-plugin
-fno-fat-lto-objects line 45 q[1] == 26
FAIL: gcc.dg/guality/pr54970.c -O2 -flto -fuse-linker-plugin
-fno-fat-lto-objects line 45 *q == 25
FAIL: gcc.dg/guality/pr56154-1.c -O1 line pr56154-1.c:20 x.a == 6
FAIL: gcc.dg/guality/pr56154-1.c -Os line pr56154-1.c:20 x.a == 6
FAIL: gcc.dg/guality/pr56154-1.c -O2 -flto -fuse-linker-plugin
-fno-fat-lto-objects line pr56154-1.c:20 x.a == 6
FAIL: gcc.dg/guality/sra-1.c -O1 line 43 a.j == 14
FAIL: gcc.dg/guality/sra-1.c -O2 line 43 a.j == 14
FAIL: gcc.dg/guality/sra-1.c -O3 -fomit-frame-pointer line 43 a.j == 14
FAIL: gcc.dg/guality/sra-1.c -O3 -g line 43 a.j == 14
FAIL: gcc.dg/guality/sra-1.c -Os line 43 a.j == 14
FAIL: gcc.dg/guality/sra-1.c -O2 -flto -fno-use-linker-plugin
-flto-partition=none line 43 a.j == 14
FAIL: gcc.dg/guality/sra-1.c -O2 -flto -fuse-linker-plugin
-fno-fat-lto-objects line 43 a.j == 14
FAIL: gcc.dg/guality/vla-2.c -O2 line 25 sizeof (a) == 6 * sizeof (int)
FAIL: gcc.dg/guality/vla-2.c -O3 -fomit-frame-pointer line 25 sizeof (a) == 6
* sizeof (int)
FAIL: gcc.dg/guality/vla-2.c -O3 -g line 25 sizeof (a) == 6 * sizeof (int)
FAIL: gcc.dg/guality/vla-2.c -O2 -flto -fno-use-linker-plugin
-flto-partition=none line 25 sizeof (a) == 6 * sizeof (int)
FAIL: gcc.dg/guality/vla-2.c -O2 -flto -fuse-linker-plugin
-fno-fat-lto-objects line 25 sizeof (a) == 6 * sizeof (int)
FAIL: gcc.dg/tree-ssa/ssa-dom-thread-4.c scan-tree-dump-times dom1 "Threaded" 3
FAIL: gcc.dg/tree-ssa/vrp47.c scan-tree-dump-times vrp1 "[xy][^ ]* !=" 0
FAIL: gcc.dg/tree-ssa/vrp47.c scan-tree-dump-times dom2 "x[^ ]* & y" 1
FAIL: gcc.target/powerpc/ppc-vector-memcpy.c scan-assembler lvx
=== gcc Summary for unix/-m64 ===
# of expected passes 48243
# of unexpected failures 430
# of unexpected successes 38
# of expected failures 186
# of unsupported tests 881
=== gcc Summary ===
# of expected passes 208881
# of unexpected failures 1247
# of unexpected successes 106
# of expected failures 732
# of unresolved testcases 10
# of unsupported tests 4540
/home/sh/build/b-gcc-git-native/gcc/xgcc version 4.8.2 20130711 (prerelease)
(GCC)
=== g++ tests ===
Running target unix/-m32
=== g++ Summary for unix/-m32 ===
# of expected passes 43691
# of expected failures 282
# of unsupported tests 680
Running target unix/-m32/-mpowerpc64
FAIL: g++.dg/compat/decimal/pass-1 cp_compat_x_tst.o-cp_compat_y_tst.o execute
FAIL: g++.dg/compat/decimal/pass-2 cp_compat_x_tst.o-cp_compat_y_tst.o execute
FAIL: g++.dg/compat/decimal/pass-3 cp_compat_x_tst.o-cp_compat_y_tst.o execute
FAIL: g++.dg/compat/decimal/pass-4 cp_compat_x_tst.o-cp_compat_y_tst.o execute
FAIL: g++.dg/compat/decimal/pass-5 cp_compat_x_tst.o-cp_compat_y_tst.o execute
FAIL: g++.dg/compat/decimal/pass-6 cp_compat_x_tst.o-cp_compat_y_tst.o execute
FAIL: g++.dg/compat/decimal/return-1 cp_compat_x_tst.o-cp_compat_y_tst.o execute
FAIL: g++.dg/compat/decimal/return-2 cp_compat_x_tst.o-cp_compat_y_tst.o execute
FAIL: g++.dg/compat/decimal/return-3 cp_compat_x_tst.o-cp_compat_y_tst.o execute
FAIL: g++.dg/compat/decimal/return-4 cp_compat_x_tst.o-cp_compat_y_tst.o execute
FAIL: g++.dg/compat/decimal/return-5 cp_compat_x_tst.o-cp_compat_y_tst.o execute
FAIL: g++.dg/compat/decimal/return-6 cp_compat_x_tst.o-cp_compat_y_tst.o execute
FAIL: c-c++-common/dfp/call-by-value.c -std=c++98 execution test
FAIL: c-c++-common/dfp/call-by-value.c -std=c++11 execution test
FAIL: c-c++-common/dfp/cast.c -std=c++98 execution test
FAIL: c-c++-common/dfp/cast.c -std=c++11 execution test
FAIL: c-c++-common/dfp/compare-eq-d128.c -std=gnu++98 execution test
FAIL: c-c++-common/dfp/compare-eq-d128.c -std=gnu++11 execution test
FAIL: c-c++-common/dfp/compare-eq-d32.c -std=gnu++98 execution test
FAIL: c-c++-common/dfp/compare-eq-d32.c -std=gnu++11 execution test
FAIL: c-c++-common/dfp/compare-eq-d64.c -std=gnu++98 execution test
FAIL: c-c++-common/dfp/compare-eq-d64.c -std=gnu++11 execution test
FAIL: c-c++-common/dfp/compare-rel-d128.c -std=gnu++98 execution test
FAIL: c-c++-common/dfp/compare-rel-d128.c -std=gnu++11 execution test
FAIL: c-c++-common/dfp/compare-rel-d32.c -std=gnu++98 execution test
FAIL: c-c++-common/dfp/compare-rel-d32.c -std=gnu++11 execution test
FAIL: c-c++-common/dfp/compare-rel-d64.c -std=gnu++98 execution test
FAIL: c-c++-common/dfp/compare-rel-d64.c -std=gnu++11 execution test
FAIL: c-c++-common/dfp/compare-rel-dfp.c -std=gnu++98 execution test
FAIL: c-c++-common/dfp/compare-rel-dfp.c -std=gnu++11 execution test
FAIL: c-c++-common/dfp/compare-special-d128.c -std=gnu++98 execution test
FAIL: c-c++-common/dfp/compare-special-d128.c -std=gnu++11 execution test
FAIL: c-c++-common/dfp/compare-special-d32.c -std=gnu++98 execution test
FAIL: c-c++-common/dfp/compare-special-d32.c -std=gnu++11 execution test
FAIL: c-c++-common/dfp/compare-special-d64.c -std=gnu++98 execution test
FAIL: c-c++-common/dfp/compare-special-d64.c -std=gnu++11 execution test
FAIL: c-c++-common/dfp/convert-bfp-13.c -std=c++98 execution test
FAIL: c-c++-common/dfp/convert-bfp-13.c -std=c++11 execution test
FAIL: c-c++-common/dfp/convert-bfp-3.c -std=c++98 execution test
FAIL: c-c++-common/dfp/convert-bfp-3.c -std=c++11 execution test
FAIL: c-c++-common/dfp/convert-bfp.c -std=c++98 execution test
FAIL: c-c++-common/dfp/convert-bfp.c -std=c++11 execution test
FAIL: c-c++-common/dfp/convert-dfp-fold-2.c -std=c++98 execution test
FAIL: c-c++-common/dfp/convert-dfp-fold-2.c -std=c++11 execution test
FAIL: c-c++-common/dfp/convert-dfp.c -std=gnu++98 execution test
FAIL: c-c++-common/dfp/convert-dfp.c -std=gnu++11 execution test
FAIL: c-c++-common/dfp/convert-int.c -std=gnu++98 execution test
FAIL: c-c++-common/dfp/convert-int.c -std=gnu++11 execution test
FAIL: c-c++-common/dfp/func-array.c -std=c++98 execution test
FAIL: c-c++-common/dfp/func-array.c -std=c++11 execution test
FAIL: c-c++-common/dfp/func-deref.c -std=c++98 execution test
FAIL: c-c++-common/dfp/func-deref.c -std=c++11 execution test
FAIL: c-c++-common/dfp/func-mixed.c -std=gnu++98 execution test
FAIL: c-c++-common/dfp/func-mixed.c -std=gnu++11 execution test
FAIL: c-c++-common/dfp/func-pointer.c -std=c++98 execution test
FAIL: c-c++-common/dfp/func-pointer.c -std=c++11 execution test
FAIL: c-c++-common/dfp/func-scalar.c -std=c++98 execution test
FAIL: c-c++-common/dfp/func-scalar.c -std=c++11 execution test
FAIL: c-c++-common/dfp/func-struct.c -std=c++98 execution test
FAIL: c-c++-common/dfp/func-struct.c -std=c++11 execution test
FAIL: c-c++-common/dfp/func-vararg-alternate-d32.c -std=c++98 execution test
FAIL: c-c++-common/dfp/func-vararg-alternate-d32.c -std=c++11 execution test
FAIL: c-c++-common/dfp/func-vararg-dfp.c -std=c++98 execution test
FAIL: c-c++-common/dfp/func-vararg-dfp.c -std=c++11 execution test
FAIL: c-c++-common/dfp/func-vararg-mixed.c -std=c++98 execution test
FAIL: c-c++-common/dfp/func-vararg-mixed.c -std=c++11 execution test
FAIL: c-c++-common/dfp/loop-index.c -std=c++98 execution test
FAIL: c-c++-common/dfp/loop-index.c -std=c++11 execution test
FAIL: c-c++-common/dfp/operator-assignment.c -std=c++98 execution test
FAIL: c-c++-common/dfp/operator-assignment.c -std=c++11 execution test
FAIL: c-c++-common/dfp/operator-comma.c -std=gnu++98 execution test
FAIL: c-c++-common/dfp/operator-comma.c -std=gnu++11 execution test
FAIL: c-c++-common/dfp/operator-cond.c -std=gnu++98 execution test
FAIL: c-c++-common/dfp/operator-cond.c -std=gnu++11 execution test
FAIL: c-c++-common/dfp/operator-logical.c -std=c++98 execution test
FAIL: c-c++-common/dfp/operator-logical.c -std=c++11 execution test
FAIL: c-c++-common/dfp/operator-unary.c -std=c++98 execution test
FAIL: c-c++-common/dfp/operator-unary.c -std=c++11 execution test
FAIL: c-c++-common/dfp/pr36800.c -std=c++98 execution test
FAIL: c-c++-common/dfp/pr36800.c -std=c++11 execution test
FAIL: c-c++-common/dfp/pr39034.c -std=gnu++98 execution test
FAIL: c-c++-common/dfp/pr39034.c -std=gnu++11 execution test
FAIL: c-c++-common/dfp/pr39035.c -std=gnu++98 execution test
FAIL: c-c++-common/dfp/pr39035.c -std=gnu++11 execution test
FAIL: c-c++-common/dfp/usual-arith-conv.c -std=gnu++98 execution test
FAIL: c-c++-common/dfp/usual-arith-conv.c -std=gnu++11 execution test
FAIL: c-c++-common/int128-2.c -std=gnu++98 (test for excess errors)
UNRESOLVED: c-c++-common/int128-2.c -std=gnu++98 compilation failed to produce
executable
FAIL: c-c++-common/int128-2.c -std=gnu++11 (test for excess errors)
UNRESOLVED: c-c++-common/int128-2.c -std=gnu++11 compilation failed to produce
executable
FAIL: g++.dg/simulate-thread/atomics-2.C -O2 -g -std=c++98 thread simulation test
FAIL: g++.dg/simulate-thread/atomics-2.C -O3 -g -std=c++11 thread simulation test
FAIL: g++.dg/simulate-thread/atomics-2.C -Os -g thread simulation test
FAIL: c-c++-common/torture/complex-sign-mul-minus-one.c -O0 execution test
FAIL: c-c++-common/torture/complex-sign-mul-minus-one.c -O1 execution test
FAIL: c-c++-common/torture/complex-sign-mul-minus-one.c -O2 execution test
FAIL: c-c++-common/torture/complex-sign-mul-minus-one.c -O3
-fomit-frame-pointer execution test
FAIL: c-c++-common/torture/complex-sign-mul-minus-one.c -O3
-fomit-frame-pointer -funroll-loops execution test
FAIL: c-c++-common/torture/complex-sign-mul-minus-one.c -O3
-fomit-frame-pointer -funroll-all-loops -finline-functions execution test
FAIL: c-c++-common/torture/complex-sign-mul-minus-one.c -O3 -g execution test
FAIL: c-c++-common/torture/complex-sign-mul-minus-one.c -Os execution test
FAIL: c-c++-common/torture/complex-sign-mul-minus-one.c -O2 -flto
-fno-use-linker-plugin -flto-partition=none execution test
FAIL: c-c++-common/torture/complex-sign-mul-minus-one.c -O2 -flto
-fuse-linker-plugin -fno-fat-lto-objects execution test
FAIL: c-c++-common/torture/complex-sign-mul-one.c -O0 execution test
FAIL: c-c++-common/torture/complex-sign-mul-one.c -O1 execution test
FAIL: c-c++-common/torture/complex-sign-mul-one.c -O2 execution test
FAIL: c-c++-common/torture/complex-sign-mul-one.c -O3 -fomit-frame-pointer
execution test
FAIL: c-c++-common/torture/complex-sign-mul-one.c -O3 -fomit-frame-pointer
-funroll-loops execution test
FAIL: c-c++-common/torture/complex-sign-mul-one.c -O3 -fomit-frame-pointer
-funroll-all-loops -finline-functions execution test
FAIL: c-c++-common/torture/complex-sign-mul-one.c -O3 -g execution test
FAIL: c-c++-common/torture/complex-sign-mul-one.c -Os execution test
FAIL: c-c++-common/torture/complex-sign-mul-one.c -O2 -flto
-fno-use-linker-plugin -flto-partition=none execution test
FAIL: c-c++-common/torture/complex-sign-mul-one.c -O2 -flto
-fuse-linker-plugin -fno-fat-lto-objects execution test
FAIL: c-c++-common/torture/complex-sign-mul.c -O0 execution test
FAIL: c-c++-common/torture/complex-sign-mul.c -O1 execution test
FAIL: c-c++-common/torture/complex-sign-mul.c -O2 execution test
FAIL: c-c++-common/torture/complex-sign-mul.c -O3 -fomit-frame-pointer
execution test
FAIL: c-c++-common/torture/complex-sign-mul.c -O3 -fomit-frame-pointer
-funroll-loops execution test
FAIL: c-c++-common/torture/complex-sign-mul.c -O3 -fomit-frame-pointer
-funroll-all-loops -finline-functions execution test
FAIL: c-c++-common/torture/complex-sign-mul.c -O3 -g execution test
FAIL: c-c++-common/torture/complex-sign-mul.c -Os execution test
FAIL: c-c++-common/torture/complex-sign-mul.c -O2 -flto -fno-use-linker-plugin
-flto-partition=none execution test
FAIL: c-c++-common/torture/complex-sign-mul.c -O2 -flto -fuse-linker-plugin
-fno-fat-lto-objects execution test
=== g++ Summary for unix/-m32/-mpowerpc64 ===
# of expected passes 44970
# of unexpected failures 32
# of expected failures 282
# of unresolved testcases 2
# of unsupported tests 665
Running target unix/-m64
FAIL: c-c++-common/asan/clone-test-1.c -O0 execution test
FAIL: c-c++-common/asan/clone-test-1.c -O1 execution test
FAIL: c-c++-common/asan/clone-test-1.c -O2 execution test
FAIL: c-c++-common/asan/clone-test-1.c -O3 -fomit-frame-pointer execution test
FAIL: c-c++-common/asan/clone-test-1.c -O3 -fomit-frame-pointer -funroll-loops
execution test
FAIL: c-c++-common/asan/clone-test-1.c -O3 -fomit-frame-pointer
-funroll-all-loops -finline-functions execution test
FAIL: c-c++-common/asan/clone-test-1.c -O3 -g execution test
FAIL: c-c++-common/asan/clone-test-1.c -Os execution test
FAIL: c-c++-common/asan/clone-test-1.c -O2 -flto -fno-use-linker-plugin
-flto-partition=none execution test
FAIL: c-c++-common/asan/clone-test-1.c -O2 -flto -fuse-linker-plugin
-fno-fat-lto-objects execution test
FAIL: c-c++-common/asan/global-overflow-1.c -O0 output pattern test, is
==48525== AddressSanitizer CHECK failed:
/home/sh/archive/gcc-git/libsanitizer/asan/asan_thread.cc:74
"((AddrIsInMem(stack_bottom_))) != (0)" (0x0, 0x0)
FAIL: c-c++-common/asan/global-overflow-1.c -O1 output pattern test, is
==48822== AddressSanitizer CHECK failed:
/home/sh/archive/gcc-git/libsanitizer/asan/asan_thread.cc:74
"((AddrIsInMem(stack_bottom_))) != (0)" (0x0, 0x0)
FAIL: c-c++-common/asan/global-overflow-1.c -O2 output pattern test, is
==49273== AddressSanitizer CHECK failed:
/home/sh/archive/gcc-git/libsanitizer/asan/asan_thread.cc:74
"((AddrIsInMem(stack_bottom_))) != (0)" (0x0, 0x0)
FAIL: c-c++-common/asan/global-overflow-1.c -O3 -fomit-frame-pointer output
pattern test, is ==49680== AddressSanitizer CHECK failed:
/home/sh/archive/gcc-git/libsanitizer/asan/asan_thread.cc:74
"((AddrIsInMem(stack_bottom_))) != (0)" (0x0, 0x0)
FAIL: c-c++-common/asan/global-overflow-1.c -O3 -g output pattern test, is
==50127== AddressSanitizer CHECK failed:
/home/sh/archive/gcc-git/libsanitizer/asan/asan_thread.cc:74
"((AddrIsInMem(stack_bottom_))) != (0)" (0x0, 0x0)
FAIL: c-c++-common/asan/global-overflow-1.c -Os output pattern test, is
==50631== AddressSanitizer CHECK failed:
/home/sh/archive/gcc-git/libsanitizer/asan/asan_thread.cc:74
"((AddrIsInMem(stack_bottom_))) != (0)" (0x0, 0x0)
FAIL: c-c++-common/asan/global-overflow-1.c -O2 -flto -fno-use-linker-plugin
-flto-partition=none output pattern test, is ==52018== AddressSanitizer CHECK
failed: /home/sh/archive/gcc-git/libsanitizer/asan/asan_thread.cc:74
"((AddrIsInMem(stack_bottom_))) != (0)" (0x0, 0x0)
FAIL: c-c++-common/asan/global-overflow-1.c -O2 -flto -fuse-linker-plugin
-fno-fat-lto-objects output pattern test, is ==53076== AddressSanitizer CHECK
failed: /home/sh/archive/gcc-git/libsanitizer/asan/asan_thread.cc:74
"((AddrIsInMem(stack_bottom_))) != (0)" (0x0, 0x0)
FAIL: c-c++-common/asan/heap-overflow-1.c -O0 output pattern test, is
==53245== AddressSanitizer CHECK failed:
/home/sh/archive/gcc-git/libsanitizer/asan/asan_thread.cc:74
"((AddrIsInMem(stack_bottom_))) != (0)" (0x0, 0x0)
FAIL: c-c++-common/asan/heap-overflow-1.c -O1 output pattern test, is
==53477== AddressSanitizer CHECK failed:
/home/sh/archive/gcc-git/libsanitizer/asan/asan_thread.cc:74
"((AddrIsInMem(stack_bottom_))) != (0)" (0x0, 0x0)
FAIL: c-c++-common/asan/heap-overflow-1.c -O2 output pattern test, is
==53645== AddressSanitizer CHECK failed:
/home/sh/archive/gcc-git/libsanitizer/asan/asan_thread.cc:74
"((AddrIsInMem(stack_bottom_))) != (0)" (0x0, 0x0)
FAIL: c-c++-common/asan/heap-overflow-1.c -O3 -fomit-frame-pointer output
pattern test, is ==53717== AddressSanitizer CHECK failed:
/home/sh/archive/gcc-git/libsanitizer/asan/asan_thread.cc:74
"((AddrIsInMem(stack_bottom_))) != (0)" (0x0, 0x0)
FAIL: c-c++-common/asan/heap-overflow-1.c -O3 -g output pattern test, is
==54071== AddressSanitizer CHECK failed:
/home/sh/archive/gcc-git/libsanitizer/asan/asan_thread.cc:74
"((AddrIsInMem(stack_bottom_))) != (0)" (0x0, 0x0)
FAIL: c-c++-common/asan/heap-overflow-1.c -Os output pattern test, is
==54354== AddressSanitizer CHECK failed:
/home/sh/archive/gcc-git/libsanitizer/asan/asan_thread.cc:74
"((AddrIsInMem(stack_bottom_))) != (0)" (0x0, 0x0)
FAIL: c-c++-common/asan/heap-overflow-1.c -O2 -flto -fno-use-linker-plugin
-flto-partition=none output pattern test, is ==55505== AddressSanitizer CHECK
failed: /home/sh/archive/gcc-git/libsanitizer/asan/asan_thread.cc:74
"((AddrIsInMem(stack_bottom_))) != (0)" (0x0, 0x0)
FAIL: c-c++-common/asan/heap-overflow-1.c -O2 -flto -fuse-linker-plugin
-fno-fat-lto-objects output pattern test, is ==56170== AddressSanitizer CHECK
failed: /home/sh/archive/gcc-git/libsanitizer/asan/asan_thread.cc:74
"((AddrIsInMem(stack_bottom_))) != (0)" (0x0, 0x0)
FAIL: c-c++-common/asan/memcmp-1.c -O0 output pattern test, is ==56606==
AddressSanitizer CHECK failed:
/home/sh/archive/gcc-git/libsanitizer/asan/asan_thread.cc:74
"((AddrIsInMem(stack_bottom_))) != (0)" (0x0, 0x0)
FAIL: c-c++-common/asan/memcmp-1.c -O1 output pattern test, is ==56915==
AddressSanitizer CHECK failed:
/home/sh/archive/gcc-git/libsanitizer/asan/asan_thread.cc:74
"((AddrIsInMem(stack_bottom_))) != (0)" (0x0, 0x0)
FAIL: c-c++-common/asan/memcmp-1.c -O2 output pattern test, is ==57253==
AddressSanitizer CHECK failed:
/home/sh/archive/gcc-git/libsanitizer/asan/asan_thread.cc:74
"((AddrIsInMem(stack_bottom_))) != (0)" (0x0, 0x0)
FAIL: c-c++-common/asan/memcmp-1.c -O3 -fomit-frame-pointer output pattern
test, is ==57590== AddressSanitizer CHECK failed:
/home/sh/archive/gcc-git/libsanitizer/asan/asan_thread.cc:74
"((AddrIsInMem(stack_bottom_))) != (0)" (0x0, 0x0)
FAIL: c-c++-common/asan/memcmp-1.c -O3 -g output pattern test, is ==57940==
AddressSanitizer CHECK failed:
/home/sh/archive/gcc-git/libsanitizer/asan/asan_thread.cc:74
"((AddrIsInMem(stack_bottom_))) != (0)" (0x0, 0x0)
FAIL: c-c++-common/asan/memcmp-1.c -Os output pattern test, is ==58288==
AddressSanitizer CHECK failed:
/home/sh/archive/gcc-git/libsanitizer/asan/asan_thread.cc:74
"((AddrIsInMem(stack_bottom_))) != (0)" (0x0, 0x0)
FAIL: c-c++-common/asan/memcmp-1.c -O2 -flto -fno-use-linker-plugin
-flto-partition=none output pattern test, is ==59097== AddressSanitizer CHECK
failed: /home/sh/archive/gcc-git/libsanitizer/asan/asan_thread.cc:74
"((AddrIsInMem(stack_bottom_))) != (0)" (0x0, 0x0)
FAIL: c-c++-common/asan/memcmp-1.c -O2 -flto -fuse-linker-plugin
-fno-fat-lto-objects output pattern test, is ==59564== AddressSanitizer CHECK
failed: /home/sh/archive/gcc-git/libsanitizer/asan/asan_thread.cc:74
"((AddrIsInMem(stack_bottom_))) != (0)" (0x0, 0x0)
FAIL: c-c++-common/asan/null-deref-1.c -O0 output pattern test, is ==61048==
AddressSanitizer CHECK failed:
/home/sh/archive/gcc-git/libsanitizer/asan/asan_thread.cc:74
"((AddrIsInMem(stack_bottom_))) != (0)" (0x0, 0x0)
FAIL: c-c++-common/asan/null-deref-1.c -O1 output pattern test, is ==61130==
AddressSanitizer CHECK failed:
/home/sh/archive/gcc-git/libsanitizer/asan/asan_thread.cc:74
"((AddrIsInMem(stack_bottom_))) != (0)" (0x0, 0x0)
FAIL: c-c++-common/asan/null-deref-1.c -O2 output pattern test, is ==61285==
AddressSanitizer CHECK failed:
/home/sh/archive/gcc-git/libsanitizer/asan/asan_thread.cc:74
"((AddrIsInMem(stack_bottom_))) != (0)" (0x0, 0x0)
FAIL: c-c++-common/asan/null-deref-1.c -O3 -fomit-frame-pointer output
pattern test, is ==61551== AddressSanitizer CHECK failed:
/home/sh/archive/gcc-git/libsanitizer/asan/asan_thread.cc:74
"((AddrIsInMem(stack_bottom_))) != (0)" (0x0, 0x0)
FAIL: c-c++-common/asan/null-deref-1.c -O3 -g output pattern test, is
==62032== AddressSanitizer CHECK failed:
/home/sh/archive/gcc-git/libsanitizer/asan/asan_thread.cc:74
"((AddrIsInMem(stack_bottom_))) != (0)" (0x0, 0x0)
FAIL: c-c++-common/asan/null-deref-1.c -Os output pattern test, is ==62402==
AddressSanitizer CHECK failed:
/home/sh/archive/gcc-git/libsanitizer/asan/asan_thread.cc:74
"((AddrIsInMem(stack_bottom_))) != (0)" (0x0, 0x0)
FAIL: c-c++-common/asan/null-deref-1.c -O2 -flto -fno-use-linker-plugin
-flto-partition=none output pattern test, is ==63189== AddressSanitizer CHECK
failed: /home/sh/archive/gcc-git/libsanitizer/asan/asan_thread.cc:74
"((AddrIsInMem(stack_bottom_))) != (0)" (0x0, 0x0)
FAIL: c-c++-common/asan/null-deref-1.c -O2 -flto -fuse-linker-plugin
-fno-fat-lto-objects output pattern test, is ==63835== AddressSanitizer CHECK
failed: /home/sh/archive/gcc-git/libsanitizer/asan/asan_thread.cc:74
"((AddrIsInMem(stack_bottom_))) != (0)" (0x0, 0x0)
FAIL: c-c++-common/asan/rlimit-mmap-test-1.c -O0 output pattern test, is
==65531== AddressSanitizer CHECK failed:
/home/sh/archive/gcc-git/libsanitizer/asan/asan_thread.cc:74
"((AddrIsInMem(stack_bottom_))) != (0)" (0x0, 0x0)
FAIL: c-c++-common/asan/sanity-check-pure-c-1.c -O0 output pattern test, is
==683== AddressSanitizer CHECK failed:
/home/sh/archive/gcc-git/libsanitizer/asan/asan_thread.cc:74
"((AddrIsInMem(stack_bottom_))) != (0)" (0x0, 0x0)
FAIL: c-c++-common/asan/sanity-check-pure-c-1.c -O1 output pattern test, is
==1137== AddressSanitizer CHECK failed:
/home/sh/archive/gcc-git/libsanitizer/asan/asan_thread.cc:74
"((AddrIsInMem(stack_bottom_))) != (0)" (0x0, 0x0)
FAIL: c-c++-common/asan/sanity-check-pure-c-1.c -O2 output pattern test, is
==1524== AddressSanitizer CHECK failed:
/home/sh/archive/gcc-git/libsanitizer/asan/asan_thread.cc:74
"((AddrIsInMem(stack_bottom_))) != (0)" (0x0, 0x0)
FAIL: c-c++-common/asan/sanity-check-pure-c-1.c -O3 -fomit-frame-pointer
output pattern test, is ==1923== AddressSanitizer CHECK failed:
/home/sh/archive/gcc-git/libsanitizer/asan/asan_thread.cc:74
"((AddrIsInMem(stack_bottom_))) != (0)" (0x0, 0x0)
FAIL: c-c++-common/asan/sanity-check-pure-c-1.c -O3 -g output pattern test,
is ==2123== AddressSanitizer CHECK failed:
/home/sh/archive/gcc-git/libsanitizer/asan/asan_thread.cc:74
"((AddrIsInMem(stack_bottom_))) != (0)" (0x0, 0x0)
FAIL: c-c++-common/asan/sanity-check-pure-c-1.c -Os output pattern test, is
==2442== AddressSanitizer CHECK failed:
/home/sh/archive/gcc-git/libsanitizer/asan/asan_thread.cc:74
"((AddrIsInMem(stack_bottom_))) != (0)" (0x0, 0x0)
FAIL: c-c++-common/asan/sanity-check-pure-c-1.c -O2 -flto
-fno-use-linker-plugin -flto-partition=none output pattern test, is ==3366==
AddressSanitizer CHECK failed:
/home/sh/archive/gcc-git/libsanitizer/asan/asan_thread.cc:74
"((AddrIsInMem(stack_bottom_))) != (0)" (0x0, 0x0)
FAIL: c-c++-common/asan/sanity-check-pure-c-1.c -O2 -flto -fuse-linker-plugin
-fno-fat-lto-objects output pattern test, is ==4028== AddressSanitizer CHECK
failed: /home/sh/archive/gcc-git/libsanitizer/asan/asan_thread.cc:74
"((AddrIsInMem(stack_bottom_))) != (0)" (0x0, 0x0)
FAIL: c-c++-common/asan/sleep-before-dying-1.c -O2 output pattern test, is
==4367== AddressSanitizer CHECK failed:
/home/sh/archive/gcc-git/libsanitizer/asan/asan_thread.cc:74
"((AddrIsInMem(stack_bottom_))) != (0)" (0x0, 0x0)
FAIL: c-c++-common/asan/sleep-before-dying-1.c -O2 -flto
-fno-use-linker-plugin -flto-partition=none output pattern test, is ==5286==
AddressSanitizer CHECK failed:
/home/sh/archive/gcc-git/libsanitizer/asan/asan_thread.cc:74
"((AddrIsInMem(stack_bottom_))) != (0)" (0x0, 0x0)
FAIL: c-c++-common/asan/sleep-before-dying-1.c -O2 -flto -fuse-linker-plugin
-fno-fat-lto-objects output pattern test, is ==6015== AddressSanitizer CHECK
failed: /home/sh/archive/gcc-git/libsanitizer/asan/asan_thread.cc:74
"((AddrIsInMem(stack_bottom_))) != (0)" (0x0, 0x0)
FAIL: c-c++-common/asan/stack-overflow-1.c -O0 output pattern test, is
==6394== AddressSanitizer CHECK failed:
/home/sh/archive/gcc-git/libsanitizer/asan/asan_thread.cc:74
"((AddrIsInMem(stack_bottom_))) != (0)" (0x0, 0x0)
FAIL: c-c++-common/asan/stack-overflow-1.c -O1 output pattern test, is
==6725== AddressSanitizer CHECK failed:
/home/sh/archive/gcc-git/libsanitizer/asan/asan_thread.cc:74
"((AddrIsInMem(stack_bottom_))) != (0)" (0x0, 0x0)
FAIL: c-c++-common/asan/stack-overflow-1.c -O2 output pattern test, is
==7130== AddressSanitizer CHECK failed:
/home/sh/archive/gcc-git/libsanitizer/asan/asan_thread.cc:74
"((AddrIsInMem(stack_bottom_))) != (0)" (0x0, 0x0)
FAIL: c-c++-common/asan/stack-overflow-1.c -O3 -fomit-frame-pointer output
pattern test, is ==7420== AddressSanitizer CHECK failed:
/home/sh/archive/gcc-git/libsanitizer/asan/asan_thread.cc:74
"((AddrIsInMem(stack_bottom_))) != (0)" (0x0, 0x0)
FAIL: c-c++-common/asan/stack-overflow-1.c -O3 -g output pattern test, is
==7875== AddressSanitizer CHECK failed:
/home/sh/archive/gcc-git/libsanitizer/asan/asan_thread.cc:74
"((AddrIsInMem(stack_bottom_))) != (0)" (0x0, 0x0)
FAIL: c-c++-common/asan/stack-overflow-1.c -Os output pattern test, is
==8230== AddressSanitizer CHECK failed:
/home/sh/archive/gcc-git/libsanitizer/asan/asan_thread.cc:74
"((AddrIsInMem(stack_bottom_))) != (0)" (0x0, 0x0)
FAIL: c-c++-common/asan/stack-overflow-1.c -O2 -flto -fno-use-linker-plugin
-flto-partition=none output pattern test, is ==9040== AddressSanitizer CHECK
failed: /home/sh/archive/gcc-git/libsanitizer/asan/asan_thread.cc:74
"((AddrIsInMem(stack_bottom_))) != (0)" (0x0, 0x0)
FAIL: c-c++-common/asan/stack-overflow-1.c -O2 -flto -fuse-linker-plugin
-fno-fat-lto-objects output pattern test, is ==9561== AddressSanitizer CHECK
failed: /home/sh/archive/gcc-git/libsanitizer/asan/asan_thread.cc:74
"((AddrIsInMem(stack_bottom_))) != (0)" (0x0, 0x0)
FAIL: c-c++-common/asan/strip-path-prefix-1.c -O2 output pattern test, is
==10035== AddressSanitizer CHECK failed:
/home/sh/archive/gcc-git/libsanitizer/asan/asan_thread.cc:74
"((AddrIsInMem(stack_bottom_))) != (0)" (0x0, 0x0)
FAIL: c-c++-common/asan/strip-path-prefix-1.c -O2 -flto -fno-use-linker-plugin
-flto-partition=none output pattern test, is ==10802== AddressSanitizer CHECK
failed: /home/sh/archive/gcc-git/libsanitizer/asan/asan_thread.cc:74
"((AddrIsInMem(stack_bottom_))) != (0)" (0x0, 0x0)
FAIL: c-c++-common/asan/strip-path-prefix-1.c -O2 -flto -fuse-linker-plugin
-fno-fat-lto-objects output pattern test, is ==11471== AddressSanitizer CHECK
failed: /home/sh/archive/gcc-git/libsanitizer/asan/asan_thread.cc:74
"((AddrIsInMem(stack_bottom_))) != (0)" (0x0, 0x0)
FAIL: c-c++-common/asan/strncpy-overflow-1.c -O0 output pattern test, is
==11803== AddressSanitizer CHECK failed:
/home/sh/archive/gcc-git/libsanitizer/asan/asan_thread.cc:74
"((AddrIsInMem(stack_bottom_))) != (0)" (0x0, 0x0)
FAIL: c-c++-common/asan/strncpy-overflow-1.c -O1 output pattern test, is
==12293== AddressSanitizer CHECK failed:
/home/sh/archive/gcc-git/libsanitizer/asan/asan_thread.cc:74
"((AddrIsInMem(stack_bottom_))) != (0)" (0x0, 0x0)
FAIL: c-c++-common/asan/strncpy-overflow-1.c -O2 output pattern test, is
==12698== AddressSanitizer CHECK failed:
/home/sh/archive/gcc-git/libsanitizer/asan/asan_thread.cc:74
"((AddrIsInMem(stack_bottom_))) != (0)" (0x0, 0x0)
FAIL: c-c++-common/asan/strncpy-overflow-1.c -O3 -fomit-frame-pointer output
pattern test, is ==13123== AddressSanitizer CHECK failed:
/home/sh/archive/gcc-git/libsanitizer/asan/asan_thread.cc:74
"((AddrIsInMem(stack_bottom_))) != (0)" (0x0, 0x0)
FAIL: c-c++-common/asan/strncpy-overflow-1.c -O3 -g output pattern test, is
==13495== AddressSanitizer CHECK failed:
/home/sh/archive/gcc-git/libsanitizer/asan/asan_thread.cc:74
"((AddrIsInMem(stack_bottom_))) != (0)" (0x0, 0x0)
FAIL: c-c++-common/asan/strncpy-overflow-1.c -Os output pattern test, is
==13878== AddressSanitizer CHECK failed:
/home/sh/archive/gcc-git/libsanitizer/asan/asan_thread.cc:74
"((AddrIsInMem(stack_bottom_))) != (0)" (0x0, 0x0)
FAIL: c-c++-common/asan/strncpy-overflow-1.c -O2 -flto -fno-use-linker-plugin
-flto-partition=none output pattern test, is ==14640== AddressSanitizer CHECK
failed: /home/sh/archive/gcc-git/libsanitizer/asan/asan_thread.cc:74
"((AddrIsInMem(stack_bottom_))) != (0)" (0x0, 0x0)
FAIL: c-c++-common/asan/strncpy-overflow-1.c -O2 -flto -fuse-linker-plugin
-fno-fat-lto-objects output pattern test, is ==15098== AddressSanitizer CHECK
failed: /home/sh/archive/gcc-git/libsanitizer/asan/asan_thread.cc:74
"((AddrIsInMem(stack_bottom_))) != (0)" (0x0, 0x0)
FAIL: c-c++-common/asan/swapcontext-test-1.c -O0 execution test
FAIL: c-c++-common/asan/swapcontext-test-1.c -O1 execution test
FAIL: c-c++-common/asan/swapcontext-test-1.c -O2 execution test
FAIL: c-c++-common/asan/swapcontext-test-1.c -O3 -fomit-frame-pointer
execution test
FAIL: c-c++-common/asan/swapcontext-test-1.c -O3 -fomit-frame-pointer
-funroll-loops execution test
FAIL: c-c++-common/asan/swapcontext-test-1.c -O3 -fomit-frame-pointer
-funroll-all-loops -finline-functions execution test
FAIL: c-c++-common/asan/swapcontext-test-1.c -O3 -g execution test
FAIL: c-c++-common/asan/swapcontext-test-1.c -Os execution test
FAIL: c-c++-common/asan/swapcontext-test-1.c -O2 -flto -fno-use-linker-plugin
-flto-partition=none execution test
FAIL: c-c++-common/asan/swapcontext-test-1.c -O2 -flto -fuse-linker-plugin
-fno-fat-lto-objects execution test
FAIL: c-c++-common/asan/use-after-free-1.c -O0 output pattern test, is
==22854== AddressSanitizer CHECK failed:
/home/sh/archive/gcc-git/libsanitizer/asan/asan_thread.cc:74
"((AddrIsInMem(stack_bottom_))) != (0)" (0x0, 0x0)
FAIL: c-c++-common/asan/use-after-free-1.c -O1 output pattern test, is
==23315== AddressSanitizer CHECK failed:
/home/sh/archive/gcc-git/libsanitizer/asan/asan_thread.cc:74
"((AddrIsInMem(stack_bottom_))) != (0)" (0x0, 0x0)
FAIL: c-c++-common/asan/use-after-free-1.c -O2 output pattern test, is
==23726== AddressSanitizer CHECK failed:
/home/sh/archive/gcc-git/libsanitizer/asan/asan_thread.cc:74
"((AddrIsInMem(stack_bottom_))) != (0)" (0x0, 0x0)
FAIL: c-c++-common/asan/use-after-free-1.c -O3 -fomit-frame-pointer output
pattern test, is ==24230== AddressSanitizer CHECK failed:
/home/sh/archive/gcc-git/libsanitizer/asan/asan_thread.cc:74
"((AddrIsInMem(stack_bottom_))) != (0)" (0x0, 0x0)
FAIL: c-c++-common/asan/use-after-free-1.c -O3 -g output pattern test, is
==24605== AddressSanitizer CHECK failed:
/home/sh/archive/gcc-git/libsanitizer/asan/asan_thread.cc:74
"((AddrIsInMem(stack_bottom_))) != (0)" (0x0, 0x0)
FAIL: c-c++-common/asan/use-after-free-1.c -Os output pattern test, is
==24851== AddressSanitizer CHECK failed:
/home/sh/archive/gcc-git/libsanitizer/asan/asan_thread.cc:74
"((AddrIsInMem(stack_bottom_))) != (0)" (0x0, 0x0)
FAIL: c-c++-common/asan/use-after-free-1.c -O2 -flto -fno-use-linker-plugin
-flto-partition=none output pattern test, is ==25735== AddressSanitizer CHECK
failed: /home/sh/archive/gcc-git/libsanitizer/asan/asan_thread.cc:74
"((AddrIsInMem(stack_bottom_))) != (0)" (0x0, 0x0)
FAIL: c-c++-common/asan/use-after-free-1.c -O2 -flto -fuse-linker-plugin
-fno-fat-lto-objects output pattern test, is ==26388== AddressSanitizer CHECK
failed: /home/sh/archive/gcc-git/libsanitizer/asan/asan_thread.cc:74
"((AddrIsInMem(stack_bottom_))) != (0)" (0x0, 0x0)
FAIL: g++.dg/asan/deep-stack-uaf-1.C -O0 output pattern test, is ==27231==
AddressSanitizer CHECK failed:
/home/sh/archive/gcc-git/libsanitizer/asan/asan_thread.cc:74
"((AddrIsInMem(stack_bottom_))) != (0)" (0x0, 0x0)
FAIL: g++.dg/asan/deep-stack-uaf-1.C -O1 output pattern test, is ==28033==
AddressSanitizer CHECK failed:
/home/sh/archive/gcc-git/libsanitizer/asan/asan_thread.cc:74
"((AddrIsInMem(stack_bottom_))) != (0)" (0x0, 0x0)
FAIL: g++.dg/asan/deep-stack-uaf-1.C -O2 output pattern test, is ==29249==
AddressSanitizer CHECK failed:
/home/sh/archive/gcc-git/libsanitizer/asan/asan_thread.cc:74
"((AddrIsInMem(stack_bottom_))) != (0)" (0x0, 0x0)
FAIL: g++.dg/asan/deep-stack-uaf-1.C -O3 -fomit-frame-pointer output pattern
test, is ==30968== AddressSanitizer CHECK failed:
/home/sh/archive/gcc-git/libsanitizer/asan/asan_thread.cc:74
"((AddrIsInMem(stack_bottom_))) != (0)" (0x0, 0x0)
FAIL: g++.dg/asan/deep-stack-uaf-1.C -O3 -g output pattern test, is ==32697==
AddressSanitizer CHECK failed:
/home/sh/archive/gcc-git/libsanitizer/asan/asan_thread.cc:74
"((AddrIsInMem(stack_bottom_))) != (0)" (0x0, 0x0)
FAIL: g++.dg/asan/deep-stack-uaf-1.C -Os output pattern test, is ==37670==
AddressSanitizer CHECK failed:
/home/sh/archive/gcc-git/libsanitizer/asan/asan_thread.cc:74
"((AddrIsInMem(stack_bottom_))) != (0)" (0x0, 0x0)
FAIL: g++.dg/asan/deep-tail-call-1.C -O0 output pattern test, is ==37890==
AddressSanitizer CHECK failed:
/home/sh/archive/gcc-git/libsanitizer/asan/asan_thread.cc:74
"((AddrIsInMem(stack_bottom_))) != (0)" (0x0, 0x0)
FAIL: g++.dg/asan/deep-tail-call-1.C -O1 output pattern test, is ==38277==
AddressSanitizer CHECK failed:
/home/sh/archive/gcc-git/libsanitizer/asan/asan_thread.cc:74
"((AddrIsInMem(stack_bottom_))) != (0)" (0x0, 0x0)
FAIL: g++.dg/asan/deep-tail-call-1.C -O2 output pattern test, is ==38671==
AddressSanitizer CHECK failed:
/home/sh/archive/gcc-git/libsanitizer/asan/asan_thread.cc:74
"((AddrIsInMem(stack_bottom_))) != (0)" (0x0, 0x0)
FAIL: g++.dg/asan/deep-tail-call-1.C -O3 -fomit-frame-pointer output pattern
test, is ==39019== AddressSanitizer CHECK failed:
/home/sh/archive/gcc-git/libsanitizer/asan/asan_thread.cc:74
"((AddrIsInMem(stack_bottom_))) != (0)" (0x0, 0x0)
FAIL: g++.dg/asan/deep-tail-call-1.C -O3 -g output pattern test, is ==39437==
AddressSanitizer CHECK failed:
/home/sh/archive/gcc-git/libsanitizer/asan/asan_thread.cc:74
"((AddrIsInMem(stack_bottom_))) != (0)" (0x0, 0x0)
FAIL: g++.dg/asan/deep-tail-call-1.C -Os output pattern test, is ==39812==
AddressSanitizer CHECK failed:
/home/sh/archive/gcc-git/libsanitizer/asan/asan_thread.cc:74
"((AddrIsInMem(stack_bottom_))) != (0)" (0x0, 0x0)
FAIL: g++.dg/asan/deep-tail-call-1.C -O2 -flto -fno-use-linker-plugin
-flto-partition=none output pattern test, is ==40611== AddressSanitizer CHECK
failed: /home/sh/archive/gcc-git/libsanitizer/asan/asan_thread.cc:74
"((AddrIsInMem(stack_bottom_))) != (0)" (0x0, 0x0)
FAIL: g++.dg/asan/deep-tail-call-1.C -O2 -flto -fuse-linker-plugin
-fno-fat-lto-objects output pattern test, is ==41295== AddressSanitizer CHECK
failed: /home/sh/archive/gcc-git/libsanitizer/asan/asan_thread.cc:74
"((AddrIsInMem(stack_bottom_))) != (0)" (0x0, 0x0)
FAIL: g++.dg/asan/deep-thread-stack-1.C -O0 output pattern test, is ==41831==
AddressSanitizer CHECK failed:
/home/sh/archive/gcc-git/libsanitizer/asan/asan_thread.cc:74
"((AddrIsInMem(stack_bottom_))) != (0)" (0x0, 0x0)
FAIL: g++.dg/asan/deep-thread-stack-1.C -O1 output pattern test, is ==42221==
AddressSanitizer CHECK failed:
/home/sh/archive/gcc-git/libsanitizer/asan/asan_thread.cc:74
"((AddrIsInMem(stack_bottom_))) != (0)" (0x0, 0x0)
FAIL: g++.dg/asan/deep-thread-stack-1.C -O2 output pattern test, is ==42492==
AddressSanitizer CHECK failed:
/home/sh/archive/gcc-git/libsanitizer/asan/asan_thread.cc:74
"((AddrIsInMem(stack_bottom_))) != (0)" (0x0, 0x0)
FAIL: g++.dg/asan/deep-thread-stack-1.C -O3 -fomit-frame-pointer output
pattern test, is ==42856== AddressSanitizer CHECK failed:
/home/sh/archive/gcc-git/libsanitizer/asan/asan_thread.cc:74
"((AddrIsInMem(stack_bottom_))) != (0)" (0x0, 0x0)
FAIL: g++.dg/asan/deep-thread-stack-1.C -O3 -g output pattern test, is
==43255== AddressSanitizer CHECK failed:
/home/sh/archive/gcc-git/libsanitizer/asan/asan_thread.cc:74
"((AddrIsInMem(stack_bottom_))) != (0)" (0x0, 0x0)
FAIL: g++.dg/asan/deep-thread-stack-1.C -Os output pattern test, is ==43641==
AddressSanitizer CHECK failed:
/home/sh/archive/gcc-git/libsanitizer/asan/asan_thread.cc:74
"((AddrIsInMem(stack_bottom_))) != (0)" (0x0, 0x0)
FAIL: g++.dg/asan/deep-thread-stack-1.C -O2 -flto -fno-use-linker-plugin
-flto-partition=none output pattern test, is ==44550== AddressSanitizer CHECK
failed: /home/sh/archive/gcc-git/libsanitizer/asan/asan_thread.cc:74
"((AddrIsInMem(stack_bottom_))) != (0)" (0x0, 0x0)
FAIL: g++.dg/asan/deep-thread-stack-1.C -O2 -flto -fuse-linker-plugin
-fno-fat-lto-objects output pattern test, is ==45508== AddressSanitizer CHECK
failed: /home/sh/archive/gcc-git/libsanitizer/asan/asan_thread.cc:74
"((AddrIsInMem(stack_bottom_))) != (0)" (0x0, 0x0)
FAIL: g++.dg/asan/default-options-1.C -O0 execution test
FAIL: g++.dg/asan/default-options-1.C -O1 execution test
FAIL: g++.dg/asan/default-options-1.C -O2 execution test
FAIL: g++.dg/asan/default-options-1.C -O3 -fomit-frame-pointer execution test
FAIL: g++.dg/asan/default-options-1.C -O3 -g execution test
FAIL: g++.dg/asan/default-options-1.C -Os execution test
FAIL: g++.dg/asan/default-options-1.C -O2 -flto -fno-use-linker-plugin
-flto-partition=none execution test
FAIL: g++.dg/asan/default-options-1.C -O2 -flto -fuse-linker-plugin
-fno-fat-lto-objects execution test
FAIL: g++.dg/asan/interception-failure-test-1.C -O0 execution test
FAIL: g++.dg/asan/interception-failure-test-1.C -O1 execution test
FAIL: g++.dg/asan/interception-failure-test-1.C -O2 execution test
FAIL: g++.dg/asan/interception-failure-test-1.C -O3 -fomit-frame-pointer
execution test
FAIL: g++.dg/asan/interception-failure-test-1.C -O3 -g execution test
FAIL: g++.dg/asan/interception-failure-test-1.C -Os execution test
FAIL: g++.dg/asan/interception-failure-test-1.C -O2 -flto
-fno-use-linker-plugin -flto-partition=none execution test
FAIL: g++.dg/asan/interception-failure-test-1.C -O2 -flto -fuse-linker-plugin
-fno-fat-lto-objects execution test
FAIL: g++.dg/asan/interception-malloc-test-1.C -O0 output pattern test, is
==51882== AddressSanitizer CHECK failed:
/home/sh/archive/gcc-git/libsanitizer/asan/asan_thread.cc:74
"((AddrIsInMem(stack_bottom_))) != (0)" (0x0, 0x0)
FAIL: g++.dg/asan/interception-malloc-test-1.C -O1 output pattern test, is
==52236== AddressSanitizer CHECK failed:
/home/sh/archive/gcc-git/libsanitizer/asan/asan_thread.cc:74
"((AddrIsInMem(stack_bottom_))) != (0)" (0x0, 0x0)
FAIL: g++.dg/asan/interception-malloc-test-1.C -O2 output pattern test, is
==52527== AddressSanitizer CHECK failed:
/home/sh/archive/gcc-git/libsanitizer/asan/asan_thread.cc:74
"((AddrIsInMem(stack_bottom_))) != (0)" (0x0, 0x0)
FAIL: g++.dg/asan/interception-malloc-test-1.C -O3 -fomit-frame-pointer
output pattern test, is ==52767== AddressSanitizer CHECK failed:
/home/sh/archive/gcc-git/libsanitizer/asan/asan_thread.cc:74
"((AddrIsInMem(stack_bottom_))) != (0)" (0x0, 0x0)
FAIL: g++.dg/asan/interception-malloc-test-1.C -O3 -g output pattern test, is
==53058== AddressSanitizer CHECK failed:
/home/sh/archive/gcc-git/libsanitizer/asan/asan_thread.cc:74
"((AddrIsInMem(stack_bottom_))) != (0)" (0x0, 0x0)
FAIL: g++.dg/asan/interception-malloc-test-1.C -Os output pattern test, is
==53476== AddressSanitizer CHECK failed:
/home/sh/archive/gcc-git/libsanitizer/asan/asan_thread.cc:74
"((AddrIsInMem(stack_bottom_))) != (0)" (0x0, 0x0)
FAIL: g++.dg/asan/interception-malloc-test-1.C -O2 -flto
-fno-use-linker-plugin -flto-partition=none output pattern test, is ==54280==
AddressSanitizer CHECK failed:
/home/sh/archive/gcc-git/libsanitizer/asan/asan_thread.cc:74
"((AddrIsInMem(stack_bottom_))) != (0)" (0x0, 0x0)
FAIL: g++.dg/asan/interception-malloc-test-1.C -O2 -flto -fuse-linker-plugin
-fno-fat-lto-objects output pattern test, is ==54855== AddressSanitizer CHECK
failed: /home/sh/archive/gcc-git/libsanitizer/asan/asan_thread.cc:74
"((AddrIsInMem(stack_bottom_))) != (0)" (0x0, 0x0)
FAIL: g++.dg/asan/interception-test-1.C -O0 output pattern test, is ==55185==
AddressSanitizer CHECK failed:
/home/sh/archive/gcc-git/libsanitizer/asan/asan_thread.cc:74
"((AddrIsInMem(stack_bottom_))) != (0)" (0x0, 0x0)
FAIL: g++.dg/asan/interception-test-1.C -O1 output pattern test, is ==55481==
AddressSanitizer CHECK failed:
/home/sh/archive/gcc-git/libsanitizer/asan/asan_thread.cc:74
"((AddrIsInMem(stack_bottom_))) != (0)" (0x0, 0x0)
FAIL: g++.dg/asan/interception-test-1.C -O2 output pattern test, is ==55854==
AddressSanitizer CHECK failed:
/home/sh/archive/gcc-git/libsanitizer/asan/asan_thread.cc:74
"((AddrIsInMem(stack_bottom_))) != (0)" (0x0, 0x0)
FAIL: g++.dg/asan/interception-test-1.C -O3 -fomit-frame-pointer output
pattern test, is ==56159== AddressSanitizer CHECK failed:
/home/sh/archive/gcc-git/libsanitizer/asan/asan_thread.cc:74
"((AddrIsInMem(stack_bottom_))) != (0)" (0x0, 0x0)
FAIL: g++.dg/asan/interception-test-1.C -O3 -g output pattern test, is
==56439== AddressSanitizer CHECK failed:
/home/sh/archive/gcc-git/libsanitizer/asan/asan_thread.cc:74
"((AddrIsInMem(stack_bottom_))) != (0)" (0x0, 0x0)
FAIL: g++.dg/asan/interception-test-1.C -Os output pattern test, is ==57195==
AddressSanitizer CHECK failed:
/home/sh/archive/gcc-git/libsanitizer/asan/asan_thread.cc:74
"((AddrIsInMem(stack_bottom_))) != (0)" (0x0, 0x0)
FAIL: g++.dg/asan/interception-test-1.C -O2 -flto -fno-use-linker-plugin
-flto-partition=none output pattern test, is ==58083== AddressSanitizer CHECK
failed: /home/sh/archive/gcc-git/libsanitizer/asan/asan_thread.cc:74
"((AddrIsInMem(stack_bottom_))) != (0)" (0x0, 0x0)
FAIL: g++.dg/asan/interception-test-1.C -O2 -flto -fuse-linker-plugin
-fno-fat-lto-objects output pattern test, is ==58640== AddressSanitizer CHECK
failed: /home/sh/archive/gcc-git/libsanitizer/asan/asan_thread.cc:74
"((AddrIsInMem(stack_bottom_))) != (0)" (0x0, 0x0)
FAIL: g++.dg/asan/large-func-test-1.C -O0 output pattern test, is ==58937==
AddressSanitizer CHECK failed:
/home/sh/archive/gcc-git/libsanitizer/asan/asan_thread.cc:74
"((AddrIsInMem(stack_bottom_))) != (0)" (0x0, 0x0)
FAIL: g++.dg/asan/large-func-test-1.C -O1 output pattern test, is ==59303==
AddressSanitizer CHECK failed:
/home/sh/archive/gcc-git/libsanitizer/asan/asan_thread.cc:74
"((AddrIsInMem(stack_bottom_))) != (0)" (0x0, 0x0)
FAIL: g++.dg/asan/large-func-test-1.C -O2 output pattern test, is ==59696==
AddressSanitizer CHECK failed:
/home/sh/archive/gcc-git/libsanitizer/asan/asan_thread.cc:74
"((AddrIsInMem(stack_bottom_))) != (0)" (0x0, 0x0)
FAIL: g++.dg/asan/large-func-test-1.C -O3 -fomit-frame-pointer output pattern
test, is ==60120== AddressSanitizer CHECK failed:
/home/sh/archive/gcc-git/libsanitizer/asan/asan_thread.cc:74
"((AddrIsInMem(stack_bottom_))) != (0)" (0x0, 0x0)
FAIL: g++.dg/asan/large-func-test-1.C -O3 -g output pattern test, is
==60482== AddressSanitizer CHECK failed:
/home/sh/archive/gcc-git/libsanitizer/asan/asan_thread.cc:74
"((AddrIsInMem(stack_bottom_))) != (0)" (0x0, 0x0)
FAIL: g++.dg/asan/large-func-test-1.C -Os output pattern test, is ==60893==
AddressSanitizer CHECK failed:
/home/sh/archive/gcc-git/libsanitizer/asan/asan_thread.cc:74
"((AddrIsInMem(stack_bottom_))) != (0)" (0x0, 0x0)
FAIL: g++.dg/asan/large-func-test-1.C -O2 -flto -fno-use-linker-plugin
-flto-partition=none output pattern test, is ==61890== AddressSanitizer CHECK
failed: /home/sh/archive/gcc-git/libsanitizer/asan/asan_thread.cc:74
"((AddrIsInMem(stack_bottom_))) != (0)" (0x0, 0x0)
FAIL: g++.dg/asan/large-func-test-1.C -O2 -flto -fuse-linker-plugin
-fno-fat-lto-objects output pattern test, is ==62527== AddressSanitizer CHECK
failed: /home/sh/archive/gcc-git/libsanitizer/asan/asan_thread.cc:74
"((AddrIsInMem(stack_bottom_))) != (0)" (0x0, 0x0)
FAIL: g++.dg/asan/pr55617.C -O0 execution test
FAIL: g++.dg/asan/pr55617.C -O1 execution test
FAIL: g++.dg/asan/pr55617.C -O2 execution test
FAIL: g++.dg/asan/pr55617.C -O3 -fomit-frame-pointer execution test
FAIL: g++.dg/asan/pr55617.C -O3 -g execution test
FAIL: g++.dg/asan/pr55617.C -Os execution test
FAIL: g++.dg/asan/pr55617.C -O2 -flto -fno-use-linker-plugin
-flto-partition=none execution test
FAIL: g++.dg/asan/pr55617.C -O2 -flto -fuse-linker-plugin -fno-fat-lto-objects
execution test
FAIL: g++.dg/asan/symbolize-callback-1.C -O2 output pattern test, is ==740==
AddressSanitizer CHECK failed:
/home/sh/archive/gcc-git/libsanitizer/asan/asan_thread.cc:74
"((AddrIsInMem(stack_bottom_))) != (0)" (0x0, 0x0)
FAIL: g++.dg/asan/symbolize-callback-1.C -O2 -flto -fno-use-linker-plugin
-flto-partition=none output pattern test, is ==1586== AddressSanitizer CHECK
failed: /home/sh/archive/gcc-git/libsanitizer/asan/asan_thread.cc:74
"((AddrIsInMem(stack_bottom_))) != (0)" (0x0, 0x0)
FAIL: g++.dg/asan/symbolize-callback-1.C -O2 -flto -fuse-linker-plugin
-fno-fat-lto-objects output pattern test, is ==2142== AddressSanitizer CHECK
failed: /home/sh/archive/gcc-git/libsanitizer/asan/asan_thread.cc:74
"((AddrIsInMem(stack_bottom_))) != (0)" (0x0, 0x0)
=== g++ Summary for unix/-m64 ===
# of expected passes 44929
# of expected failures 282
# of unsupported tests 672
=== g++ Summary ===
# of expected passes 133590
# of unexpected failures 32
# of expected failures 846
# of unresolved testcases 2
# of unsupported tests 2017
/home/sh/build/b-gcc-git-native/gcc/testsuite/g++/../../xg++ version 4.8.2
20130711 (prerelease) (GCC)
=== libatomic tests ===
Running target unix/-m64
=== libatomic Summary for unix/-m64 ===
# of expected passes 44
# of unsupported tests 5
Running target unix/-m32
=== libatomic Summary for unix/-m32 ===
# of expected passes 34
# of unsupported tests 10
Running target unix/-m32/-mpowerpc64
=== libatomic Summary for unix/-m32/-mpowerpc64 ===
# of expected passes 34
# of unsupported tests 10
=== libatomic Summary ===
# of expected passes 112
# of unsupported tests 25
=== libgomp tests ===
Running target unix/-m64
=== libgomp Summary for unix/-m64 ===
Running target unix/-m32
=== libgomp Summary for unix/-m32 ===
Running target unix/-m32/-mpowerpc64
=== libgomp Summary for unix/-m32/-mpowerpc64 ===
=== libgomp Summary ===
# of expected passes 3933
# of unsupported tests 3
=== libitm tests ===
Running target unix/-m64
=== libitm Summary for unix/-m64 ===
# of expected passes 4
# of expected failures 1
# of unsupported tests 1
Running target unix/-m32
=== libitm Summary for unix/-m32 ===
# of expected passes 4
# of expected failures 1
# of unsupported tests 1
Running target unix/-m32/-mpowerpc64
=== libitm Summary for unix/-m32/-mpowerpc64 ===
# of expected passes 4
# of expected failures 1
# of unsupported tests 1
=== libitm Summary ===
# of expected passes 78
# of expected failures 9
# of unsupported tests 3
=== libmudflap tests ===
Running target unix/-m64
FAIL: libmudflap.c++/pass41-frag.cxx (-static) execution test
FAIL: libmudflap.c++/pass41-frag.cxx ( -O) execution test
FAIL: libmudflap.c++/pass41-frag.cxx (-O2) execution test
FAIL: libmudflap.c++/pass41-frag.cxx (-O3) execution test
=== libmudflap Summary for unix/-m64 ===
# of expected passes 352
Running target unix/-m32
FAIL: libmudflap.c++/pass41-frag.cxx ( -O) execution test
FAIL: libmudflap.c++/pass41-frag.cxx (-O2) execution test
FAIL: libmudflap.c++/pass41-frag.cxx (-O3) execution test
=== libmudflap Summary for unix/-m32 ===
# of expected passes 264
Running target unix/-m32/-mpowerpc64
FAIL: libmudflap.c++/pass41-frag.cxx ( -O) execution test
FAIL: libmudflap.c++/pass41-frag.cxx (-O2) execution test
FAIL: libmudflap.c++/pass41-frag.cxx (-O3) execution test
=== libmudflap Summary for unix/-m32/-mpowerpc64 ===
# of expected passes 264
=== libmudflap Summary ===
# of expected passes 4768
# of unexpected failures 10
=== libstdc++ tests ===
Running target unix/-m32
=== libstdc++ Summary for unix/-m32 ===
# of expected passes 9241
# of expected failures 45
# of unsupported tests 229
Running target unix/-m32/-mpowerpc64
FAIL: 26_numerics/complex/13450.cc execution test
FAIL: decimal/binary-arith.cc execution test
FAIL: decimal/comparison.cc execution test
FAIL: decimal/compound-assignment-memfunc.cc execution test
FAIL: decimal/compound-assignment.cc execution test
FAIL: decimal/unary-arith.cc execution test
FAIL: tr1/8_c_compatibility/complex/50880.cc execution test
=== libstdc++ Summary for unix/-m32/-mpowerpc64 ===
# of expected passes 9234
# of unexpected failures 7
# of expected failures 45
# of unsupported tests 229
Running target unix/-m64
=== libstdc++ Summary for unix/-m64 ===
# of expected passes 9280
# of expected failures 45
# of unsupported tests 225
=== libstdc++ Summary ===
# of expected passes 27755
# of unexpected failures 7
# of expected failures 135
# of unsupported tests 683
Compiler version: 4.8.2 20130711 (prerelease) (GCC)
Platform: powerpc64-unknown-linux-gnu
configure flags: --prefix=/home/sh/install-gcc-git --verbose --enable-languages=c
--
Sebastian Huber, embedded brains GmbH
Address : Dornierstr. 4, D-82178 Puchheim, Germany
Phone : +49 89 189 47 41-16
Fax : +49 89 189 47 41-09
E-Mail : sebastian.huber@embedded-brains.de
PGP : Public key available on request.
Diese Nachricht ist keine geschäftliche Mitteilung im Sinne des EHUG.