This is the mail archive of the
gcc-testresults@gcc.gnu.org
mailing list for the GCC project.
Results for 4.9.0 20130705 (experimental) [trunk revision 200711] (GCC) testsuite on i386-pc-solaris2.9
- From: Rainer Orth <ro at CeBiTec dot Uni-Bielefeld dot DE>
- To: gcc-testresults at gcc dot gnu dot org
- Date: Mon, 8 Jul 2013 10:26:12 +0200 (MEST)
- Subject: Results for 4.9.0 20130705 (experimental) [trunk revision 200711] (GCC) testsuite on i386-pc-solaris2.9
LAST_UPDATED: Fri Jul 5 12:06:54 UTC 2013 (revision 200711)
=== acats tests ===
=== acats Summary ===
# of expected passes 2320
# of unexpected failures 0
Native configuration is i386-pc-solaris2.9
=== g++ tests ===
Running target unix
FAIL: c-c++-common/cilk-plus/AN/an-if.c -fcilkplus (internal compiler error)
FAIL: c-c++-common/cilk-plus/AN/an-if.c -fcilkplus (test for excess errors)
WARNING: c-c++-common/cilk-plus/AN/an-if.c -fcilkplus compilation failed to produce executable
FAIL: c-c++-common/cilk-plus/AN/an-if.c -O0 -fcilkplus (internal compiler error)
FAIL: c-c++-common/cilk-plus/AN/an-if.c -O0 -fcilkplus (test for excess errors)
WARNING: c-c++-common/cilk-plus/AN/an-if.c -O0 -fcilkplus compilation failed to produce executable
FAIL: c-c++-common/cilk-plus/AN/an-if.c -O1 -fcilkplus (internal compiler error)
FAIL: c-c++-common/cilk-plus/AN/an-if.c -O1 -fcilkplus (test for excess errors)
WARNING: c-c++-common/cilk-plus/AN/an-if.c -O1 -fcilkplus compilation failed to produce executable
FAIL: c-c++-common/cilk-plus/AN/an-if.c -O2 -ftree-vectorize -fcilkplus (internal compiler error)
FAIL: c-c++-common/cilk-plus/AN/an-if.c -O2 -ftree-vectorize -fcilkplus (test for excess errors)
WARNING: c-c++-common/cilk-plus/AN/an-if.c -O2 -ftree-vectorize -fcilkplus compilation failed to produce executable
FAIL: c-c++-common/cilk-plus/AN/an-if.c -O3 -fcilkplus (internal compiler error)
FAIL: c-c++-common/cilk-plus/AN/an-if.c -O3 -fcilkplus (test for excess errors)
WARNING: c-c++-common/cilk-plus/AN/an-if.c -O3 -fcilkplus compilation failed to produce executable
FAIL: c-c++-common/cilk-plus/AN/an-if.c -g -fcilkplus (internal compiler error)
FAIL: c-c++-common/cilk-plus/AN/an-if.c -g -fcilkplus (test for excess errors)
WARNING: c-c++-common/cilk-plus/AN/an-if.c -g -fcilkplus compilation failed to produce executable
FAIL: c-c++-common/cilk-plus/AN/an-if.c -g -O0 -fcilkplus (internal compiler error)
FAIL: c-c++-common/cilk-plus/AN/an-if.c -g -O0 -fcilkplus (test for excess errors)
WARNING: c-c++-common/cilk-plus/AN/an-if.c -g -O0 -fcilkplus compilation failed to produce executable
FAIL: c-c++-common/cilk-plus/AN/an-if.c -g -O1 -fcilkplus (internal compiler error)
FAIL: c-c++-common/cilk-plus/AN/an-if.c -g -O1 -fcilkplus (test for excess errors)
WARNING: c-c++-common/cilk-plus/AN/an-if.c -g -O1 -fcilkplus compilation failed to produce executable
FAIL: c-c++-common/cilk-plus/AN/an-if.c -g -O2 -ftree-vectorize -fcilkplus (internal compiler error)
FAIL: c-c++-common/cilk-plus/AN/an-if.c -g -O2 -ftree-vectorize -fcilkplus (test for excess errors)
WARNING: c-c++-common/cilk-plus/AN/an-if.c -g -O2 -ftree-vectorize -fcilkplus compilation failed to produce executable
FAIL: c-c++-common/cilk-plus/AN/an-if.c -g -O3 -fcilkplus (internal compiler error)
FAIL: c-c++-common/cilk-plus/AN/an-if.c -g -O3 -fcilkplus (test for excess errors)
WARNING: c-c++-common/cilk-plus/AN/an-if.c -g -O3 -fcilkplus compilation failed to produce executable
FAIL: c-c++-common/cilk-plus/AN/an-if.c -O3 -ftree-vectorize -fcilkplus -g (internal compiler error)
FAIL: c-c++-common/cilk-plus/AN/an-if.c -O3 -ftree-vectorize -fcilkplus -g (test for excess errors)
WARNING: c-c++-common/cilk-plus/AN/an-if.c -O3 -ftree-vectorize -fcilkplus -g compilation failed to produce executable
=== g++ Summary ===
# of expected passes 53048
# of unexpected failures 22
# of expected failures 296
# of unsupported tests 714
/var/gcc/regression/trunk/9-gcc-gas/build/gcc/testsuite/g++/../../xg++ version 4.9.0 20130705 (experimental) [trunk revision 200711] (GCC)
=== gcc tests ===
Running target unix
FAIL: c-c++-common/cilk-plus/AN/an-if.c -fcilkplus (internal compiler error)
FAIL: c-c++-common/cilk-plus/AN/an-if.c -fcilkplus (test for excess errors)
WARNING: c-c++-common/cilk-plus/AN/an-if.c -fcilkplus compilation failed to produce executable
FAIL: c-c++-common/cilk-plus/AN/an-if.c -O0 -fcilkplus (internal compiler error)
FAIL: c-c++-common/cilk-plus/AN/an-if.c -O0 -fcilkplus (test for excess errors)
WARNING: c-c++-common/cilk-plus/AN/an-if.c -O0 -fcilkplus compilation failed to produce executable
FAIL: c-c++-common/cilk-plus/AN/an-if.c -O1 -fcilkplus (internal compiler error)
FAIL: c-c++-common/cilk-plus/AN/an-if.c -O1 -fcilkplus (test for excess errors)
WARNING: c-c++-common/cilk-plus/AN/an-if.c -O1 -fcilkplus compilation failed to produce executable
FAIL: c-c++-common/cilk-plus/AN/an-if.c -O2 -ftree-vectorize -fcilkplus (internal compiler error)
FAIL: c-c++-common/cilk-plus/AN/an-if.c -O2 -ftree-vectorize -fcilkplus (test for excess errors)
WARNING: c-c++-common/cilk-plus/AN/an-if.c -O2 -ftree-vectorize -fcilkplus compilation failed to produce executable
FAIL: c-c++-common/cilk-plus/AN/an-if.c -O3 -fcilkplus (internal compiler error)
FAIL: c-c++-common/cilk-plus/AN/an-if.c -O3 -fcilkplus (test for excess errors)
WARNING: c-c++-common/cilk-plus/AN/an-if.c -O3 -fcilkplus compilation failed to produce executable
FAIL: c-c++-common/cilk-plus/AN/an-if.c -g -fcilkplus (internal compiler error)
FAIL: c-c++-common/cilk-plus/AN/an-if.c -g -fcilkplus (test for excess errors)
WARNING: c-c++-common/cilk-plus/AN/an-if.c -g -fcilkplus compilation failed to produce executable
FAIL: c-c++-common/cilk-plus/AN/an-if.c -g -O0 -fcilkplus (internal compiler error)
FAIL: c-c++-common/cilk-plus/AN/an-if.c -g -O0 -fcilkplus (test for excess errors)
WARNING: c-c++-common/cilk-plus/AN/an-if.c -g -O0 -fcilkplus compilation failed to produce executable
FAIL: c-c++-common/cilk-plus/AN/an-if.c -g -O1 -fcilkplus (internal compiler error)
FAIL: c-c++-common/cilk-plus/AN/an-if.c -g -O1 -fcilkplus (test for excess errors)
WARNING: c-c++-common/cilk-plus/AN/an-if.c -g -O1 -fcilkplus compilation failed to produce executable
FAIL: c-c++-common/cilk-plus/AN/an-if.c -g -O2 -ftree-vectorize -fcilkplus (internal compiler error)
FAIL: c-c++-common/cilk-plus/AN/an-if.c -g -O2 -ftree-vectorize -fcilkplus (test for excess errors)
WARNING: c-c++-common/cilk-plus/AN/an-if.c -g -O2 -ftree-vectorize -fcilkplus compilation failed to produce executable
FAIL: c-c++-common/cilk-plus/AN/an-if.c -g -O3 -fcilkplus (internal compiler error)
FAIL: c-c++-common/cilk-plus/AN/an-if.c -g -O3 -fcilkplus (test for excess errors)
WARNING: c-c++-common/cilk-plus/AN/an-if.c -g -O3 -fcilkplus compilation failed to produce executable
FAIL: c-c++-common/cilk-plus/AN/an-if.c -O3 -ftree-vectorize -fcilkplus -g (internal compiler error)
FAIL: c-c++-common/cilk-plus/AN/an-if.c -O3 -ftree-vectorize -fcilkplus -g (test for excess errors)
WARNING: c-c++-common/cilk-plus/AN/an-if.c -O3 -ftree-vectorize -fcilkplus -g compilation failed to produce executable
FAIL: c-c++-common/cilk-plus/AN/an-if.c -fcilkplus -std=c99 (internal compiler error)
FAIL: c-c++-common/cilk-plus/AN/an-if.c -fcilkplus -std=c99 (test for excess errors)
WARNING: c-c++-common/cilk-plus/AN/an-if.c -fcilkplus -std=c99 compilation failed to produce executable
FAIL: c-c++-common/cilk-plus/AN/an-if.c -fcilkplus -O0 -std=c99 (internal compiler error)
FAIL: c-c++-common/cilk-plus/AN/an-if.c -fcilkplus -O0 -std=c99 (test for excess errors)
WARNING: c-c++-common/cilk-plus/AN/an-if.c -fcilkplus -O0 -std=c99 compilation failed to produce executable
FAIL: c-c++-common/cilk-plus/AN/an-if.c -fcilkplus -O1 -std=c99 (internal compiler error)
FAIL: c-c++-common/cilk-plus/AN/an-if.c -fcilkplus -O1 -std=c99 (test for excess errors)
WARNING: c-c++-common/cilk-plus/AN/an-if.c -fcilkplus -O1 -std=c99 compilation failed to produce executable
FAIL: c-c++-common/cilk-plus/AN/an-if.c -fcilkplus -O2 -ftree-vectorize -std=c99 (internal compiler error)
FAIL: c-c++-common/cilk-plus/AN/an-if.c -fcilkplus -O2 -ftree-vectorize -std=c99 (test for excess errors)
WARNING: c-c++-common/cilk-plus/AN/an-if.c -fcilkplus -O2 -ftree-vectorize -std=c99 compilation failed to produce executable
FAIL: c-c++-common/cilk-plus/AN/an-if.c -fcilkplus -O3 -std=c99 (internal compiler error)
FAIL: c-c++-common/cilk-plus/AN/an-if.c -fcilkplus -O3 -std=c99 (test for excess errors)
WARNING: c-c++-common/cilk-plus/AN/an-if.c -fcilkplus -O3 -std=c99 compilation failed to produce executable
FAIL: c-c++-common/cilk-plus/AN/an-if.c -fcilkplus -g -std=c99 (internal compiler error)
FAIL: c-c++-common/cilk-plus/AN/an-if.c -fcilkplus -g -std=c99 (test for excess errors)
WARNING: c-c++-common/cilk-plus/AN/an-if.c -fcilkplus -g -std=c99 compilation failed to produce executable
FAIL: c-c++-common/cilk-plus/AN/an-if.c -fcilkplus -g -O0 -std=c99 (internal compiler error)
FAIL: c-c++-common/cilk-plus/AN/an-if.c -fcilkplus -g -O0 -std=c99 (test for excess errors)
WARNING: c-c++-common/cilk-plus/AN/an-if.c -fcilkplus -g -O0 -std=c99 compilation failed to produce executable
FAIL: c-c++-common/cilk-plus/AN/an-if.c -fcilkplus -g -O1 -std=c99 (internal compiler error)
FAIL: c-c++-common/cilk-plus/AN/an-if.c -fcilkplus -g -O1 -std=c99 (test for excess errors)
WARNING: c-c++-common/cilk-plus/AN/an-if.c -fcilkplus -g -O1 -std=c99 compilation failed to produce executable
FAIL: c-c++-common/cilk-plus/AN/an-if.c -fcilkplus -g -O2 -ftree-vectorize -std=c99 (internal compiler error)
FAIL: c-c++-common/cilk-plus/AN/an-if.c -fcilkplus -g -O2 -ftree-vectorize -std=c99 (test for excess errors)
WARNING: c-c++-common/cilk-plus/AN/an-if.c -fcilkplus -g -O2 -ftree-vectorize -std=c99 compilation failed to produce executable
FAIL: c-c++-common/cilk-plus/AN/an-if.c -fcilkplus -g -O3 -std=c99 (internal compiler error)
FAIL: c-c++-common/cilk-plus/AN/an-if.c -fcilkplus -g -O3 -std=c99 (test for excess errors)
WARNING: c-c++-common/cilk-plus/AN/an-if.c -fcilkplus -g -O3 -std=c99 compilation failed to produce executable
FAIL: c-c++-common/cilk-plus/AN/an-if.c -O3 -ftree-vectorize -std=c99 -g -fcilkplus (internal compiler error)
FAIL: c-c++-common/cilk-plus/AN/an-if.c -O3 -ftree-vectorize -std=c99 -g -fcilkplus (test for excess errors)
WARNING: c-c++-common/cilk-plus/AN/an-if.c -O3 -ftree-vectorize -std=c99 -g -fcilkplus compilation failed to produce executable
FAIL: gcc.dg/lto/pr56297 c_lto_pr56297_0.o-c_lto_pr56297_1.o link, -flto -fno-common (internal compiler error)
UNRESOLVED: gcc.dg/lto/pr56297 c_lto_pr56297_0.o-c_lto_pr56297_1.o execute -flto -fno-common
FAIL: gcc.dg/torture/tls/run-ld.c -O1 execution test
FAIL: gcc.dg/torture/tls/run-ld.c -O2 execution test
FAIL: gcc.dg/torture/tls/run-ld.c -O3 -fomit-frame-pointer execution test
FAIL: gcc.dg/torture/tls/run-ld.c -O3 -g execution test
FAIL: gcc.dg/torture/tls/run-ld.c -Os execution test
FAIL: gcc.dg/torture/tls/run-ld.c -O1 -fpic execution test
FAIL: gcc.dg/torture/tls/run-ld.c -O2 -fpic execution test
FAIL: gcc.dg/torture/tls/run-ld.c -O3 -fomit-frame-pointer -fpic execution test
FAIL: gcc.dg/torture/tls/run-ld.c -O3 -g -fpic execution test
FAIL: gcc.dg/torture/tls/run-ld.c -Os -fpic execution test
FAIL: gcc.dg/torture/tls/run-ld.c -O1 -fPIC execution test
FAIL: gcc.dg/torture/tls/run-ld.c -O2 -fPIC execution test
FAIL: gcc.dg/torture/tls/run-ld.c -O3 -fomit-frame-pointer -fPIC execution test
FAIL: gcc.dg/torture/tls/run-ld.c -O3 -g -fPIC execution test
FAIL: gcc.dg/torture/tls/run-ld.c -Os -fPIC execution test
FAIL: gcc.dg/torture/tls/run-ld.c -O2 -flto -flto-partition=none execution test
FAIL: gcc.dg/torture/tls/run-ld.c -O2 -flto execution test
FAIL: gcc.dg/torture/tls/thr-init-2.c -O2 -fpic execution test
FAIL: gcc.dg/torture/tls/thr-init-2.c -O3 -fomit-frame-pointer -fpic execution test
FAIL: gcc.dg/torture/tls/thr-init-2.c -O3 -g -fpic execution test
FAIL: gcc.dg/torture/tls/thr-init-2.c -Os -fpic execution test
FAIL: gcc.dg/torture/tls/thr-init-2.c -O2 -fPIC execution test
FAIL: gcc.dg/torture/tls/thr-init-2.c -O3 -fomit-frame-pointer -fPIC execution test
FAIL: gcc.dg/torture/tls/thr-init-2.c -O3 -g -fPIC execution test
FAIL: gcc.dg/torture/tls/thr-init-2.c -Os -fPIC execution test
FAIL: gcc.target/i386/intrinsics_4.c (internal compiler error)
FAIL: gcc.target/i386/intrinsics_4.c (test for excess errors)
=== gcc Summary ===
# of expected passes 95266
# of unexpected failures 72
# of expected failures 253
# of unresolved testcases 1
# of unsupported tests 1208
/var/gcc/regression/trunk/9-gcc-gas/build/gcc/xgcc version 4.9.0 20130705 (experimental) [trunk revision 200711] (GCC)
=== gfortran tests ===
Running target unix
FAIL: gfortran.dg/lto/pr45586-2 f_lto_pr45586-2_0.o-f_lto_pr45586-2_0.o link, -O0 -flto -flto-partition=none (internal compiler error)
UNRESOLVED: gfortran.dg/lto/pr45586-2 f_lto_pr45586-2_0.o-f_lto_pr45586-2_0.o execute -O0 -flto -flto-partition=none
FAIL: gfortran.dg/lto/pr45586-2 f_lto_pr45586-2_0.o-f_lto_pr45586-2_0.o link, -O0 -flto -flto-partition=1to1 (internal compiler error)
UNRESOLVED: gfortran.dg/lto/pr45586-2 f_lto_pr45586-2_0.o-f_lto_pr45586-2_0.o execute -O0 -flto -flto-partition=1to1
FAIL: gfortran.dg/lto/pr45586-2 f_lto_pr45586-2_0.o-f_lto_pr45586-2_0.o link, -O0 -flto (internal compiler error)
UNRESOLVED: gfortran.dg/lto/pr45586-2 f_lto_pr45586-2_0.o-f_lto_pr45586-2_0.o execute -O0 -flto
FAIL: gfortran.dg/lto/pr45586 f_lto_pr45586_0.o-f_lto_pr45586_0.o link, -O0 -flto -flto-partition=none (internal compiler error)
UNRESOLVED: gfortran.dg/lto/pr45586 f_lto_pr45586_0.o-f_lto_pr45586_0.o execute -O0 -flto -flto-partition=none
FAIL: gfortran.dg/lto/pr45586 f_lto_pr45586_0.o-f_lto_pr45586_0.o link, -O0 -flto -flto-partition=1to1 (internal compiler error)
UNRESOLVED: gfortran.dg/lto/pr45586 f_lto_pr45586_0.o-f_lto_pr45586_0.o execute -O0 -flto -flto-partition=1to1
FAIL: gfortran.dg/lto/pr45586 f_lto_pr45586_0.o-f_lto_pr45586_0.o link, -O0 -flto (internal compiler error)
UNRESOLVED: gfortran.dg/lto/pr45586 f_lto_pr45586_0.o-f_lto_pr45586_0.o execute -O0 -flto
=== gfortran Summary ===
# of expected passes 44140
# of unexpected failures 6
# of expected failures 52
# of unresolved testcases 6
# of unsupported tests 365
/var/gcc/regression/trunk/9-gcc-gas/build/gcc/testsuite/gfortran/../../gfortran version 4.9.0 20130705 (experimental) [trunk revision 200711] (GCC)
=== gnat tests ===
Running target unix
=== gnat Summary ===
# of expected passes 1176
# of expected failures 18
# of unsupported tests 6
/var/gcc/regression/trunk/9-gcc-gas/build/gcc/gnatmake version 4.9.0 20130705 (experimental) [trunk revision 200711]
=== go tests ===
Running target unix
=== go Summary ===
# of expected passes 5179
# of expected failures 1
# of untested testcases 5
/var/gcc/regression/trunk/9-gcc-gas/build/gcc/testsuite/go/../../gccgo version 4.9.0 20130705 (experimental) [trunk revision 200711] (GCC)
=== obj-c++ tests ===
Running target unix
=== obj-c++ Summary ===
# of expected passes 1449
# of expected failures 2
# of unsupported tests 86
/var/gcc/regression/trunk/9-gcc-gas/build/gcc/testsuite/obj-c++/../../xg++ version 4.9.0 20130705 (experimental) [trunk revision 200711] (GCC)
=== objc tests ===
Running target unix
=== objc Summary ===
# of expected passes 2988
# of expected failures 6
# of unsupported tests 74
/var/gcc/regression/trunk/9-gcc-gas/build/gcc/xgcc version 4.9.0 20130705 (experimental) [trunk revision 200711] (GCC)
=== boehm-gc tests ===
Running target unix
=== boehm-gc Summary ===
# of expected passes 12
# of unsupported tests 1
=== libatomic tests ===
Running target unix
=== libatomic Summary ===
# of expected passes 44
# of unsupported tests 5
=== libffi tests ===
Running target unix
=== libffi Summary ===
# of expected passes 1819
# of unsupported tests 55
=== libgo tests ===
Running target unix
=== libgo Summary ===
# of expected passes 131
=== libgomp tests ===
Running target unix
=== libgomp Summary ===
# of expected passes 2192
# of unsupported tests 3
=== libitm tests ===
Running target unix
=== libitm Summary ===
# of expected passes 26
# of expected failures 3
# of unsupported tests 1
=== libjava tests ===
Running target unix
FAIL: Divide_1 output - source compiled test
FAIL: Divide_1 -findirect-dispatch output - source compiled test
FAIL: Divide_1 -O3 output - source compiled test
FAIL: Divide_1 -O3 -findirect-dispatch output - source compiled test
FAIL: sourcelocation output - source compiled test
FAIL: sourcelocation -findirect-dispatch output - source compiled test
FAIL: sourcelocation -O3 output - source compiled test
FAIL: sourcelocation -O3 -findirect-dispatch output - source compiled test
=== libjava Summary ===
# of expected passes 2578
# of unexpected failures 8
=== libstdc++ tests ===
Running target unix
XPASS: 22_locale/num_put/put/char/14220.cc execution test
XPASS: 22_locale/num_put/put/wchar_t/14220.cc execution test
=== libstdc++ Summary ===
# of expected passes 7836
# of unexpected successes 2
# of expected failures 47
# of unsupported tests 907
Compiler version: 4.9.0 20130705 (experimental) [trunk revision 200711] (GCC)
Platform: i386-pc-solaris2.9
configure flags: --prefix=/vol/gcc --target=i386-pc-solaris2.9 --enable-obsolete --enable-objc-gc --with-as=/vol/gcc/bin/gas-2.23.1 --with-gnu-as --with-gmp-include=/vol/gcc/include --with-gmp-lib=/vol/gcc/lib --with-mpfr-include=/vol/gcc/include --with-mpfr-lib=/vol/gcc/lib --with-mpc-include=/vol/gcc/include --with-mpc-lib=/vol/gcc/lib --enable-languages=all,ada,obj-c++,go --with-isl-include=/vol/gcc/include --with-isl-lib=/vol/gcc/lib --with-cloog-include=/vol/gcc/include --with-cloog-lib=/vol/gcc/lib --enable-cloog-backend=isl
BOOT_CFLAGS=-g -O2