This is the mail archive of the
gcc-testresults@gcc.gnu.org
mailing list for the GCC project.
Results for 4.9.0 20130619 (experimental) [trunk revision 200186] (GCC) testsuite on hppa-unknown-linux-gnu
- From: Dave Anglin <dave dot anglin at bell dot net>
- To: dave at hiauly6 dot localdomain, gcc-testresults at gcc dot gnu dot org
- Date: Thu, 20 Jun 2013 21:43:50 -0400
- Subject: Results for 4.9.0 20130619 (experimental) [trunk revision 200186] (GCC) testsuite on hppa-unknown-linux-gnu
LAST_UPDATED: Wed Jun 19 01:26:35 UTC 2013 (revision 200186)
=== acats tests ===
=== acats Summary ===
# of expected passes 2320
# of unexpected failures 0
Native configuration is hppa-unknown-linux-gnu
=== g++ tests ===
Running target unix
FAIL: g++.dg/debug/dwarf2/non-virtual-thunk.C -std=gnu++98 scan-assembler thunk.C:30
FAIL: g++.dg/debug/dwarf2/non-virtual-thunk.C -std=gnu++11 scan-assembler thunk.C:30
FAIL: g++.dg/init/const9.C -std=c++98 scan-assembler-not rodata
FAIL: g++.dg/init/const9.C -std=c++11 scan-assembler-not rodata
ERROR: tcl error sourcing /home/dave/gnu/gcc/gcc/gcc/testsuite/g++.dg/lto/lto.exp.
ERROR: syntax error in expression "\$sid eq "f_lto""
FAIL: c-c++-common/simulate-thread/bitfields-2.c -Os -g thread simulation test
=== g++ Summary ===
# of expected passes 49825
# of unexpected failures 5
# of expected failures 294
# of unsupported tests 992
/home/dave/gnu/gcc/objdir/gcc/testsuite/g++/../../xg++ version 4.9.0 20130619 (experimental) [trunk revision 200186] (GCC)
=== gcc tests ===
Running target unix
ERROR: tcl error sourcing /home/dave/gnu/gcc/gcc/gcc/testsuite/gcc.dg/lto/lto.exp.
ERROR: syntax error in expression "\$sid eq "f_lto""
FAIL: gcc.dg/torture/pr41094.c -O0 (test for excess errors)
UNRESOLVED: gcc.dg/torture/pr41094.c -O0 compilation failed to produce executable
XPASS: gcc.dg/tree-ssa/loop-1.c scan-assembler-times foo 5
=== gcc Summary ===
# of expected passes 82655
# of unexpected failures 1
# of unexpected successes 1
# of expected failures 110
# of unresolved testcases 1
# of unsupported tests 1272
/home/dave/gnu/gcc/objdir/gcc/xgcc version 4.9.0 20130619 (experimental) [trunk revision 200186] (GCC)
=== gfortran tests ===
Running target unix
FAIL: gfortran.dg/pr45636.f90 -O scan-tree-dump-times forwprop2 "memset" 0
FAIL: gfortran.dg/size_kind_2.f90 -O scan-tree-dump original "var2 = 4294967300;"
ERROR: tcl error sourcing /home/dave/gnu/gcc/gcc/gcc/testsuite/gfortran.dg/lto/lto.exp.
ERROR: syntax error in expression "\$sid eq "f_lto""
=== gfortran Summary ===
# of expected passes 43050
# of unexpected failures 2
# of expected failures 38
# of unsupported tests 406
/home/dave/gnu/gcc/objdir/gcc/testsuite/gfortran/../../gfortran version 4.9.0 20130619 (experimental) [trunk revision 200186] (GCC)
=== gnat tests ===
Running target unix
=== gnat Summary ===
# of expected passes 1167
# of expected failures 18
# of unsupported tests 10
/home/dave/gnu/gcc/objdir/gcc/gnatmake version 4.9.0 20130619 (experimental) [trunk revision 200186]
=== obj-c++ tests ===
Running target unix
ERROR: tcl error sourcing /home/dave/gnu/gcc/gcc/gcc/testsuite/obj-c++.dg/lto/lto.exp.
ERROR: syntax error in expression "\$sid eq "f_lto""
=== obj-c++ Summary ===
# of expected passes 1437
# of expected failures 2
# of unsupported tests 86
/home/dave/gnu/gcc/objdir/gcc/testsuite/obj-c++/../../xg++ version 4.9.0 20130619 (experimental) [trunk revision 200186] (GCC)
=== objc tests ===
Running target unix
ERROR: tcl error sourcing /home/dave/gnu/gcc/gcc/gcc/testsuite/objc.dg/lto/lto.exp.
ERROR: syntax error in expression "\$sid eq "f_lto""
=== objc Summary ===
# of expected passes 2982
# of unsupported tests 74
/home/dave/gnu/gcc/objdir/gcc/xgcc version 4.9.0 20130619 (experimental) [trunk revision 200186] (GCC)
=== boehm-gc tests ===
Running target unix
=== boehm-gc Summary ===
# of expected passes 12
# of unsupported tests 1
=== libatomic tests ===
Running target unix
=== libatomic Summary ===
# of expected passes 34
# of unsupported tests 10
=== libffi tests ===
Running target unix
=== libffi Summary ===
# of expected passes 1819
# of unsupported tests 55
=== libgomp tests ===
Running target unix
FAIL: libgomp.c/omp-loop03.c execution test
FAIL: libgomp.c++/loop-3.C -O execution test
=== libgomp Summary ===
# of expected passes 2999
# of unexpected failures 2
# of unsupported tests 1
=== libjava tests ===
Running target unix
FAIL: sourcelocation output - source compiled test
FAIL: sourcelocation -findirect-dispatch output - source compiled test
FAIL: sourcelocation -O3 output - source compiled test
FAIL: sourcelocation -O3 -findirect-dispatch output - source compiled test
=== libjava Summary ===
# of expected passes 2582
# of unexpected failures 4
=== libmudflap tests ===
Running target unix
FAIL: libmudflap.c++/error2-frag.cxx (-O0) (test for excess errors)
FAIL: libmudflap.c++/error2-frag.cxx (-static) (test for excess errors)
FAIL: libmudflap.c++/pass41-frag.cxx (-static) execution test
FAIL: libmudflap.c++/error2-frag.cxx ( -O) (test for excess errors)
FAIL: libmudflap.c++/pass41-frag.cxx ( -O) execution test
FAIL: libmudflap.c++/error2-frag.cxx (-O2) (test for excess errors)
FAIL: libmudflap.c++/pass41-frag.cxx (-O2) execution test
FAIL: libmudflap.c++/error2-frag.cxx (-O3) (test for excess errors)
FAIL: libmudflap.c++/pass41-frag.cxx (-O3) execution test
WARNING: program timed out.
FAIL: libmudflap.cth/pass40-frag.c (-O0) execution test
FAIL: libmudflap.cth/pass40-frag.c (-O0) output pattern test
WARNING: program timed out.
FAIL: libmudflap.cth/pass40-frag.c (-static -DSTATIC) execution test
FAIL: libmudflap.cth/pass40-frag.c (-static -DSTATIC) output pattern test
WARNING: program timed out.
FAIL: libmudflap.cth/pass40-frag.c (-O2) execution test
FAIL: libmudflap.cth/pass40-frag.c (-O2) output pattern test
WARNING: program timed out.
FAIL: libmudflap.cth/pass39-frag.c (-O3) (rerun 10) execution test
WARNING: program timed out.
FAIL: libmudflap.cth/pass40-frag.c (-O3) execution test
FAIL: libmudflap.cth/pass40-frag.c (-O3) output pattern test
=== libmudflap Summary ===
# of expected passes 1888
# of unexpected failures 18
=== libstdc++ tests ===
Running target unix
FAIL: libstdc++-abi/abi_check
FAIL: 17_intro/using_namespace_std_tr1_neg.cc (test for excess errors)
FAIL: 20_util/auto_ptr/assign_neg.cc (test for excess errors)
FAIL: 20_util/bind/ref_neg.cc (test for excess errors)
FAIL: 20_util/default_delete/48631_neg.cc (test for excess errors)
FAIL: 20_util/function/cmp/cmp_neg.cc (test for excess errors)
FAIL: 20_util/headers/type_traits/types_std_c++0x_neg.cc (test for excess errors)
FAIL: 20_util/make_signed/requirements/typedefs_neg.cc (test for excess errors)
FAIL: 20_util/make_unsigned/requirements/typedefs_neg.cc (test for excess errors)
FAIL: 20_util/ratio/operations/ops_overflow_neg.cc (test for excess errors)
FAIL: 20_util/reference_wrapper/ref_neg.cc (test for excess errors)
FAIL: 20_util/unique_ptr/assign/48635_neg.cc (test for excess errors)
FAIL: 20_util/unique_ptr/creation/array_neg.cc (test for excess errors)
FAIL: 21_strings/c_strings/char/3_neg.cc (test for excess errors)
FAIL: 21_strings/c_strings/wchar_t/3_neg.cc (test for excess errors)
FAIL: 22_locale/time_get/get_date/wchar_t/4.cc execution test
FAIL: 23_containers/list/23781_neg.cc (test for excess errors)
FAIL: 23_containers/map/23781_neg.cc (test for excess errors)
FAIL: 23_containers/map/operators/1_neg.cc (test for excess errors)
FAIL: 23_containers/multimap/23781_neg.cc (test for excess errors)
FAIL: 23_containers/multiset/23781_neg.cc (test for excess errors)
FAIL: 23_containers/set/23781_neg.cc (test for excess errors)
FAIL: 23_containers/set/operators/1_neg.cc (test for excess errors)
FAIL: 26_numerics/headers/cmath/overloads_c++0x_neg.cc (test for excess errors)
FAIL: 26_numerics/headers/cmath/types_std_c++0x_neg.cc (test for excess errors)
FAIL: 26_numerics/random/linear_congruential_engine/requirements/non_uint_neg.cc (test for excess errors)
FAIL: 27_io/ios_base/cons/assign_neg.cc (test for excess errors)
FAIL: 27_io/ios_base/cons/copy_neg.cc (test for excess errors)
FAIL: 29_atomics/atomic_integral/operators/bitwise_neg.cc (test for excess errors)
FAIL: 29_atomics/atomic_integral/operators/decrement_neg.cc (test for excess errors)
FAIL: 29_atomics/atomic_integral/operators/increment_neg.cc (test for excess errors)
FAIL: 29_atomics/headers/atomic/types_std_c++0x_neg.cc (test for excess errors)
FAIL: 30_threads/thread/native_handle/cancel.cc execution test
FAIL: ext/slist/23781_neg.cc (test for excess errors)
FAIL: tr1/5_numerical_facilities/random/linear_congruential/requirements/non_uint_neg.cc (test for excess errors)
FAIL: tr1/6_containers/unordered_map/requirements/iterator_neg.cc (test for excess errors)
FAIL: tr1/6_containers/unordered_map/requirements/iterator_null_neg.cc (test for excess errors)
FAIL: tr1/6_containers/unordered_multimap/requirements/iterator_neg.cc (test for excess errors)
FAIL: tr1/6_containers/unordered_multimap/requirements/iterator_null_neg.cc (test for excess errors)
FAIL: tr1/6_containers/unordered_multiset/requirements/iterator_neg.cc (test for excess errors)
FAIL: tr1/6_containers/unordered_multiset/requirements/iterator_null_neg.cc (test for excess errors)
FAIL: tr1/6_containers/unordered_set/requirements/iterator_neg.cc (test for excess errors)
FAIL: tr1/6_containers/unordered_set/requirements/iterator_null_neg.cc (test for excess errors)
FAIL: tr1/8_c_compatibility/cmath/overloads_neg.cc (test for excess errors)
=== libstdc++ Summary ===
# of expected passes 8966
# of unexpected failures 44
# of expected failures 45
# of unsupported tests 346
Compiler version: 4.9.0 20130619 (experimental) [trunk revision 200186] (GCC)
Platform: hppa-unknown-linux-gnu
configure flags: --with-gnu-as --with-gnu-ld --enable-shared --prefix=/home/dave/opt/gnu/gcc/gcc-4.7.0 --with-local-prefix=/home/dave/opt/gnu --enable-threads=posix --enable-__cxa_atexit --build=hppa-linux --enable-clocale=gnu --enable-java-gc=boehm --enable-java-awt=xlib --without-cloog --without-ppl --enable-languages=c,c++,objc,fortran,obj-c++,java,ada