This is the mail archive of the
gcc-testresults@gcc.gnu.org
mailing list for the GCC project.
Results for 4.8.1 (Debian 4.8.1-3) testsuite on sparc-unknown-linux-gnu
- From: Matthias Klose <doko at debian dot org>
- To: gcc-testresults at gcc dot gnu dot org
- Cc: debian-gcc at lists dot debian dot org
- Date: Mon, 17 Jun 2013 17:54:05 +0000
- Subject: Results for 4.8.1 (Debian 4.8.1-3) testsuite on sparc-unknown-linux-gnu
- Reply-to: Matthias Klose <doko at debian dot org>
LAST_UPDATED: Wed Jun 12 14:42:19 UTC 2013 (revision 200018)
Target: sparc-linux-gnu
gcc version 4.8.1 (Debian 4.8.1-3)
Native configuration is sparc-unknown-linux-gnu
=== g++ tests ===
Running target unix
=== g++ Summary for unix ===
# of expected passes 50274
# of expected failures 290
# of unsupported tests 938
Running target unix/-fstack-protector
=== g++ Summary for unix/-fstack-protector ===
# of expected passes 50274
# of expected failures 290
# of unsupported tests 938
=== g++ Summary ===
# of expected passes 100548
# of expected failures 580
# of unsupported tests 1876
/build/gcc-4.8-27dmAW/gcc-4.8-4.8.1/build/gcc/testsuite/g++/../../xg++ version 4.8.1 (Debian 4.8.1-3)
=== gcc tests ===
Running target unix
FAIL: gcc.dg/special/gcsec-1.c (test for excess errors)
FAIL: gcc.dg/special/gcsec-1.c execution test
=== gcc Summary for unix ===
# of expected passes 82971
# of unexpected failures 2
# of expected failures 327
# of unsupported tests 1614
Running target unix/-fstack-protector
FAIL: gcc.dg/superblock.c scan-rtl-dump-times sched2 "ADVANCING TO" 2
FAIL: gcc.dg/special/gcsec-1.c (test for excess errors)
FAIL: gcc.dg/special/gcsec-1.c execution test
=== gcc Summary for unix/-fstack-protector ===
# of expected passes 82970
# of unexpected failures 3
# of expected failures 327
# of unsupported tests 1614
=== gcc Summary ===
# of expected passes 165941
# of unexpected failures 5
# of expected failures 654
# of unsupported tests 3228
/build/gcc-4.8-27dmAW/gcc-4.8-4.8.1/build/gcc/xgcc version 4.8.1 (Debian 4.8.1-3)
=== gdc tests ===
Running target unix
=== gdc Summary for unix ===
# of expected passes 10250
# of unexpected failures 6696
# of unresolved testcases 1822
Running target unix/-fstack-protector
=== gdc Summary for unix/-fstack-protector ===
# of expected passes 10250
# of unexpected failures 6696
# of unresolved testcases 1822
=== gdc Summary ===
# of expected passes 20500
# of unexpected failures 13392
# of unresolved testcases 3644
/build/gcc-4.8-27dmAW/gcc-4.8-4.8.1/build/gcc/testsuite/gdc/../../gdc version 4.8.1 (Debian 4.8.1-3)
=== gfortran tests ===
Running target unix
=== gfortran Summary for unix ===
# of expected passes 43217
# of expected failures 58
# of unsupported tests 270
Running target unix/-fstack-protector
=== gfortran Summary for unix/-fstack-protector ===
# of expected passes 43217
# of expected failures 58
# of unsupported tests 270
=== gfortran Summary ===
# of expected passes 86434
# of expected failures 116
# of unsupported tests 540
/build/gcc-4.8-27dmAW/gcc-4.8-4.8.1/build/gcc/testsuite/gfortran/../../gfortran version 4.8.1 (Debian 4.8.1-3)
=== obj-c++ tests ===
Running target unix
=== obj-c++ Summary for unix ===
# of expected passes 1450
# of expected failures 2
# of unsupported tests 86
Running target unix/-fstack-protector
=== obj-c++ Summary for unix/-fstack-protector ===
# of expected passes 1450
# of expected failures 2
# of unsupported tests 86
=== obj-c++ Summary ===
# of expected passes 2900
# of expected failures 4
# of unsupported tests 172
/build/gcc-4.8-27dmAW/gcc-4.8-4.8.1/build/gcc/testsuite/obj-c++/../../xg++ version 4.8.1 (Debian 4.8.1-3)
=== objc tests ===
Running target unix
=== objc Summary for unix ===
# of expected passes 2994
# of unsupported tests 74
Running target unix/-fstack-protector
=== objc Summary for unix/-fstack-protector ===
# of expected passes 2994
# of unsupported tests 74
=== objc Summary ===
# of expected passes 5988
# of unsupported tests 148
/build/gcc-4.8-27dmAW/gcc-4.8-4.8.1/build/gcc/xgcc version 4.8.1 (Debian 4.8.1-3)
=== boehm-gc tests ===
Running target unix
=== boehm-gc Summary for unix ===
# of expected passes 12
# of unsupported tests 1
Running target unix/-fstack-protector
=== boehm-gc Summary for unix/-fstack-protector ===
# of expected passes 12
# of unsupported tests 1
=== boehm-gc Summary ===
# of expected passes 24
# of unsupported tests 2
=== libatomic tests ===
Running target unix
=== libatomic Summary for unix ===
# of expected passes 34
# of unsupported tests 10
Running target unix/-fstack-protector
=== libatomic Summary for unix/-fstack-protector ===
# of expected passes 34
# of unsupported tests 10
=== libatomic Summary ===
# of expected passes 68
# of unsupported tests 20
=== libffi tests ===
Running target unix
=== libffi Summary for unix ===
# of expected passes 1819
# of unsupported tests 55
Running target unix/-fstack-protector
=== libffi Summary for unix/-fstack-protector ===
# of expected passes 1819
# of unsupported tests 55
=== libffi Summary ===
# of expected passes 3638
# of unsupported tests 110
=== libgomp tests ===
Running target unix
FAIL: libgomp.c/lock-1.c execution test
FAIL: libgomp.c/lock-2.c execution test
WARNING: program timed out.
FAIL: libgomp.c/lock-3.c execution test
=== libgomp Summary for unix ===
# of expected passes 3047
# of unexpected failures 3
# of unsupported tests 1
Running target unix/-fstack-protector
FAIL: libgomp.c/lock-1.c execution test
FAIL: libgomp.c/lock-2.c execution test
WARNING: program timed out.
FAIL: libgomp.c/lock-3.c execution test
=== libgomp Summary for unix/-fstack-protector ===
# of expected passes 3047
# of unexpected failures 3
# of unsupported tests 1
=== libgomp Summary ===
# of expected passes 6094
# of unexpected failures 6
# of unsupported tests 2
=== libjava tests ===
Running target unix
FAIL: sourcelocation output - source compiled test
FAIL: sourcelocation -findirect-dispatch output - source compiled test
FAIL: sourcelocation -O3 output - source compiled test
FAIL: sourcelocation -O3 -findirect-dispatch output - source compiled test
=== libjava Summary for unix ===
# of expected passes 2582
# of unexpected failures 4
Running target unix/-fstack-protector
FAIL: sourcelocation output - source compiled test
FAIL: sourcelocation -findirect-dispatch output - source compiled test
FAIL: sourcelocation -O3 output - source compiled test
FAIL: sourcelocation -O3 -findirect-dispatch output - source compiled test
=== libjava Summary for unix/-fstack-protector ===
# of expected passes 2582
# of unexpected failures 4
=== libjava Summary ===
# of expected passes 5164
# of unexpected failures 8
=== libmudflap tests ===
Running target unix
FAIL: libmudflap.c++/pass41-frag.cxx (-static) execution test
FAIL: libmudflap.c++/pass41-frag.cxx ( -O) execution test
FAIL: libmudflap.c++/pass41-frag.cxx (-O2) execution test
FAIL: libmudflap.c++/pass41-frag.cxx (-O3) execution test
=== libmudflap Summary for unix ===
# of expected passes 1902
# of unexpected failures 4
Running target unix/-fstack-protector
FAIL: libmudflap.c++/pass41-frag.cxx (-static) execution test
FAIL: libmudflap.c++/pass41-frag.cxx ( -O) execution test
FAIL: libmudflap.c++/pass41-frag.cxx (-O2) execution test
FAIL: libmudflap.c++/pass41-frag.cxx (-O3) execution test
=== libmudflap Summary for unix/-fstack-protector ===
# of expected passes 1902
# of unexpected failures 4
=== libmudflap Summary ===
# of expected passes 3804
# of unexpected failures 8
=== libstdc++ tests ===
Running target unix
FAIL: libstdc++-abi/abi_check
FAIL: 22_locale/time_get/get_date/wchar_t/4.cc execution test
=== libstdc++ Summary for unix ===
# of expected passes 8975
# of unexpected failures 2
# of expected failures 45
# of unsupported tests 243
Running target unix/-fstack-protector
FAIL: libstdc++-abi/abi_check
FAIL: 22_locale/time_get/get_date/wchar_t/4.cc execution test
=== libstdc++ Summary for unix/-fstack-protector ===
# of expected passes 8975
# of unexpected failures 2
# of expected failures 45
# of unsupported tests 243
=== libstdc++ Summary ===
# of expected passes 17950
# of unexpected failures 4
# of expected failures 90
# of unsupported tests 486
Compiler version: 4.8.1 (Debian 4.8.1-3)
Platform: sparc-unknown-linux-gnu
configure flags: -v --with-pkgversion='Debian 4.8.1-3' --with-bugurl=file:///usr/share/doc/gcc-4.8/README.Bugs --enable-languages=c,c++,java,d,fortran,objc,obj-c++ --prefix=/usr --program-suffix=-4.8 --enable-shared --enable-linker-build-id --libexecdir=/usr/lib --without-included-gettext --enable-threads=posix --with-gxx-include-dir=/usr/include/c++/4.8 --libdir=/usr/lib --enable-nls --with-sysroot=/ --enable-clocale=gnu --enable-libstdcxx-debug --enable-libstdcxx-time=yes --enable-gnu-unique-object --disable-libitm --disable-libquadmath --enable-plugin --with-system-zlib --disable-browser-plugin --enable-java-awt=gtk --enable-gtk-cairo --with-java-home=/usr/lib/jvm/java-1.5.0-gcj-4.8-sparc/jre --enable-java-home --with-jvm-root-dir=/usr/lib/jvm/java-1.5.0-gcj-4.8-sparc --with-jvm-jar-dir=/usr/lib/jvm-exports/java-1.5.0-gcj-4.8-sparc --with-arch-directory=sparc --with-ecj-jar=/usr/share/java/eclipse-ecj.jar --enable-objc-gc --enable-multiarch --enable-targets=all --with-long-double-128 --enable-checking=release --build=sparc-linux-gnu --host=sparc-linux-gnu --target=sparc-linux-gnu
BOOT_CFLAGS=
Build Dependencies:
Desired=Unknown/Install/Remove/Purge/Hold
| Status=Not/Inst/Conf-files/Unpacked/halF-conf/Half-inst/trig-aWait/Trig-pend
|/ Err?=(none)/Reinst-required (Status,Err: uppercase=bad)
||/ Name Version Architecture Description
+++-==================================-=====================-============-===============================================================================
ii binutils 2.23.52.20130612-1 sparc GNU assembler, linker and binary utilities
ii g++-4.6 4.6.4-2 sparc GNU C++ compiler
ii g++-4.6-multilib 4.6.4-2 sparc GNU C++ compiler (multilib files)
ii g++-multilib 4:4.6.4-1 sparc GNU C++ compiler (multilib files)
ii libc6:sparc 2.17-3 sparc Embedded GNU C Library: Shared libraries
ii libcloog-isl-dev:sparc 0.18.0-2 sparc Chunky Loop Generator (development files)
ii libgmp-dev:sparc 2:5.1.2+dfsg-1 sparc Multiprecision arithmetic library developers tools
ii libisl-dev:sparc 0.11.2-1 sparc manipulating sets and relations of integer points bounded by linear constraints
ii libmpc-dev:sparc 1.0.1-1 sparc multiple precision complex floating-point library development package
ii libmpfr-dev:sparc 3.1.1-1 sparc multiple precision floating-point computation developers tools
svn-updates:
updates from the 4.8 branch upto 20120612 (r200018).
gcc-gfdl-build:
Build a dummy s-tm-texi without access to the texinfo sources
gcc-textdomain:
Set gettext's domain and textdomain to the versioned package name.
gcc-driver-extra-langs:
Add options and specs for languages that are not built from a source
(but built from separate sources).
gcc-hash-style-both:
Link using --hash-style=both (alpha, amd64, armel, armhf, ia64, i386, powerpc, ppc64, s390, sparc)
libstdc++-pic:
Build and install libstdc++_pic.a library.
libstdc++-doclink:
adjust hrefs to point to the local documentation
libstdc++-man-3cxx:
Install libstdc++ man pages with suffix .3cxx instead of .3
libstdc++-test-installed:
Add support to run the libstdc++-v3 testsuite using the
installed shared libraries.
libjava-stacktrace:
libgcj: Lookup source file name and line number in separated
debug files found in /usr/lib/debug
libjava-jnipath:
- Add /usr/lib/jni and /usr/lib/<multiarch>/jni to java.library.path.
- When running the i386 binaries on amd64, look in
- /usr/lib32/gcj-x.y and /usr/lib32/jni instead.
libjava-sjlj:
Don't try to use _Unwind_Backtrace on SJLJ targets.
See bug #387875, #388505, GCC PR 29206.
libjava-disable-plugin:
Don't build the gcjwebplugin, even when configured with --enable-plugin
alpha-no-ev4-directive:
never emit .ev4 directive.
boehm-gc-getnprocs:
boehm-gc/pthread_support.c (GC_get_nprocs): Use sysconf as fallback.
note-gnu-stack:
Add .note.GNU-stack sections for gcc's crt files, libffi and boehm-gc
Taken from FC.
libgomp-omp_h-multilib:
Fix up omp.h for multilibs.
sparc-force-cpu:
On sparc default to ultrasparc (v9a) in 32bit mode
pr24619:
Proposed patch for PR mudflap/24619 (instrumentation of dlopen)
gccgo-version:
Omit the subminor number from the go libdir
pr47818:
Fix PR ada/47818: Pragma Assert is rejected with No_Implementation_Pragmas restriction.
pr49944:
apply proposed patch for PR ada/49444.
gcc-base-version:
Set base version to 4.8, introduce full version 4.8.x.
mudflapth-link:
Link libmudflapth.so with -lpthread
libmudflap-x32:
Fix libmudflap build failure for x32 multilibs
libgo-testsuite:
Only run the libgo testsuite for flags configured in RUNTESTFLAGS
gcc-target-include-asm:
Search \$(builddir)/sys-include for the asm header files
libgo-revert-timeout-exp:
arm-sanitizer:
Enable libsanitizer on ARM.
aarch64-libjava:
Build gcj for aarch64-linux-gnu
libgo-setcontext-config:
libgo: Overwrite the setcontext_clobbers_tls check on mips*
pr57211:
Fix PR c++/57211, don't warn about unused parameters of defaulted functions.
gcc-auto-build:
Fix cross building a native compiler.
kfreebsd-unwind:
gdc-updates:
gdc updates up to 20130611.
gdc-4.8:
This implements D language support in the GCC back end, and adds
relevant documentation about the GDC front end (code part).
gdc-versym-cpu:
Implements D CPU version conditions.
gdc-versym-os:
Implements D OS version conditions.
gdc-frontend-posix:
Fix build of the D frontend on the Hurd and KFreeBSD.
gdc-texinfo:
Add macros for the gdc texinfo documentation.
gdc-driver-nophobos:
Modify gdc driver to have no libphobos by default.
gcc-sysroot:
Allow building --with-sysroot=/
ada-kfreebsd:
Fix gnat build failure on kfreebsd.
arm-multilib-soft:
ARM hard/soft float multilib support
arm-multilib-defaults:
Set MULTILIB_DEFAULTS for ARM multilib builds
gcc-ice-hack:
Retry the build on an ice, save the calling options and preprocessed
source when the ice is reproducible.
gcc-ice-apport:
Report an ICE to apport (if apport is available
and the environment variable GCC_NOAPPORT is not set)
libjava-fixed-symlinks:
Remove unneed '..' elements from symlinks in JAVA_HOME
libstdc++-arm-wno-abi:
Temporary work around:
On arm-linux-gnueabi run the libstdc++v3 testsuite with -Wno-abi
ada-mips:
Improve support for mips.
libffi-ro-eh_frame_sect:
PR libffi/47248, force a read only eh frame section.
gcc-multiarch:
- Remaining multiarch patches, not yet submitted upstream.
- Add MULTIARCH_DIRNAME definitions for multilib configurations,
which are used for the non-multilib builds.
libjava-multiarch:
Install libjava libraries to multiarch location
libjava-nobiarch-check:
For biarch builds, disable the testsuite for the non-default architecture
for runtime libraries, which are not built by default (libjava).
config-ml:
- Disable some biarch libraries for biarch builds.
- Fix multilib builds on kernels which don't support all multilibs.
g++-multiarch-incdir:
Use /usr/include/<multiarch>/c++/4.x as the include directory
for host dependent c++ header files.
gcc-multilib-multiarch:
Don't auto-detect multilib osdirnames.
mips-fix-loongson2f-nop:
On mips, pass -mfix-loongson2f-nop to as, if -mno-fix-loongson2f-nop
is not passed.
libgomp-kfreebsd-testsuite:
Disable lock-2.c test on kfreebsd-*
Counting all warnings,
there are 0 warnings in stage3 of this bootstrap.
Number of warnings per file:
Number of warning types: