This is the mail archive of the
gcc-testresults@gcc.gnu.org
mailing list for the GCC project.
Results for 4.9.0 20130614 (experimental) [trunk revision 200089] (GCC) testsuite on sparcv9-sun-solaris2.11
- From: Rainer Orth <ro at CeBiTec dot Uni-Bielefeld dot DE>
- To: gcc-testresults at gcc dot gnu dot org
- Date: Mon, 17 Jun 2013 13:10:38 +0200 (MEST)
- Subject: Results for 4.9.0 20130614 (experimental) [trunk revision 200089] (GCC) testsuite on sparcv9-sun-solaris2.11
LAST_UPDATED: Fri Jun 14 15:46:08 UTC 2013 (revision 200089)
=== acats tests ===
=== acats Summary ===
# of expected passes 2320
# of unexpected failures 0
Native configuration is sparcv9-sun-solaris2.11
=== g++ tests ===
Running target unix
=== g++ Summary for unix ===
# of expected passes 51897
# of expected failures 296
# of unsupported tests 1031
Running target unix/-m32
=== g++ Summary for unix/-m32 ===
# of expected passes 50657
# of expected failures 296
# of unsupported tests 1041
=== g++ Summary ===
# of expected passes 102554
# of expected failures 592
# of unsupported tests 2072
/var/gcc/regression/trunk/11-gcc-64/build/gcc/testsuite/g++/../../xg++ version 4.9.0 20130614 (experimental) [trunk revision 200089] (GCC)
=== gcc tests ===
Running target unix
FAIL: c-c++-common/cilk-plus/AN/an-if.c -fcilkplus (internal compiler error)
FAIL: c-c++-common/cilk-plus/AN/an-if.c -fcilkplus (test for excess errors)
WARNING: c-c++-common/cilk-plus/AN/an-if.c -fcilkplus compilation failed to produce executable
FAIL: c-c++-common/cilk-plus/AN/an-if.c -O0 -fcilkplus (internal compiler error)
FAIL: c-c++-common/cilk-plus/AN/an-if.c -O0 -fcilkplus (test for excess errors)
WARNING: c-c++-common/cilk-plus/AN/an-if.c -O0 -fcilkplus compilation failed to produce executable
FAIL: c-c++-common/cilk-plus/AN/an-if.c -O1 -fcilkplus (internal compiler error)
FAIL: c-c++-common/cilk-plus/AN/an-if.c -O1 -fcilkplus (test for excess errors)
WARNING: c-c++-common/cilk-plus/AN/an-if.c -O1 -fcilkplus compilation failed to produce executable
FAIL: c-c++-common/cilk-plus/AN/an-if.c -O2 -ftree-vectorize -fcilkplus (internal compiler error)
FAIL: c-c++-common/cilk-plus/AN/an-if.c -O2 -ftree-vectorize -fcilkplus (test for excess errors)
WARNING: c-c++-common/cilk-plus/AN/an-if.c -O2 -ftree-vectorize -fcilkplus compilation failed to produce executable
FAIL: c-c++-common/cilk-plus/AN/an-if.c -O3 -fcilkplus (internal compiler error)
FAIL: c-c++-common/cilk-plus/AN/an-if.c -O3 -fcilkplus (test for excess errors)
WARNING: c-c++-common/cilk-plus/AN/an-if.c -O3 -fcilkplus compilation failed to produce executable
FAIL: c-c++-common/cilk-plus/AN/an-if.c -g -fcilkplus (internal compiler error)
FAIL: c-c++-common/cilk-plus/AN/an-if.c -g -fcilkplus (test for excess errors)
WARNING: c-c++-common/cilk-plus/AN/an-if.c -g -fcilkplus compilation failed to produce executable
FAIL: c-c++-common/cilk-plus/AN/an-if.c -g -O0 -fcilkplus (internal compiler error)
FAIL: c-c++-common/cilk-plus/AN/an-if.c -g -O0 -fcilkplus (test for excess errors)
WARNING: c-c++-common/cilk-plus/AN/an-if.c -g -O0 -fcilkplus compilation failed to produce executable
FAIL: c-c++-common/cilk-plus/AN/an-if.c -g -O1 -fcilkplus (internal compiler error)
FAIL: c-c++-common/cilk-plus/AN/an-if.c -g -O1 -fcilkplus (test for excess errors)
WARNING: c-c++-common/cilk-plus/AN/an-if.c -g -O1 -fcilkplus compilation failed to produce executable
FAIL: c-c++-common/cilk-plus/AN/an-if.c -g -O2 -ftree-vectorize -fcilkplus (internal compiler error)
FAIL: c-c++-common/cilk-plus/AN/an-if.c -g -O2 -ftree-vectorize -fcilkplus (test for excess errors)
WARNING: c-c++-common/cilk-plus/AN/an-if.c -g -O2 -ftree-vectorize -fcilkplus compilation failed to produce executable
FAIL: c-c++-common/cilk-plus/AN/an-if.c -g -O3 -fcilkplus (internal compiler error)
FAIL: c-c++-common/cilk-plus/AN/an-if.c -g -O3 -fcilkplus (test for excess errors)
WARNING: c-c++-common/cilk-plus/AN/an-if.c -g -O3 -fcilkplus compilation failed to produce executable
FAIL: c-c++-common/cilk-plus/AN/an-if.c -O3 -ftree-vectorize -fcilkplus -g (internal compiler error)
FAIL: c-c++-common/cilk-plus/AN/an-if.c -O3 -ftree-vectorize -fcilkplus -g (test for excess errors)
WARNING: c-c++-common/cilk-plus/AN/an-if.c -O3 -ftree-vectorize -fcilkplus -g compilation failed to produce executable
FAIL: c-c++-common/cilk-plus/AN/an-if.c -fcilkplus -std=c99 (internal compiler error)
FAIL: c-c++-common/cilk-plus/AN/an-if.c -fcilkplus -std=c99 (test for excess errors)
WARNING: c-c++-common/cilk-plus/AN/an-if.c -fcilkplus -std=c99 compilation failed to produce executable
FAIL: c-c++-common/cilk-plus/AN/an-if.c -fcilkplus -O0 -std=c99 (internal compiler error)
FAIL: c-c++-common/cilk-plus/AN/an-if.c -fcilkplus -O0 -std=c99 (test for excess errors)
WARNING: c-c++-common/cilk-plus/AN/an-if.c -fcilkplus -O0 -std=c99 compilation failed to produce executable
FAIL: c-c++-common/cilk-plus/AN/an-if.c -fcilkplus -O1 -std=c99 (internal compiler error)
FAIL: c-c++-common/cilk-plus/AN/an-if.c -fcilkplus -O1 -std=c99 (test for excess errors)
WARNING: c-c++-common/cilk-plus/AN/an-if.c -fcilkplus -O1 -std=c99 compilation failed to produce executable
FAIL: c-c++-common/cilk-plus/AN/an-if.c -fcilkplus -O2 -ftree-vectorize -std=c99 (internal compiler error)
FAIL: c-c++-common/cilk-plus/AN/an-if.c -fcilkplus -O2 -ftree-vectorize -std=c99 (test for excess errors)
WARNING: c-c++-common/cilk-plus/AN/an-if.c -fcilkplus -O2 -ftree-vectorize -std=c99 compilation failed to produce executable
FAIL: c-c++-common/cilk-plus/AN/an-if.c -fcilkplus -O3 -std=c99 (internal compiler error)
FAIL: c-c++-common/cilk-plus/AN/an-if.c -fcilkplus -O3 -std=c99 (test for excess errors)
WARNING: c-c++-common/cilk-plus/AN/an-if.c -fcilkplus -O3 -std=c99 compilation failed to produce executable
FAIL: c-c++-common/cilk-plus/AN/an-if.c -fcilkplus -g -std=c99 (internal compiler error)
FAIL: c-c++-common/cilk-plus/AN/an-if.c -fcilkplus -g -std=c99 (test for excess errors)
WARNING: c-c++-common/cilk-plus/AN/an-if.c -fcilkplus -g -std=c99 compilation failed to produce executable
FAIL: c-c++-common/cilk-plus/AN/an-if.c -fcilkplus -g -O0 -std=c99 (internal compiler error)
FAIL: c-c++-common/cilk-plus/AN/an-if.c -fcilkplus -g -O0 -std=c99 (test for excess errors)
WARNING: c-c++-common/cilk-plus/AN/an-if.c -fcilkplus -g -O0 -std=c99 compilation failed to produce executable
FAIL: c-c++-common/cilk-plus/AN/an-if.c -fcilkplus -g -O1 -std=c99 (internal compiler error)
FAIL: c-c++-common/cilk-plus/AN/an-if.c -fcilkplus -g -O1 -std=c99 (test for excess errors)
WARNING: c-c++-common/cilk-plus/AN/an-if.c -fcilkplus -g -O1 -std=c99 compilation failed to produce executable
FAIL: c-c++-common/cilk-plus/AN/an-if.c -fcilkplus -g -O2 -ftree-vectorize -std=c99 (internal compiler error)
FAIL: c-c++-common/cilk-plus/AN/an-if.c -fcilkplus -g -O2 -ftree-vectorize -std=c99 (test for excess errors)
WARNING: c-c++-common/cilk-plus/AN/an-if.c -fcilkplus -g -O2 -ftree-vectorize -std=c99 compilation failed to produce executable
FAIL: c-c++-common/cilk-plus/AN/an-if.c -fcilkplus -g -O3 -std=c99 (internal compiler error)
FAIL: c-c++-common/cilk-plus/AN/an-if.c -fcilkplus -g -O3 -std=c99 (test for excess errors)
WARNING: c-c++-common/cilk-plus/AN/an-if.c -fcilkplus -g -O3 -std=c99 compilation failed to produce executable
FAIL: c-c++-common/cilk-plus/AN/an-if.c -O3 -ftree-vectorize -std=c99 -g -fcilkplus (internal compiler error)
FAIL: c-c++-common/cilk-plus/AN/an-if.c -O3 -ftree-vectorize -std=c99 -g -fcilkplus (test for excess errors)
WARNING: c-c++-common/cilk-plus/AN/an-if.c -O3 -ftree-vectorize -std=c99 -g -fcilkplus compilation failed to produce executable
FAIL: gcc.dg/vect/bb-slp-32.c scan-tree-dump slp "vectorization is not profitable"
FAIL: gcc.dg/vect/bb-slp-32.c -flto scan-tree-dump slp "vectorization is not profitable"
=== gcc Summary for unix ===
# of expected passes 86931
# of unexpected failures 46
# of expected failures 304
# of unsupported tests 1650
Running target unix/-m32
FAIL: c-c++-common/cilk-plus/AN/an-if.c -fcilkplus (internal compiler error)
FAIL: c-c++-common/cilk-plus/AN/an-if.c -fcilkplus (test for excess errors)
WARNING: c-c++-common/cilk-plus/AN/an-if.c -fcilkplus compilation failed to produce executable
FAIL: c-c++-common/cilk-plus/AN/an-if.c -O0 -fcilkplus (internal compiler error)
FAIL: c-c++-common/cilk-plus/AN/an-if.c -O0 -fcilkplus (test for excess errors)
WARNING: c-c++-common/cilk-plus/AN/an-if.c -O0 -fcilkplus compilation failed to produce executable
FAIL: c-c++-common/cilk-plus/AN/an-if.c -O1 -fcilkplus (internal compiler error)
FAIL: c-c++-common/cilk-plus/AN/an-if.c -O1 -fcilkplus (test for excess errors)
WARNING: c-c++-common/cilk-plus/AN/an-if.c -O1 -fcilkplus compilation failed to produce executable
FAIL: c-c++-common/cilk-plus/AN/an-if.c -O2 -ftree-vectorize -fcilkplus (internal compiler error)
FAIL: c-c++-common/cilk-plus/AN/an-if.c -O2 -ftree-vectorize -fcilkplus (test for excess errors)
WARNING: c-c++-common/cilk-plus/AN/an-if.c -O2 -ftree-vectorize -fcilkplus compilation failed to produce executable
FAIL: c-c++-common/cilk-plus/AN/an-if.c -O3 -fcilkplus (internal compiler error)
FAIL: c-c++-common/cilk-plus/AN/an-if.c -O3 -fcilkplus (test for excess errors)
WARNING: c-c++-common/cilk-plus/AN/an-if.c -O3 -fcilkplus compilation failed to produce executable
FAIL: c-c++-common/cilk-plus/AN/an-if.c -g -fcilkplus (internal compiler error)
FAIL: c-c++-common/cilk-plus/AN/an-if.c -g -fcilkplus (test for excess errors)
WARNING: c-c++-common/cilk-plus/AN/an-if.c -g -fcilkplus compilation failed to produce executable
FAIL: c-c++-common/cilk-plus/AN/an-if.c -g -O0 -fcilkplus (internal compiler error)
FAIL: c-c++-common/cilk-plus/AN/an-if.c -g -O0 -fcilkplus (test for excess errors)
WARNING: c-c++-common/cilk-plus/AN/an-if.c -g -O0 -fcilkplus compilation failed to produce executable
FAIL: c-c++-common/cilk-plus/AN/an-if.c -g -O1 -fcilkplus (internal compiler error)
FAIL: c-c++-common/cilk-plus/AN/an-if.c -g -O1 -fcilkplus (test for excess errors)
WARNING: c-c++-common/cilk-plus/AN/an-if.c -g -O1 -fcilkplus compilation failed to produce executable
FAIL: c-c++-common/cilk-plus/AN/an-if.c -g -O2 -ftree-vectorize -fcilkplus (internal compiler error)
FAIL: c-c++-common/cilk-plus/AN/an-if.c -g -O2 -ftree-vectorize -fcilkplus (test for excess errors)
WARNING: c-c++-common/cilk-plus/AN/an-if.c -g -O2 -ftree-vectorize -fcilkplus compilation failed to produce executable
FAIL: c-c++-common/cilk-plus/AN/an-if.c -g -O3 -fcilkplus (internal compiler error)
FAIL: c-c++-common/cilk-plus/AN/an-if.c -g -O3 -fcilkplus (test for excess errors)
WARNING: c-c++-common/cilk-plus/AN/an-if.c -g -O3 -fcilkplus compilation failed to produce executable
FAIL: c-c++-common/cilk-plus/AN/an-if.c -O3 -ftree-vectorize -fcilkplus -g (internal compiler error)
FAIL: c-c++-common/cilk-plus/AN/an-if.c -O3 -ftree-vectorize -fcilkplus -g (test for excess errors)
WARNING: c-c++-common/cilk-plus/AN/an-if.c -O3 -ftree-vectorize -fcilkplus -g compilation failed to produce executable
FAIL: c-c++-common/cilk-plus/AN/an-if.c -fcilkplus -std=c99 (internal compiler error)
FAIL: c-c++-common/cilk-plus/AN/an-if.c -fcilkplus -std=c99 (test for excess errors)
WARNING: c-c++-common/cilk-plus/AN/an-if.c -fcilkplus -std=c99 compilation failed to produce executable
FAIL: c-c++-common/cilk-plus/AN/an-if.c -fcilkplus -O0 -std=c99 (internal compiler error)
FAIL: c-c++-common/cilk-plus/AN/an-if.c -fcilkplus -O0 -std=c99 (test for excess errors)
WARNING: c-c++-common/cilk-plus/AN/an-if.c -fcilkplus -O0 -std=c99 compilation failed to produce executable
FAIL: c-c++-common/cilk-plus/AN/an-if.c -fcilkplus -O1 -std=c99 (internal compiler error)
FAIL: c-c++-common/cilk-plus/AN/an-if.c -fcilkplus -O1 -std=c99 (test for excess errors)
WARNING: c-c++-common/cilk-plus/AN/an-if.c -fcilkplus -O1 -std=c99 compilation failed to produce executable
FAIL: c-c++-common/cilk-plus/AN/an-if.c -fcilkplus -O2 -ftree-vectorize -std=c99 (internal compiler error)
FAIL: c-c++-common/cilk-plus/AN/an-if.c -fcilkplus -O2 -ftree-vectorize -std=c99 (test for excess errors)
WARNING: c-c++-common/cilk-plus/AN/an-if.c -fcilkplus -O2 -ftree-vectorize -std=c99 compilation failed to produce executable
FAIL: c-c++-common/cilk-plus/AN/an-if.c -fcilkplus -O3 -std=c99 (internal compiler error)
FAIL: c-c++-common/cilk-plus/AN/an-if.c -fcilkplus -O3 -std=c99 (test for excess errors)
WARNING: c-c++-common/cilk-plus/AN/an-if.c -fcilkplus -O3 -std=c99 compilation failed to produce executable
FAIL: c-c++-common/cilk-plus/AN/an-if.c -fcilkplus -g -std=c99 (internal compiler error)
FAIL: c-c++-common/cilk-plus/AN/an-if.c -fcilkplus -g -std=c99 (test for excess errors)
WARNING: c-c++-common/cilk-plus/AN/an-if.c -fcilkplus -g -std=c99 compilation failed to produce executable
FAIL: c-c++-common/cilk-plus/AN/an-if.c -fcilkplus -g -O0 -std=c99 (internal compiler error)
FAIL: c-c++-common/cilk-plus/AN/an-if.c -fcilkplus -g -O0 -std=c99 (test for excess errors)
WARNING: c-c++-common/cilk-plus/AN/an-if.c -fcilkplus -g -O0 -std=c99 compilation failed to produce executable
FAIL: c-c++-common/cilk-plus/AN/an-if.c -fcilkplus -g -O1 -std=c99 (internal compiler error)
FAIL: c-c++-common/cilk-plus/AN/an-if.c -fcilkplus -g -O1 -std=c99 (test for excess errors)
WARNING: c-c++-common/cilk-plus/AN/an-if.c -fcilkplus -g -O1 -std=c99 compilation failed to produce executable
FAIL: c-c++-common/cilk-plus/AN/an-if.c -fcilkplus -g -O2 -ftree-vectorize -std=c99 (internal compiler error)
FAIL: c-c++-common/cilk-plus/AN/an-if.c -fcilkplus -g -O2 -ftree-vectorize -std=c99 (test for excess errors)
WARNING: c-c++-common/cilk-plus/AN/an-if.c -fcilkplus -g -O2 -ftree-vectorize -std=c99 compilation failed to produce executable
FAIL: c-c++-common/cilk-plus/AN/an-if.c -fcilkplus -g -O3 -std=c99 (internal compiler error)
FAIL: c-c++-common/cilk-plus/AN/an-if.c -fcilkplus -g -O3 -std=c99 (test for excess errors)
WARNING: c-c++-common/cilk-plus/AN/an-if.c -fcilkplus -g -O3 -std=c99 compilation failed to produce executable
FAIL: c-c++-common/cilk-plus/AN/an-if.c -O3 -ftree-vectorize -std=c99 -g -fcilkplus (internal compiler error)
FAIL: c-c++-common/cilk-plus/AN/an-if.c -O3 -ftree-vectorize -std=c99 -g -fcilkplus (test for excess errors)
WARNING: c-c++-common/cilk-plus/AN/an-if.c -O3 -ftree-vectorize -std=c99 -g -fcilkplus compilation failed to produce executable
FAIL: gcc.dg/simulate-thread/atomic-other-int.c -O2 -g thread simulation test
FAIL: gcc.dg/simulate-thread/atomic-other-int.c -O3 -g thread simulation test
FAIL: gcc.dg/simulate-thread/speculative-store-4.c -O0 -g thread simulation test
FAIL: gcc.dg/simulate-thread/speculative-store-4.c -O2 -g thread simulation test
FAIL: gcc.dg/simulate-thread/speculative-store-4.c -O3 -g thread simulation test
FAIL: gcc.dg/simulate-thread/speculative-store.c -O0 -g thread simulation test
FAIL: gcc.dg/vect/bb-slp-32.c scan-tree-dump slp "vectorization is not profitable"
FAIL: gcc.dg/vect/bb-slp-32.c -flto scan-tree-dump slp "vectorization is not profitable"
=== gcc Summary for unix/-m32 ===
# of expected passes 86143
# of unexpected failures 52
# of expected failures 315
# of unsupported tests 1717
=== gcc Summary ===
# of expected passes 173074
# of unexpected failures 98
# of expected failures 619
# of unsupported tests 3367
/var/gcc/regression/trunk/11-gcc-64/build/gcc/xgcc version 4.9.0 20130614 (experimental) [trunk revision 200089] (GCC)
=== gfortran tests ===
Running target unix
FAIL: gfortran.dg/lto/pr45586-2 f_lto_pr45586-2_0.o-f_lto_pr45586-2_0.o link, -O0 -flto -flto-partition=none (internal compiler error)
UNRESOLVED: gfortran.dg/lto/pr45586-2 f_lto_pr45586-2_0.o-f_lto_pr45586-2_0.o execute -O0 -flto -flto-partition=none
FAIL: gfortran.dg/lto/pr45586-2 f_lto_pr45586-2_0.o-f_lto_pr45586-2_0.o link, -O0 -flto -flto-partition=1to1 (internal compiler error)
UNRESOLVED: gfortran.dg/lto/pr45586-2 f_lto_pr45586-2_0.o-f_lto_pr45586-2_0.o execute -O0 -flto -flto-partition=1to1
FAIL: gfortran.dg/lto/pr45586-2 f_lto_pr45586-2_0.o-f_lto_pr45586-2_0.o link, -O0 -flto (internal compiler error)
UNRESOLVED: gfortran.dg/lto/pr45586-2 f_lto_pr45586-2_0.o-f_lto_pr45586-2_0.o execute -O0 -flto
FAIL: gfortran.dg/lto/pr45586 f_lto_pr45586_0.o-f_lto_pr45586_0.o link, -O0 -flto -flto-partition=none (internal compiler error)
UNRESOLVED: gfortran.dg/lto/pr45586 f_lto_pr45586_0.o-f_lto_pr45586_0.o execute -O0 -flto -flto-partition=none
FAIL: gfortran.dg/lto/pr45586 f_lto_pr45586_0.o-f_lto_pr45586_0.o link, -O0 -flto -flto-partition=1to1 (internal compiler error)
UNRESOLVED: gfortran.dg/lto/pr45586 f_lto_pr45586_0.o-f_lto_pr45586_0.o execute -O0 -flto -flto-partition=1to1
FAIL: gfortran.dg/lto/pr45586 f_lto_pr45586_0.o-f_lto_pr45586_0.o link, -O0 -flto (internal compiler error)
UNRESOLVED: gfortran.dg/lto/pr45586 f_lto_pr45586_0.o-f_lto_pr45586_0.o execute -O0 -flto
=== gfortran Summary for unix ===
# of expected passes 44437
# of unexpected failures 6
# of expected failures 40
# of unresolved testcases 6
# of unsupported tests 99
Running target unix/-m32
FAIL: gfortran.dg/lto/pr45586-2 f_lto_pr45586-2_0.o-f_lto_pr45586-2_0.o link, -O0 -flto -flto-partition=none (internal compiler error)
UNRESOLVED: gfortran.dg/lto/pr45586-2 f_lto_pr45586-2_0.o-f_lto_pr45586-2_0.o execute -O0 -flto -flto-partition=none
FAIL: gfortran.dg/lto/pr45586-2 f_lto_pr45586-2_0.o-f_lto_pr45586-2_0.o link, -O0 -flto -flto-partition=1to1 (internal compiler error)
UNRESOLVED: gfortran.dg/lto/pr45586-2 f_lto_pr45586-2_0.o-f_lto_pr45586-2_0.o execute -O0 -flto -flto-partition=1to1
FAIL: gfortran.dg/lto/pr45586-2 f_lto_pr45586-2_0.o-f_lto_pr45586-2_0.o link, -O0 -flto (internal compiler error)
UNRESOLVED: gfortran.dg/lto/pr45586-2 f_lto_pr45586-2_0.o-f_lto_pr45586-2_0.o execute -O0 -flto
FAIL: gfortran.dg/lto/pr45586 f_lto_pr45586_0.o-f_lto_pr45586_0.o link, -O0 -flto -flto-partition=none (internal compiler error)
UNRESOLVED: gfortran.dg/lto/pr45586 f_lto_pr45586_0.o-f_lto_pr45586_0.o execute -O0 -flto -flto-partition=none
FAIL: gfortran.dg/lto/pr45586 f_lto_pr45586_0.o-f_lto_pr45586_0.o link, -O0 -flto -flto-partition=1to1 (internal compiler error)
UNRESOLVED: gfortran.dg/lto/pr45586 f_lto_pr45586_0.o-f_lto_pr45586_0.o execute -O0 -flto -flto-partition=1to1
FAIL: gfortran.dg/lto/pr45586 f_lto_pr45586_0.o-f_lto_pr45586_0.o link, -O0 -flto (internal compiler error)
UNRESOLVED: gfortran.dg/lto/pr45586 f_lto_pr45586_0.o-f_lto_pr45586_0.o execute -O0 -flto
=== gfortran Summary for unix/-m32 ===
# of expected passes 44110
# of unexpected failures 6
# of expected failures 40
# of unresolved testcases 6
# of unsupported tests 260
=== gfortran Summary ===
# of expected passes 88547
# of unexpected failures 12
# of expected failures 80
# of unresolved testcases 12
# of unsupported tests 359
/var/gcc/regression/trunk/11-gcc-64/build/gcc/testsuite/gfortran/../../gfortran version 4.9.0 20130614 (experimental) [trunk revision 200089] (GCC)
=== gnat tests ===
Running target unix/-m32
=== gnat Summary for unix/-m32 ===
# of expected passes 1162
# of expected failures 18
# of unsupported tests 13
Running target unix
=== gnat Summary for unix ===
# of expected passes 1162
# of expected failures 18
# of unsupported tests 13
=== gnat Summary ===
# of expected passes 2324
# of expected failures 36
# of unsupported tests 26
/var/gcc/regression/trunk/11-gcc-64/build/gcc/gnatmake version 4.9.0 20130614 (experimental) [trunk revision 200089]
=== go tests ===
Running target unix
=== go Summary for unix ===
# of expected passes 4961
# of expected failures 1
# of untested testcases 6
Running target unix/-m32
=== go Summary for unix/-m32 ===
# of expected passes 5081
# of expected failures 1
# of untested testcases 6
=== go Summary ===
# of expected passes 10042
# of expected failures 2
# of untested testcases 12
/var/gcc/regression/trunk/11-gcc-64/build/gcc/testsuite/go/../../gccgo version 4.9.0 20130614 (experimental) [trunk revision 200089] (GCC)
=== obj-c++ tests ===
Running target unix/-m32
=== obj-c++ Summary for unix/-m32 ===
# of expected passes 1450
# of expected failures 2
# of unsupported tests 86
Running target unix
=== obj-c++ Summary for unix ===
# of expected passes 1442
# of expected failures 10
# of unsupported tests 86
=== obj-c++ Summary ===
# of expected passes 2892
# of expected failures 12
# of unsupported tests 172
/var/gcc/regression/trunk/11-gcc-64/build/gcc/testsuite/obj-c++/../../xg++ version 4.9.0 20130614 (experimental) [trunk revision 200089] (GCC)
=== objc tests ===
Running target unix
=== objc Summary for unix ===
# of expected passes 2994
# of unsupported tests 74
Running target unix/-m32
=== objc Summary for unix/-m32 ===
# of expected passes 2994
# of unsupported tests 74
=== objc Summary ===
# of expected passes 5988
# of unsupported tests 148
/var/gcc/regression/trunk/11-gcc-64/build/gcc/xgcc version 4.9.0 20130614 (experimental) [trunk revision 200089] (GCC)
=== boehm-gc tests ===
Running target unix/-m32
=== boehm-gc Summary for unix/-m32 ===
# of expected passes 12
# of unsupported tests 1
Running target unix
=== boehm-gc Summary for unix ===
# of expected passes 12
# of unsupported tests 1
=== boehm-gc Summary ===
# of expected passes 24
# of unsupported tests 2
=== libatomic tests ===
Running target unix/-m32
=== libatomic Summary for unix/-m32 ===
# of expected passes 34
# of unsupported tests 10
Running target unix
=== libatomic Summary for unix ===
# of expected passes 44
# of unsupported tests 5
=== libatomic Summary ===
# of expected passes 78
# of unsupported tests 15
=== libffi tests ===
Running target unix/-m32
=== libffi Summary for unix/-m32 ===
# of expected passes 1819
# of unsupported tests 55
Running target unix
=== libffi Summary for unix ===
# of expected passes 1819
# of unsupported tests 55
=== libffi Summary ===
# of expected passes 3638
# of unsupported tests 110
=== libgo tests ===
Running target unix
FAIL: exp/locale/collate/build
FAIL: exp/norm
=== libgo Summary for unix ===
# of expected passes 129
# of unexpected failures 2
Running target unix/-m32
FAIL: text/template
FAIL: testing/quick
=== libgo Summary for unix/-m32 ===
# of expected passes 129
# of unexpected failures 2
=== libgo Summary ===
# of expected passes 258
# of unexpected failures 4
/var/gcc/regression/trunk/11-gcc-64/build/./gcc/gccgo version 4.9.0 20130614 (experimental) [trunk revision 200089] (GCC)
=== libgomp tests ===
Running target unix/-m32
=== libgomp Summary for unix/-m32 ===
# of expected passes 2997
# of unsupported tests 3
Running target unix
=== libgomp Summary for unix ===
# of expected passes 2997
# of unsupported tests 3
=== libgomp Summary ===
# of expected passes 5994
# of unsupported tests 6
=== libitm tests ===
Running target unix/-m32
=== libitm Summary for unix/-m32 ===
# of expected passes 26
# of expected failures 3
# of unsupported tests 1
Running target unix
=== libitm Summary for unix ===
# of expected passes 26
# of expected failures 3
# of unsupported tests 1
=== libitm Summary ===
# of expected passes 52
# of expected failures 6
# of unsupported tests 2
=== libjava tests ===
Running target unix/-m32
FAIL: sourcelocation output - source compiled test
FAIL: sourcelocation -findirect-dispatch output - source compiled test
FAIL: sourcelocation -O3 output - source compiled test
FAIL: sourcelocation -O3 -findirect-dispatch output - source compiled test
=== libjava Summary for unix/-m32 ===
# of expected passes 2582
# of unexpected failures 4
Running target unix
FAIL: sourcelocation output - source compiled test
FAIL: sourcelocation -findirect-dispatch output - source compiled test
FAIL: sourcelocation -O3 output - source compiled test
FAIL: sourcelocation -O3 -findirect-dispatch output - source compiled test
=== libjava Summary for unix ===
# of expected passes 2582
# of unexpected failures 4
=== libjava Summary ===
# of expected passes 5164
# of unexpected failures 8
=== libmudflap tests ===
Running target unix/-m32
FAIL: libmudflap.c++/pass41-frag.cxx ( -O) execution test
FAIL: libmudflap.c++/pass41-frag.cxx (-O2) execution test
FAIL: libmudflap.c++/pass41-frag.cxx (-O3) execution test
=== libmudflap Summary for unix/-m32 ===
# of expected passes 1439
# of unexpected failures 3
Running target unix
FAIL: libmudflap.c++/pass41-frag.cxx ( -O) execution test
FAIL: libmudflap.c++/pass41-frag.cxx (-O2) execution test
FAIL: libmudflap.c++/pass41-frag.cxx (-O3) execution test
=== libmudflap Summary for unix ===
# of expected passes 1439
# of unexpected failures 3
=== libmudflap Summary ===
# of expected passes 2878
# of unexpected failures 6
=== libstdc++ tests ===
Running target unix
=== libstdc++ Summary for unix ===
# of expected passes 8433
# of expected failures 45
# of unsupported tests 586
Running target unix/-m32
=== libstdc++ Summary for unix/-m32 ===
# of expected passes 8433
# of expected failures 45
# of unsupported tests 586
=== libstdc++ Summary ===
# of expected passes 16866
# of expected failures 90
# of unsupported tests 1172
Compiler version: 4.9.0 20130614 (experimental) [trunk revision 200089] (GCC)
Platform: sparcv9-sun-solaris2.11
configure flags: --prefix=/vol/gcc --target=sparcv9-sun-solaris2.11 --enable-objc-gc --enable-libmudflap --with-gmp-include=/vol/gcc/include --with-gmp-lib=/vol/gcc/lib/sparcv9 --with-mpfr-include=/vol/gcc/include --with-mpfr-lib=/vol/gcc/lib/sparcv9 --with-mpc-include=/vol/gcc/include --with-mpc-lib=/vol/gcc/lib/sparcv9 --enable-languages=all,ada,obj-c++,go --without-isl --without-cloog --build=sparcv9-sun-solaris2.11 --host=sparcv9-sun-solaris2.11
BOOT_CFLAGS=-g -O2