This is the mail archive of the
gcc-testresults@gcc.gnu.org
mailing list for the GCC project.
Results for 4.8.2 20130614 (prerelease) (GCC) testsuite on arm-none-linux-gnueabi
- From: CodeSourcery Automatic Testing System <gcc at codesourcery dot com>
- To: <gcc-testresults at gcc dot gnu dot org>
- Date: Fri, 14 Jun 2013 21:59:54 -0700
- Subject: Results for 4.8.2 20130614 (prerelease) (GCC) testsuite on arm-none-linux-gnueabi
LAST_UPDATED: Fri Jun 14 19:56:30 UTC 2013 (/branches/gcc-4_8-branch revision 200083)
Target is arm-none-linux-gnueabi
Host is i686-pc-linux-gnu
=== g++ tests ===
Running target qemu-default
WARNING: program timed out.
WARNING: no shell prompt printed
ERROR: Could not run {cd /scratch/gcc/nightly-2013-06-14-4.8/arm-none-linux-gnueabi/obj/test-4.8-0-arm-none-linux-gnueabi/host-i686-pc-linux-gnu/default/g++.d} 136 256:
UNRESOLVED: g++.dg/bprob/g++-bprob-1.C execution, -g -fprofile-arcs
=== g++ Summary ===
# of expected passes 50127
# of expected failures 289
# of unresolved testcases 1
# of unsupported tests 935
/scratch/gcc/nightly-2013-06-14-4.8/arm-none-linux-gnueabi/obj/test-4.8-0-arm-none-linux-gnueabi/host-i686-pc-linux-gnu/fsf-4.8/bin/arm-none-linux-gnueabi-g++ version 4.8.2 20130614 (prerelease) (GCC)
=== Summary adjusted for local xfails ===
# of errors 1
# of expected passes 50127
# of expected failures 289
# of unresolved testcases 1
# of unsupported tests 935
Host is i686-pc-linux-gnu
=== gcc tests ===
Running target qemu-default
FAIL: gcc.dg/uninit-13.c unconditional (test for warnings, line 8)
FAIL: gcc.dg/uninit-13.c (test for excess errors)
FAIL: gcc.dg/tree-ssa/sra-12.c scan-tree-dump-times release_ssa "l;" 0
FAIL: gcc.target/arm/neon-vext-execute.c execution test
FAIL: gcc.target/arm/pr42172-1.c scan-assembler-times ldr 1
FAIL: gcc.target/arm/pr42575.c scan-assembler-not mov
=== gcc Summary ===
# of expected passes 88713
# of unexpected failures 6
# of expected failures 259
# of unsupported tests 1370
/scratch/gcc/nightly-2013-06-14-4.8/arm-none-linux-gnueabi/obj/test-4.8-0-arm-none-linux-gnueabi/host-i686-pc-linux-gnu/fsf-4.8/bin/arm-none-linux-gnueabi-gcc version 4.8.2 20130614 (prerelease) (GCC)
=== Summary adjusted for local xfails ===
# of unexpected failures 6
# of expected passes 88713
# of expected failures 259
# of unsupported tests 1370
Host is i686-pc-linux-gnu
=== gfortran tests ===
Running target qemu-default
FAIL: gfortran.dg/select_type_4.f90 -O2 execution test
FAIL: gfortran.dg/select_type_4.f90 -O3 -fomit-frame-pointer execution test
FAIL: gfortran.dg/select_type_4.f90 -O3 -fomit-frame-pointer -funroll-loops execution test
FAIL: gfortran.dg/select_type_4.f90 -O3 -fomit-frame-pointer -funroll-all-loops -finline-functions execution test
FAIL: gfortran.dg/select_type_4.f90 -O3 -g execution test
FAIL: gfortran.dg/zero_sized_1.f90 -O0 execution test
FAIL: gfortran.dg/vect/pr32380.f -O scan-tree-dump-times vect "vectorized 6 loops" 1
=== gfortran Summary ===
# of expected passes 42413
# of unexpected failures 7
# of expected failures 57
# of unsupported tests 391
/scratch/gcc/nightly-2013-06-14-4.8/arm-none-linux-gnueabi/obj/test-4.8-0-arm-none-linux-gnueabi/host-i686-pc-linux-gnu/fsf-4.8/bin/arm-none-linux-gnueabi-gfortran version 4.8.2 20130614 (prerelease) (GCC)
=== Summary adjusted for local xfails ===
# of unexpected failures 7
# of expected passes 42413
# of expected failures 57
# of unsupported tests 391
Host is i686-pc-linux-gnu
=== libstdc++ tests ===
Running target qemu-default
ERROR: tcl error sourcing /scratch/gcc/nightly-2013-06-14-4.8/src/gcc-4.8/libstdc++-v3/testsuite/libstdc++-abi/abi.exp.
ERROR: can't read "baseline_subdir_switch": no such variable
FAIL: 21_strings/basic_string/inserters_extractors/wchar_t/28277.cc execution test
FAIL: 27_io/basic_ostream/inserters_character/wchar_t/28277-3.cc execution test
FAIL: 27_io/basic_ostream/inserters_character/wchar_t/28277-4.cc execution test
FAIL: 29_atomics/atomic/operators/integral_assignment.cc execution test
FAIL: 29_atomics/atomic/operators/integral_conversion.cc execution test
FAIL: 29_atomics/atomic_integral/operators/integral_assignment.cc execution test
FAIL: 29_atomics/atomic_integral/operators/integral_conversion.cc execution test
FAIL: ext/vstring/inserters_extractors/wchar_t/28277.cc execution test
=== libstdc++ Summary ===
# of expected passes 8789
# of unexpected failures 8
# of expected failures 45
# of unsupported tests 343
=== Summary adjusted for local xfails ===
# of errors 2
# of unexpected failures 8
# of expected passes 8789
# of expected failures 45
# of unsupported tests 343
Host is i686-pc-linux-gnu
=== g++ tests ===
Running target qemu-default-thumb/-mthumb
FAIL: g++.dg/torture/covariant-1.C -O2 -flto -fno-use-linker-plugin -flto-partition=none execution test
FAIL: g++.dg/torture/covariant-1.C -O2 -flto -fuse-linker-plugin -fno-fat-lto-objects execution test
FAIL: g++.dg/torture/pr45699.C -O2 -flto -fuse-linker-plugin -fno-fat-lto-objects execution test
=== g++ Summary ===
# of expected passes 49985
# of unexpected failures 3
# of expected failures 289
# of unsupported tests 951
/scratch/gcc/nightly-2013-06-14-4.8/arm-none-linux-gnueabi/obj/test-4.8-0-arm-none-linux-gnueabi/host-i686-pc-linux-gnu/fsf-4.8/bin/arm-none-linux-gnueabi-g++ version 4.8.2 20130614 (prerelease) (GCC)
=== Summary adjusted for local xfails ===
# of unexpected failures 3
# of expected passes 49985
# of expected failures 289
# of unsupported tests 951
Host is i686-pc-linux-gnu
=== gcc tests ===
Running target qemu-default-thumb/-mthumb
FAIL: gcc.dg/uninit-13.c unconditional (test for warnings, line 8)
FAIL: gcc.dg/uninit-13.c (test for excess errors)
FAIL: gcc.dg/torture/tls/tls-reload-1.c -O1 -pie -fpie execution test
FAIL: gcc.dg/torture/tls/tls-reload-1.c -O2 -pie -fpie execution test
FAIL: gcc.dg/torture/tls/tls-reload-1.c -O3 -fomit-frame-pointer -pie -fpie execution test
FAIL: gcc.dg/torture/tls/tls-reload-1.c -O3 -g -pie -fpie execution test
FAIL: gcc.dg/torture/tls/tls-reload-1.c -Os -pie -fpie execution test
FAIL: gcc.dg/torture/tls/tls-reload-1.c -O1 -pie -fPIE execution test
FAIL: gcc.dg/torture/tls/tls-reload-1.c -O2 -pie -fPIE execution test
FAIL: gcc.dg/torture/tls/tls-reload-1.c -O3 -fomit-frame-pointer -pie -fPIE execution test
FAIL: gcc.dg/torture/tls/tls-reload-1.c -O3 -g -pie -fPIE execution test
FAIL: gcc.dg/torture/tls/tls-reload-1.c -Os -pie -fPIE execution test
FAIL: gcc.dg/tree-ssa/sra-12.c scan-tree-dump-times release_ssa "l;" 0
FAIL: gcc.target/arm/pr42172-1.c scan-assembler-times ldr 1
FAIL: gcc.target/arm/pr43137.c scan-assembler-not mov\\tr1, r[1-9]
FAIL: gcc.target/arm/volatile-bitfields-1.c scan-assembler ldrb[\\\\t ]+[^\\n]*,[\\\\t ]*\\\\[[^\\n]*\\\\]
=== gcc Summary ===
# of expected passes 81680
# of unexpected failures 16
# of expected failures 117
# of unsupported tests 3322
/scratch/gcc/nightly-2013-06-14-4.8/arm-none-linux-gnueabi/obj/test-4.8-0-arm-none-linux-gnueabi/host-i686-pc-linux-gnu/fsf-4.8/bin/arm-none-linux-gnueabi-gcc version 4.8.2 20130614 (prerelease) (GCC)
=== Summary adjusted for local xfails ===
# of unexpected failures 16
# of expected passes 81680
# of expected failures 117
# of unsupported tests 3322
Host is i686-pc-linux-gnu
=== gfortran tests ===
Running target qemu-default-thumb/-mthumb
=== gfortran Summary ===
# of expected passes 42370
# of expected failures 56
# of unsupported tests 380
/scratch/gcc/nightly-2013-06-14-4.8/arm-none-linux-gnueabi/obj/test-4.8-0-arm-none-linux-gnueabi/host-i686-pc-linux-gnu/fsf-4.8/bin/arm-none-linux-gnueabi-gfortran version 4.8.2 20130614 (prerelease) (GCC)
=== Summary adjusted for local xfails ===
# of expected passes 42370
# of expected failures 56
# of unsupported tests 380
Host is i686-pc-linux-gnu
=== libstdc++ tests ===
Running target qemu-default-thumb/-mthumb
ERROR: tcl error sourcing /scratch/gcc/nightly-2013-06-14-4.8/src/gcc-4.8/libstdc++-v3/testsuite/libstdc++-abi/abi.exp.
ERROR: can't read "baseline_subdir_switch": no such variable
FAIL: 21_strings/basic_string/inserters_extractors/wchar_t/28277.cc execution test
FAIL: 27_io/basic_ostream/inserters_character/wchar_t/28277-3.cc execution test
FAIL: 27_io/basic_ostream/inserters_character/wchar_t/28277-4.cc execution test
FAIL: 29_atomics/atomic/operators/integral_assignment.cc execution test
FAIL: 29_atomics/atomic/operators/integral_conversion.cc execution test
FAIL: 29_atomics/atomic_integral/operators/integral_assignment.cc execution test
FAIL: 29_atomics/atomic_integral/operators/integral_conversion.cc execution test
FAIL: ext/vstring/inserters_extractors/wchar_t/28277.cc execution test
=== libstdc++ Summary ===
# of expected passes 8789
# of unexpected failures 8
# of expected failures 45
# of unsupported tests 343
=== Summary adjusted for local xfails ===
# of errors 2
# of unexpected failures 8
# of expected passes 8789
# of expected failures 45
# of unsupported tests 343
Compiler version: 4.8.2 20130614 (prerelease) (GCC)
Platform: arm-none-linux-gnueabi
configure flags: --build=i686-pc-linux-gnu --host=i686-pc-linux-gnu --target=arm-none-linux-gnueabi --enable-threads --disable-libmudflap --disable-libssp --disable-libstdcxx-pch --with-gnu-as --with-gnu-ld --enable-languages=c,c++,fortran --enable-shared --enable-lto --enable-symvers=gnu --enable-__cxa_atexit --disable-nls --prefix=/scratch/gcc/nightly-2013-06-14-4.8/arm-none-linux-gnueabi/install --with-sysroot=/scratch/gcc/nightly-2013-06-14-4.8/arm-none-linux-gnueabi/install/arm-none-linux-gnueabi/libc --with-gmp=/scratch/gcc/nightly-2013-06-14-4.8/arm-none-linux-gnueabi/obj/pkg-4.8-0-arm-none-linux-gnueabi/fsf-4.8-0-arm-none-linux-gnueabi.extras/host-libs-i686-pc-linux-gnu/usr --with-mpfr=/scratch/gcc/nightly-2013-06-14-4.8/arm-none-linux-gnueabi/obj/pkg-4.8-0-arm-none-linux-gnueabi/fsf-4.8-0-arm-none-linux-gnueabi.extras/host-libs-i686-pc-linux-gnu/usr --with-mpc=/scratch/gcc/nightly-2013-06-14-4.8/arm-none-linux-gnueabi/obj/pkg-4.8-0-arm-none-linux-gnueabi/fsf-4.8-0-ar
m-none-linux-gnueabi.extras/host-libs-i686-pc-linux-gnu/usr --with-host-libstdcxx='-static-libgcc -Wl,-Bstatic,-lstdc++,-Bdynamic -lm' --with-isl=/scratch/gcc/nightly-2013-06-14-4.8/arm-none-linux-gnueabi/obj/pkg-4.8-0-arm-none-linux-gnueabi/fsf-4.8-0-arm-none-linux-gnueabi.extras/host-libs-i686-pc-linux-gnu/usr --with-cloog=/scratch/gcc/nightly-2013-06-14-4.8/arm-none-linux-gnueabi/obj/pkg-4.8-0-arm-none-linux-gnueabi/fsf-4.8-0-arm-none-linux-gnueabi.extras/host-libs-i686-pc-linux-gnu/usr --with-libelf=/scratch/gcc/nightly-2013-06-14-4.8/arm-none-linux-gnueabi/obj/pkg-4.8-0-arm-none-linux-gnueabi/fsf-4.8-0-arm-none-linux-gnueabi.extras/host-libs-i686-pc-linux-gnu/usr --disable-libgomp --disable-libitm --enable-poison-system-directories --with-build-time-tools=/scratch/gcc/nightly-2013-06-14-4.8/arm-none-linux-gnueabi/install/arm-none-linux-gnueabi/bin --with-build-time-tools=/scratch/gcc/nightly-2013-06-14-4.8/arm-none-linux-gnueabi/install/arm-none-linux-gnueabi/bin SED=se
d