This is the mail archive of the gcc-testresults@gcc.gnu.org mailing list for the GCC project.


Index Nav: [Date Index] [Subject Index] [Author Index] [Thread Index]
Message Nav: [Date Prev] [Date Next] [Thread Prev] [Thread Next]
Other format: [Raw text]

Results for 4.8.1 (GCC) testsuite on powerpc64-unknown-linux-gnu


Linux 2.6.16.60-0.83.2-ppc64 ppc64
GNU C Library stable release version 2.4 (20110922)
GNU ld (GNU Binutils) 2.21.1
GNU assembler (GNU Binutils) 2.21.1
GNU Make 3.80

DejaGnu:
	Expect version is	5.43.0
	Tcl version is		8.4
	Framework version is	1.4.4

32-bit biarch default32

LAST_UPDATED: Fri May 31 09:51:05 UTC 2013 (revision 199528)

Native configuration is powerpc64-unknown-linux-gnu

		=== gcc tests ===


Running target unix/-m32
FAIL: c-c++-common/asan/null-deref-1.c  -O0  output pattern test, is ASAN:SIGSEGV
FAIL: c-c++-common/asan/null-deref-1.c  -O1  output pattern test, is ASAN:SIGSEGV
FAIL: c-c++-common/asan/null-deref-1.c  -O2  output pattern test, is ASAN:SIGSEGV
FAIL: c-c++-common/asan/null-deref-1.c  -O3 -fomit-frame-pointer  output pattern test, is ASAN:SIGSEGV
FAIL: c-c++-common/asan/null-deref-1.c  -O3 -g  output pattern test, is ASAN:SIGSEGV
FAIL: c-c++-common/asan/null-deref-1.c  -Os  output pattern test, is ASAN:SIGSEGV
FAIL: c-c++-common/asan/null-deref-1.c  -O2 -flto -fno-use-linker-plugin -flto-partition=none  output pattern test, is ASAN:SIGSEGV
FAIL: c-c++-common/asan/null-deref-1.c  -O2 -flto -fuse-linker-plugin -fno-fat-lto-objects  output pattern test, is ASAN:SIGSEGV
FAIL: c-c++-common/asan/sleep-before-dying-1.c  -O2  output pattern test, is =================================================================
FAIL: c-c++-common/asan/sleep-before-dying-1.c  -O2 -flto -fno-use-linker-plugin -flto-partition=none  output pattern test, is =================================================================
FAIL: c-c++-common/asan/sleep-before-dying-1.c  -O2 -flto -fuse-linker-plugin -fno-fat-lto-objects  output pattern test, is =================================================================
FAIL: c-c++-common/asan/strip-path-prefix-1.c  -O2  output pattern test, is =================================================================
FAIL: c-c++-common/asan/strip-path-prefix-1.c  -O2 -flto -fno-use-linker-plugin -flto-partition=none  output pattern test, is =================================================================
FAIL: c-c++-common/asan/strip-path-prefix-1.c  -O2 -flto -fuse-linker-plugin -fno-fat-lto-objects  output pattern test, is =================================================================
FAIL: gcc.dg/and-1.c scan-assembler-not nand
FAIL: gcc.dg/cproj-fails-with-broken-glibc.c execution test
FAIL: gcc.dg/tree-ssa/sra-12.c scan-tree-dump-times release_ssa "l;" 0
FAIL: gcc.dg/tree-ssa/ssa-dom-thread-4.c scan-tree-dump-times dom1 "Threaded" 3
FAIL: gcc.dg/tree-ssa/vrp47.c scan-tree-dump-times vrp1 "[xy][^ ]* !=" 0
FAIL: gcc.dg/tree-ssa/vrp47.c scan-tree-dump-times dom2 "x[^ ]* & y" 1
FAIL: gcc.target/powerpc/405-dlmzb-strlen-1.c scan-assembler dlmzb\\\\. 
FAIL: gcc.target/powerpc/440-dlmzb-strlen-1.c scan-assembler dlmzb\\\\. 
FAIL: gcc.target/powerpc/ppc-vector-memcpy.c scan-assembler lvx

		=== gcc Summary for unix/-m32 ===

# of expected passes		86274
# of unexpected failures	23
# of expected failures		227
# of unsupported tests		1404

Running target unix/-m64
FAIL: c-c++-common/asan/heap-overflow-1.c  -O0  output pattern test, is =================================================================
FAIL: c-c++-common/asan/heap-overflow-1.c  -O1  output pattern test, is =================================================================
FAIL: c-c++-common/asan/heap-overflow-1.c  -O2  output pattern test, is =================================================================
FAIL: c-c++-common/asan/heap-overflow-1.c  -O3 -fomit-frame-pointer  output pattern test, is =================================================================
FAIL: c-c++-common/asan/heap-overflow-1.c  -O3 -g  output pattern test, is =================================================================
FAIL: c-c++-common/asan/heap-overflow-1.c  -Os  output pattern test, is =================================================================
FAIL: c-c++-common/asan/heap-overflow-1.c  -O2 -flto -fno-use-linker-plugin -flto-partition=none  output pattern test, is =================================================================
FAIL: c-c++-common/asan/heap-overflow-1.c  -O2 -flto -fuse-linker-plugin -fno-fat-lto-objects  output pattern test, is =================================================================
FAIL: c-c++-common/asan/memcmp-1.c  -O0  output pattern test, is =================================================================
FAIL: c-c++-common/asan/memcmp-1.c  -O1  output pattern test, is =================================================================
FAIL: c-c++-common/asan/memcmp-1.c  -O2  output pattern test, is =================================================================
FAIL: c-c++-common/asan/memcmp-1.c  -O3 -fomit-frame-pointer  output pattern test, is =================================================================
FAIL: c-c++-common/asan/memcmp-1.c  -O3 -g  output pattern test, is =================================================================
FAIL: c-c++-common/asan/memcmp-1.c  -Os  output pattern test, is =================================================================
FAIL: c-c++-common/asan/memcmp-1.c  -O2 -flto -fno-use-linker-plugin -flto-partition=none  output pattern test, is =================================================================
FAIL: c-c++-common/asan/memcmp-1.c  -O2 -flto -fuse-linker-plugin -fno-fat-lto-objects  output pattern test, is =================================================================
FAIL: c-c++-common/asan/null-deref-1.c  -O0  output pattern test, is ASAN:SIGSEGV
FAIL: c-c++-common/asan/null-deref-1.c  -O1  output pattern test, is ASAN:SIGSEGV
FAIL: c-c++-common/asan/null-deref-1.c  -O2  output pattern test, is ASAN:SIGSEGV
FAIL: c-c++-common/asan/null-deref-1.c  -O3 -fomit-frame-pointer  output pattern test, is ASAN:SIGSEGV
FAIL: c-c++-common/asan/null-deref-1.c  -O3 -g  output pattern test, is ASAN:SIGSEGV
FAIL: c-c++-common/asan/null-deref-1.c  -Os  output pattern test, is ASAN:SIGSEGV
FAIL: c-c++-common/asan/null-deref-1.c  -O2 -flto -fno-use-linker-plugin -flto-partition=none  output pattern test, is ASAN:SIGSEGV
FAIL: c-c++-common/asan/null-deref-1.c  -O2 -flto -fuse-linker-plugin -fno-fat-lto-objects  output pattern test, is ASAN:SIGSEGV
FAIL: c-c++-common/asan/sanity-check-pure-c-1.c  -O0  output pattern test, is =================================================================
FAIL: c-c++-common/asan/sanity-check-pure-c-1.c  -O1  output pattern test, is =================================================================
FAIL: c-c++-common/asan/sanity-check-pure-c-1.c  -O2  output pattern test, is =================================================================
FAIL: c-c++-common/asan/sanity-check-pure-c-1.c  -O3 -fomit-frame-pointer  output pattern test, is =================================================================
FAIL: c-c++-common/asan/sanity-check-pure-c-1.c  -O3 -g  output pattern test, is =================================================================
FAIL: c-c++-common/asan/sanity-check-pure-c-1.c  -Os  output pattern test, is =================================================================
FAIL: c-c++-common/asan/sanity-check-pure-c-1.c  -O2 -flto -fno-use-linker-plugin -flto-partition=none  output pattern test, is =================================================================
FAIL: c-c++-common/asan/sanity-check-pure-c-1.c  -O2 -flto -fuse-linker-plugin -fno-fat-lto-objects  output pattern test, is =================================================================
FAIL: c-c++-common/asan/sleep-before-dying-1.c  -O2  output pattern test, is =================================================================
FAIL: c-c++-common/asan/sleep-before-dying-1.c  -O2 -flto -fno-use-linker-plugin -flto-partition=none  output pattern test, is =================================================================
FAIL: c-c++-common/asan/sleep-before-dying-1.c  -O2 -flto -fuse-linker-plugin -fno-fat-lto-objects  output pattern test, is =================================================================
FAIL: c-c++-common/asan/strip-path-prefix-1.c  -O2  output pattern test, is =================================================================
FAIL: c-c++-common/asan/strip-path-prefix-1.c  -O2 -flto -fno-use-linker-plugin -flto-partition=none  output pattern test, is =================================================================
FAIL: c-c++-common/asan/strip-path-prefix-1.c  -O2 -flto -fuse-linker-plugin -fno-fat-lto-objects  output pattern test, is =================================================================
FAIL: c-c++-common/asan/strncpy-overflow-1.c  -O0  output pattern test, is =================================================================
FAIL: c-c++-common/asan/strncpy-overflow-1.c  -O1  output pattern test, is =================================================================
FAIL: c-c++-common/asan/strncpy-overflow-1.c  -O2  output pattern test, is =================================================================
FAIL: c-c++-common/asan/strncpy-overflow-1.c  -O3 -fomit-frame-pointer  output pattern test, is =================================================================
FAIL: c-c++-common/asan/strncpy-overflow-1.c  -O3 -g  output pattern test, is =================================================================
FAIL: c-c++-common/asan/strncpy-overflow-1.c  -Os  output pattern test, is =================================================================
FAIL: c-c++-common/asan/strncpy-overflow-1.c  -O2 -flto -fno-use-linker-plugin -flto-partition=none  output pattern test, is =================================================================
FAIL: c-c++-common/asan/strncpy-overflow-1.c  -O2 -flto -fuse-linker-plugin -fno-fat-lto-objects  output pattern test, is =================================================================
FAIL: c-c++-common/asan/use-after-free-1.c  -O0  output pattern test, is =================================================================
FAIL: c-c++-common/asan/use-after-free-1.c  -O1  output pattern test, is =================================================================
FAIL: c-c++-common/asan/use-after-free-1.c  -O2  output pattern test, is =================================================================
FAIL: c-c++-common/asan/use-after-free-1.c  -O3 -fomit-frame-pointer  output pattern test, is =================================================================
FAIL: c-c++-common/asan/use-after-free-1.c  -O3 -g  output pattern test, is =================================================================
FAIL: c-c++-common/asan/use-after-free-1.c  -Os  output pattern test, is =================================================================
FAIL: c-c++-common/asan/use-after-free-1.c  -O2 -flto -fno-use-linker-plugin -flto-partition=none  output pattern test, is =================================================================
FAIL: c-c++-common/asan/use-after-free-1.c  -O2 -flto -fuse-linker-plugin -fno-fat-lto-objects  output pattern test, is =================================================================
FAIL: gcc.dg/and-1.c scan-assembler-not nand
FAIL: gcc.dg/cproj-fails-with-broken-glibc.c execution test
FAIL: gcc.dg/pr44194-1.c scan-rtl-dump dse1 "global deletions = (2|3)"
FAIL: gcc.dg/tree-ssa/ssa-dom-thread-4.c scan-tree-dump-times dom1 "Threaded" 3
FAIL: gcc.dg/tree-ssa/vrp47.c scan-tree-dump-times vrp1 "[xy][^ ]* !=" 0
FAIL: gcc.dg/tree-ssa/vrp47.c scan-tree-dump-times dom2 "x[^ ]* & y" 1
FAIL: gcc.target/powerpc/ppc-vector-memcpy.c scan-assembler lvx

		=== gcc Summary for unix/-m64 ===

# of expected passes		86904
# of unexpected failures	61
# of expected failures		240
# of unsupported tests		1441

		=== gcc Summary ===

# of expected passes		173178
# of unexpected failures	84
# of expected failures		467
# of unsupported tests		2845
/home/gccbuild/build/nightly/build-gcc-4.8/gcc/xgcc  version 4.8.1 (GCC) 

		=== gfortran tests ===


Running target unix/-m32
XPASS: gfortran.dg/default_format_denormal_2.f90  -O0  execution test
XPASS: gfortran.dg/default_format_denormal_2.f90  -O1  execution test
XPASS: gfortran.dg/default_format_denormal_2.f90  -O2  execution test
XPASS: gfortran.dg/default_format_denormal_2.f90  -O3 -fomit-frame-pointer  execution test
XPASS: gfortran.dg/default_format_denormal_2.f90  -O3 -fomit-frame-pointer -funroll-loops  execution test
XPASS: gfortran.dg/default_format_denormal_2.f90  -O3 -fomit-frame-pointer -funroll-all-loops -finline-functions  execution test
XPASS: gfortran.dg/default_format_denormal_2.f90  -O3 -g  execution test
XPASS: gfortran.dg/default_format_denormal_2.f90  -Os  execution test
FAIL: gfortran.dg/lto/pr45586-2 f_lto_pr45586-2_0.o-f_lto_pr45586-2_0.o link, -O0 -flto -flto-partition=none -fuse-linker-plugin (internal compiler error)
UNRESOLVED: gfortran.dg/lto/pr45586-2 f_lto_pr45586-2_0.o-f_lto_pr45586-2_0.o execute -O0 -flto -flto-partition=none -fuse-linker-plugin
FAIL: gfortran.dg/lto/pr45586-2 f_lto_pr45586-2_0.o-f_lto_pr45586-2_0.o link, -O0 -flto -flto-partition=1to1 -fno-use-linker-plugin  (internal compiler error)
UNRESOLVED: gfortran.dg/lto/pr45586-2 f_lto_pr45586-2_0.o-f_lto_pr45586-2_0.o execute -O0 -flto -flto-partition=1to1 -fno-use-linker-plugin 
FAIL: gfortran.dg/lto/pr45586-2 f_lto_pr45586-2_0.o-f_lto_pr45586-2_0.o link, -O0 -flto -fuse-linker-plugin -fno-fat-lto-objects  (internal compiler error)
UNRESOLVED: gfortran.dg/lto/pr45586-2 f_lto_pr45586-2_0.o-f_lto_pr45586-2_0.o execute -O0 -flto -fuse-linker-plugin -fno-fat-lto-objects 
FAIL: gfortran.dg/lto/pr45586 f_lto_pr45586_0.o-f_lto_pr45586_0.o link, -O0 -flto -flto-partition=none -fuse-linker-plugin (internal compiler error)
UNRESOLVED: gfortran.dg/lto/pr45586 f_lto_pr45586_0.o-f_lto_pr45586_0.o execute -O0 -flto -flto-partition=none -fuse-linker-plugin
FAIL: gfortran.dg/lto/pr45586 f_lto_pr45586_0.o-f_lto_pr45586_0.o link, -O0 -flto -flto-partition=1to1 -fno-use-linker-plugin  (internal compiler error)
UNRESOLVED: gfortran.dg/lto/pr45586 f_lto_pr45586_0.o-f_lto_pr45586_0.o execute -O0 -flto -flto-partition=1to1 -fno-use-linker-plugin 
FAIL: gfortran.dg/lto/pr45586 f_lto_pr45586_0.o-f_lto_pr45586_0.o link, -O0 -flto -fuse-linker-plugin -fno-fat-lto-objects  (internal compiler error)
UNRESOLVED: gfortran.dg/lto/pr45586 f_lto_pr45586_0.o-f_lto_pr45586_0.o execute -O0 -flto -fuse-linker-plugin -fno-fat-lto-objects 

		=== gfortran Summary for unix/-m32 ===

# of expected passes		42603
# of unexpected failures	6
# of unexpected successes	8
# of expected failures		60
# of unresolved testcases	6
# of unsupported tests		244

Running target unix/-m64
XPASS: gfortran.dg/default_format_denormal_2.f90  -O0  execution test
XPASS: gfortran.dg/default_format_denormal_2.f90  -O1  execution test
XPASS: gfortran.dg/default_format_denormal_2.f90  -O2  execution test
XPASS: gfortran.dg/default_format_denormal_2.f90  -O3 -fomit-frame-pointer  execution test
XPASS: gfortran.dg/default_format_denormal_2.f90  -O3 -fomit-frame-pointer -funroll-loops  execution test
XPASS: gfortran.dg/default_format_denormal_2.f90  -O3 -fomit-frame-pointer -funroll-all-loops -finline-functions  execution test
XPASS: gfortran.dg/default_format_denormal_2.f90  -O3 -g  execution test
XPASS: gfortran.dg/default_format_denormal_2.f90  -Os  execution test
FAIL: gfortran.dg/lto/pr45586-2 f_lto_pr45586-2_0.o-f_lto_pr45586-2_0.o link, -O0 -flto -flto-partition=none -fuse-linker-plugin (internal compiler error)
UNRESOLVED: gfortran.dg/lto/pr45586-2 f_lto_pr45586-2_0.o-f_lto_pr45586-2_0.o execute -O0 -flto -flto-partition=none -fuse-linker-plugin
FAIL: gfortran.dg/lto/pr45586-2 f_lto_pr45586-2_0.o-f_lto_pr45586-2_0.o link, -O0 -flto -flto-partition=1to1 -fno-use-linker-plugin  (internal compiler error)
UNRESOLVED: gfortran.dg/lto/pr45586-2 f_lto_pr45586-2_0.o-f_lto_pr45586-2_0.o execute -O0 -flto -flto-partition=1to1 -fno-use-linker-plugin 
FAIL: gfortran.dg/lto/pr45586-2 f_lto_pr45586-2_0.o-f_lto_pr45586-2_0.o link, -O0 -flto -fuse-linker-plugin -fno-fat-lto-objects  (internal compiler error)
UNRESOLVED: gfortran.dg/lto/pr45586-2 f_lto_pr45586-2_0.o-f_lto_pr45586-2_0.o execute -O0 -flto -fuse-linker-plugin -fno-fat-lto-objects 
FAIL: gfortran.dg/lto/pr45586 f_lto_pr45586_0.o-f_lto_pr45586_0.o link, -O0 -flto -flto-partition=none -fuse-linker-plugin (internal compiler error)
UNRESOLVED: gfortran.dg/lto/pr45586 f_lto_pr45586_0.o-f_lto_pr45586_0.o execute -O0 -flto -flto-partition=none -fuse-linker-plugin
FAIL: gfortran.dg/lto/pr45586 f_lto_pr45586_0.o-f_lto_pr45586_0.o link, -O0 -flto -flto-partition=1to1 -fno-use-linker-plugin  (internal compiler error)
UNRESOLVED: gfortran.dg/lto/pr45586 f_lto_pr45586_0.o-f_lto_pr45586_0.o execute -O0 -flto -flto-partition=1to1 -fno-use-linker-plugin 
FAIL: gfortran.dg/lto/pr45586 f_lto_pr45586_0.o-f_lto_pr45586_0.o link, -O0 -flto -fuse-linker-plugin -fno-fat-lto-objects  (internal compiler error)
UNRESOLVED: gfortran.dg/lto/pr45586 f_lto_pr45586_0.o-f_lto_pr45586_0.o execute -O0 -flto -fuse-linker-plugin -fno-fat-lto-objects 

		=== gfortran Summary for unix/-m64 ===

# of expected passes		42930
# of unexpected failures	6
# of unexpected successes	8
# of expected failures		60
# of unresolved testcases	6
# of unsupported tests		83

		=== gfortran Summary ===

# of expected passes		85533
# of unexpected failures	12
# of unexpected successes	16
# of expected failures		120
# of unresolved testcases	12
# of unsupported tests		327
/home/gccbuild/build/nightly/build-gcc-4.8/gcc/testsuite/gfortran/../../gfortran  version 4.8.1 (GCC) 

		=== g++ tests ===


Running target unix/-m32
FAIL: c-c++-common/asan/null-deref-1.c  -O0  output pattern test, is ASAN:SIGSEGV
FAIL: c-c++-common/asan/null-deref-1.c  -O1  output pattern test, is ASAN:SIGSEGV
FAIL: c-c++-common/asan/null-deref-1.c  -O2  output pattern test, is ASAN:SIGSEGV
FAIL: c-c++-common/asan/null-deref-1.c  -O3 -fomit-frame-pointer  output pattern test, is ASAN:SIGSEGV
FAIL: c-c++-common/asan/null-deref-1.c  -O3 -g  output pattern test, is ASAN:SIGSEGV
FAIL: c-c++-common/asan/null-deref-1.c  -Os  output pattern test, is ASAN:SIGSEGV
FAIL: c-c++-common/asan/null-deref-1.c  -O2 -flto -fno-use-linker-plugin -flto-partition=none  output pattern test, is ASAN:SIGSEGV
FAIL: c-c++-common/asan/null-deref-1.c  -O2 -flto -fuse-linker-plugin -fno-fat-lto-objects  output pattern test, is ASAN:SIGSEGV
FAIL: c-c++-common/asan/sleep-before-dying-1.c  -O2  output pattern test, is =================================================================
FAIL: c-c++-common/asan/sleep-before-dying-1.c  -O2 -flto -fno-use-linker-plugin -flto-partition=none  output pattern test, is =================================================================
FAIL: c-c++-common/asan/sleep-before-dying-1.c  -O2 -flto -fuse-linker-plugin -fno-fat-lto-objects  output pattern test, is =================================================================
FAIL: c-c++-common/asan/strip-path-prefix-1.c  -O2  output pattern test, is =================================================================
FAIL: c-c++-common/asan/strip-path-prefix-1.c  -O2 -flto -fno-use-linker-plugin -flto-partition=none  output pattern test, is =================================================================
FAIL: c-c++-common/asan/strip-path-prefix-1.c  -O2 -flto -fuse-linker-plugin -fno-fat-lto-objects  output pattern test, is =================================================================
FAIL: g++.dg/asan/deep-stack-uaf-1.C  -O0  output pattern test, is =================================================================
FAIL: g++.dg/asan/deep-stack-uaf-1.C  -O1  output pattern test, is =================================================================
FAIL: g++.dg/asan/deep-stack-uaf-1.C  -O2  output pattern test, is =================================================================
FAIL: g++.dg/asan/deep-stack-uaf-1.C  -O3 -fomit-frame-pointer  output pattern test, is =================================================================
FAIL: g++.dg/asan/deep-stack-uaf-1.C  -O3 -g  output pattern test, is =================================================================
FAIL: g++.dg/asan/deep-stack-uaf-1.C  -Os  output pattern test, is =================================================================
FAIL: g++.dg/asan/deep-tail-call-1.C  -O0  output pattern test, is =================================================================
FAIL: g++.dg/asan/deep-tail-call-1.C  -O1  output pattern test, is =================================================================
FAIL: g++.dg/asan/deep-tail-call-1.C  -O2  output pattern test, is =================================================================
FAIL: g++.dg/asan/deep-tail-call-1.C  -O3 -fomit-frame-pointer  output pattern test, is =================================================================
FAIL: g++.dg/asan/deep-tail-call-1.C  -O3 -g  output pattern test, is =================================================================
FAIL: g++.dg/asan/deep-tail-call-1.C  -Os  output pattern test, is =================================================================
FAIL: g++.dg/asan/deep-tail-call-1.C  -O2 -flto -fno-use-linker-plugin -flto-partition=none  output pattern test, is =================================================================
FAIL: g++.dg/asan/deep-tail-call-1.C  -O2 -flto -fuse-linker-plugin -fno-fat-lto-objects  output pattern test, is =================================================================

		=== g++ Summary for unix/-m32 ===

# of expected passes		51523
# of unexpected failures	28
# of expected failures		290
# of unsupported tests		964

Running target unix/-m64
FAIL: c-c++-common/asan/heap-overflow-1.c  -O0  output pattern test, is =================================================================
FAIL: c-c++-common/asan/heap-overflow-1.c  -O1  output pattern test, is =================================================================
FAIL: c-c++-common/asan/heap-overflow-1.c  -O2  output pattern test, is =================================================================
FAIL: c-c++-common/asan/heap-overflow-1.c  -O3 -fomit-frame-pointer  output pattern test, is =================================================================
FAIL: c-c++-common/asan/heap-overflow-1.c  -O3 -g  output pattern test, is =================================================================
FAIL: c-c++-common/asan/heap-overflow-1.c  -Os  output pattern test, is =================================================================
FAIL: c-c++-common/asan/heap-overflow-1.c  -O2 -flto -fno-use-linker-plugin -flto-partition=none  output pattern test, is =================================================================
FAIL: c-c++-common/asan/heap-overflow-1.c  -O2 -flto -fuse-linker-plugin -fno-fat-lto-objects  output pattern test, is =================================================================
FAIL: c-c++-common/asan/memcmp-1.c  -O0  output pattern test, is =================================================================
FAIL: c-c++-common/asan/memcmp-1.c  -O1  output pattern test, is =================================================================
FAIL: c-c++-common/asan/memcmp-1.c  -O2  output pattern test, is =================================================================
FAIL: c-c++-common/asan/memcmp-1.c  -O3 -fomit-frame-pointer  output pattern test, is =================================================================
FAIL: c-c++-common/asan/memcmp-1.c  -O3 -g  output pattern test, is =================================================================
FAIL: c-c++-common/asan/memcmp-1.c  -Os  output pattern test, is =================================================================
FAIL: c-c++-common/asan/memcmp-1.c  -O2 -flto -fno-use-linker-plugin -flto-partition=none  output pattern test, is =================================================================
FAIL: c-c++-common/asan/memcmp-1.c  -O2 -flto -fuse-linker-plugin -fno-fat-lto-objects  output pattern test, is =================================================================
FAIL: c-c++-common/asan/null-deref-1.c  -O0  output pattern test, is ASAN:SIGSEGV
FAIL: c-c++-common/asan/null-deref-1.c  -O1  output pattern test, is ASAN:SIGSEGV
FAIL: c-c++-common/asan/null-deref-1.c  -O2  output pattern test, is ASAN:SIGSEGV
FAIL: c-c++-common/asan/null-deref-1.c  -O3 -fomit-frame-pointer  output pattern test, is ASAN:SIGSEGV
FAIL: c-c++-common/asan/null-deref-1.c  -O3 -g  output pattern test, is ASAN:SIGSEGV
FAIL: c-c++-common/asan/null-deref-1.c  -Os  output pattern test, is ASAN:SIGSEGV
FAIL: c-c++-common/asan/null-deref-1.c  -O2 -flto -fno-use-linker-plugin -flto-partition=none  output pattern test, is ASAN:SIGSEGV
FAIL: c-c++-common/asan/null-deref-1.c  -O2 -flto -fuse-linker-plugin -fno-fat-lto-objects  output pattern test, is ASAN:SIGSEGV
FAIL: c-c++-common/asan/sanity-check-pure-c-1.c  -O0  output pattern test, is =================================================================
FAIL: c-c++-common/asan/sanity-check-pure-c-1.c  -O1  output pattern test, is =================================================================
FAIL: c-c++-common/asan/sanity-check-pure-c-1.c  -O2  output pattern test, is =================================================================
FAIL: c-c++-common/asan/sanity-check-pure-c-1.c  -O3 -fomit-frame-pointer  output pattern test, is =================================================================
FAIL: c-c++-common/asan/sanity-check-pure-c-1.c  -O3 -g  output pattern test, is =================================================================
FAIL: c-c++-common/asan/sanity-check-pure-c-1.c  -Os  output pattern test, is =================================================================
FAIL: c-c++-common/asan/sanity-check-pure-c-1.c  -O2 -flto -fno-use-linker-plugin -flto-partition=none  output pattern test, is =================================================================
FAIL: c-c++-common/asan/sanity-check-pure-c-1.c  -O2 -flto -fuse-linker-plugin -fno-fat-lto-objects  output pattern test, is =================================================================
FAIL: c-c++-common/asan/sleep-before-dying-1.c  -O2  output pattern test, is =================================================================
FAIL: c-c++-common/asan/sleep-before-dying-1.c  -O2 -flto -fno-use-linker-plugin -flto-partition=none  output pattern test, is =================================================================
FAIL: c-c++-common/asan/sleep-before-dying-1.c  -O2 -flto -fuse-linker-plugin -fno-fat-lto-objects  output pattern test, is =================================================================
FAIL: c-c++-common/asan/strip-path-prefix-1.c  -O2  output pattern test, is =================================================================
FAIL: c-c++-common/asan/strip-path-prefix-1.c  -O2 -flto -fno-use-linker-plugin -flto-partition=none  output pattern test, is =================================================================
FAIL: c-c++-common/asan/strip-path-prefix-1.c  -O2 -flto -fuse-linker-plugin -fno-fat-lto-objects  output pattern test, is =================================================================
FAIL: c-c++-common/asan/strncpy-overflow-1.c  -O0  output pattern test, is =================================================================
FAIL: c-c++-common/asan/strncpy-overflow-1.c  -O1  output pattern test, is =================================================================
FAIL: c-c++-common/asan/strncpy-overflow-1.c  -O2  output pattern test, is =================================================================
FAIL: c-c++-common/asan/strncpy-overflow-1.c  -O3 -fomit-frame-pointer  output pattern test, is =================================================================
FAIL: c-c++-common/asan/strncpy-overflow-1.c  -O3 -g  output pattern test, is =================================================================
FAIL: c-c++-common/asan/strncpy-overflow-1.c  -Os  output pattern test, is =================================================================
FAIL: c-c++-common/asan/strncpy-overflow-1.c  -O2 -flto -fno-use-linker-plugin -flto-partition=none  output pattern test, is =================================================================
FAIL: c-c++-common/asan/strncpy-overflow-1.c  -O2 -flto -fuse-linker-plugin -fno-fat-lto-objects  output pattern test, is =================================================================
FAIL: c-c++-common/asan/use-after-free-1.c  -O0  output pattern test, is =================================================================
FAIL: c-c++-common/asan/use-after-free-1.c  -O1  output pattern test, is =================================================================
FAIL: c-c++-common/asan/use-after-free-1.c  -O2  output pattern test, is =================================================================
FAIL: c-c++-common/asan/use-after-free-1.c  -O3 -fomit-frame-pointer  output pattern test, is =================================================================
FAIL: c-c++-common/asan/use-after-free-1.c  -O3 -g  output pattern test, is =================================================================
FAIL: c-c++-common/asan/use-after-free-1.c  -Os  output pattern test, is =================================================================
FAIL: c-c++-common/asan/use-after-free-1.c  -O2 -flto -fno-use-linker-plugin -flto-partition=none  output pattern test, is =================================================================
FAIL: c-c++-common/asan/use-after-free-1.c  -O2 -flto -fuse-linker-plugin -fno-fat-lto-objects  output pattern test, is =================================================================
FAIL: g++.dg/asan/deep-stack-uaf-1.C  -O0  output pattern test, is =================================================================
FAIL: g++.dg/asan/deep-stack-uaf-1.C  -O1  output pattern test, is =================================================================
FAIL: g++.dg/asan/deep-stack-uaf-1.C  -O2  output pattern test, is =================================================================
FAIL: g++.dg/asan/deep-stack-uaf-1.C  -O3 -fomit-frame-pointer  output pattern test, is =================================================================
FAIL: g++.dg/asan/deep-stack-uaf-1.C  -O3 -g  output pattern test, is =================================================================
FAIL: g++.dg/asan/deep-stack-uaf-1.C  -Os  output pattern test, is =================================================================
FAIL: g++.dg/asan/deep-tail-call-1.C  -O0  output pattern test, is =================================================================
FAIL: g++.dg/asan/deep-tail-call-1.C  -O1  output pattern test, is =================================================================
FAIL: g++.dg/asan/deep-tail-call-1.C  -O2  output pattern test, is =================================================================
FAIL: g++.dg/asan/deep-tail-call-1.C  -O3 -fomit-frame-pointer  output pattern test, is =================================================================
FAIL: g++.dg/asan/deep-tail-call-1.C  -O3 -g  output pattern test, is =================================================================
FAIL: g++.dg/asan/deep-tail-call-1.C  -Os  output pattern test, is =================================================================
FAIL: g++.dg/asan/deep-tail-call-1.C  -O2 -flto -fno-use-linker-plugin -flto-partition=none  output pattern test, is =================================================================
FAIL: g++.dg/asan/deep-tail-call-1.C  -O2 -flto -fuse-linker-plugin -fno-fat-lto-objects  output pattern test, is =================================================================
FAIL: g++.dg/asan/large-func-test-1.C  -O0  output pattern test, is =================================================================
FAIL: g++.dg/asan/large-func-test-1.C  -O1  output pattern test, is =================================================================
FAIL: g++.dg/asan/large-func-test-1.C  -O2  output pattern test, is =================================================================
FAIL: g++.dg/asan/large-func-test-1.C  -O3 -fomit-frame-pointer  output pattern test, is =================================================================
FAIL: g++.dg/asan/large-func-test-1.C  -O3 -g  output pattern test, is =================================================================
FAIL: g++.dg/asan/large-func-test-1.C  -Os  output pattern test, is =================================================================
FAIL: g++.dg/asan/large-func-test-1.C  -O2 -flto -fno-use-linker-plugin -flto-partition=none  output pattern test, is =================================================================
FAIL: g++.dg/asan/large-func-test-1.C  -O2 -flto -fuse-linker-plugin -fno-fat-lto-objects  output pattern test, is =================================================================

		=== g++ Summary for unix/-m64 ===

# of expected passes		52673
# of unexpected failures	76
# of expected failures		290
# of unsupported tests		996

		=== g++ Summary ===

# of expected passes		104196
# of unexpected failures	104
# of expected failures		580
# of unsupported tests		1960
/home/gccbuild/build/nightly/build-gcc-4.8/gcc/testsuite/g++/../../xg++  version 4.8.1 (GCC) 

		=== obj-c++ tests ===


Running target unix/-m32

		=== obj-c++ Summary for unix/-m32 ===

# of expected passes		1450
# of expected failures		2
# of unsupported tests		86

Running target unix/-m64

		=== obj-c++ Summary for unix/-m64 ===

# of expected passes		1442
# of expected failures		10
# of unsupported tests		86

		=== obj-c++ Summary ===

# of expected passes		2892
# of expected failures		12
# of unsupported tests		172
/home/gccbuild/build/nightly/build-gcc-4.8/gcc/testsuite/obj-c++/../../xg++  version 4.8.1 (GCC) 

		=== objc tests ===


Running target unix/-m32

		=== objc Summary for unix/-m32 ===

# of expected passes		2994
# of unsupported tests		74

Running target unix/-m64

		=== objc Summary for unix/-m64 ===

# of expected passes		2994
# of unsupported tests		74

		=== objc Summary ===

# of expected passes		5988
# of unsupported tests		148
/home/gccbuild/build/nightly/build-gcc-4.8/gcc/xgcc  version 4.8.1 (GCC) 

		=== libatomic tests ===


Running target unix/-m32

		=== libatomic Summary for unix/-m32 ===

# of expected passes		34
# of unsupported tests		10

Running target unix/-m64

		=== libatomic Summary for unix/-m64 ===

# of expected passes		44
# of unsupported tests		5

		=== libatomic Summary ===

# of expected passes		78
# of unsupported tests		15
		=== libgomp tests ===


Running target unix/-m32

		=== libgomp Summary for unix/-m32 ===

# of expected passes		3001
# of unsupported tests		1

Running target unix/-m64

		=== libgomp Summary for unix/-m64 ===

# of expected passes		3001
# of unsupported tests		1

		=== libgomp Summary ===

# of expected passes		6002
# of unsupported tests		2
		=== libitm tests ===


Running target unix/-m32

		=== libitm Summary for unix/-m32 ===

# of expected passes		26
# of expected failures		3
# of unsupported tests		1

Running target unix/-m64

		=== libitm Summary for unix/-m64 ===

# of expected passes		26
# of expected failures		3
# of unsupported tests		1

		=== libitm Summary ===

# of expected passes		52
# of expected failures		6
# of unsupported tests		2
		=== libmudflap tests ===


Running target unix/-m32
FAIL: libmudflap.c++/pass41-frag.cxx (-static) execution test
FAIL: libmudflap.c++/pass41-frag.cxx ( -O) execution test
FAIL: libmudflap.c++/pass41-frag.cxx (-O2) execution test
FAIL: libmudflap.c++/pass41-frag.cxx (-O3) execution test

		=== libmudflap Summary for unix/-m32 ===

# of expected passes		1902
# of unexpected failures	4

Running target unix/-m64
FAIL: libmudflap.c++/pass41-frag.cxx (-static) execution test
FAIL: libmudflap.c++/pass41-frag.cxx ( -O) execution test
FAIL: libmudflap.c++/pass41-frag.cxx (-O2) execution test
FAIL: libmudflap.c++/pass41-frag.cxx (-O3) execution test

		=== libmudflap Summary for unix/-m64 ===

# of expected passes		1902
# of unexpected failures	4

		=== libmudflap Summary ===

# of expected passes		3804
# of unexpected failures	8
		=== libstdc++ tests ===


Running target unix/-m32
FAIL: libstdc++-abi/abi_check

		=== libstdc++ Summary for unix/-m32 ===

# of expected passes		9209
# of unexpected failures	1
# of expected failures		45
# of unsupported tests		227

Running target unix/-m64

		=== libstdc++ Summary for unix/-m64 ===

# of expected passes		9210
# of expected failures		45
# of unsupported tests		227

		=== libstdc++ Summary ===

# of expected passes		18419
# of unexpected failures	1
# of expected failures		90
# of unsupported tests		454

Compiler version: 4.8.1 (GCC) 
Platform: powerpc64-unknown-linux-gnu
configure flags: --prefix=/opt/gcc-nightly/4.8-20130531 --build=powerpc64-linux --host=powerpc64-linux --target=powerpc64-linux --with-cpu=default32 --with-as=/opt/gcc-nightly/binutils-2.21.1/bin/as --with-ld=/opt/gcc-nightly/binutils-2.21.1/bin/ld --enable-threads=posix --enable-shared --enable-__cxa_atexit --enable-languages=c,c++,fortran,objc,obj-c++ --with-long-double-128 --enable-secureplt --enable-checking --disable-alsa --enable-decimal-float --with-gmp=/opt/gcc-nightly/gcc-host-libs --with-mpfr=/opt/gcc-nightly/gcc-host-libs --with-mpc=/opt/gcc-nightly/gcc-host-libs --with-libelf=/opt/gcc-nightly/gcc-host-libs --with-ppl=/opt/gcc-nightly/gcc-host-libs --with-cloog=/opt/gcc-nightly/gcc-host-libs --with-host-libstdcxx=-Wl,-Bstatic,-L/opt/gcc-nightly/gcc-host-libs/lib,-lstdc++,-Bdynamic,-lm


Index Nav: [Date Index] [Subject Index] [Author Index] [Thread Index]
Message Nav: [Date Prev] [Date Next] [Thread Prev] [Thread Next]