This is the mail archive of the gcc-testresults@gcc.gnu.org mailing list for the GCC project.


Index Nav: [Date Index] [Subject Index] [Author Index] [Thread Index]
Message Nav: [Date Prev] [Date Next] [Thread Prev] [Thread Next]
Other format: [Raw text]

Results for 4.8.0 (GCC) testsuite on hppa1.1-hp-hpux10.20


Native configuration is hppa1.1-hp-hpux10.20

		=== g++ tests ===


Running target unix
WARNING: program timed out.
FAIL: tmpdir-g++.dg-struct-layout-1/t002 cp_compat_y_tst.o compile
UNRESOLVED: tmpdir-g++.dg-struct-layout-1/t002 cp_compat_x_tst.o-cp_compat_y_tst.o link 
UNRESOLVED: tmpdir-g++.dg-struct-layout-1/t002 cp_compat_x_tst.o-cp_compat_y_tst.o execute 
WARNING: program timed out.
FAIL: tmpdir-g++.dg-struct-layout-1/t024 cp_compat_y_tst.o compile
UNRESOLVED: tmpdir-g++.dg-struct-layout-1/t024 cp_compat_x_tst.o-cp_compat_y_tst.o link 
UNRESOLVED: tmpdir-g++.dg-struct-layout-1/t024 cp_compat_x_tst.o-cp_compat_y_tst.o execute 
WARNING: program timed out.
FAIL: tmpdir-g++.dg-struct-layout-1/t025 cp_compat_y_tst.o compile
UNRESOLVED: tmpdir-g++.dg-struct-layout-1/t025 cp_compat_x_tst.o-cp_compat_y_tst.o link 
UNRESOLVED: tmpdir-g++.dg-struct-layout-1/t025 cp_compat_x_tst.o-cp_compat_y_tst.o execute 
WARNING: program timed out.
FAIL: tmpdir-g++.dg-struct-layout-1/t026 cp_compat_y_tst.o compile
UNRESOLVED: tmpdir-g++.dg-struct-layout-1/t026 cp_compat_x_tst.o-cp_compat_y_tst.o link 
UNRESOLVED: tmpdir-g++.dg-struct-layout-1/t026 cp_compat_x_tst.o-cp_compat_y_tst.o execute 
FAIL: g++.dg/cpp0x/udlit-string-literal.C (test for excess errors)
WARNING: program timed out.
FAIL: g++.dg/eh/cleanup1.C -std=c++98 (test for excess errors)
WARNING: program timed out.
FAIL: g++.dg/eh/cleanup1.C -std=c++11 (test for excess errors)
WARNING: g++.dg/ext/label13.C -std=gnu++98 compilation failed to produce executable
WARNING: g++.dg/ext/label13.C -std=gnu++11 compilation failed to produce executable
WARNING: program timed out.
WARNING: program timed out.
FAIL: g++.dg/template/linkage1.C -std=c++98  scan-assembler (weak|glob)[^\\n]*_Z3fooIXadL_Z13external_funcvEEEvv
FAIL: g++.dg/template/linkage1.C -std=c++11  scan-assembler (weak|glob)[^\\n]*_Z3fooIXadL_Z13external_funcvEEEvv
WARNING: program timed out.
FAIL: c-c++-common/simulate-thread/bitfields-2.c  -O2 -g -std=c++98  thread simulation test
FAIL: c-c++-common/simulate-thread/bitfields-2.c  -O3 -g -std=c++11  thread simulation test
FAIL: c-c++-common/simulate-thread/bitfields-2.c  -Os -g  thread simulation test

		=== g++ Summary ===

# of expected passes		43991
# of unexpected failures	12
# of expected failures		288
# of unresolved testcases	8
# of unsupported tests		1243
/xxx/gnu/gcc/objdir/gcc/testsuite/g++/../../xg++  version 4.8.0 (GCC) 

		=== gcc tests ===


Running target unix
WARNING: program timed out.
FAIL: gcc.c-torture/compile/20001226-1.c  -O2  (test for excess errors)
WARNING: program timed out.
FAIL: gcc.c-torture/compile/20001226-1.c  -O3 -fomit-frame-pointer  (test for excess errors)
WARNING: program timed out.
FAIL: gcc.c-torture/compile/20001226-1.c  -O3 -g  (test for excess errors)
WARNING: program timed out.
FAIL: gcc.c-torture/compile/20001226-1.c  -Os  (test for excess errors)
WARNING: program timed out.
FAIL: gcc.c-torture/compile/limits-externdecl.c  -O0  (test for excess errors)
WARNING: program timed out.
FAIL: gcc.c-torture/compile/limits-externdecl.c  -O1  (test for excess errors)
WARNING: program timed out.
FAIL: gcc.c-torture/compile/limits-externdecl.c  -O2  (test for excess errors)
WARNING: program timed out.
FAIL: gcc.c-torture/compile/limits-externdecl.c  -O3 -fomit-frame-pointer  (test for excess errors)
WARNING: program timed out.
FAIL: gcc.c-torture/compile/limits-externdecl.c  -O3 -g  (test for excess errors)
WARNING: program timed out.
FAIL: gcc.c-torture/compile/limits-externdecl.c  -Os  (test for excess errors)
WARNING: program timed out.
FAIL: gcc.c-torture/compile/limits-fndefn.c  -O1  (test for excess errors)
FAIL: gcc.c-torture/compile/limits-fndefn.c  -O2  (test for excess errors)
FAIL: gcc.c-torture/compile/limits-fndefn.c  -O3 -fomit-frame-pointer  (test for excess errors)
FAIL: gcc.c-torture/compile/limits-fndefn.c  -O3 -g  (test for excess errors)
WARNING: program timed out.
ERROR: tcl error sourcing /xxx/gnu/gcc/gcc/gcc/testsuite/gcc.c-torture/compile/compile.exp.
ERROR: couldn't fork child process: not enough memory
ERROR: tcl error sourcing /xxx/gnu/gcc/gcc/gcc/testsuite/gcc.c-torture/execute/builtins/builtins.exp.
ERROR: torture-init: torture_without_loops is not empty as expected
ERROR: tcl error sourcing /xxx/gnu/gcc/gcc/gcc/testsuite/gcc.c-torture/execute/execute.exp.
ERROR: torture-init: torture_without_loops is not empty as expected
		=== libstdc++ tests ===


Running target unix
WARNING: program timed out.
FAIL: 20_util/hash/chi2_quality.cc execution test
FAIL: 20_util/scoped_allocator/1.cc (test for excess errors)
WARNING: 20_util/scoped_allocator/1.cc compilation failed to produce executable
WARNING: program timed out.
FAIL: 20_util/scoped_allocator/2.cc (test for excess errors)
WARNING: 20_util/scoped_allocator/2.cc compilation failed to produce executable
FAIL: 23_containers/deque/modifiers/swap/2.cc (test for excess errors)
WARNING: 23_containers/deque/modifiers/swap/2.cc compilation failed to produce executable
FAIL: 23_containers/deque/modifiers/swap/3.cc (test for excess errors)
WARNING: 23_containers/deque/modifiers/swap/3.cc compilation failed to produce executable
FAIL: 23_containers/forward_list/allocator/copy.cc (test for excess errors)
WARNING: 23_containers/forward_list/allocator/copy.cc compilation failed to produce executable
FAIL: 23_containers/forward_list/allocator/copy_assign.cc (test for excess errors)
WARNING: 23_containers/forward_list/allocator/copy_assign.cc compilation failed to produce executable
FAIL: 23_containers/forward_list/allocator/move_assign.cc (test for excess errors)
WARNING: 23_containers/forward_list/allocator/move_assign.cc compilation failed to produce executable
FAIL: 23_containers/forward_list/allocator/swap.cc (test for excess errors)
WARNING: 23_containers/forward_list/allocator/swap.cc compilation failed to produce executable
FAIL: 23_containers/forward_list/cons/10.cc (test for excess errors)
WARNING: 23_containers/forward_list/cons/10.cc compilation failed to produce executable
FAIL: 23_containers/list/modifiers/swap/2.cc (test for excess errors)
WARNING: 23_containers/list/modifiers/swap/2.cc compilation failed to produce executable
FAIL: 23_containers/list/modifiers/swap/3.cc (test for excess errors)
WARNING: 23_containers/list/modifiers/swap/3.cc compilation failed to produce executable
FAIL: 23_containers/list/operations/5.cc (test for excess errors)
WARNING: 23_containers/list/operations/5.cc compilation failed to produce executable
FAIL: 23_containers/map/modifiers/swap/2.cc (test for excess errors)
WARNING: 23_containers/map/modifiers/swap/2.cc compilation failed to produce executable
FAIL: 23_containers/map/modifiers/swap/3.cc (test for excess errors)
WARNING: 23_containers/map/modifiers/swap/3.cc compilation failed to produce executable
WARNING: program timed out.
FAIL: 23_containers/map/requirements/exception/basic.cc (test for excess errors)
WARNING: 23_containers/map/requirements/exception/basic.cc compilation failed to produce executable
FAIL: 23_containers/multimap/modifiers/swap/2.cc (test for excess errors)
WARNING: 23_containers/multimap/modifiers/swap/2.cc compilation failed to produce executable
FAIL: 23_containers/multimap/modifiers/swap/3.cc (test for excess errors)
WARNING: 23_containers/multimap/modifiers/swap/3.cc compilation failed to produce executable
FAIL: 23_containers/multiset/modifiers/swap/2.cc (test for excess errors)
WARNING: 23_containers/multiset/modifiers/swap/2.cc compilation failed to produce executable
FAIL: 23_containers/multiset/modifiers/swap/3.cc (test for excess errors)
WARNING: 23_containers/multiset/modifiers/swap/3.cc compilation failed to produce executable
FAIL: 23_containers/set/modifiers/swap/2.cc (test for excess errors)
WARNING: 23_containers/set/modifiers/swap/2.cc compilation failed to produce executable
FAIL: 23_containers/set/modifiers/swap/3.cc (test for excess errors)
WARNING: 23_containers/set/modifiers/swap/3.cc compilation failed to produce executable
FAIL: 23_containers/vector/profile/vector.cc execution test
WARNING: program timed out.
FAIL: 23_containers/vector/requirements/exception/basic.cc (test for excess errors)
WARNING: 23_containers/vector/requirements/exception/basic.cc compilation failed to produce executable
XPASS: 26_numerics/headers/cmath/c99_classification_macros_c.cc (test for excess errors)
FAIL: 27_io/basic_istream/extractors_arithmetic/char/12.cc execution test
FAIL: ext/headers.cc (test for excess errors)
FAIL: ext/rope/5.cc (test for excess errors)
WARNING: program timed out.
FAIL: ext/vstring/requirements/exception/basic.cc (test for excess errors)
WARNING: ext/vstring/requirements/exception/basic.cc compilation failed to produce executable
FAIL: tr1/6_containers/unordered_map/swap/1.cc (test for excess errors)
WARNING: tr1/6_containers/unordered_map/swap/1.cc compilation failed to produce executable
FAIL: tr1/6_containers/unordered_map/swap/2.cc (test for excess errors)
WARNING: tr1/6_containers/unordered_map/swap/2.cc compilation failed to produce executable
FAIL: tr1/6_containers/unordered_multimap/swap/1.cc (test for excess errors)
WARNING: tr1/6_containers/unordered_multimap/swap/1.cc compilation failed to produce executable
FAIL: tr1/6_containers/unordered_multimap/swap/2.cc (test for excess errors)
WARNING: tr1/6_containers/unordered_multimap/swap/2.cc compilation failed to produce executable
FAIL: tr1/6_containers/unordered_multiset/swap/1.cc (test for excess errors)
WARNING: tr1/6_containers/unordered_multiset/swap/1.cc compilation failed to produce executable
FAIL: tr1/6_containers/unordered_multiset/swap/2.cc (test for excess errors)
WARNING: tr1/6_containers/unordered_multiset/swap/2.cc compilation failed to produce executable
FAIL: tr1/6_containers/unordered_set/swap/1.cc (test for excess errors)
WARNING: tr1/6_containers/unordered_set/swap/1.cc compilation failed to produce executable
FAIL: tr1/6_containers/unordered_set/swap/2.cc (test for excess errors)
WARNING: tr1/6_containers/unordered_set/swap/2.cc compilation failed to produce executable

		=== libstdc++ Summary ===

# of expected passes		6540
# of unexpected failures	36
# of unexpected successes	1
# of expected failures		43
# of unsupported tests		516

Compiler version: 4.8.0 (GCC) 
Platform: hppa1.1-hp-hpux10.20
configure flags:Test Run By dave on Mon May 20 11:55:18 2013


Index Nav: [Date Index] [Subject Index] [Author Index] [Thread Index]
Message Nav: [Date Prev] [Date Next] [Thread Prev] [Thread Next]