This is the mail archive of the gcc-testresults@gcc.gnu.org mailing list for the GCC project.


Index Nav: [Date Index] [Subject Index] [Author Index] [Thread Index]
Message Nav: [Date Prev] [Date Next] [Thread Prev] [Thread Next]
Other format: [Raw text]

Results for 4.7.3 (GCC) testsuite on i386-pc-solaris2.11


\$ uname -a
SunOS nyaruko 5.11 11.1 i86pc i386 i86pc

\$ cat /etc/release
                             Oracle Solaris 11.1 X86
  Copyright (c) 1983, 2012, Oracle and/or its affiliates.  All rights reserved.
                           Assembled 19 September 2012

\$ /opt/gnu/bin/as --version
GNU assembler (GNU Binutils) 2.23.2

\$ /usr/bin/ld -V
ld: Software Generation Utilities - Solaris Link Editors: 5.11-1.2324

\$ /usr/sbin/psrinfo -pv
The physical processor has 4 cores and 8 virtual processors (0-7)
  The core has 2 virtual processors (0 4)
  The core has 2 virtual processors (1 5)
  The core has 2 virtual processors (2 6)
  The core has 2 virtual processors (3 7)
    x86 (GenuineIntel 206A7 family 6 model 42 step 7 clock 3510 MHz)
      Intel(r) Core(tm) i7-2700K CPU @ 3.50GHz

Boostrapped with :

\$ i386-pc-solaris2.11-gcc -v
Using built-in specs.
COLLECT_GCC=/usr/gcc/4.5/bin/i386-pc-solaris2.11-gcc
COLLECT_LTO_WRAPPER=/usr/gcc/4.5/lib/gcc/i386-pc-solaris2.11/4.5.2/lto-wrapper
Target: i386-pc-solaris2.11
Configured with: /builds/hudson/workspace/nightly-update/build/i386/components/gcc45/gcc-4.5.2/configure CC=/ws/on11update-tools/SUNWspro/sunstudio12.1/bin/cc CXX=/ws/on11update-tools/SUNWspro/sunstudio12.1/bin/CC --prefix=/usr/gcc/4.5 --mandir=/usr/gcc/4.5/share/man --bindir=/usr/gcc/4.5/bin --libdir=/usr/gcc/4.5/lib --sbindir=/usr/gcc/4.5/sbin --infodir=/usr/gcc/4.5/share/info --libexecdir=/usr/gcc/4.5/lib --enable-languages=c,c++,fortran,objc --enable-shared --with-gmp-include=/usr/include/gmp --with-mpfr-include=/usr/include/mpfr --without-gnu-ld --with-ld=/usr/bin/ld --with-gnu-as --with-as=/usr/gnu/bin/as CFLAGS='-g -O2 '
Thread model: posix
gcc version 4.5.2 (GCC) 

********
LAST_UPDATED: Obtained from SVN: tags/gcc_4_7_3_release revision 197739

Native configuration is i386-pc-solaris2.11

		=== g++ tests ===


Running target unix/-m32
FAIL: g++.dg/torture/pr31863.C  -O2 -flto  (test for excess errors)

		=== g++ Summary for unix/-m32 ===

# of expected passes		46972
# of unexpected failures	1
# of expected failures		288
# of unsupported tests		536

Running target unix/-m64
FAIL: g++.dg/torture/pr31863.C  -O2 -flto  (test for excess errors)

		=== g++ Summary for unix/-m64 ===

# of expected passes		47753
# of unexpected failures	1
# of expected failures		288
# of unsupported tests		776

		=== g++ Summary ===

# of expected passes		94725
# of unexpected failures	2
# of expected failures		576
# of unsupported tests		1312
/BUILD/gcc/obj-4.7.3/gcc/testsuite/g++/../../g++  version 4.7.3 (GCC) 

		=== gcc tests ===


Running target unix/-m32
FAIL: gcc.dg/simulate-thread/atomic-other-int.c  -O0 -g  thread simulation test
FAIL: gcc.dg/simulate-thread/atomic-other-longlong.c  -O0 -g  thread simulation test
FAIL: gcc.dg/simulate-thread/atomic-other-short.c  -O0 -g  thread simulation test
FAIL: gcc.dg/simulate-thread/speculative-store.c  -O0 -g  thread simulation test

		=== gcc Summary for unix/-m32 ===

# of expected passes		84421
# of unexpected failures	4
# of expected failures		257
# of unsupported tests		1075

Running target unix/-m64
FAIL: gcc.dg/trampoline-1.c execution test
FAIL: gcc.dg/simulate-thread/atomic-load-int128.c  -O0 -g  thread simulation test
FAIL: gcc.dg/simulate-thread/atomic-other-int128.c  -O0 -g  thread simulation test
FAIL: gcc.dg/simulate-thread/atomic-other-short.c  -O0 -g  thread simulation test
FAIL: gcc.dg/simulate-thread/speculative-store.c  -O0 -g  thread simulation test
FAIL: gcc.target/i386/pr55142-1.c (test for excess errors)

		=== gcc Summary for unix/-m64 ===

# of expected passes		84703
# of unexpected failures	6
# of expected failures		257
# of unsupported tests		1418

		=== gcc Summary ===

# of expected passes		169124
# of unexpected failures	10
# of expected failures		514
# of unsupported tests		2493
/BUILD/gcc/obj-4.7.3/gcc/xgcc  version 4.7.3 (GCC) 

		=== libgomp tests ===


Running target unix/-m64

		=== libgomp Summary for unix/-m64 ===

# of expected passes		1251
# of unsupported tests		3

Running target unix/-m32

		=== libgomp Summary for unix/-m32 ===

# of expected passes		1251
# of unsupported tests		3

		=== libgomp Summary ===

# of expected passes		2502
# of unsupported tests		6
		=== libitm tests ===


Running target unix/-m64

		=== libitm Summary for unix/-m64 ===

# of expected passes		26
# of expected failures		3
# of unsupported tests		1

Running target unix/-m32

		=== libitm Summary for unix/-m32 ===

# of expected passes		26
# of expected failures		3
# of unsupported tests		1

		=== libitm Summary ===

# of expected passes		52
# of expected failures		6
# of unsupported tests		2
		=== libstdc++ tests ===


Running target unix/-m32
FAIL: ext/codecvt/1.cc execution test
FAIL: ext/codecvt/char-1.cc execution test
FAIL: ext/codecvt/char-2.cc execution test

		=== libstdc++ Summary for unix/-m32 ===

# of expected passes		8000
# of unexpected failures	3
# of expected failures		45
# of unsupported tests		512

Running target unix/-m64
FAIL: ext/codecvt/1.cc execution test
FAIL: ext/codecvt/char-1.cc execution test
FAIL: ext/codecvt/char-2.cc execution test

		=== libstdc++ Summary for unix/-m64 ===

# of expected passes		8000
# of unexpected failures	3
# of expected failures		45
# of unsupported tests		512

		=== libstdc++ Summary ===

# of expected passes		16000
# of unexpected failures	6
# of expected failures		90
# of unsupported tests		1024

Compiler version: 4.7.3 (GCC) 
Platform: i386-pc-solaris2.11
configure flags: --prefix=/opt/gnu --target=i386-pc-solaris2.11 --without-gnu-ld --with-ld=/usr/bin/ld --with-gnu-as --with-as=/opt/gnu/bin/as --with-gmp-include=/usr/include/gmp --with-mpfr-include=/usr/include/mpfr --enable-lto --with-bugurl=https://bugs.seanmcgovern.ca/ --bindir=/opt/gnu/i386-pc-solaris2.11/gcc-bin/4.7.3 --includedir=/opt/gnu/lib/gcc/i386-pc-solaris2.11/4.7.3/include --datadir=/opt/gnu/share/gcc-data/i386-pc-solaris2.11/4.7.3 --mandir=/opt/gnu/share/gcc-data/i386-pc-solaris2.11/4.7.3/man --infodir=/opt/gnu/share/gcc-data/i386-pc-solaris2.11/4.7.3/info --with-gxx-include-dir=/opt/gnu/lib/gcc/i386-pc-solaris2.11/4.7.3/include/g++-v4 --enable-languages=c,c++


Index Nav: [Date Index] [Subject Index] [Author Index] [Thread Index]
Message Nav: [Date Prev] [Date Next] [Thread Prev] [Thread Next]