This is the mail archive of the gcc-testresults@gcc.gnu.org mailing list for the GCC project.


Index Nav: [Date Index] [Subject Index] [Author Index] [Thread Index]
Message Nav: [Date Prev] [Date Next] [Thread Prev] [Thread Next]
Other format: [Raw text]

Results for 4.6.4 (tgcware 4.6.4-1) testsuite on i386-pc-solaris2.8


Built with:
GNU as 2.22
Sun ld 5.8-1.302 (109148-42)
gmp 5.0.5
mpfr 3.1.1p2
mpc 1.0.1

CONFIG_SHELL=/bin/ksh

Bootstrap compiler:
Using built-in specs.
COLLECT_GCC=/usr/tgcware/gcc45/bin/gcc
COLLECT_LTO_WRAPPER=/usr/tgcware/libexec/gcc/i386-pc-solaris2.8/4.5.4/lto-wrapper
Target: i386-pc-solaris2.8
Configured with: ../gcc-4.5.4/configure --prefix=/usr/tgcware --with-local-prefix=/usr/tgcware/gcc45 --bindir=/usr/tgcware/gcc45/bin --mandir=/usr/tgcware/gcc45/man --infodir=/usr/tgcware/gcc45/info --disable-nls --enable-shared --enable-threads=posix --with-gmp=/usr/tgcware --with-mpfr=/usr/tgcware --with-mpc=/usr/tgcware --without-gnu-ld --with-ld=/usr/ccs/bin/ld --with-gnu-as --with-as=/usr/tgcware/bin/gas --enable-languages=all,ada,obj-c++ --with-x --enable-java-awt=xlib --with-arch-32=pentium
Thread model: posix
gcc version 4.5.4 (tgcware 4.5.4-1) 

LAST_UPDATED: Obtained from SVN: tags/gcc_4_6_4_release revision 197895

		=== acats tests ===

		=== acats Summary ===
# of expected passes		2321
# of unexpected failures	0
Native configuration is i386-pc-solaris2.8

		=== g++ tests ===


Running target unix
XPASS: g++.dg/uninit-pred-3_b.C (test for excess errors)

		=== g++ Summary ===

# of expected passes		27114
# of unexpected successes	1
# of expected failures		170
# of unsupported tests		203
/export/home/tgc/buildpkg/gcc46/src/all_native/gcc/testsuite/g++/../../g++  version 4.6.4 (tgcware 4.6.4-1) 

		=== gcc tests ===


Running target unix
FAIL: gcc.dg/lto/20110201-1 c_lto_20110201-1_0.o-c_lto_20110201-1_0.o link,  -O0 -flto 
UNRESOLVED: gcc.dg/lto/20110201-1 c_lto_20110201-1_0.o-c_lto_20110201-1_0.o execute  -O0 -flto 
FAIL: gcc.dg/vect/pr48377.c execution test

		=== gcc Summary ===

# of expected passes		76183
# of unexpected failures	2
# of expected failures		212
# of unresolved testcases	1
# of unsupported tests		1046
/export/home/tgc/buildpkg/gcc46/src/all_native/gcc/xgcc  version 4.6.4 (tgcware 4.6.4-1) 

		=== gfortran tests ===


Running target unix

		=== gfortran Summary ===

# of expected passes		38195
# of expected failures		41
# of unsupported tests		373
/export/home/tgc/buildpkg/gcc46/src/all_native/gcc/testsuite/gfortran/../../gfortran  version 4.6.4 (tgcware 4.6.4-1) 

		=== gnat tests ===


Running target unix

		=== gnat Summary ===

# of expected passes		876
# of expected failures		10
# of unsupported tests		4
/export/home/tgc/buildpkg/gcc46/src/all_native/gcc/gnatmake version 4.6.4

		=== obj-c++ tests ===


Running target unix

		=== obj-c++ Summary ===

# of expected passes		1388
# of expected failures		2
# of unsupported tests		86
/export/home/tgc/buildpkg/gcc46/src/all_native/gcc/testsuite/obj-c++/../../g++  version 4.6.4 (tgcware 4.6.4-1) 

		=== objc tests ===


Running target unix

		=== objc Summary ===

# of expected passes		2872
# of expected failures		6
# of unsupported tests		98
/export/home/tgc/buildpkg/gcc46/src/all_native/gcc/xgcc  version 4.6.4 (tgcware 4.6.4-1) 

		=== libffi tests ===


Running target unix

		=== libffi Summary ===

# of expected passes		1634
# of expected failures		10
# of unsupported tests		15
		=== libgomp tests ===


Running target unix

		=== libgomp Summary ===

# of expected passes		2630
# of unsupported tests		3
		=== libjava tests ===


Running target unix
FAIL: PR16923 run
FAIL: Divide_1 output - source compiled test
FAIL: Divide_1 -findirect-dispatch output - source compiled test
FAIL: Divide_1 -O3 output - source compiled test
FAIL: Divide_1 -O3 -findirect-dispatch output - source compiled test

		=== libjava Summary ===

# of expected passes		2569
# of unexpected failures	5
# of untested testcases		1
		=== libstdc++ tests ===


Running target unix
FAIL: libstdc++-abi/abi_check
WARNING: program timed out.
FAIL: 23_containers/vector/bool/modifiers/insert/31370.cc execution test

		=== libstdc++ Summary ===

# of expected passes		6908
# of unexpected failures	2
# of expected failures		84
# of unsupported tests		745

Compiler version: 4.6.4 (tgcware 4.6.4-1) 
Platform: i386-pc-solaris2.8
configure flags: --prefix=/usr/tgcware --with-local-prefix=/usr/tgcware/gcc46 --bindir=/usr/tgcware/gcc46/bin --mandir=/usr/tgcware/gcc46/man --infodir=/usr/tgcware/gcc46/info --disable-nls --enable-shared --enable-threads=posix --with-gmp=/usr/tgcware --with-mpfr=/usr/tgcware --with-mpc=/usr/tgcware --without-gnu-ld --with-ld=/usr/ccs/bin/ld --with-gnu-as --with-as=/usr/tgcware/bin/gas --enable-languages=all,ada,obj-c++ --with-x --enable-java-awt=xlib --with-arch-32=pentium


Index Nav: [Date Index] [Subject Index] [Author Index] [Thread Index]
Message Nav: [Date Prev] [Date Next] [Thread Prev] [Thread Next]