This is the mail archive of the
gcc-testresults@gcc.gnu.org
mailing list for the GCC project.
Results for 4.9.0 20130424 (experimental) [trunk revision 198257] (GCC) testsuite on mips-unknown-linux-gnu
- From: David Daney <ddaney dot cavm at gmail dot com>
- To: gcc-testresults at gcc dot gnu dot org
- Date: Mon, 29 Apr 2013 12:35:37 -0700
- Subject: Results for 4.9.0 20130424 (experimental) [trunk revision 198257] (GCC) testsuite on mips-unknown-linux-gnu
LAST_UPDATED: Wed Apr 24 17:48:45 UTC 2013 (revision 198257)
Native configuration is mips-unknown-linux-gnu
=== g++ tests ===
Running target unix
FAIL: g++.dg/other/anon5.C -std=gnu++98 (test for excess errors)
FAIL: g++.dg/other/anon5.C -std=gnu++11 (test for excess errors)
FAIL: c-c++-common/simulate-thread/bitfields-1.c -O1 -g thread simulation test
=== g++ Summary ===
# of expected passes 50382
# of unexpected failures 3
# of expected failures 291
# of unsupported tests 995
/home/daney/gccsvn/build/gcc/testsuite/g++/../../xg++ version 4.9.0 20130424 (experimental) [trunk revision 198257] (GCC)
=== gcc tests ===
Running target unix
FAIL: gcc.dg/cproj-fails-with-broken-glibc.c execution test
FAIL: gcc.dg/pr41345.c (test for excess errors)
FAIL: gcc.dg/tree-ssa/vrp87.c scan-tree-dump vrp2 "Folded into: if.*"
FAIL: gcc.dg/tree-ssa/vrp87.c scan-tree-dump cddce2 "Deleting.*_Bool.*;"
FAIL: gcc.target/mips/code-readable-1.c -O1 (internal compiler error)
FAIL: gcc.target/mips/code-readable-1.c -O1 (test for excess errors)
UNRESOLVED: gcc.target/mips/code-readable-1.c -O1 scan-assembler \\tla\\t
UNRESOLVED: gcc.target/mips/code-readable-1.c -O1 scan-assembler \\t\\\\.half\\t
UNRESOLVED: gcc.target/mips/code-readable-1.c -O1 scan-assembler-not %hi\\\\([^)]*L
UNRESOLVED: gcc.target/mips/code-readable-1.c -O1 scan-assembler-not %lo\\\\([^)]*L
UNRESOLVED: gcc.target/mips/code-readable-1.c -O1 scan-assembler \\t\\\\.word\\tk\\n
UNRESOLVED: gcc.target/mips/code-readable-1.c -O1 scan-assembler-not %hi\\\\(k\\\\)
UNRESOLVED: gcc.target/mips/code-readable-1.c -O1 scan-assembler-not %lo\\\\(k\\\\)
FAIL: gcc.target/mips/code-readable-1.c -O2 (internal compiler error)
FAIL: gcc.target/mips/code-readable-1.c -O2 (test for excess errors)
UNRESOLVED: gcc.target/mips/code-readable-1.c -O2 scan-assembler \\tla\\t
UNRESOLVED: gcc.target/mips/code-readable-1.c -O2 scan-assembler \\t\\\\.half\\t
UNRESOLVED: gcc.target/mips/code-readable-1.c -O2 scan-assembler-not %hi\\\\([^)]*L
UNRESOLVED: gcc.target/mips/code-readable-1.c -O2 scan-assembler-not %lo\\\\([^)]*L
UNRESOLVED: gcc.target/mips/code-readable-1.c -O2 scan-assembler \\t\\\\.word\\tk\\n
UNRESOLVED: gcc.target/mips/code-readable-1.c -O2 scan-assembler-not %hi\\\\(k\\\\)
UNRESOLVED: gcc.target/mips/code-readable-1.c -O2 scan-assembler-not %lo\\\\(k\\\\)
FAIL: gcc.target/mips/code-readable-1.c -O3 -fomit-frame-pointer (internal compiler error)
FAIL: gcc.target/mips/code-readable-1.c -O3 -fomit-frame-pointer (test for excess errors)
UNRESOLVED: gcc.target/mips/code-readable-1.c -O3 -fomit-frame-pointer scan-assembler \\tla\\t
UNRESOLVED: gcc.target/mips/code-readable-1.c -O3 -fomit-frame-pointer scan-assembler \\t\\\\.half\\t
UNRESOLVED: gcc.target/mips/code-readable-1.c -O3 -fomit-frame-pointer scan-assembler-not %hi\\\\([^)]*L
UNRESOLVED: gcc.target/mips/code-readable-1.c -O3 -fomit-frame-pointer scan-assembler-not %lo\\\\([^)]*L
UNRESOLVED: gcc.target/mips/code-readable-1.c -O3 -fomit-frame-pointer scan-assembler \\t\\\\.word\\tk\\n
UNRESOLVED: gcc.target/mips/code-readable-1.c -O3 -fomit-frame-pointer scan-assembler-not %hi\\\\(k\\\\)
UNRESOLVED: gcc.target/mips/code-readable-1.c -O3 -fomit-frame-pointer scan-assembler-not %lo\\\\(k\\\\)
FAIL: gcc.target/mips/code-readable-1.c -O3 -g (internal compiler error)
FAIL: gcc.target/mips/code-readable-1.c -O3 -g (test for excess errors)
UNRESOLVED: gcc.target/mips/code-readable-1.c -O3 -g scan-assembler \\tla\\t
UNRESOLVED: gcc.target/mips/code-readable-1.c -O3 -g scan-assembler \\t\\\\.half\\t
UNRESOLVED: gcc.target/mips/code-readable-1.c -O3 -g scan-assembler-not %hi\\\\([^)]*L
UNRESOLVED: gcc.target/mips/code-readable-1.c -O3 -g scan-assembler-not %lo\\\\([^)]*L
UNRESOLVED: gcc.target/mips/code-readable-1.c -O3 -g scan-assembler \\t\\\\.word\\tk\\n
UNRESOLVED: gcc.target/mips/code-readable-1.c -O3 -g scan-assembler-not %hi\\\\(k\\\\)
UNRESOLVED: gcc.target/mips/code-readable-1.c -O3 -g scan-assembler-not %lo\\\\(k\\\\)
FAIL: gcc.target/mips/code-readable-1.c -Os (internal compiler error)
FAIL: gcc.target/mips/code-readable-1.c -Os (test for excess errors)
UNRESOLVED: gcc.target/mips/code-readable-1.c -Os scan-assembler \\tla\\t
UNRESOLVED: gcc.target/mips/code-readable-1.c -Os scan-assembler \\t\\\\.half\\t
UNRESOLVED: gcc.target/mips/code-readable-1.c -Os scan-assembler-not %hi\\\\([^)]*L
UNRESOLVED: gcc.target/mips/code-readable-1.c -Os scan-assembler-not %lo\\\\([^)]*L
UNRESOLVED: gcc.target/mips/code-readable-1.c -Os scan-assembler \\t\\\\.word\\tk\\n
UNRESOLVED: gcc.target/mips/code-readable-1.c -Os scan-assembler-not %hi\\\\(k\\\\)
UNRESOLVED: gcc.target/mips/code-readable-1.c -Os scan-assembler-not %lo\\\\(k\\\\)
FAIL: gcc.target/mips/code-readable-1.c -O2 -flto -flto-partition=none (internal compiler error)
FAIL: gcc.target/mips/code-readable-1.c -O2 -flto -flto-partition=none (test for excess errors)
UNRESOLVED: gcc.target/mips/code-readable-1.c -O2 -flto -flto-partition=none scan-assembler \\tla\\t
UNRESOLVED: gcc.target/mips/code-readable-1.c -O2 -flto -flto-partition=none scan-assembler \\t\\\\.half\\t
UNRESOLVED: gcc.target/mips/code-readable-1.c -O2 -flto -flto-partition=none scan-assembler-not %hi\\\\([^)]*L
UNRESOLVED: gcc.target/mips/code-readable-1.c -O2 -flto -flto-partition=none scan-assembler-not %lo\\\\([^)]*L
UNRESOLVED: gcc.target/mips/code-readable-1.c -O2 -flto -flto-partition=none scan-assembler \\t\\\\.word\\tk\\n
UNRESOLVED: gcc.target/mips/code-readable-1.c -O2 -flto -flto-partition=none scan-assembler-not %hi\\\\(k\\\\)
UNRESOLVED: gcc.target/mips/code-readable-1.c -O2 -flto -flto-partition=none scan-assembler-not %lo\\\\(k\\\\)
FAIL: gcc.target/mips/code-readable-1.c -O2 -flto (internal compiler error)
FAIL: gcc.target/mips/code-readable-1.c -O2 -flto (test for excess errors)
UNRESOLVED: gcc.target/mips/code-readable-1.c -O2 -flto scan-assembler \\tla\\t
UNRESOLVED: gcc.target/mips/code-readable-1.c -O2 -flto scan-assembler \\t\\\\.half\\t
UNRESOLVED: gcc.target/mips/code-readable-1.c -O2 -flto scan-assembler-not %hi\\\\([^)]*L
UNRESOLVED: gcc.target/mips/code-readable-1.c -O2 -flto scan-assembler-not %lo\\\\([^)]*L
UNRESOLVED: gcc.target/mips/code-readable-1.c -O2 -flto scan-assembler \\t\\\\.word\\tk\\n
UNRESOLVED: gcc.target/mips/code-readable-1.c -O2 -flto scan-assembler-not %hi\\\\(k\\\\)
UNRESOLVED: gcc.target/mips/code-readable-1.c -O2 -flto scan-assembler-not %lo\\\\(k\\\\)
FAIL: gcc.target/mips/code-readable-4.c -O1 (internal compiler error)
FAIL: gcc.target/mips/code-readable-4.c -O1 (test for excess errors)
UNRESOLVED: gcc.target/mips/code-readable-4.c -O1 scan-assembler \\tla\\t
UNRESOLVED: gcc.target/mips/code-readable-4.c -O1 scan-assembler \\t\\\\.half\\t
UNRESOLVED: gcc.target/mips/code-readable-4.c -O1 scan-assembler-not %hi\\\\([^)]*L
UNRESOLVED: gcc.target/mips/code-readable-4.c -O1 scan-assembler-not %lo\\\\([^)]*L
UNRESOLVED: gcc.target/mips/code-readable-4.c -O1 scan-assembler \\t\\\\.dword\\tk\\n
UNRESOLVED: gcc.target/mips/code-readable-4.c -O1 scan-assembler-not %hi\\\\(k\\\\)
UNRESOLVED: gcc.target/mips/code-readable-4.c -O1 scan-assembler-not %lo\\\\(k\\\\)
FAIL: gcc.target/mips/code-readable-4.c -O2 (internal compiler error)
FAIL: gcc.target/mips/code-readable-4.c -O2 (test for excess errors)
UNRESOLVED: gcc.target/mips/code-readable-4.c -O2 scan-assembler \\tla\\t
UNRESOLVED: gcc.target/mips/code-readable-4.c -O2 scan-assembler \\t\\\\.half\\t
UNRESOLVED: gcc.target/mips/code-readable-4.c -O2 scan-assembler-not %hi\\\\([^)]*L
UNRESOLVED: gcc.target/mips/code-readable-4.c -O2 scan-assembler-not %lo\\\\([^)]*L
UNRESOLVED: gcc.target/mips/code-readable-4.c -O2 scan-assembler \\t\\\\.dword\\tk\\n
UNRESOLVED: gcc.target/mips/code-readable-4.c -O2 scan-assembler-not %hi\\\\(k\\\\)
UNRESOLVED: gcc.target/mips/code-readable-4.c -O2 scan-assembler-not %lo\\\\(k\\\\)
FAIL: gcc.target/mips/code-readable-4.c -O3 -fomit-frame-pointer (internal compiler error)
FAIL: gcc.target/mips/code-readable-4.c -O3 -fomit-frame-pointer (test for excess errors)
UNRESOLVED: gcc.target/mips/code-readable-4.c -O3 -fomit-frame-pointer scan-assembler \\tla\\t
UNRESOLVED: gcc.target/mips/code-readable-4.c -O3 -fomit-frame-pointer scan-assembler \\t\\\\.half\\t
UNRESOLVED: gcc.target/mips/code-readable-4.c -O3 -fomit-frame-pointer scan-assembler-not %hi\\\\([^)]*L
UNRESOLVED: gcc.target/mips/code-readable-4.c -O3 -fomit-frame-pointer scan-assembler-not %lo\\\\([^)]*L
UNRESOLVED: gcc.target/mips/code-readable-4.c -O3 -fomit-frame-pointer scan-assembler \\t\\\\.dword\\tk\\n
UNRESOLVED: gcc.target/mips/code-readable-4.c -O3 -fomit-frame-pointer scan-assembler-not %hi\\\\(k\\\\)
UNRESOLVED: gcc.target/mips/code-readable-4.c -O3 -fomit-frame-pointer scan-assembler-not %lo\\\\(k\\\\)
FAIL: gcc.target/mips/code-readable-4.c -O3 -g (internal compiler error)
FAIL: gcc.target/mips/code-readable-4.c -O3 -g (test for excess errors)
UNRESOLVED: gcc.target/mips/code-readable-4.c -O3 -g scan-assembler \\tla\\t
UNRESOLVED: gcc.target/mips/code-readable-4.c -O3 -g scan-assembler \\t\\\\.half\\t
UNRESOLVED: gcc.target/mips/code-readable-4.c -O3 -g scan-assembler-not %hi\\\\([^)]*L
UNRESOLVED: gcc.target/mips/code-readable-4.c -O3 -g scan-assembler-not %lo\\\\([^)]*L
UNRESOLVED: gcc.target/mips/code-readable-4.c -O3 -g scan-assembler \\t\\\\.dword\\tk\\n
UNRESOLVED: gcc.target/mips/code-readable-4.c -O3 -g scan-assembler-not %hi\\\\(k\\\\)
UNRESOLVED: gcc.target/mips/code-readable-4.c -O3 -g scan-assembler-not %lo\\\\(k\\\\)
FAIL: gcc.target/mips/code-readable-4.c -Os (internal compiler error)
FAIL: gcc.target/mips/code-readable-4.c -Os (test for excess errors)
UNRESOLVED: gcc.target/mips/code-readable-4.c -Os scan-assembler \\tla\\t
UNRESOLVED: gcc.target/mips/code-readable-4.c -Os scan-assembler \\t\\\\.half\\t
UNRESOLVED: gcc.target/mips/code-readable-4.c -Os scan-assembler-not %hi\\\\([^)]*L
UNRESOLVED: gcc.target/mips/code-readable-4.c -Os scan-assembler-not %lo\\\\([^)]*L
UNRESOLVED: gcc.target/mips/code-readable-4.c -Os scan-assembler \\t\\\\.dword\\tk\\n
UNRESOLVED: gcc.target/mips/code-readable-4.c -Os scan-assembler-not %hi\\\\(k\\\\)
UNRESOLVED: gcc.target/mips/code-readable-4.c -Os scan-assembler-not %lo\\\\(k\\\\)
FAIL: gcc.target/mips/code-readable-4.c -O2 -flto -flto-partition=none (internal compiler error)
FAIL: gcc.target/mips/code-readable-4.c -O2 -flto -flto-partition=none (test for excess errors)
UNRESOLVED: gcc.target/mips/code-readable-4.c -O2 -flto -flto-partition=none scan-assembler \\tla\\t
UNRESOLVED: gcc.target/mips/code-readable-4.c -O2 -flto -flto-partition=none scan-assembler \\t\\\\.half\\t
UNRESOLVED: gcc.target/mips/code-readable-4.c -O2 -flto -flto-partition=none scan-assembler-not %hi\\\\([^)]*L
UNRESOLVED: gcc.target/mips/code-readable-4.c -O2 -flto -flto-partition=none scan-assembler-not %lo\\\\([^)]*L
UNRESOLVED: gcc.target/mips/code-readable-4.c -O2 -flto -flto-partition=none scan-assembler \\t\\\\.dword\\tk\\n
UNRESOLVED: gcc.target/mips/code-readable-4.c -O2 -flto -flto-partition=none scan-assembler-not %hi\\\\(k\\\\)
UNRESOLVED: gcc.target/mips/code-readable-4.c -O2 -flto -flto-partition=none scan-assembler-not %lo\\\\(k\\\\)
FAIL: gcc.target/mips/code-readable-4.c -O2 -flto (internal compiler error)
FAIL: gcc.target/mips/code-readable-4.c -O2 -flto (test for excess errors)
UNRESOLVED: gcc.target/mips/code-readable-4.c -O2 -flto scan-assembler \\tla\\t
UNRESOLVED: gcc.target/mips/code-readable-4.c -O2 -flto scan-assembler \\t\\\\.half\\t
UNRESOLVED: gcc.target/mips/code-readable-4.c -O2 -flto scan-assembler-not %hi\\\\([^)]*L
UNRESOLVED: gcc.target/mips/code-readable-4.c -O2 -flto scan-assembler-not %lo\\\\([^)]*L
UNRESOLVED: gcc.target/mips/code-readable-4.c -O2 -flto scan-assembler \\t\\\\.dword\\tk\\n
UNRESOLVED: gcc.target/mips/code-readable-4.c -O2 -flto scan-assembler-not %hi\\\\(k\\\\)
UNRESOLVED: gcc.target/mips/code-readable-4.c -O2 -flto scan-assembler-not %lo\\\\(k\\\\)
FAIL: gcc.target/mips/mips16-attributes-4.c -O0 (test for excess errors)
FAIL: gcc.target/mips/mips16-attributes-4.c -O1 (test for excess errors)
FAIL: gcc.target/mips/mips16-attributes-4.c -O2 (test for excess errors)
FAIL: gcc.target/mips/mips16-attributes-4.c -O3 -fomit-frame-pointer (test for excess errors)
FAIL: gcc.target/mips/mips16-attributes-4.c -O3 -g (test for excess errors)
FAIL: gcc.target/mips/mips16-attributes-4.c -Os (test for excess errors)
FAIL: gcc.target/mips/mips16-attributes-4.c -O2 -flto -flto-partition=none (test for excess errors)
FAIL: gcc.target/mips/mips16-attributes-4.c -O2 -flto (test for excess errors)
FAIL: gcc.target/mips/mips16-attributes.c -O0 (test for excess errors)
FAIL: gcc.target/mips/mips16-attributes.c -O1 (test for excess errors)
FAIL: gcc.target/mips/mips16-attributes.c -O2 (test for excess errors)
FAIL: gcc.target/mips/mips16-attributes.c -O3 -fomit-frame-pointer (test for excess errors)
FAIL: gcc.target/mips/mips16-attributes.c -O3 -g (test for excess errors)
FAIL: gcc.target/mips/mips16-attributes.c -Os (test for excess errors)
FAIL: gcc.target/mips/mips16-attributes.c -O2 -flto -flto-partition=none (test for excess errors)
FAIL: gcc.target/mips/mips16-attributes.c -O2 -flto (test for excess errors)
=== gcc Summary ===
# of expected passes 91167
# of unexpected failures 48
# of expected failures 147
# of unresolved testcases 98
# of unsupported tests 1403
/home/daney/gccsvn/build/gcc/xgcc version 4.9.0 20130424 (experimental) [trunk revision 198257] (GCC)
=== boehm-gc tests ===
Running target unix
=== boehm-gc Summary ===
# of expected passes 12
# of unsupported tests 1
=== libatomic tests ===
Running target unix
=== libatomic Summary ===
# of expected passes 34
# of unsupported tests 10
=== libffi tests ===
Running target unix
=== libffi Summary ===
# of expected passes 1819
# of unsupported tests 55
=== libgomp tests ===
Running target unix
=== libgomp Summary ===
# of expected passes 1257
# of unsupported tests 1
=== libjava tests ===
Running target unix
FAIL: sourcelocation output - source compiled test
FAIL: sourcelocation -findirect-dispatch output - source compiled test
FAIL: sourcelocation -O3 output - source compiled test
FAIL: sourcelocation -O3 -findirect-dispatch output - source compiled test
=== libjava Summary ===
# of expected passes 2582
# of unexpected failures 4
=== libmudflap tests ===
Running target unix
FAIL: libmudflap.c/fail17-frag.c (-static) (test for excess errors)
FAIL: libmudflap.c/fail23-frag.c (-static) (test for excess errors)
FAIL: libmudflap.c/fail25-frag.c (-static) (test for excess errors)
FAIL: libmudflap.c/fail4-frag.c (-static) (test for excess errors)
FAIL: libmudflap.c/fail5-frag.c (-static) (test for excess errors)
FAIL: libmudflap.c/fail6-frag.c (-static) (test for excess errors)
FAIL: libmudflap.c/fail7-frag.c (-static) (test for excess errors)
FAIL: libmudflap.c/fail8-frag.c (-static) (test for excess errors)
FAIL: libmudflap.c/fail9-frag.c (-static) (test for excess errors)
FAIL: libmudflap.c/heap-scalestress.c (-static) (test for excess errors)
FAIL: libmudflap.c/hook-allocstuff.c (-static) (test for excess errors)
FAIL: libmudflap.c/pass-stratcliff.c (-static) (test for excess errors)
FAIL: libmudflap.c/pass30-frag.c (-static) (test for excess errors)
FAIL: libmudflap.c/pass30-frag.c (-static) (test for excess errors)
FAIL: libmudflap.c/pass4-frag.c (-static) (test for excess errors)
FAIL: libmudflap.c/pass4-frag.c (-static) (test for excess errors)
FAIL: libmudflap.c/pass45-frag.c (-static) (test for excess errors)
FAIL: libmudflap.c/pass45-frag.c (-static) (test for excess errors)
FAIL: libmudflap.c/pass46-frag.c (-static) (test for excess errors)
FAIL: libmudflap.c/pass46-frag.c (-static) (test for excess errors)
FAIL: libmudflap.c/pass47-frag.c (-static) (test for excess errors)
FAIL: libmudflap.c/pass47-frag.c (-static) (test for excess errors)
FAIL: libmudflap.c/pass49-frag.c (-static) (test for excess errors)
FAIL: libmudflap.c/pass49-frag.c (-static) (test for excess errors)
FAIL: libmudflap.c/pass5-frag.c (-static) (test for excess errors)
FAIL: libmudflap.c/pass5-frag.c (-static) (test for excess errors)
FAIL: libmudflap.c/pass51-frag.c (-static) (test for excess errors)
FAIL: libmudflap.c/pass51-frag.c (-static) (test for excess errors)
FAIL: libmudflap.c/pass52-frag.c (-static) (test for excess errors)
FAIL: libmudflap.c/pass52-frag.c (-static) (test for excess errors)
FAIL: libmudflap.c/pass6-frag.c (-static) (test for excess errors)
FAIL: libmudflap.c/pass6-frag.c (-static) (test for excess errors)
FAIL: libmudflap.c/pass7-frag.c (-static) (test for excess errors)
FAIL: libmudflap.c/pass7-frag.c (-static) (test for excess errors)
FAIL: libmudflap.c/pass8-frag.c (-static) (test for excess errors)
FAIL: libmudflap.c/pass8-frag.c (-static) (test for excess errors)
FAIL: libmudflap.c/pass9-frag.c (-static) (test for excess errors)
FAIL: libmudflap.c/pass9-frag.c (-static) (test for excess errors)
FAIL: libmudflap.c++/fail24-frag.cxx (-static) (test for excess errors)
FAIL: libmudflap.c++/pass31-frag.cxx (-static) (test for excess errors)
FAIL: libmudflap.c++/pass41-frag.cxx (-static) execution test
FAIL: libmudflap.c++/pass41-frag.cxx ( -O) execution test
FAIL: libmudflap.c++/pass41-frag.cxx (-O2) execution test
FAIL: libmudflap.c++/pass41-frag.cxx (-O3) execution test
FAIL: libmudflap.cth/pass37-frag.c (-static -DSTATIC) (test for excess errors)
FAIL: libmudflap.cth/pass39-frag.c (-static -DSTATIC) (test for excess errors)
FAIL: libmudflap.cth/pass40-frag.c (-static -DSTATIC) (test for excess errors)
FAIL: libmudflap.cth/pass59-frag.c (-static -DSTATIC) (test for excess errors)
=== libmudflap Summary ===
# of expected passes 1858
# of unexpected failures 48
=== libstdc++ tests ===
Running target unix
FAIL: libstdc++-abi/abi_check
=== libstdc++ Summary ===
# of expected passes 8370
# of unexpected failures 1
# of expected failures 45
# of unsupported tests 572
Compiler version: 4.9.0 20130424 (experimental) [trunk revision 198257] (GCC)
Platform: mips-unknown-linux-gnu
configure flags: --enable-languages=c,c++,java