This is the mail archive of the
gcc-testresults@gcc.gnu.org
mailing list for the GCC project.
Results for 4.8.1 20130415 (prerelease) (GCC) testsuite on x86_64-unknown-linux-gnu
- From: Sebastian Huber <sebastian dot huber at embedded-brains dot de>
- To: gcc-testresults at gcc dot gnu dot org
- Date: Mon, 15 Apr 2013 15:28:14 +0200
- Subject: Results for 4.8.1 20130415 (prerelease) (GCC) testsuite on x86_64-unknown-linux-gnu
LAST_UPDATED: Tue Feb 12 09:22:25 UTC 2013 (revision
022fc2d:bffd767:fd457cef14f3bc6673e90a2de80005feea743ab7)
Native configuration is x86_64-unknown-linux-gnu
=== gcc tests ===
Running target unix
=== gcc Summary ===
# of expected passes 92635
# of expected failures 261
# of unsupported tests 1588
/scratch/git-build/b-gcc-git-linux/gcc/xgcc version 4.8.1 20130415
(prerelease) [master revision
022fc2d:bffd767:fd457cef14f3bc6673e90a2de80005feea743ab7] (GCC)
=== gfortran tests ===
Running target unix
=== gfortran Summary ===
# of expected passes 43339
# of expected failures 42
# of unsupported tests 85
/scratch/git-build/b-gcc-git-linux/gcc/testsuite/gfortran/../../gfortran
version 4.8.1 20130415 (prerelease) [master revision
022fc2d:bffd767:fd457cef14f3bc6673e90a2de80005feea743ab7] (GCC)
=== g++ tests ===
Running target unix
=== g++ Summary ===
# of expected passes 54058
# of expected failures 290
# of unsupported tests 860
/scratch/git-build/b-gcc-git-linux/gcc/testsuite/g++/../../xg++ version 4.8.1
20130415 (prerelease) [master revision
022fc2d:bffd767:fd457cef14f3bc6673e90a2de80005feea743ab7] (GCC)
=== objc tests ===
Running target unix
=== objc Summary ===
# of expected passes 2988
# of expected failures 6
# of unsupported tests 74
/scratch/git-build/b-gcc-git-linux/gcc/xgcc version 4.8.1 20130415
(prerelease) [master revision
022fc2d:bffd767:fd457cef14f3bc6673e90a2de80005feea743ab7] (GCC)
=== boehm-gc tests ===
Running target unix
=== boehm-gc Summary ===
# of expected passes 12
# of unsupported tests 1
=== libatomic tests ===
Running target unix
=== libatomic Summary ===
# of expected passes 54
=== libffi tests ===
Running target unix
=== libffi Summary ===
# of expected passes 1819
# of unsupported tests 55
=== libgomp tests ===
Running target unix
=== libgomp Summary ===
# of expected passes 2949
=== libitm tests ===
Running target unix
=== libitm Summary ===
# of expected passes 26
# of expected failures 3
# of unsupported tests 1
=== libjava tests ===
Running target unix
FAIL: sourcelocation output - source compiled test
FAIL: sourcelocation -findirect-dispatch output - source compiled test
FAIL: sourcelocation -O3 output - source compiled test
=== libjava Summary ===
# of expected passes 2583
# of unexpected failures 3
=== libmudflap tests ===
Running target unix
FAIL: libmudflap.c++/pass41-frag.cxx ( -O) execution test
FAIL: libmudflap.c++/pass41-frag.cxx (-O2) execution test
FAIL: libmudflap.c++/pass41-frag.cxx (-O3) execution test
=== libmudflap Summary ===
# of expected passes 1433
# of unexpected failures 3
=== libstdc++ tests ===
Running target unix
=== libstdc++ Summary ===
# of expected passes 9236
# of expected failures 45
# of unsupported tests 216
Compiler version: 4.8.1 20130415 (prerelease) [master revision
022fc2d:bffd767:fd457cef14f3bc6673e90a2de80005feea743ab7] (GCC)
Platform: x86_64-unknown-linux-gnu
configure flags: --prefix=/scratch/install-gcc-git --verbose --enable-languages=all
--
Sebastian Huber, embedded brains GmbH
Address : Dornierstr. 4, D-82178 Puchheim, Germany
Phone : +49 89 189 47 41-16
Fax : +49 89 189 47 41-09
E-Mail : sebastian.huber@embedded-brains.de
PGP : Public key available on request.
Diese Nachricht ist keine geschäftliche Mitteilung im Sinne des EHUG.