This is the mail archive of the
gcc-testresults@gcc.gnu.org
mailing list for the GCC project.
Results for 4.8.0 (GCC) testsuite on hppa2.0w-hp-hpux11.00
- From: John David Anglin <dave at hiauly2 dot hia dot nrc dot ca>
- To: dave at hiauly2 dot hia dot nrc dot ca, gcc-testresults at gcc dot gnu dot org
- Date: Fri, 29 Mar 2013 15:09:28 -0400 (EDT)
- Subject: Results for 4.8.0 (GCC) testsuite on hppa2.0w-hp-hpux11.00
=== acats tests ===
=== acats Summary ===
# of expected passes 2320
# of unexpected failures 0
Native configuration is hppa2.0w-hp-hpux11.00
=== g++ tests ===
Running target unix
FAIL: g++.dg/cpp0x/udlit-string-literal.C (test for excess errors)
UNRESOLVED: g++.dg/ext/label13.C -std=gnu++98 compilation failed to produce executable
UNRESOLVED: g++.dg/ext/label13.C -std=gnu++11 compilation failed to produce executable
WARNING: program timed out.
FAIL: c-c++-common/simulate-thread/bitfields-2.c -Os -g thread simulation test
=== g++ Summary ===
# of expected passes 45431
# of unexpected failures 2
# of expected failures 294
# of unresolved testcases 2
# of unsupported tests 1205
/home/gnu/gcc/obj32dir/gcc/testsuite/g++/../../xg++ version 4.8.0 (GCC)
=== gcc tests ===
Running target unix
WARNING: program timed out.
=== gcc Summary ===
# of expected passes 64898
# of expected failures 122
# of unsupported tests 1524
/home/gnu/gcc/obj32dir/gcc/xgcc version 4.8.0 (GCC)
=== gfortran tests ===
Running target unix
XPASS: gfortran.dg/do_1.f90 -O0 execution test
XPASS: gfortran.dg/do_1.f90 -O1 execution test
XPASS: gfortran.dg/do_1.f90 -O2 execution test
XPASS: gfortran.dg/do_1.f90 -O3 -fomit-frame-pointer execution test
XPASS: gfortran.dg/do_1.f90 -O3 -fomit-frame-pointer -funroll-loops execution test
XPASS: gfortran.dg/do_1.f90 -O3 -fomit-frame-pointer -funroll-all-loops -finline-functions execution test
XPASS: gfortran.dg/do_1.f90 -O3 -g execution test
XPASS: gfortran.dg/do_1.f90 -Os execution test
FAIL: gfortran.dg/pr45636.f90 -O scan-tree-dump-times forwprop2 "memset" 0
=== gfortran Summary ===
# of expected passes 41738
# of unexpected failures 1
# of unexpected successes 8
# of expected failures 42
# of unsupported tests 398
/home/gnu/gcc/obj32dir/gcc/testsuite/gfortran/../../gfortran version 4.8.0 (GCC)
=== gnat tests ===
Running target unix
=== gnat Summary ===
# of expected passes 1146
# of expected failures 17
# of unsupported tests 12
/home/gnu/gcc/obj32dir/gcc/gnatmake version 4.8.0
=== obj-c++ tests ===
Running target unix
=== obj-c++ Summary ===
# of expected passes 1408
# of expected failures 2
# of unsupported tests 69
/home/gnu/gcc/obj32dir/gcc/testsuite/obj-c++/../../xg++ version 4.8.0 (GCC)
=== objc tests ===
Running target unix
=== objc Summary ===
# of expected passes 2912
# of unsupported tests 67
/home/gnu/gcc/obj32dir/gcc/xgcc version 4.8.0 (GCC)
=== boehm-gc tests ===
Running target unix
FAIL: boehm-gc.c/gctest.c -O2 (test for excess errors)
FAIL: boehm-gc.c/leak_test.c -O2 (test for excess errors)
FAIL: boehm-gc.c/middle.c -O2 (test for excess errors)
FAIL: boehm-gc.c/thread_leak_test.c -O2 (test for excess errors)
FAIL: boehm-gc.lib/staticrootstest.c -O2 (test for excess errors)
=== boehm-gc Summary ===
# of expected passes 7
# of unexpected failures 5
# of unsupported tests 1
=== libatomic tests ===
Running target unix
=== libatomic Summary ===
# of expected passes 4
# of unsupported tests 25
=== libffi tests ===
Running target unix
=== libffi Summary ===
# of expected passes 1819
# of unsupported tests 55
=== libgomp tests ===
Running target unix
=== libgomp Summary ===
# of expected passes 2929
# of unsupported tests 10
=== libjava tests ===
Running target unix
FAIL: LargeFile execution - source compiled test
FAIL: LargeFile -findirect-dispatch execution - source compiled test
FAIL: LargeFile -O3 execution - source compiled test
FAIL: LargeFile -O3 -findirect-dispatch execution - source compiled test
FAIL: sourcelocation output - source compiled test
FAIL: sourcelocation -findirect-dispatch output - source compiled test
FAIL: sourcelocation -O3 output - source compiled test
FAIL: sourcelocation -O3 -findirect-dispatch output - source compiled test
=== libjava Summary ===
# of expected passes 2574
# of unexpected failures 8
# of untested testcases 4
=== libstdc++ tests ===
Running target unix
WARNING: program timed out.
FAIL: 23_containers/vector/bool/modifiers/insert/31370.cc execution test
=== libstdc++ Summary ===
# of expected passes 6665
# of unexpected failures 1
# of expected failures 44
# of unsupported tests 724
Compiler version: 4.8.0 (GCC)
Platform: hppa2.0w-hp-hpux11.00
configure flags:Test Run By dave on Mon Mar 25 22:40:53 EDT 2013