This is the mail archive of the gcc-testresults@gcc.gnu.org mailing list for the GCC project.


Index Nav: [Date Index] [Subject Index] [Author Index] [Thread Index]
Message Nav: [Date Prev] [Date Next] [Thread Prev] [Thread Next]
Other format: [Raw text]

Results for 4.8.0 (GCC) testsuite on x86_64-unknown-linux-gnu


Built on Debian GNU/Linux Squeeze (stable) 6.0.7 under a minimal chroot

The following were built inline in gcc source tree, extracted and symlinked:
cloog-0.18.0
gmp-5.0.5
isl-0.11.1
mpc-1.0.1
mpfr-3.1.2

These were installed in support of gcc 4.4.5, no dev packages though:
libgmp3c2 2:4.3.2+dfsg-1
libmpfr4 3.0.0-2

CPU 2 of these:
vendor_id       : AuthenticAMD
cpu family      : 21
model           : 2
model name      : AMD Opteron(tm) Processor 6348
stepping        : 0
cpu MHz         : 2800.000
cache size      : 2048 KB

LAST_UPDATED: Obtained from SVN: tags/gcc_4_8_0_release revision 196953

Native configuration is x86_64-unknown-linux-gnu

		=== g++ tests ===


Running target unix
FAIL: g++.dg/other/anon5.C -std=gnu++98 (test for excess errors)
FAIL: g++.dg/other/anon5.C -std=gnu++11 (test for excess errors)

		=== g++ Summary ===

# of expected passes		53789
# of unexpected failures	2
# of expected failures		290
# of unsupported tests		825
/root/objdir-gcc-4.8.0/gcc/testsuite/g++/../../xg++  version 4.8.0 (GCC) 

		=== gcc tests ===


Running target unix
FAIL: gcc.dg/cproj-fails-with-broken-glibc.c execution test
FAIL: gcc.target/i386/fma4-maccXX.c execution test
FAIL: gcc.target/i386/fma4-msubXX.c execution test
FAIL: gcc.target/i386/fma4-nmaccXX.c execution test
FAIL: gcc.target/i386/fma4-nmsubXX.c execution test
FAIL: gcc.target/i386/pr56114.c (test for excess errors)

		=== gcc Summary ===

# of expected passes		92716
# of unexpected failures	6
# of expected failures		265
# of unsupported tests		1618
/root/objdir-gcc-4.8.0/gcc/xgcc  version 4.8.0 (GCC) 

		=== gfortran tests ===


Running target unix
XPASS: gfortran.dg/do_1.f90  -O0  execution test
XPASS: gfortran.dg/do_1.f90  -O1  execution test
XPASS: gfortran.dg/do_1.f90  -O2  execution test
XPASS: gfortran.dg/do_1.f90  -O3 -fomit-frame-pointer  execution test
XPASS: gfortran.dg/do_1.f90  -O3 -fomit-frame-pointer -funroll-loops  execution test
XPASS: gfortran.dg/do_1.f90  -O3 -fomit-frame-pointer -funroll-all-loops -finline-functions  execution test
XPASS: gfortran.dg/do_1.f90  -O3 -g  execution test
XPASS: gfortran.dg/do_1.f90  -Os  execution test

		=== gfortran Summary ===

# of expected passes		43391
# of unexpected successes	8
# of expected failures		56
# of unsupported tests		79
/root/objdir-gcc-4.8.0/gcc/testsuite/gfortran/../../gfortran  version 4.8.0 (GCC) 

		=== objc tests ===


Running target unix

		=== objc Summary ===

# of expected passes		2988
# of expected failures		6
# of unsupported tests		74
/root/objdir-gcc-4.8.0/gcc/xgcc  version 4.8.0 (GCC) 

		=== boehm-gc tests ===


Running target unix

		=== boehm-gc Summary ===

# of expected passes		12
# of unsupported tests		1
		=== libatomic tests ===


Running target unix

		=== libatomic Summary ===

# of expected passes		54
		=== libffi tests ===


Running target unix

		=== libffi Summary ===

# of expected passes		1819
# of unsupported tests		55
		=== libgomp tests ===


Running target unix

		=== libgomp Summary ===

# of expected passes		2998
		=== libitm tests ===


Running target unix

		=== libitm Summary ===

# of expected passes		26
# of expected failures		3
# of unsupported tests		1
		=== libjava tests ===


Running target unix
FAIL: sourcelocation output - source compiled test
FAIL: sourcelocation -findirect-dispatch output - source compiled test
FAIL: sourcelocation -O3 output - source compiled test
FAIL: sourcelocation -O3 -findirect-dispatch output - source compiled test

		=== libjava Summary ===

# of expected passes		2582
# of unexpected failures	4
		=== libmudflap tests ===


Running target unix
FAIL: libmudflap.c++/pass41-frag.cxx ( -O) execution test
FAIL: libmudflap.c++/pass41-frag.cxx (-O2) execution test
FAIL: libmudflap.c++/pass41-frag.cxx (-O3) execution test

		=== libmudflap Summary ===

# of expected passes		1433
# of unexpected failures	3
		=== libstdc++ tests ===


Running target unix

		=== libstdc++ Summary ===

# of expected passes		8556
# of expected failures		45
# of unsupported tests		542

Compiler version: 4.8.0 (GCC) 
Platform: x86_64-unknown-linux-gnu
configure flags: -v


Index Nav: [Date Index] [Subject Index] [Author Index] [Thread Index]
Message Nav: [Date Prev] [Date Next] [Thread Prev] [Thread Next]