This is the mail archive of the gcc-testresults@gcc.gnu.org mailing list for the GCC project.


Index Nav: [Date Index] [Subject Index] [Author Index] [Thread Index]
Message Nav: [Date Prev] [Date Next] [Thread Prev] [Thread Next]
Other format: [Raw text]

Results for 4.8.0 (GCC) testsuite on i386-pc-solaris2.11


LAST_UPDATED: Obtained from SVN: tags/gcc_4_8_0_release revision 196953

		=== acats tests ===

		=== acats Summary ===
# of expected passes		2320
# of unexpected failures	0
Native configuration is i386-pc-solaris2.11

		=== g++ tests ===


Running target unix

		=== g++ Summary for unix ===

# of expected passes		50598
# of expected failures		292
# of unsupported tests		594

Running target unix/-m64

		=== g++ Summary for unix/-m64 ===

# of expected passes		51366
# of expected failures		292
# of unsupported tests		837

		=== g++ Summary ===

# of expected passes		101964
# of expected failures		584
# of unsupported tests		1431
/var/gcc/gcc-4.8.0/11-gcc-gas/gcc/testsuite/g++/../../xg++  version 4.8.0 (GCC) 

		=== gcc tests ===


Running target unix

		=== gcc Summary for unix ===

# of expected passes		91052
# of expected failures		263
# of unsupported tests		1142

Running target unix/-m64

		=== gcc Summary for unix/-m64 ===

# of expected passes		91456
# of expected failures		265
# of unsupported tests		1448

		=== gcc Summary ===

# of expected passes		182508
# of expected failures		528
# of unsupported tests		2590
/var/gcc/gcc-4.8.0/11-gcc-gas/gcc/xgcc  version 4.8.0 (GCC) 

		=== gfortran tests ===


Running target unix
XPASS: gfortran.dg/do_1.f90  -O0  execution test
XPASS: gfortran.dg/do_1.f90  -O1  execution test
XPASS: gfortran.dg/do_1.f90  -O2  execution test
XPASS: gfortran.dg/do_1.f90  -O3 -fomit-frame-pointer  execution test
XPASS: gfortran.dg/do_1.f90  -O3 -fomit-frame-pointer -funroll-loops  execution test
XPASS: gfortran.dg/do_1.f90  -O3 -fomit-frame-pointer -funroll-all-loops -finline-functions  execution test
XPASS: gfortran.dg/do_1.f90  -O3 -g  execution test
XPASS: gfortran.dg/do_1.f90  -Os  execution test

		=== gfortran Summary for unix ===

# of expected passes		43077
# of unexpected successes	8
# of expected failures		56
# of unsupported tests		228

Running target unix/-m64
XPASS: gfortran.dg/do_1.f90  -O0  execution test
XPASS: gfortran.dg/do_1.f90  -O1  execution test
XPASS: gfortran.dg/do_1.f90  -O2  execution test
XPASS: gfortran.dg/do_1.f90  -O3 -fomit-frame-pointer  execution test
XPASS: gfortran.dg/do_1.f90  -O3 -fomit-frame-pointer -funroll-loops  execution test
XPASS: gfortran.dg/do_1.f90  -O3 -fomit-frame-pointer -funroll-all-loops -finline-functions  execution test
XPASS: gfortran.dg/do_1.f90  -O3 -g  execution test
XPASS: gfortran.dg/do_1.f90  -Os  execution test

		=== gfortran Summary for unix/-m64 ===

# of expected passes		43380
# of unexpected successes	8
# of expected failures		56
# of unsupported tests		82

		=== gfortran Summary ===

# of expected passes		86457
# of unexpected successes	16
# of expected failures		112
# of unsupported tests		310
/var/gcc/gcc-4.8.0/11-gcc-gas/gcc/testsuite/gfortran/../../gfortran  version 4.8.0 (GCC) 

		=== gnat tests ===


Running target unix

		=== gnat Summary for unix ===

# of expected passes		1158
# of expected failures		17
# of unsupported tests		6

Running target unix/-m64

		=== gnat Summary for unix/-m64 ===

# of expected passes		1158
# of expected failures		17
# of unsupported tests		6

		=== gnat Summary ===

# of expected passes		2316
# of expected failures		34
# of unsupported tests		12
/var/gcc/gcc-4.8.0/11-gcc-gas/gcc/gnatmake version 4.8.0

		=== go tests ===


Running target unix

		=== go Summary for unix ===

# of expected passes		5083
# of expected failures		1
# of untested testcases		5

Running target unix/-m64
FAIL: go.test/test/chan/powser1.go execution,  -O2 -g 

		=== go Summary for unix/-m64 ===

# of expected passes		4962
# of unexpected failures	1
# of expected failures		1
# of untested testcases		5

		=== go Summary ===

# of expected passes		10045
# of unexpected failures	1
# of expected failures		2
# of untested testcases		10
/var/gcc/gcc-4.8.0/11-gcc-gas/gcc/testsuite/go/../../gccgo  version 4.8.0 (GCC) 

		=== obj-c++ tests ===


Running target unix

		=== obj-c++ Summary for unix ===

# of expected passes		1450
# of expected failures		2
# of unsupported tests		86

Running target unix/-m64

		=== obj-c++ Summary for unix/-m64 ===

# of expected passes		1442
# of expected failures		10
# of unsupported tests		86

		=== obj-c++ Summary ===

# of expected passes		2892
# of expected failures		12
# of unsupported tests		172
/var/gcc/gcc-4.8.0/11-gcc-gas/gcc/testsuite/obj-c++/../../xg++  version 4.8.0 (GCC) 

		=== objc tests ===


Running target unix

		=== objc Summary for unix ===

# of expected passes		2988
# of expected failures		6
# of unsupported tests		74

Running target unix/-m64

		=== objc Summary for unix/-m64 ===

# of expected passes		2988
# of expected failures		6
# of unsupported tests		74

		=== objc Summary ===

# of expected passes		5976
# of expected failures		12
# of unsupported tests		148
/var/gcc/gcc-4.8.0/11-gcc-gas/gcc/xgcc  version 4.8.0 (GCC) 

		=== boehm-gc tests ===


Running target unix

		=== boehm-gc Summary for unix ===

# of expected passes		12
# of unsupported tests		1

Running target unix/-m64

		=== boehm-gc Summary for unix/-m64 ===

# of expected passes		12
# of unsupported tests		1

		=== boehm-gc Summary ===

# of expected passes		24
# of unsupported tests		2
		=== libatomic tests ===


Running target unix

		=== libatomic Summary for unix ===

# of expected passes		44
# of unsupported tests		5

Running target unix/-m64

		=== libatomic Summary for unix/-m64 ===

# of expected passes		54

		=== libatomic Summary ===

# of expected passes		98
# of unsupported tests		5
		=== libffi tests ===


Running target unix

		=== libffi Summary for unix ===

# of expected passes		1819
# of unsupported tests		55

Running target unix/-m64

		=== libffi Summary for unix/-m64 ===

# of expected passes		1819
# of unsupported tests		55

		=== libffi Summary ===

# of expected passes		3638
# of unsupported tests		110
		=== libgo tests ===


Running target unix

		=== libgo Summary for unix ===

# of expected passes		131

Running target unix/-m64
FAIL: bufio
FAIL: bytes
FAIL: errors
FAIL: expvar
FAIL: html
FAIL: image
FAIL: io
FAIL: log
FAIL: mime
FAIL: net
FAIL: os
FAIL: path
FAIL: regexp
FAIL: runtime
FAIL: strings
FAIL: sync
FAIL: syscall
FAIL: time
FAIL: unicode
FAIL: archive/tar
FAIL: compress/bzip2
FAIL: compress/flate
FAIL: compress/gzip
FAIL: compress/lzw
FAIL: compress/zlib
FAIL: container/heap
FAIL: container/list
FAIL: container/ring
FAIL: crypto/aes
FAIL: crypto/cipher
FAIL: crypto/des
FAIL: crypto/dsa
FAIL: crypto/ecdsa
FAIL: crypto/elliptic
FAIL: crypto/hmac
FAIL: crypto/md5
FAIL: crypto/rand
FAIL: crypto/rc4
FAIL: crypto/rsa
FAIL: crypto/sha1
FAIL: crypto/sha256
FAIL: crypto/sha512
FAIL: crypto/subtle
FAIL: crypto/tls
FAIL: crypto/x509
FAIL: database/sql/driver
FAIL: debug/dwarf
FAIL: debug/elf
FAIL: debug/macho
FAIL: debug/pe
FAIL: encoding/ascii85
FAIL: encoding/asn1
FAIL: encoding/base32
FAIL: encoding/base64
FAIL: encoding/csv
FAIL: encoding/hex
FAIL: encoding/pem
FAIL: encoding/xml
FAIL: exp/cookiejar
FAIL: exp/ebnf
FAIL: exp/html
FAIL: exp/html/atom
FAIL: exp/locale/collate
FAIL: exp/locale/collate/build
FAIL: exp/norm
FAIL: exp/proxy
FAIL: exp/terminal
FAIL: exp/utf8string
FAIL: html/template
FAIL: go/format
FAIL: go/printer
FAIL: go/scanner
FAIL: go/token
FAIL: go/types
FAIL: hash/adler32
FAIL: hash/crc32
FAIL: hash/crc64
FAIL: hash/fnv
FAIL: image/color
FAIL: image/png
FAIL: index/suffixarray
FAIL: io/ioutil
FAIL: log/syslog
FAIL: math/big
FAIL: math/rand
FAIL: mime/multipart
FAIL: net/http
FAIL: net/http/cgi
FAIL: net/http/fcgi
FAIL: net/http/httptest
FAIL: net/http/httputil
FAIL: net/mail
FAIL: net/rpc
FAIL: net/smtp
FAIL: net/textproto
FAIL: net/url
FAIL: old/netchan
FAIL: old/regexp
FAIL: old/template
FAIL: os/exec
FAIL: os/signal
FAIL: os/user
FAIL: path/filepath
FAIL: regexp/syntax
FAIL: runtime/pprof
FAIL: sync/atomic
FAIL: text/scanner
FAIL: text/tabwriter
FAIL: testing/quick
FAIL: unicode/utf16
FAIL: unicode/utf8

		=== libgo Summary for unix/-m64 ===

# of expected passes		20
# of unexpected failures	111

		=== libgo Summary ===

# of expected passes		151
# of unexpected failures	111
/var/gcc/gcc-4.8.0/11-gcc-gas/./gcc/gccgo version 4.8.0 (GCC)

		=== libgomp tests ===


Running target unix

		=== libgomp Summary for unix ===

# of expected passes		2992
# of unsupported tests		3

Running target unix/-m64

		=== libgomp Summary for unix/-m64 ===

# of expected passes		2992
# of unsupported tests		3

		=== libgomp Summary ===

# of expected passes		5984
# of unsupported tests		6
		=== libitm tests ===


Running target unix

		=== libitm Summary for unix ===

# of expected passes		26
# of expected failures		3
# of unsupported tests		1

Running target unix/-m64

		=== libitm Summary for unix/-m64 ===

# of expected passes		26
# of expected failures		3
# of unsupported tests		1

		=== libitm Summary ===

# of expected passes		52
# of expected failures		6
# of unsupported tests		2
		=== libjava tests ===


Running target unix
FAIL: sourcelocation output - source compiled test
FAIL: sourcelocation -findirect-dispatch output - source compiled test
FAIL: sourcelocation -O3 output - source compiled test
FAIL: sourcelocation -O3 -findirect-dispatch output - source compiled test

		=== libjava Summary for unix ===

# of expected passes		2582
# of unexpected failures	4

Running target unix/-m64
FAIL: sourcelocation output - source compiled test
FAIL: sourcelocation -findirect-dispatch output - source compiled test
FAIL: sourcelocation -O3 output - source compiled test
FAIL: sourcelocation -O3 -findirect-dispatch output - source compiled test

		=== libjava Summary for unix/-m64 ===

# of expected passes		2582
# of unexpected failures	4

		=== libjava Summary ===

# of expected passes		5164
# of unexpected failures	8
		=== libstdc++ tests ===


Running target unix

		=== libstdc++ Summary for unix ===

# of expected passes		8308
# of expected failures		45
# of unsupported tests		580

Running target unix/-m64

		=== libstdc++ Summary for unix/-m64 ===

# of expected passes		8306
# of expected failures		45
# of unsupported tests		580

		=== libstdc++ Summary ===

# of expected passes		16614
# of expected failures		90
# of unsupported tests		1160

Compiler version: 4.8.0 (GCC) 
Platform: i386-pc-solaris2.11
configure flags: --prefix=/vol/gcc-4.8 --enable-objc-gc --with-as=/vol/gcc/bin/gas-2.23.1 --with-gnu-as --with-gmp-include=/vol/gcc/include --with-gmp-lib=/vol/gcc/lib --with-mpfr-include=/vol/gcc/include --with-mpfr-lib=/vol/gcc/lib --with-mpc-include=/vol/gcc/include --with-mpc-lib=/vol/gcc/lib --enable-languages=all,ada,obj-c++,go --with-isl-include=/vol/gcc/include --with-isl-lib=/vol/gcc/lib --with-cloog-include=/vol/gcc/include --with-cloog-lib=/vol/gcc/lib --enable-cloog-backend=isl
BOOT_CFLAGS=-g -O2


Index Nav: [Date Index] [Subject Index] [Author Index] [Thread Index]
Message Nav: [Date Prev] [Date Next] [Thread Prev] [Thread Next]