This is the mail archive of the gcc-testresults@gcc.gnu.org mailing list for the GCC project.


Index Nav: [Date Index] [Subject Index] [Author Index] [Thread Index]
Message Nav: [Date Prev] [Date Next] [Thread Prev] [Thread Next]
Other format: [Raw text]

Results for 4.8.0 (GCC) testsuite on arm-unknown-linux-gnueabi


-- Build environment ----------------------------------------------------------
Kernel:	Linux bluegrass 3.9.0-rc3-openrd-00341-gc8c1f16 #1 PREEMPT Sun Mar 24 00:49:03 EET 2013 armv5tel GNU/Linux
CPU:	processor	: 0
	model name	: Feroceon 88FR131 rev 1 (v5l)
	BogoMIPS	: 1196.85
	Features	: swp half thumb fastmult edsp 
	CPU implementer	: 0x56
	CPU architecture: 5TE
	CPU variant	: 0x2
	CPU part	: 0x131
	CPU revision	: 1
	Hardware	: Marvell OpenRD Client Board
	Revision	: 0000
	Serial		: 0000000000000000
-- Time consumed --------------------------------------------------------------
Build:	real	959m38.888s
	user	917m43.140s
	sys	22m5.750s
Test:   real	1188m38.995s
	user	1040m4.750s
	sys	95m11.420s
-------------------------------------------------------------------------------
LAST_UPDATED: Obtained from SVN: tags/gcc_4_8_0_release revision 196953

Native configuration is arm-unknown-linux-gnueabi

		=== libatomic tests ===


Running target unix
FAIL: libatomic.c/atomic-op-1.c execution test

		=== libatomic Summary ===

# of expected passes		33
# of unexpected failures	1
# of unsupported tests		10
		=== libgomp tests ===


Running target unix
FAIL: libgomp.c/atomic-10.c execution test

		=== libgomp Summary ===

# of expected passes		1256
# of unexpected failures	1
# of unsupported tests		1
		=== libitm tests ===


Running target unix

		=== libitm Summary ===

# of expected passes		26
# of expected failures		3
# of unsupported tests		1
		=== libmudflap tests ===


Running target unix
FAIL: libmudflap.c++/pass41-frag.cxx ( -O) execution test
FAIL: libmudflap.c++/pass41-frag.cxx (-O2) execution test
FAIL: libmudflap.c++/pass41-frag.cxx (-O3) execution test
ERROR: tcl error sourcing /home/aaro/gcctest/gcc-4.8.0/libmudflap/testsuite/libmudflap.cth/cthfrags.exp.
ERROR: couldn't compile regular expression pattern: out of memory

		=== libmudflap Summary ===

# of expected passes		1253
# of unexpected failures	3
		=== libstdc++ tests ===


Running target unix

		=== libstdc++ Summary ===

# of expected passes		8136
# of expected failures		45
# of unsupported tests		660
		=== g++ tests ===


Running target unix
ERROR: g++.dg/abi/mangle33.C -std=c++98: error executing dg-final: couldn't compile regular expression pattern: out of memory
UNRESOLVED: g++.dg/abi/mangle33.C -std=c++98: error executing dg-final: couldn't compile regular expression pattern: out of memory
ERROR: g++.dg/abi/mangle33.C -std=c++11: error executing dg-final: couldn't compile regular expression pattern: out of memory
UNRESOLVED: g++.dg/abi/mangle33.C -std=c++11: error executing dg-final: couldn't compile regular expression pattern: out of memory

		=== g++ Summary ===

# of expected passes		50137
# of expected failures		291
# of unresolved testcases	2
# of unsupported tests		851
/home/aaro/gcctest/build/gcc/testsuite/g++/../../xg++  version 4.8.0 (GCC) 

		=== gcc tests ===


Running target unix
FAIL: gcc.dg/atomic-compare-exchange-1.c execution test
FAIL: gcc.dg/atomic-compare-exchange-2.c execution test
FAIL: gcc.dg/c99-stdint-1.c (test for excess errors)
FAIL: gcc.dg/c99-stdint-7.c (test for excess errors)
FAIL: gcc.dg/uninit-13.c unconditional (test for warnings, line 8)
FAIL: gcc.dg/uninit-13.c (test for excess errors)
FAIL: gcc.dg/tree-ssa/sra-12.c scan-tree-dump-times release_ssa "l;" 0
FAIL: gcc.target/arm/neon-vext-execute.c execution test
FAIL: gcc.target/arm/pr42172-1.c scan-assembler-times ldr 1
FAIL: gcc.target/arm/pr42575.c scan-assembler-not mov

		=== gcc Summary ===

# of expected passes		88126
# of unexpected failures	10
# of expected failures		257
# of unsupported tests		1331
/home/aaro/gcctest/build/gcc/xgcc  version 4.8.0 (GCC) 


Compiler version: 4.8.0 (GCC) 
Platform: arm-unknown-linux-gnueabi
configure flags: --with-arch=armv4t --with-float=soft --disable-nls --enable-languages=c,c++ --host=arm-unknown-linux-gnueabi --build=arm-unknown-linux-gnueabi --target=arm-unknown-linux-gnueabi --with-system-zlib --with-sysroot=/ --disable-static --enable-shared


Index Nav: [Date Index] [Subject Index] [Author Index] [Thread Index]
Message Nav: [Date Prev] [Date Next] [Thread Prev] [Thread Next]