This is the mail archive of the gcc-testresults@gcc.gnu.org mailing list for the GCC project.


Index Nav: [Date Index] [Subject Index] [Author Index] [Thread Index]
Message Nav: [Date Prev] [Date Next] [Thread Prev] [Thread Next]
Other format: [Raw text]

Results for 4.8.0 (GCC) testsuite on mipsel-unknown-linux-gnu


-- Build environment ----------------------------------------------------------
Kernel:	Linux drone 3.9.0-rc3-lemote #1 PREEMPT Sat Mar 23 14:03:12 EET 2013 mips64 GNU/Linux
CPU:	system type		: lemote-fuloong-2f-box
	processor		: 0
	cpu model		: ICT Loongson-2 V0.3  FPU V0.1
	BogoMIPS		: 528.38
	wait instruction	: no
	microsecond timers	: yes
	tlb_entries		: 64
	extra interrupt vector	: no
	hardware watchpoint	: yes, count: 0, address/irw mask: []
	ASEs implemented	:
	shadow register sets	: 1
	kscratch registers	: 0
	core			: 0
	VCED exceptions		: not available
	VCEI exceptions		: not available
-- Time consumed --------------------------------------------------------------
Build:	real	1371m45.458s
	user	1268m40.412s
	sys	89m28.692s
Test:   real	1044m13.725s
	user	887m50.048s
	sys	149m22.552s
-------------------------------------------------------------------------------
LAST_UPDATED: Obtained from SVN: tags/gcc_4_8_0_release revision 196953

Native configuration is mipsel-unknown-linux-gnu

		=== g++ tests ===


Running target unix
ERROR: g++.dg/abi/mangle33.C -std=c++98: error executing dg-final: couldn't compile regular expression pattern: out of memory
UNRESOLVED: g++.dg/abi/mangle33.C -std=c++98: error executing dg-final: couldn't compile regular expression pattern: out of memory
ERROR: g++.dg/abi/mangle33.C -std=c++11: error executing dg-final: couldn't compile regular expression pattern: out of memory
UNRESOLVED: g++.dg/abi/mangle33.C -std=c++11: error executing dg-final: couldn't compile regular expression pattern: out of memory
FAIL: g++.dg/init/vector1.C -std=gnu++98 (internal compiler error)
FAIL: g++.dg/init/vector1.C -std=gnu++98 (test for excess errors)
UNRESOLVED: g++.dg/init/vector1.C -std=gnu++98 compilation failed to produce executable
FAIL: g++.dg/init/vector1.C -std=gnu++11 (internal compiler error)
FAIL: g++.dg/init/vector1.C -std=gnu++11 (test for excess errors)
UNRESOLVED: g++.dg/init/vector1.C -std=gnu++11 compilation failed to produce executable
FAIL: g++.dg/other/vector-compare.C (internal compiler error)
FAIL: g++.dg/other/vector-compare.C (test for excess errors)
FAIL: c-c++-common/torture/vector-compare-1.c  -O0  (internal compiler error)
FAIL: c-c++-common/torture/vector-compare-1.c  -O0  (test for excess errors)
UNRESOLVED: c-c++-common/torture/vector-compare-1.c  -O0  compilation failed to produce executable
FAIL: c-c++-common/torture/vector-compare-1.c  -O1  (internal compiler error)
FAIL: c-c++-common/torture/vector-compare-1.c  -O1  (test for excess errors)
UNRESOLVED: c-c++-common/torture/vector-compare-1.c  -O1  compilation failed to produce executable
FAIL: c-c++-common/torture/vector-compare-1.c  -O2  (internal compiler error)
FAIL: c-c++-common/torture/vector-compare-1.c  -O2  (test for excess errors)
UNRESOLVED: c-c++-common/torture/vector-compare-1.c  -O2  compilation failed to produce executable
FAIL: c-c++-common/torture/vector-compare-1.c  -O3 -fomit-frame-pointer  (internal compiler error)
FAIL: c-c++-common/torture/vector-compare-1.c  -O3 -fomit-frame-pointer  (test for excess errors)
UNRESOLVED: c-c++-common/torture/vector-compare-1.c  -O3 -fomit-frame-pointer  compilation failed to produce executable
FAIL: c-c++-common/torture/vector-compare-1.c  -O3 -fomit-frame-pointer -funroll-loops  (internal compiler error)
FAIL: c-c++-common/torture/vector-compare-1.c  -O3 -fomit-frame-pointer -funroll-loops  (test for excess errors)
UNRESOLVED: c-c++-common/torture/vector-compare-1.c  -O3 -fomit-frame-pointer -funroll-loops  compilation failed to produce executable
FAIL: c-c++-common/torture/vector-compare-1.c  -O3 -fomit-frame-pointer -funroll-all-loops -finline-functions  (internal compiler error)
FAIL: c-c++-common/torture/vector-compare-1.c  -O3 -fomit-frame-pointer -funroll-all-loops -finline-functions  (test for excess errors)
UNRESOLVED: c-c++-common/torture/vector-compare-1.c  -O3 -fomit-frame-pointer -funroll-all-loops -finline-functions  compilation failed to produce executable
FAIL: c-c++-common/torture/vector-compare-1.c  -O3 -g  (internal compiler error)
FAIL: c-c++-common/torture/vector-compare-1.c  -O3 -g  (test for excess errors)
UNRESOLVED: c-c++-common/torture/vector-compare-1.c  -O3 -g  compilation failed to produce executable
FAIL: c-c++-common/torture/vector-compare-1.c  -Os  (internal compiler error)
FAIL: c-c++-common/torture/vector-compare-1.c  -Os  (test for excess errors)
UNRESOLVED: c-c++-common/torture/vector-compare-1.c  -Os  compilation failed to produce executable
FAIL: c-c++-common/torture/vector-compare-1.c  -O2 -flto -fno-use-linker-plugin -flto-partition=none  (internal compiler error)
FAIL: c-c++-common/torture/vector-compare-1.c  -O2 -flto -fno-use-linker-plugin -flto-partition=none  (test for excess errors)
UNRESOLVED: c-c++-common/torture/vector-compare-1.c  -O2 -flto -fno-use-linker-plugin -flto-partition=none  compilation failed to produce executable
FAIL: c-c++-common/torture/vector-compare-1.c  -O2 -flto -fuse-linker-plugin -fno-fat-lto-objects  (internal compiler error)
FAIL: c-c++-common/torture/vector-compare-1.c  -O2 -flto -fuse-linker-plugin -fno-fat-lto-objects  (test for excess errors)
UNRESOLVED: c-c++-common/torture/vector-compare-1.c  -O2 -flto -fuse-linker-plugin -fno-fat-lto-objects  compilation failed to produce executable
FAIL: g++.dg/torture/vshuf-v8qi.C  -O3 -fomit-frame-pointer  (internal compiler error)
FAIL: g++.dg/torture/vshuf-v8qi.C  -O3 -fomit-frame-pointer  (test for excess errors)
UNRESOLVED: g++.dg/torture/vshuf-v8qi.C  -O3 -fomit-frame-pointer  compilation failed to produce executable
FAIL: g++.dg/torture/vshuf-v8qi.C  -O3 -g  (internal compiler error)
FAIL: g++.dg/torture/vshuf-v8qi.C  -O3 -g  (test for excess errors)
UNRESOLVED: g++.dg/torture/vshuf-v8qi.C  -O3 -g  compilation failed to produce executable

		=== g++ Summary ===

# of expected passes		49965
# of unexpected failures	30
# of expected failures		291
# of unresolved testcases	16
# of unsupported tests		888
/home/aaro/gcctest/build/gcc/testsuite/g++/../../xg++  version 4.8.0 (GCC) 

		=== gcc tests ===


Running target unix
FAIL: gcc.c-torture/execute/builtin-bitops-1.c execution,  -O3 -fomit-frame-pointer -funroll-loops 
FAIL: gcc.c-torture/execute/builtin-bitops-1.c execution,  -O3 -fomit-frame-pointer -funroll-all-loops -finline-functions 
FAIL: gcc.c-torture/execute/builtin-prefetch-2.c execution,  -O1 
FAIL: gcc.c-torture/execute/builtin-prefetch-2.c execution,  -Os 
FAIL: gcc.c-torture/execute/builtin-prefetch-2.c execution,  -Og -g 
FAIL: gcc.c-torture/execute/builtin-prefetch-4.c execution,  -Os 
FAIL: gcc.c-torture/execute/builtin-prefetch-6.c execution,  -O0 
FAIL: gcc.c-torture/execute/builtin-prefetch-6.c execution,  -O1 
FAIL: gcc.c-torture/execute/builtin-prefetch-6.c execution,  -O2 
FAIL: gcc.c-torture/execute/builtin-prefetch-6.c execution,  -O3 -fomit-frame-pointer 
FAIL: gcc.c-torture/execute/builtin-prefetch-6.c execution,  -O3 -fomit-frame-pointer -funroll-loops 
FAIL: gcc.c-torture/execute/builtin-prefetch-6.c execution,  -O3 -fomit-frame-pointer -funroll-all-loops -finline-functions 
FAIL: gcc.c-torture/execute/builtin-prefetch-6.c execution,  -O3 -g 
FAIL: gcc.c-torture/execute/builtin-prefetch-6.c execution,  -Os 
FAIL: gcc.c-torture/execute/builtin-prefetch-6.c execution,  -Og -g 
FAIL: gcc.c-torture/execute/builtin-prefetch-6.c execution,  -O2 -flto -fno-use-linker-plugin -flto-partition=none 
FAIL: gcc.c-torture/execute/builtin-prefetch-6.c execution,  -O2 -flto -fuse-linker-plugin -fno-fat-lto-objects 
FAIL: gcc.c-torture/execute/scal-to-vec1.c compilation,  -O1  (internal compiler error)
UNRESOLVED: gcc.c-torture/execute/scal-to-vec1.c execution,  -O1 
FAIL: gcc.c-torture/execute/scal-to-vec1.c compilation,  -O2  (internal compiler error)
UNRESOLVED: gcc.c-torture/execute/scal-to-vec1.c execution,  -O2 
FAIL: gcc.c-torture/execute/scal-to-vec1.c compilation,  -O3 -fomit-frame-pointer  (internal compiler error)
UNRESOLVED: gcc.c-torture/execute/scal-to-vec1.c execution,  -O3 -fomit-frame-pointer 
FAIL: gcc.c-torture/execute/scal-to-vec1.c compilation,  -O3 -fomit-frame-pointer -funroll-loops  (internal compiler error)
UNRESOLVED: gcc.c-torture/execute/scal-to-vec1.c execution,  -O3 -fomit-frame-pointer -funroll-loops 
FAIL: gcc.c-torture/execute/scal-to-vec1.c compilation,  -O3 -fomit-frame-pointer -funroll-all-loops -finline-functions  (internal compiler error)
UNRESOLVED: gcc.c-torture/execute/scal-to-vec1.c execution,  -O3 -fomit-frame-pointer -funroll-all-loops -finline-functions 
FAIL: gcc.c-torture/execute/scal-to-vec1.c compilation,  -O3 -g  (internal compiler error)
UNRESOLVED: gcc.c-torture/execute/scal-to-vec1.c execution,  -O3 -g 
FAIL: gcc.c-torture/execute/scal-to-vec1.c compilation,  -Os  (internal compiler error)
UNRESOLVED: gcc.c-torture/execute/scal-to-vec1.c execution,  -Os 
FAIL: gcc.c-torture/execute/scal-to-vec1.c compilation,  -O2 -flto -fno-use-linker-plugin -flto-partition=none  (internal compiler error)
UNRESOLVED: gcc.c-torture/execute/scal-to-vec1.c execution,  -O2 -flto -fno-use-linker-plugin -flto-partition=none 
FAIL: gcc.c-torture/execute/scal-to-vec1.c compilation,  -O2 -flto -fuse-linker-plugin -fno-fat-lto-objects  (internal compiler error)
UNRESOLVED: gcc.c-torture/execute/scal-to-vec1.c execution,  -O2 -flto -fuse-linker-plugin -fno-fat-lto-objects 
FAIL: gcc.c-torture/execute/scal-to-vec2.c compilation,  -O1  (internal compiler error)
UNRESOLVED: gcc.c-torture/execute/scal-to-vec2.c execution,  -O1 
FAIL: gcc.c-torture/execute/scal-to-vec2.c compilation,  -O2  (internal compiler error)
UNRESOLVED: gcc.c-torture/execute/scal-to-vec2.c execution,  -O2 
FAIL: gcc.c-torture/execute/scal-to-vec2.c compilation,  -O3 -fomit-frame-pointer  (internal compiler error)
UNRESOLVED: gcc.c-torture/execute/scal-to-vec2.c execution,  -O3 -fomit-frame-pointer 
FAIL: gcc.c-torture/execute/scal-to-vec2.c compilation,  -O3 -fomit-frame-pointer -funroll-loops  (internal compiler error)
UNRESOLVED: gcc.c-torture/execute/scal-to-vec2.c execution,  -O3 -fomit-frame-pointer -funroll-loops 
FAIL: gcc.c-torture/execute/scal-to-vec2.c compilation,  -O3 -fomit-frame-pointer -funroll-all-loops -finline-functions  (internal compiler error)
UNRESOLVED: gcc.c-torture/execute/scal-to-vec2.c execution,  -O3 -fomit-frame-pointer -funroll-all-loops -finline-functions 
FAIL: gcc.c-torture/execute/scal-to-vec2.c compilation,  -O3 -g  (internal compiler error)
UNRESOLVED: gcc.c-torture/execute/scal-to-vec2.c execution,  -O3 -g 
FAIL: gcc.c-torture/execute/scal-to-vec2.c compilation,  -Os  (internal compiler error)
UNRESOLVED: gcc.c-torture/execute/scal-to-vec2.c execution,  -Os 
FAIL: gcc.c-torture/execute/scal-to-vec2.c compilation,  -O2 -flto -fno-use-linker-plugin -flto-partition=none  (internal compiler error)
UNRESOLVED: gcc.c-torture/execute/scal-to-vec2.c execution,  -O2 -flto -fno-use-linker-plugin -flto-partition=none 
FAIL: gcc.c-torture/execute/scal-to-vec2.c compilation,  -O2 -flto -fuse-linker-plugin -fno-fat-lto-objects  (internal compiler error)
UNRESOLVED: gcc.c-torture/execute/scal-to-vec2.c execution,  -O2 -flto -fuse-linker-plugin -fno-fat-lto-objects 
FAIL: gcc.c-torture/execute/ieee/20041213-1.c execution,  -O0 
FAIL: gcc.c-torture/execute/ieee/20041213-1.c execution,  -O1 
FAIL: gcc.c-torture/execute/ieee/20041213-1.c execution,  -O2 
FAIL: gcc.c-torture/execute/ieee/20041213-1.c execution,  -O3 -fomit-frame-pointer 
FAIL: gcc.c-torture/execute/ieee/20041213-1.c execution,  -O3 -g 
FAIL: gcc.c-torture/execute/ieee/20041213-1.c execution,  -Os 
FAIL: gcc.c-torture/execute/ieee/20041213-1.c execution,  -Og -g 
FAIL: gcc.c-torture/execute/ieee/20041213-1.c execution,  -O2 -flto -fno-use-linker-plugin -flto-partition=none 
FAIL: gcc.c-torture/execute/ieee/20041213-1.c execution,  -O2 -flto -fuse-linker-plugin -fno-fat-lto-objects 
FAIL: gcc.dg/54455.c (internal compiler error)
FAIL: gcc.dg/54455.c (test for excess errors)
FAIL: gcc.dg/builtin-prefetch-1.c (test for excess errors)
FAIL: gcc.dg/fold-compare-7.c (internal compiler error)
FAIL: gcc.dg/fold-compare-7.c (test for excess errors)
FAIL: c-c++-common/torture/vector-compare-1.c  -O0  (internal compiler error)
FAIL: c-c++-common/torture/vector-compare-1.c  -O0  (test for excess errors)
UNRESOLVED: c-c++-common/torture/vector-compare-1.c  -O0  compilation failed to produce executable
FAIL: c-c++-common/torture/vector-compare-1.c  -O1  (internal compiler error)
FAIL: c-c++-common/torture/vector-compare-1.c  -O1  (test for excess errors)
UNRESOLVED: c-c++-common/torture/vector-compare-1.c  -O1  compilation failed to produce executable
FAIL: c-c++-common/torture/vector-compare-1.c  -O2  (internal compiler error)
FAIL: c-c++-common/torture/vector-compare-1.c  -O2  (test for excess errors)
UNRESOLVED: c-c++-common/torture/vector-compare-1.c  -O2  compilation failed to produce executable
FAIL: c-c++-common/torture/vector-compare-1.c  -O3 -fomit-frame-pointer  (internal compiler error)
FAIL: c-c++-common/torture/vector-compare-1.c  -O3 -fomit-frame-pointer  (test for excess errors)
UNRESOLVED: c-c++-common/torture/vector-compare-1.c  -O3 -fomit-frame-pointer  compilation failed to produce executable
FAIL: c-c++-common/torture/vector-compare-1.c  -O3 -fomit-frame-pointer -funroll-loops  (internal compiler error)
FAIL: c-c++-common/torture/vector-compare-1.c  -O3 -fomit-frame-pointer -funroll-loops  (test for excess errors)
UNRESOLVED: c-c++-common/torture/vector-compare-1.c  -O3 -fomit-frame-pointer -funroll-loops  compilation failed to produce executable
FAIL: c-c++-common/torture/vector-compare-1.c  -O3 -fomit-frame-pointer -funroll-all-loops -finline-functions  (internal compiler error)
FAIL: c-c++-common/torture/vector-compare-1.c  -O3 -fomit-frame-pointer -funroll-all-loops -finline-functions  (test for excess errors)
UNRESOLVED: c-c++-common/torture/vector-compare-1.c  -O3 -fomit-frame-pointer -funroll-all-loops -finline-functions  compilation failed to produce executable
FAIL: c-c++-common/torture/vector-compare-1.c  -O3 -g  (internal compiler error)
FAIL: c-c++-common/torture/vector-compare-1.c  -O3 -g  (test for excess errors)
UNRESOLVED: c-c++-common/torture/vector-compare-1.c  -O3 -g  compilation failed to produce executable
FAIL: c-c++-common/torture/vector-compare-1.c  -Os  (internal compiler error)
FAIL: c-c++-common/torture/vector-compare-1.c  -Os  (test for excess errors)
UNRESOLVED: c-c++-common/torture/vector-compare-1.c  -Os  compilation failed to produce executable
FAIL: c-c++-common/torture/vector-compare-1.c  -O2 -flto -fno-use-linker-plugin -flto-partition=none  (internal compiler error)
FAIL: c-c++-common/torture/vector-compare-1.c  -O2 -flto -fno-use-linker-plugin -flto-partition=none  (test for excess errors)
UNRESOLVED: c-c++-common/torture/vector-compare-1.c  -O2 -flto -fno-use-linker-plugin -flto-partition=none  compilation failed to produce executable
FAIL: c-c++-common/torture/vector-compare-1.c  -O2 -flto -fuse-linker-plugin -fno-fat-lto-objects  (internal compiler error)
FAIL: c-c++-common/torture/vector-compare-1.c  -O2 -flto -fuse-linker-plugin -fno-fat-lto-objects  (test for excess errors)
UNRESOLVED: c-c++-common/torture/vector-compare-1.c  -O2 -flto -fuse-linker-plugin -fno-fat-lto-objects  compilation failed to produce executable
FAIL: gcc.dg/torture/builtin-math-7.c  -O0  execution test
FAIL: gcc.dg/torture/builtin-math-7.c  -O1  execution test
FAIL: gcc.dg/torture/builtin-math-7.c  -O2  execution test
FAIL: gcc.dg/torture/builtin-math-7.c  -O3 -fomit-frame-pointer  execution test
FAIL: gcc.dg/torture/builtin-math-7.c  -O3 -fomit-frame-pointer -funroll-loops  execution test
FAIL: gcc.dg/torture/builtin-math-7.c  -O3 -fomit-frame-pointer -funroll-all-loops -finline-functions  execution test
FAIL: gcc.dg/torture/builtin-math-7.c  -O3 -g  execution test
FAIL: gcc.dg/torture/builtin-math-7.c  -Os  execution test
FAIL: gcc.dg/torture/builtin-math-7.c  -O2 -flto -fno-use-linker-plugin -flto-partition=none  execution test
FAIL: gcc.dg/torture/builtin-math-7.c  -O2 -flto -fuse-linker-plugin -fno-fat-lto-objects  execution test
FAIL: gcc.dg/tree-ssa/ifc-pr44710.c (internal compiler error)
FAIL: gcc.dg/tree-ssa/ifc-pr44710.c (test for excess errors)
FAIL: gcc.dg/vect/vec-scal-opt.c (internal compiler error)
FAIL: gcc.dg/vect/vec-scal-opt.c (test for excess errors)
FAIL: gcc.dg/vect/vec-scal-opt.c scan-tree-dump-times veclower21 ">> k.[0-9_]*" 1
FAIL: gcc.dg/vect/vec-scal-opt1.c (internal compiler error)
FAIL: gcc.dg/vect/vec-scal-opt1.c (test for excess errors)
FAIL: gcc.dg/vect/vec-scal-opt1.c scan-tree-dump-times veclower21 ">> 2" 1
FAIL: gcc.dg/vect/vec-scal-opt2.c (internal compiler error)
FAIL: gcc.dg/vect/vec-scal-opt2.c (test for excess errors)
FAIL: gcc.dg/vect/vec-scal-opt2.c scan-tree-dump-times veclower21 ">> 2" 1
FAIL: gcc.dg/vect/pr18400.c scan-tree-dump-times vect "vectorized 1 loops" 1
FAIL: gcc.dg/vect/pr21591.c scan-tree-dump-times vect "vectorized 2 loops" 1
FAIL: gcc.dg/vect/pr30795.c scan-tree-dump-times vect "vectorized 1 loops" 1
FAIL: gcc.dg/vect/pr32824.c scan-tree-dump-times vect "vectorized 1 loops" 1
FAIL: gcc.dg/vect/pr37027.c scan-tree-dump-times vect "vectorized 1 loops" 1
FAIL: gcc.dg/vect/pr37027.c scan-tree-dump-times vect "vectorizing stmts using SLP" 1
FAIL: gcc.dg/vect/vect-103.c scan-tree-dump-times vect "vectorized 1 loops" 1
FAIL: gcc.dg/vect/vect-103.c scan-tree-dump-times vect "dependence distance modulo vf == 0" 1
FAIL: gcc.dg/vect/vect-104.c scan-tree-dump-times vect "possible dependence between data-refs" 1
FAIL: gcc.dg/vect/vect-105-big-array.c scan-tree-dump-times vect "vectorized 1 loops" 1
FAIL: gcc.dg/vect/vect-105-big-array.c scan-tree-dump-times vect "Alignment of access forced using versioning" 2
FAIL: gcc.dg/vect/vect-105.c scan-tree-dump-times vect "vectorized 1 loops" 1
FAIL: gcc.dg/vect/vect-105.c scan-tree-dump-times vect "Alignment of access forced using versioning" 2
FAIL: gcc.dg/vect/vect-106.c scan-tree-dump-times vect "vectorized 2 loops" 1
FAIL: gcc.dg/vect/vect-109.c scan-tree-dump-times vect "not vectorized: unsupported unaligned store" 2
FAIL: gcc.dg/vect/vect-115.c scan-tree-dump-times vect "vectorized 2 loops" 1
FAIL: gcc.dg/vect/vect-117.c scan-tree-dump-times vect "vectorized 1 loops" 1
FAIL: gcc.dg/vect/vect-118.c scan-tree-dump-times vect "vectorized 1 loops" 1
FAIL: gcc.dg/vect/vect-119.c scan-tree-dump-times vect "Detected interleaving of size 2" 1
FAIL: gcc.dg/vect/vect-12.c scan-tree-dump-times vect "vectorized 1 loops" 1
FAIL: gcc.dg/vect/vect-14.c scan-tree-dump-times vect "vectorized 1 loops" 1
FAIL: gcc.dg/vect/vect-17.c scan-tree-dump-times vect "vectorized 3 loops" 1
FAIL: gcc.dg/vect/vect-18.c scan-tree-dump-times vect "vectorized 3 loops" 1
FAIL: gcc.dg/vect/vect-19.c scan-tree-dump-times vect "vectorized 3 loops" 1
FAIL: gcc.dg/vect/vect-20.c scan-tree-dump-times vect "vectorized 3 loops" 1
FAIL: gcc.dg/vect/vect-25.c scan-tree-dump-times vect "vectorized 2 loops" 1
FAIL: gcc.dg/vect/vect-26.c scan-tree-dump-times vect "vectorized 1 loops" 1
FAIL: gcc.dg/vect/vect-26.c scan-tree-dump-times vect "Alignment of access forced using peeling" 1
FAIL: gcc.dg/vect/vect-27.c scan-tree-dump-times vect "vectorized 1 loops" 1
FAIL: gcc.dg/vect/vect-28.c scan-tree-dump-times vect "vectorized 1 loops" 1
FAIL: gcc.dg/vect/vect-28.c scan-tree-dump-times vect "Alignment of access forced using peeling" 1
FAIL: gcc.dg/vect/vect-29.c scan-tree-dump-times vect "vectorized 2 loops" 1
FAIL: gcc.dg/vect/vect-29.c scan-tree-dump-times vect "Alignment of access forced using versioning." 1
FAIL: gcc.dg/vect/vect-31-big-array.c scan-tree-dump-times vect "vectorized 4 loops" 1
FAIL: gcc.dg/vect/vect-31.c scan-tree-dump-times vect "vectorized 4 loops" 1
FAIL: gcc.dg/vect/vect-35-big-array.c scan-tree-dump-times vect "vectorized 2 loops" 1
FAIL: gcc.dg/vect/vect-35.c scan-tree-dump-times vect "vectorized 2 loops" 1
FAIL: gcc.dg/vect/vect-62.c scan-tree-dump-times vect "vectorized 1 loops" 1
FAIL: gcc.dg/vect/vect-64.c scan-tree-dump-times vect "vectorized 3 loops" 1
FAIL: gcc.dg/vect/vect-65.c scan-tree-dump-times vect "vectorized 2 loops" 1
FAIL: gcc.dg/vect/vect-66.c scan-tree-dump-times vect "vectorized 1 loops" 3
FAIL: gcc.dg/vect/vect-67.c scan-tree-dump-times vect "vectorized 1 loops" 1
FAIL: gcc.dg/vect/vect-68.c scan-tree-dump-times vect "vectorized 4 loops" 1
FAIL: gcc.dg/vect/vect-7.c scan-tree-dump-times vect "vectorized 2 loops" 1
FAIL: gcc.dg/vect/vect-70.c scan-tree-dump-times vect "vectorized 1 loops" 1
FAIL: gcc.dg/vect/vect-70.c scan-tree-dump-times vect "Alignment of access forced using peeling" 1
FAIL: gcc.dg/vect/vect-73-big-array.c scan-tree-dump-times vect "vectorized 1 loops" 1
FAIL: gcc.dg/vect/vect-73.c scan-tree-dump-times vect "vectorized 1 loops" 1
FAIL: gcc.dg/vect/vect-75-big-array.c scan-tree-dump-times vect "vectorized 1 loops" 1
FAIL: gcc.dg/vect/vect-75-big-array.c scan-tree-dump-times vect "Alignment of access forced using versioning" 1
FAIL: gcc.dg/vect/vect-75.c scan-tree-dump-times vect "vectorized 1 loops" 1
FAIL: gcc.dg/vect/vect-75.c scan-tree-dump-times vect "Alignment of access forced using versioning" 1
FAIL: gcc.dg/vect/vect-76-big-array.c scan-tree-dump-times vect "vectorized 3 loops" 1
FAIL: gcc.dg/vect/vect-76.c scan-tree-dump-times vect "vectorized 3 loops" 1
FAIL: gcc.dg/vect/vect-77-alignchecks.c scan-tree-dump-times vect "vectorized 1 loops" 1
FAIL: gcc.dg/vect/vect-77-alignchecks.c scan-tree-dump-times vect "Alignment of access forced using versioning." 1
FAIL: gcc.dg/vect/vect-77-global.c scan-tree-dump-times vect "vectorized 1 loops" 1
FAIL: gcc.dg/vect/vect-77-global.c scan-tree-dump-times vect "Alignment of access forced using versioning." 1
FAIL: gcc.dg/vect/vect-77.c scan-tree-dump-times vect "vectorized 1 loops" 1
FAIL: gcc.dg/vect/vect-78-alignchecks.c scan-tree-dump-times vect "vectorized 1 loops" 1
FAIL: gcc.dg/vect/vect-78-alignchecks.c scan-tree-dump-times vect "Alignment of access forced using versioning." 1
FAIL: gcc.dg/vect/vect-78-global.c scan-tree-dump-times vect "vectorized 1 loops" 1
FAIL: gcc.dg/vect/vect-78-global.c scan-tree-dump-times vect "Alignment of access forced using versioning." 1
FAIL: gcc.dg/vect/vect-78.c scan-tree-dump-times vect "vectorized 1 loops" 1
FAIL: gcc.dg/vect/vect-85-big-array.c scan-tree-dump-times vect "vectorized 1 loops" 1
FAIL: gcc.dg/vect/vect-85.c scan-tree-dump-times vect "vectorized 1 loops" 1
FAIL: gcc.dg/vect/vect-86.c scan-tree-dump-times vect "vectorized 1 loops" 1
FAIL: gcc.dg/vect/vect-87.c scan-tree-dump-times vect "vectorized 1 loops" 1
FAIL: gcc.dg/vect/vect-87.c scan-tree-dump-times vect "Alignment of access forced using peeling" 1
FAIL: gcc.dg/vect/vect-88.c scan-tree-dump-times vect "vectorized 1 loops" 1
FAIL: gcc.dg/vect/vect-88.c scan-tree-dump-times vect "Alignment of access forced using peeling" 1
FAIL: gcc.dg/vect/vect-89-big-array.c scan-tree-dump-times vect "vectorized 1 loops" 1
FAIL: gcc.dg/vect/vect-89-big-array.c scan-tree-dump-times vect "Alignment of access forced using peeling" 1
FAIL: gcc.dg/vect/vect-89.c scan-tree-dump-times vect "vectorized 1 loops" 1
FAIL: gcc.dg/vect/vect-89.c scan-tree-dump-times vect "Alignment of access forced using peeling" 1
FAIL: gcc.dg/vect/vect-91.c scan-tree-dump-times vect "vectorized 1 loops" 3
FAIL: gcc.dg/vect/vect-91.c scan-tree-dump-times vect "Alignment of access forced using peeling" 3
FAIL: gcc.dg/vect/vect-96.c scan-tree-dump-times vect "vectorized 1 loops" 1
FAIL: gcc.dg/vect/vect-96.c scan-tree-dump-times vect "Alignment of access forced using versioning." 1
FAIL: gcc.dg/vect/vect-99.c scan-tree-dump-times vect "vectorized 1 loops" 1
FAIL: gcc.dg/vect/vect-align-1.c scan-tree-dump-times vect "Alignment of access forced using versioning" 1
FAIL: gcc.dg/vect/vect-align-1.c scan-tree-dump-times vect "vectorized 1 loops" 1
FAIL: gcc.dg/vect/vect-align-2.c scan-tree-dump-times vect "Alignment of access forced using versioning" 1
FAIL: gcc.dg/vect/vect-align-2.c scan-tree-dump-times vect "vectorized 1 loops" 1
FAIL: gcc.dg/vect/vect-complex-4.c scan-tree-dump-times vect "vectorized 1 loops" 1
FAIL: gcc.dg/vect/vect-complex-4.c scan-tree-dump-times vect "vectorizing stmts using SLP" 1
FAIL: gcc.dg/vect/vect-double-reduc-7.c scan-tree-dump-times vect "OUTER LOOP VECTORIZED" 3
FAIL: gcc.dg/vect/vect-iv-1.c scan-tree-dump-times vect "vectorized 1 loops" 1
FAIL: gcc.dg/vect/vect-iv-10.c scan-tree-dump-times vect "vectorized 1 loops" 1
FAIL: gcc.dg/vect/vect-iv-11.c scan-tree-dump-times vect "vectorized 1 loops" 1
FAIL: gcc.dg/vect/vect-iv-2.c scan-tree-dump-times vect "vectorized 1 loops" 1
FAIL: gcc.dg/vect/vect-iv-3.c scan-tree-dump-times vect "vectorized 1 loops" 1
FAIL: gcc.dg/vect/vect-iv-9.c scan-tree-dump-times vect "vectorized 1 loops" 1
FAIL: gcc.dg/vect/vect-multitypes-11.c scan-tree-dump-times vect "vectorized 1 loops" 1
FAIL: gcc.dg/vect/vect-multitypes-2.c scan-tree-dump-times vect "vectorized 1 loops" 1
FAIL: gcc.dg/vect/vect-multitypes-3.c scan-tree-dump-times vect "vectorized 1 loops" 1
FAIL: gcc.dg/vect/vect-multitypes-3.c scan-tree-dump-times vect "Alignment of access forced using versioning" 3
FAIL: gcc.dg/vect/vect-multitypes-5.c scan-tree-dump-times vect "vectorized 1 loops" 1
FAIL: gcc.dg/vect/vect-multitypes-6.c scan-tree-dump-times vect "vectorized 1 loops" 1
FAIL: gcc.dg/vect/vect-multitypes-6.c scan-tree-dump-times vect "Alignment of access forced using versioning" 6
FAIL: gcc.dg/vect/vect-outer-1-big-array.c scan-tree-dump-times vect "grouped access in outer loop" 1
FAIL: gcc.dg/vect/vect-outer-1.c scan-tree-dump-times vect "grouped access in outer loop" 1
FAIL: gcc.dg/vect/vect-outer-1a-big-array.c scan-tree-dump-times vect "grouped access in outer loop" 1
FAIL: gcc.dg/vect/vect-outer-1a.c scan-tree-dump-times vect "grouped access in outer loop" 1
FAIL: gcc.dg/vect/vect-outer-1b-big-array.c scan-tree-dump-times vect "grouped access in outer loop" 1
FAIL: gcc.dg/vect/vect-outer-1b.c scan-tree-dump-times vect "grouped access in outer loop" 1
FAIL: gcc.dg/vect/vect-outer-4c-big-array.c scan-tree-dump-times vect "zero step in outer loop." 1
FAIL: gcc.dg/vect/vect-outer-4c.c scan-tree-dump vect "zero step in outer loop."
FAIL: gcc.dg/vect/vect-over-widen-1-big-array.c scan-tree-dump-times vect "vectorized 1 loops" 1
FAIL: gcc.dg/vect/vect-over-widen-1.c scan-tree-dump-times vect "vectorized 1 loops" 1
FAIL: gcc.dg/vect/vect-over-widen-2-big-array.c scan-tree-dump-times vect "vectorized 1 loops" 1
FAIL: gcc.dg/vect/vect-over-widen-2.c scan-tree-dump-times vect "vectorized 1 loops" 1
FAIL: gcc.dg/vect/vect-over-widen-3-big-array.c scan-tree-dump-times vect "vectorized 1 loops" 1
FAIL: gcc.dg/vect/vect-over-widen-3.c scan-tree-dump-times vect "vectorized 1 loops" 1
FAIL: gcc.dg/vect/vect-over-widen-4-big-array.c scan-tree-dump-times vect "vectorized 1 loops" 1
FAIL: gcc.dg/vect/vect-over-widen-4.c scan-tree-dump-times vect "vectorized 1 loops" 1
FAIL: gcc.dg/vect/vect-peel-1.c scan-tree-dump-times vect "vectorized 1 loops" 1
FAIL: gcc.dg/vect/vect-peel-1.c scan-tree-dump-times vect "Alignment of access forced using peeling" 1
FAIL: gcc.dg/vect/vect-peel-2.c scan-tree-dump-times vect "vectorized 1 loops" 1
FAIL: gcc.dg/vect/vect-reduc-3.c scan-tree-dump-times vect "vectorized 1 loops" 1
FAIL: gcc.dg/vect/vect-shift-1.c scan-tree-dump-times vect "vectorized 1 loops" 1
FAIL: gcc.dg/vect/vect-shift-3.c scan-tree-dump-times vect "vectorized 1 loops" 1
FAIL: gcc.dg/vect/vect-vfa-01.c scan-tree-dump-times vect "vectorized 1 loops" 1
FAIL: gcc.dg/vect/vect-vfa-02.c scan-tree-dump-times vect "vectorized 1 loops" 1
FAIL: gcc.dg/vect/vect-vfa-04.c scan-tree-dump-times vect "vectorized 1 loops" 1
FAIL: gcc.dg/vect/vect-vfa-slp.c scan-tree-dump-times vect "vectorized 1 loops" 1
FAIL: gcc.dg/vect/vect-widen-shift-s16.c scan-tree-dump-times vect "vectorized 2 loops" 1
FAIL: gcc.dg/vect/vect-widen-shift-s8.c scan-tree-dump-times vect "vectorized 1 loops" 1
FAIL: gcc.dg/vect/vect-widen-shift-u16.c scan-tree-dump-times vect "vectorized 1 loops" 1
FAIL: gcc.dg/vect/vect-widen-shift-u8.c scan-tree-dump-times vect "vectorized 1 loops" 1
FAIL: gcc.dg/vect/slp-13-big-array.c scan-tree-dump-times vect "vectorizing stmts using SLP" 1
FAIL: gcc.dg/vect/slp-13.c scan-tree-dump-times vect "vectorizing stmts using SLP" 1
FAIL: gcc.dg/vect/slp-17.c scan-tree-dump-times vect "vectorized 1 loops" 1
FAIL: gcc.dg/vect/slp-17.c scan-tree-dump-times vect "vectorizing stmts using SLP" 2
FAIL: gcc.dg/vect/slp-19c.c scan-tree-dump-times vect "vectorized 1 loops" 1
FAIL: gcc.dg/vect/slp-19c.c scan-tree-dump-times vect "vectorizing stmts using SLP" 1
FAIL: gcc.dg/vect/slp-21.c scan-tree-dump-times vect "vectorized 1 loops" 1
FAIL: gcc.dg/vect/slp-23.c scan-tree-dump-times vect "vectorizing stmts using SLP" 1
XPASS: gcc.dg/vect/slp-24-big-array.c scan-tree-dump-times vect "vectorized 1 loops" 1
XPASS: gcc.dg/vect/slp-24-big-array.c scan-tree-dump-times vect "vectorizing stmts using SLP" 2
XPASS: gcc.dg/vect/slp-24.c scan-tree-dump-times vect "vectorized 1 loops" 1
XPASS: gcc.dg/vect/slp-24.c scan-tree-dump-times vect "vectorizing stmts using SLP" 2
FAIL: gcc.dg/vect/slp-25.c scan-tree-dump-times vect "vectorized 2 loops" 1
FAIL: gcc.dg/vect/slp-28.c scan-tree-dump-times vect "vectorized 1 loops" 1
FAIL: gcc.dg/vect/slp-28.c scan-tree-dump-times vect "vectorizing stmts using SLP" 1
FAIL: gcc.dg/vect/slp-3.c scan-tree-dump-times vect "vectorized 3 loops" 1
FAIL: gcc.dg/vect/slp-3.c scan-tree-dump-times vect "vectorizing stmts using SLP" 3
FAIL: gcc.dg/vect/slp-34-big-array.c scan-tree-dump-times vect "vectorized 1 loops" 1
FAIL: gcc.dg/vect/slp-34-big-array.c scan-tree-dump-times vect "vectorizing stmts using SLP" 2
FAIL: gcc.dg/vect/slp-34.c scan-tree-dump-times vect "vectorized 1 loops" 1
FAIL: gcc.dg/vect/slp-34.c scan-tree-dump-times vect "vectorizing stmts using SLP" 2
FAIL: gcc.dg/vect/slp-35.c scan-tree-dump-times vect "vectorized 1 loops" 1
FAIL: gcc.dg/vect/slp-35.c scan-tree-dump-times vect "vectorizing stmts using SLP" 1
FAIL: gcc.dg/vect/slp-4-big-array.c scan-tree-dump-times vect "vectorized 3 loops" 1
FAIL: gcc.dg/vect/slp-4-big-array.c scan-tree-dump-times vect "vectorizing stmts using SLP" 3
FAIL: gcc.dg/vect/slp-4.c scan-tree-dump-times vect "vectorized 3 loops" 1
FAIL: gcc.dg/vect/slp-4.c scan-tree-dump-times vect "vectorizing stmts using SLP" 3
FAIL: gcc.dg/vect/slp-5.c scan-tree-dump-times vect "vectorized 3 loops" 1
FAIL: gcc.dg/vect/slp-5.c scan-tree-dump-times vect "vectorizing stmts using SLP" 3
FAIL: gcc.dg/vect/slp-6.c scan-tree-dump-times vect "vectorized 2 loops" 1
FAIL: gcc.dg/vect/slp-6.c scan-tree-dump-times vect "vectorizing stmts using SLP" 2
FAIL: gcc.dg/vect/slp-7.c scan-tree-dump-times vect "vectorized 3 loops" 1
FAIL: gcc.dg/vect/slp-7.c scan-tree-dump-times vect "vectorizing stmts using SLP" 3
FAIL: gcc.dg/vect/slp-multitypes-1.c scan-tree-dump-times vect "vectorized 1 loops" 1
FAIL: gcc.dg/vect/slp-multitypes-1.c scan-tree-dump-times vect "vectorizing stmts using SLP" 2
FAIL: gcc.dg/vect/slp-multitypes-12.c scan-tree-dump-times vect "vectorized 1 loops" 1
FAIL: gcc.dg/vect/slp-multitypes-12.c scan-tree-dump-times vect "vectorizing stmts using SLP" 3
FAIL: gcc.dg/vect/slp-multitypes-3.c scan-tree-dump-times vect "vectorized 1 loops" 1
FAIL: gcc.dg/vect/slp-multitypes-3.c scan-tree-dump-times vect "vectorizing stmts using SLP" 2
FAIL: gcc.dg/vect/slp-perm-9.c scan-tree-dump-times vect "vectorized 1 loops" 1
FAIL: gcc.dg/vect/slp-reduc-1.c scan-tree-dump-times vect "vectorized 1 loops" 1
FAIL: gcc.dg/vect/slp-reduc-1.c scan-tree-dump-times vect "vectorizing stmts using SLP" 1
FAIL: gcc.dg/vect/slp-reduc-2.c scan-tree-dump-times vect "vectorized 1 loops" 1
FAIL: gcc.dg/vect/slp-reduc-2.c scan-tree-dump-times vect "vectorizing stmts using SLP" 1
FAIL: gcc.dg/vect/slp-reduc-6.c scan-tree-dump-times vect "different interleaving chains in one node" 1
FAIL: gcc.dg/vect/bb-slp-1.c scan-tree-dump-times slp "basic block vectorized using SLP" 1
FAIL: gcc.dg/vect/bb-slp-10.c scan-tree-dump-times slp "unsupported alignment in basic block." 1
FAIL: gcc.dg/vect/bb-slp-16.c scan-tree-dump-times slp "basic block vectorized using SLP" 1
FAIL: gcc.dg/vect/bb-slp-2.c scan-tree-dump-times slp "basic block vectorized using SLP" 1
FAIL: gcc.dg/vect/bb-slp-21.c scan-tree-dump-times slp "basic block vectorized using SLP" 1
FAIL: gcc.dg/vect/bb-slp-21.c scan-tree-dump-times slp "vectorizing stmts using SLP" 1
FAIL: gcc.dg/vect/bb-slp-22.c scan-tree-dump-times slp "basic block vectorized using SLP" 1
FAIL: gcc.dg/vect/bb-slp-3.c scan-tree-dump-times slp "basic block vectorized using SLP" 1
FAIL: gcc.dg/vect/bb-slp-30.c scan-tree-dump-times slp "basic block vectorized using SLP" 1
FAIL: gcc.dg/vect/bb-slp-4.c scan-tree-dump-times slp "basic block vectorized using SLP" 0
FAIL: gcc.dg/vect/pr18400.c -flto  scan-tree-dump-times vect "vectorized 1 loops" 1
FAIL: gcc.dg/vect/pr21591.c -flto  scan-tree-dump-times vect "vectorized 2 loops" 1
FAIL: gcc.dg/vect/pr30795.c -flto  scan-tree-dump-times vect "vectorized 1 loops" 1
FAIL: gcc.dg/vect/pr32824.c -flto  scan-tree-dump-times vect "vectorized 1 loops" 1
FAIL: gcc.dg/vect/pr37027.c -flto  scan-tree-dump-times vect "vectorized 1 loops" 1
FAIL: gcc.dg/vect/pr37027.c -flto  scan-tree-dump-times vect "vectorizing stmts using SLP" 1
FAIL: gcc.dg/vect/vect-103.c -flto  scan-tree-dump-times vect "vectorized 1 loops" 1
FAIL: gcc.dg/vect/vect-103.c -flto  scan-tree-dump-times vect "dependence distance modulo vf == 0" 1
FAIL: gcc.dg/vect/vect-104.c -flto  scan-tree-dump-times vect "possible dependence between data-refs" 1
FAIL: gcc.dg/vect/vect-105-big-array.c -flto  scan-tree-dump-times vect "vectorized 1 loops" 1
FAIL: gcc.dg/vect/vect-105-big-array.c -flto  scan-tree-dump-times vect "Alignment of access forced using versioning" 2
FAIL: gcc.dg/vect/vect-105.c -flto  scan-tree-dump-times vect "vectorized 1 loops" 1
FAIL: gcc.dg/vect/vect-105.c -flto  scan-tree-dump-times vect "Alignment of access forced using versioning" 2
FAIL: gcc.dg/vect/vect-106.c -flto  scan-tree-dump-times vect "vectorized 2 loops" 1
FAIL: gcc.dg/vect/vect-109.c -flto  scan-tree-dump-times vect "not vectorized: unsupported unaligned store" 2
FAIL: gcc.dg/vect/vect-115.c -flto  scan-tree-dump-times vect "vectorized 2 loops" 1
FAIL: gcc.dg/vect/vect-117.c -flto  scan-tree-dump-times vect "vectorized 1 loops" 1
FAIL: gcc.dg/vect/vect-118.c -flto  scan-tree-dump-times vect "vectorized 1 loops" 1
FAIL: gcc.dg/vect/vect-119.c -flto  scan-tree-dump-times vect "Detected interleaving of size 2" 1
FAIL: gcc.dg/vect/vect-12.c -flto  scan-tree-dump-times vect "vectorized 1 loops" 1
FAIL: gcc.dg/vect/vect-14.c -flto  scan-tree-dump-times vect "vectorized 1 loops" 1
FAIL: gcc.dg/vect/vect-17.c -flto  scan-tree-dump-times vect "vectorized 3 loops" 1
FAIL: gcc.dg/vect/vect-18.c -flto  scan-tree-dump-times vect "vectorized 3 loops" 1
FAIL: gcc.dg/vect/vect-19.c -flto  scan-tree-dump-times vect "vectorized 3 loops" 1
FAIL: gcc.dg/vect/vect-20.c -flto  scan-tree-dump-times vect "vectorized 3 loops" 1
FAIL: gcc.dg/vect/vect-25.c -flto  scan-tree-dump-times vect "vectorized 2 loops" 1
FAIL: gcc.dg/vect/vect-26.c -flto  scan-tree-dump-times vect "vectorized 1 loops" 1
FAIL: gcc.dg/vect/vect-26.c -flto  scan-tree-dump-times vect "Alignment of access forced using peeling" 1
FAIL: gcc.dg/vect/vect-27.c -flto  scan-tree-dump-times vect "vectorized 1 loops" 1
FAIL: gcc.dg/vect/vect-28.c -flto  scan-tree-dump-times vect "vectorized 1 loops" 1
FAIL: gcc.dg/vect/vect-28.c -flto  scan-tree-dump-times vect "Alignment of access forced using peeling" 1
FAIL: gcc.dg/vect/vect-29.c -flto  scan-tree-dump-times vect "vectorized 2 loops" 1
FAIL: gcc.dg/vect/vect-29.c -flto  scan-tree-dump-times vect "Alignment of access forced using versioning." 1
FAIL: gcc.dg/vect/vect-31-big-array.c -flto  scan-tree-dump-times vect "vectorized 4 loops" 1
FAIL: gcc.dg/vect/vect-31.c -flto  scan-tree-dump-times vect "vectorized 4 loops" 1
FAIL: gcc.dg/vect/vect-35-big-array.c -flto  scan-tree-dump-times vect "vectorized 2 loops" 1
FAIL: gcc.dg/vect/vect-35.c -flto  scan-tree-dump-times vect "vectorized 2 loops" 1
FAIL: gcc.dg/vect/vect-62.c -flto  scan-tree-dump-times vect "vectorized 1 loops" 1
FAIL: gcc.dg/vect/vect-64.c -flto  scan-tree-dump-times vect "vectorized 3 loops" 1
FAIL: gcc.dg/vect/vect-65.c -flto  scan-tree-dump-times vect "vectorized 2 loops" 1
FAIL: gcc.dg/vect/vect-66.c -flto  scan-tree-dump-times vect "vectorized 1 loops" 3
FAIL: gcc.dg/vect/vect-67.c -flto  scan-tree-dump-times vect "vectorized 1 loops" 1
FAIL: gcc.dg/vect/vect-68.c -flto  scan-tree-dump-times vect "vectorized 4 loops" 1
FAIL: gcc.dg/vect/vect-7.c -flto  scan-tree-dump-times vect "vectorized 2 loops" 1
FAIL: gcc.dg/vect/vect-70.c -flto  scan-tree-dump-times vect "vectorized 1 loops" 1
FAIL: gcc.dg/vect/vect-70.c -flto  scan-tree-dump-times vect "Alignment of access forced using peeling" 1
FAIL: gcc.dg/vect/vect-73-big-array.c -flto  scan-tree-dump-times vect "vectorized 1 loops" 1
FAIL: gcc.dg/vect/vect-73.c -flto  scan-tree-dump-times vect "vectorized 1 loops" 1
FAIL: gcc.dg/vect/vect-75-big-array.c -flto  scan-tree-dump-times vect "vectorized 1 loops" 1
FAIL: gcc.dg/vect/vect-75-big-array.c -flto  scan-tree-dump-times vect "Alignment of access forced using versioning" 1
FAIL: gcc.dg/vect/vect-75.c -flto  scan-tree-dump-times vect "vectorized 1 loops" 1
FAIL: gcc.dg/vect/vect-75.c -flto  scan-tree-dump-times vect "Alignment of access forced using versioning" 1
FAIL: gcc.dg/vect/vect-76-big-array.c -flto  scan-tree-dump-times vect "vectorized 3 loops" 1
FAIL: gcc.dg/vect/vect-76.c -flto  scan-tree-dump-times vect "vectorized 3 loops" 1
FAIL: gcc.dg/vect/vect-77-alignchecks.c -flto  scan-tree-dump-times vect "vectorized 1 loops" 1
FAIL: gcc.dg/vect/vect-77-alignchecks.c -flto  scan-tree-dump-times vect "Alignment of access forced using versioning." 1
FAIL: gcc.dg/vect/vect-77-global.c -flto  scan-tree-dump-times vect "vectorized 1 loops" 1
FAIL: gcc.dg/vect/vect-77-global.c -flto  scan-tree-dump-times vect "Alignment of access forced using versioning." 1
FAIL: gcc.dg/vect/vect-77.c -flto  scan-tree-dump-times vect "vectorized 1 loops" 1
FAIL: gcc.dg/vect/vect-78-alignchecks.c -flto  scan-tree-dump-times vect "vectorized 1 loops" 1
FAIL: gcc.dg/vect/vect-78-alignchecks.c -flto  scan-tree-dump-times vect "Alignment of access forced using versioning." 1
FAIL: gcc.dg/vect/vect-78-global.c -flto  scan-tree-dump-times vect "vectorized 1 loops" 1
FAIL: gcc.dg/vect/vect-78-global.c -flto  scan-tree-dump-times vect "Alignment of access forced using versioning." 1
FAIL: gcc.dg/vect/vect-78.c -flto  scan-tree-dump-times vect "vectorized 1 loops" 1
FAIL: gcc.dg/vect/vect-85-big-array.c -flto  scan-tree-dump-times vect "vectorized 1 loops" 1
FAIL: gcc.dg/vect/vect-85.c -flto  scan-tree-dump-times vect "vectorized 1 loops" 1
FAIL: gcc.dg/vect/vect-86.c -flto  scan-tree-dump-times vect "vectorized 1 loops" 1
FAIL: gcc.dg/vect/vect-87.c -flto  scan-tree-dump-times vect "vectorized 1 loops" 1
FAIL: gcc.dg/vect/vect-87.c -flto  scan-tree-dump-times vect "Alignment of access forced using peeling" 1
FAIL: gcc.dg/vect/vect-88.c -flto  scan-tree-dump-times vect "vectorized 1 loops" 1
FAIL: gcc.dg/vect/vect-88.c -flto  scan-tree-dump-times vect "Alignment of access forced using peeling" 1
FAIL: gcc.dg/vect/vect-89-big-array.c -flto  scan-tree-dump-times vect "vectorized 1 loops" 1
FAIL: gcc.dg/vect/vect-89-big-array.c -flto  scan-tree-dump-times vect "Alignment of access forced using peeling" 1
FAIL: gcc.dg/vect/vect-89.c -flto  scan-tree-dump-times vect "vectorized 1 loops" 1
FAIL: gcc.dg/vect/vect-89.c -flto  scan-tree-dump-times vect "Alignment of access forced using peeling" 1
FAIL: gcc.dg/vect/vect-91.c -flto  scan-tree-dump-times vect "vectorized 1 loops" 3
FAIL: gcc.dg/vect/vect-91.c -flto  scan-tree-dump-times vect "Alignment of access forced using peeling" 3
FAIL: gcc.dg/vect/vect-96.c -flto  scan-tree-dump-times vect "vectorized 1 loops" 1
FAIL: gcc.dg/vect/vect-96.c -flto  scan-tree-dump-times vect "Alignment of access forced using versioning." 1
FAIL: gcc.dg/vect/vect-99.c -flto  scan-tree-dump-times vect "vectorized 1 loops" 1
FAIL: gcc.dg/vect/vect-align-1.c -flto  scan-tree-dump-times vect "Alignment of access forced using versioning" 1
FAIL: gcc.dg/vect/vect-align-1.c -flto  scan-tree-dump-times vect "vectorized 1 loops" 1
FAIL: gcc.dg/vect/vect-align-2.c -flto  scan-tree-dump-times vect "Alignment of access forced using versioning" 1
FAIL: gcc.dg/vect/vect-align-2.c -flto  scan-tree-dump-times vect "vectorized 1 loops" 1
FAIL: gcc.dg/vect/vect-complex-4.c -flto  scan-tree-dump-times vect "vectorized 1 loops" 1
FAIL: gcc.dg/vect/vect-complex-4.c -flto  scan-tree-dump-times vect "vectorizing stmts using SLP" 1
FAIL: gcc.dg/vect/vect-double-reduc-7.c -flto  scan-tree-dump-times vect "OUTER LOOP VECTORIZED" 3
FAIL: gcc.dg/vect/vect-iv-1.c -flto  scan-tree-dump-times vect "vectorized 1 loops" 1
FAIL: gcc.dg/vect/vect-iv-10.c -flto  scan-tree-dump-times vect "vectorized 1 loops" 1
FAIL: gcc.dg/vect/vect-iv-11.c -flto  scan-tree-dump-times vect "vectorized 1 loops" 1
FAIL: gcc.dg/vect/vect-iv-2.c -flto  scan-tree-dump-times vect "vectorized 1 loops" 1
FAIL: gcc.dg/vect/vect-iv-3.c -flto  scan-tree-dump-times vect "vectorized 1 loops" 1
FAIL: gcc.dg/vect/vect-iv-9.c -flto  scan-tree-dump-times vect "vectorized 1 loops" 1
FAIL: gcc.dg/vect/vect-multitypes-11.c -flto  scan-tree-dump-times vect "vectorized 1 loops" 1
FAIL: gcc.dg/vect/vect-multitypes-2.c -flto  scan-tree-dump-times vect "vectorized 1 loops" 1
FAIL: gcc.dg/vect/vect-multitypes-3.c -flto  scan-tree-dump-times vect "vectorized 1 loops" 1
FAIL: gcc.dg/vect/vect-multitypes-3.c -flto  scan-tree-dump-times vect "Alignment of access forced using versioning" 3
FAIL: gcc.dg/vect/vect-multitypes-5.c -flto  scan-tree-dump-times vect "vectorized 1 loops" 1
FAIL: gcc.dg/vect/vect-multitypes-6.c -flto  scan-tree-dump-times vect "vectorized 1 loops" 1
FAIL: gcc.dg/vect/vect-multitypes-6.c -flto  scan-tree-dump-times vect "Alignment of access forced using versioning" 6
FAIL: gcc.dg/vect/vect-outer-1-big-array.c -flto  scan-tree-dump-times vect "grouped access in outer loop" 1
FAIL: gcc.dg/vect/vect-outer-1.c -flto  scan-tree-dump-times vect "grouped access in outer loop" 1
FAIL: gcc.dg/vect/vect-outer-1a-big-array.c -flto  scan-tree-dump-times vect "grouped access in outer loop" 1
FAIL: gcc.dg/vect/vect-outer-1a.c -flto  scan-tree-dump-times vect "grouped access in outer loop" 1
FAIL: gcc.dg/vect/vect-outer-1b-big-array.c -flto  scan-tree-dump-times vect "grouped access in outer loop" 1
FAIL: gcc.dg/vect/vect-outer-1b.c -flto  scan-tree-dump-times vect "grouped access in outer loop" 1
FAIL: gcc.dg/vect/vect-outer-4c-big-array.c -flto  scan-tree-dump-times vect "zero step in outer loop." 1
FAIL: gcc.dg/vect/vect-outer-4c.c -flto  scan-tree-dump vect "zero step in outer loop."
FAIL: gcc.dg/vect/vect-over-widen-1-big-array.c -flto  scan-tree-dump-times vect "vectorized 1 loops" 1
FAIL: gcc.dg/vect/vect-over-widen-1.c -flto  scan-tree-dump-times vect "vectorized 1 loops" 1
FAIL: gcc.dg/vect/vect-over-widen-2-big-array.c -flto  scan-tree-dump-times vect "vectorized 1 loops" 1
FAIL: gcc.dg/vect/vect-over-widen-2.c -flto  scan-tree-dump-times vect "vectorized 1 loops" 1
FAIL: gcc.dg/vect/vect-over-widen-3-big-array.c -flto  scan-tree-dump-times vect "vectorized 1 loops" 1
FAIL: gcc.dg/vect/vect-over-widen-3.c -flto  scan-tree-dump-times vect "vectorized 1 loops" 1
FAIL: gcc.dg/vect/vect-over-widen-4-big-array.c -flto  scan-tree-dump-times vect "vectorized 1 loops" 1
FAIL: gcc.dg/vect/vect-over-widen-4.c -flto  scan-tree-dump-times vect "vectorized 1 loops" 1
FAIL: gcc.dg/vect/vect-peel-1.c -flto  scan-tree-dump-times vect "vectorized 1 loops" 1
FAIL: gcc.dg/vect/vect-peel-1.c -flto  scan-tree-dump-times vect "Alignment of access forced using peeling" 1
FAIL: gcc.dg/vect/vect-peel-2.c -flto  scan-tree-dump-times vect "vectorized 1 loops" 1
FAIL: gcc.dg/vect/vect-reduc-3.c -flto  scan-tree-dump-times vect "vectorized 1 loops" 1
FAIL: gcc.dg/vect/vect-shift-1.c -flto  scan-tree-dump-times vect "vectorized 1 loops" 1
FAIL: gcc.dg/vect/vect-shift-3.c -flto  scan-tree-dump-times vect "vectorized 1 loops" 1
FAIL: gcc.dg/vect/vect-vfa-01.c -flto  scan-tree-dump-times vect "vectorized 1 loops" 1
FAIL: gcc.dg/vect/vect-vfa-02.c -flto  scan-tree-dump-times vect "vectorized 1 loops" 1
FAIL: gcc.dg/vect/vect-vfa-04.c -flto  scan-tree-dump-times vect "vectorized 1 loops" 1
FAIL: gcc.dg/vect/vect-vfa-slp.c -flto  scan-tree-dump-times vect "vectorized 1 loops" 1
FAIL: gcc.dg/vect/vect-widen-shift-s16.c -flto  scan-tree-dump-times vect "vectorized 2 loops" 1
FAIL: gcc.dg/vect/vect-widen-shift-s8.c -flto  scan-tree-dump-times vect "vectorized 1 loops" 1
FAIL: gcc.dg/vect/vect-widen-shift-u16.c -flto  scan-tree-dump-times vect "vectorized 1 loops" 1
FAIL: gcc.dg/vect/vect-widen-shift-u8.c -flto  scan-tree-dump-times vect "vectorized 1 loops" 1
FAIL: gcc.dg/vect/slp-13-big-array.c -flto  scan-tree-dump-times vect "vectorizing stmts using SLP" 1
FAIL: gcc.dg/vect/slp-13.c -flto  scan-tree-dump-times vect "vectorizing stmts using SLP" 1
FAIL: gcc.dg/vect/slp-17.c -flto  scan-tree-dump-times vect "vectorized 1 loops" 1
FAIL: gcc.dg/vect/slp-17.c -flto  scan-tree-dump-times vect "vectorizing stmts using SLP" 2
FAIL: gcc.dg/vect/slp-19c.c -flto  scan-tree-dump-times vect "vectorized 1 loops" 1
FAIL: gcc.dg/vect/slp-19c.c -flto  scan-tree-dump-times vect "vectorizing stmts using SLP" 1
FAIL: gcc.dg/vect/slp-21.c -flto  scan-tree-dump-times vect "vectorized 1 loops" 1
FAIL: gcc.dg/vect/slp-23.c -flto  scan-tree-dump-times vect "vectorizing stmts using SLP" 1
XPASS: gcc.dg/vect/slp-24-big-array.c -flto  scan-tree-dump-times vect "vectorized 1 loops" 1
XPASS: gcc.dg/vect/slp-24-big-array.c -flto  scan-tree-dump-times vect "vectorizing stmts using SLP" 2
XPASS: gcc.dg/vect/slp-24.c -flto  scan-tree-dump-times vect "vectorized 1 loops" 1
XPASS: gcc.dg/vect/slp-24.c -flto  scan-tree-dump-times vect "vectorizing stmts using SLP" 2
FAIL: gcc.dg/vect/slp-25.c -flto  scan-tree-dump-times vect "vectorized 2 loops" 1
FAIL: gcc.dg/vect/slp-28.c -flto  scan-tree-dump-times vect "vectorized 1 loops" 1
FAIL: gcc.dg/vect/slp-28.c -flto  scan-tree-dump-times vect "vectorizing stmts using SLP" 1
FAIL: gcc.dg/vect/slp-3.c -flto  scan-tree-dump-times vect "vectorized 3 loops" 1
FAIL: gcc.dg/vect/slp-3.c -flto  scan-tree-dump-times vect "vectorizing stmts using SLP" 3
FAIL: gcc.dg/vect/slp-34-big-array.c -flto  scan-tree-dump-times vect "vectorized 1 loops" 1
FAIL: gcc.dg/vect/slp-34-big-array.c -flto  scan-tree-dump-times vect "vectorizing stmts using SLP" 2
FAIL: gcc.dg/vect/slp-34.c -flto  scan-tree-dump-times vect "vectorized 1 loops" 1
FAIL: gcc.dg/vect/slp-34.c -flto  scan-tree-dump-times vect "vectorizing stmts using SLP" 2
FAIL: gcc.dg/vect/slp-35.c -flto  scan-tree-dump-times vect "vectorized 1 loops" 1
FAIL: gcc.dg/vect/slp-35.c -flto  scan-tree-dump-times vect "vectorizing stmts using SLP" 1
FAIL: gcc.dg/vect/slp-4-big-array.c -flto  scan-tree-dump-times vect "vectorized 3 loops" 1
FAIL: gcc.dg/vect/slp-4-big-array.c -flto  scan-tree-dump-times vect "vectorizing stmts using SLP" 3
FAIL: gcc.dg/vect/slp-4.c -flto  scan-tree-dump-times vect "vectorized 3 loops" 1
FAIL: gcc.dg/vect/slp-4.c -flto  scan-tree-dump-times vect "vectorizing stmts using SLP" 3
FAIL: gcc.dg/vect/slp-5.c -flto  scan-tree-dump-times vect "vectorized 3 loops" 1
FAIL: gcc.dg/vect/slp-5.c -flto  scan-tree-dump-times vect "vectorizing stmts using SLP" 3
FAIL: gcc.dg/vect/slp-6.c -flto  scan-tree-dump-times vect "vectorized 2 loops" 1
FAIL: gcc.dg/vect/slp-6.c -flto  scan-tree-dump-times vect "vectorizing stmts using SLP" 2
FAIL: gcc.dg/vect/slp-7.c -flto  scan-tree-dump-times vect "vectorized 3 loops" 1
FAIL: gcc.dg/vect/slp-7.c -flto  scan-tree-dump-times vect "vectorizing stmts using SLP" 3
FAIL: gcc.dg/vect/slp-multitypes-1.c -flto  scan-tree-dump-times vect "vectorized 1 loops" 1
FAIL: gcc.dg/vect/slp-multitypes-1.c -flto  scan-tree-dump-times vect "vectorizing stmts using SLP" 2
FAIL: gcc.dg/vect/slp-multitypes-12.c -flto  scan-tree-dump-times vect "vectorized 1 loops" 1
FAIL: gcc.dg/vect/slp-multitypes-12.c -flto  scan-tree-dump-times vect "vectorizing stmts using SLP" 3
FAIL: gcc.dg/vect/slp-multitypes-3.c -flto  scan-tree-dump-times vect "vectorized 1 loops" 1
FAIL: gcc.dg/vect/slp-multitypes-3.c -flto  scan-tree-dump-times vect "vectorizing stmts using SLP" 2
FAIL: gcc.dg/vect/slp-perm-9.c -flto  scan-tree-dump-times vect "vectorized 1 loops" 1
FAIL: gcc.dg/vect/slp-reduc-1.c -flto  scan-tree-dump-times vect "vectorized 1 loops" 1
FAIL: gcc.dg/vect/slp-reduc-1.c -flto  scan-tree-dump-times vect "vectorizing stmts using SLP" 1
FAIL: gcc.dg/vect/slp-reduc-2.c -flto  scan-tree-dump-times vect "vectorized 1 loops" 1
FAIL: gcc.dg/vect/slp-reduc-2.c -flto  scan-tree-dump-times vect "vectorizing stmts using SLP" 1
FAIL: gcc.dg/vect/slp-reduc-6.c -flto  scan-tree-dump-times vect "different interleaving chains in one node" 1
FAIL: gcc.dg/vect/bb-slp-1.c -flto  scan-tree-dump-times slp "basic block vectorized using SLP" 1
FAIL: gcc.dg/vect/bb-slp-10.c -flto  scan-tree-dump-times slp "unsupported alignment in basic block." 1
FAIL: gcc.dg/vect/bb-slp-16.c -flto  scan-tree-dump-times slp "basic block vectorized using SLP" 1
FAIL: gcc.dg/vect/bb-slp-2.c -flto  scan-tree-dump-times slp "basic block vectorized using SLP" 1
FAIL: gcc.dg/vect/bb-slp-21.c -flto  scan-tree-dump-times slp "basic block vectorized using SLP" 1
FAIL: gcc.dg/vect/bb-slp-21.c -flto  scan-tree-dump-times slp "vectorizing stmts using SLP" 1
FAIL: gcc.dg/vect/bb-slp-22.c -flto  scan-tree-dump-times slp "basic block vectorized using SLP" 1
FAIL: gcc.dg/vect/bb-slp-3.c -flto  scan-tree-dump-times slp "basic block vectorized using SLP" 1
FAIL: gcc.dg/vect/bb-slp-30.c -flto  scan-tree-dump-times slp "basic block vectorized using SLP" 1
FAIL: gcc.dg/vect/bb-slp-4.c -flto  scan-tree-dump-times slp "basic block vectorized using SLP" 0
FAIL: gcc.dg/vect/no-vfa-pr29145.c scan-tree-dump-times vect "vectorized 0 loops" 2
FAIL: gcc.dg/vect/no-vfa-pr29145.c scan-tree-dump-times vect "vectorized 1 loops" 1
FAIL: gcc.dg/vect/no-vfa-vect-101.c scan-tree-dump-times vect "can't determine dependence" 1
FAIL: gcc.dg/vect/no-vfa-vect-102.c scan-tree-dump-times vect "possible dependence between data-refs" 1
FAIL: gcc.dg/vect/no-vfa-vect-102a.c scan-tree-dump-times vect "possible dependence between data-refs" 1
FAIL: gcc.dg/vect/no-vfa-vect-depend-1.c scan-tree-dump-times vect "dependence distance negative" 1
FAIL: gcc.dg/vect/no-vfa-vect-dv-2.c scan-tree-dump-times vect "vectorized 3 loops" 1
FAIL: gcc.dg/vect/wrapv-vect-7.c scan-tree-dump-times vect "vectorized 2 loops" 1
FAIL: gcc.dg/vect/no-section-anchors-vect-31.c scan-tree-dump-times vect "vectorized 4 loops" 1
FAIL: gcc.dg/vect/no-section-anchors-vect-31.c scan-tree-dump-times vect "Alignment of access forced using peeling" 2
FAIL: gcc.dg/vect/no-section-anchors-vect-64.c scan-tree-dump-times vect "vectorized 3 loops" 1
FAIL: gcc.dg/vect/no-section-anchors-vect-64.c scan-tree-dump-times vect "Alignment of access forced using peeling" 2
FAIL: gcc.dg/vect/no-section-anchors-vect-65.c scan-tree-dump-times vect "vectorized 2 loops" 1
FAIL: gcc.dg/vect/no-section-anchors-vect-66.c scan-tree-dump-times vect "vectorized 3 loops" 1
FAIL: gcc.dg/vect/no-section-anchors-vect-68.c scan-tree-dump-times vect "vectorized 4 loops" 1
FAIL: gcc.dg/vect/no-section-anchors-vect-69.c scan-tree-dump-times vect "vectorized 4 loops" 1
FAIL: gcc.dg/vect/no-section-anchors-vect-69.c scan-tree-dump-times vect "Alignment of access forced using peeling" 2
FAIL: gcc.dg/vect/no-section-anchors-vect-outer-4h.c scan-tree-dump-times vect "OUTER LOOP VECTORIZED" 1
FAIL: gcc.dg/vect/no-scevccp-vect-iv-1.c scan-tree-dump-times vect "vectorized 1 loops" 1
FAIL: gcc.dg/vect/no-scevccp-outer-15.c scan-tree-dump-times vect "OUTER LOOP VECTORIZED." 1
FAIL: gcc.dg/vect/no-scevccp-outer-2.c scan-tree-dump-times vect "OUTER LOOP VECTORIZED" 1
FAIL: gcc.dg/vect/no-scevccp-outer-22.c scan-tree-dump-times vect "OUTER LOOP VECTORIZED." 1
FAIL: gcc.dg/vect/no-scevccp-outer-3.c scan-tree-dump-times vect "OUTER LOOP VECTORIZED." 1
FAIL: gcc.dg/vect/no-scevccp-outer-5.c scan-tree-dump-times vect "OUTER LOOP VECTORIZED." 1
FAIL: gcc.dg/vect/no-scevccp-outer-9a.c scan-tree-dump-times vect "OUTER LOOP VECTORIZED." 1
FAIL: gcc.dg/vect/no-scevccp-outer-9b.c scan-tree-dump-times vect "OUTER LOOP VECTORIZED." 1
FAIL: gcc.dg/vect/no-scevccp-noreassoc-outer-3.c scan-tree-dump-times vect "OUTER LOOP VECTORIZED." 1
FAIL: gcc.dg/vect/no-scevccp-noreassoc-outer-4.c scan-tree-dump-times vect "OUTER LOOP VECTORIZED." 1
FAIL: gcc.dg/vect/no-scevccp-noreassoc-outer-5.c scan-tree-dump-times vect "OUTER LOOP VECTORIZED." 1
FAIL: gcc.dg/vect/O1-pr41008.c (internal compiler error)
FAIL: gcc.dg/vect/O1-pr41008.c (test for excess errors)
FAIL: gcc.target/mips/div-1.c  -O0   scan-assembler \\tddiv\\t
FAIL: gcc.target/mips/div-1.c  -O0   scan-assembler \\tmflo\\t
FAIL: gcc.target/mips/div-1.c  -O1   scan-assembler \\tddiv\\t
FAIL: gcc.target/mips/div-1.c  -O1   scan-assembler \\tmflo\\t
FAIL: gcc.target/mips/div-1.c  -O2   scan-assembler \\tddiv\\t
FAIL: gcc.target/mips/div-1.c  -O2   scan-assembler \\tmflo\\t
FAIL: gcc.target/mips/div-1.c  -O3 -fomit-frame-pointer   scan-assembler \\tddiv\\t
FAIL: gcc.target/mips/div-1.c  -O3 -fomit-frame-pointer   scan-assembler \\tmflo\\t
FAIL: gcc.target/mips/div-1.c  -O3 -g   scan-assembler \\tddiv\\t
FAIL: gcc.target/mips/div-1.c  -O3 -g   scan-assembler \\tmflo\\t
FAIL: gcc.target/mips/div-1.c  -Os   scan-assembler \\tddiv\\t
FAIL: gcc.target/mips/div-1.c  -Os   scan-assembler \\tmflo\\t
FAIL: gcc.target/mips/div-1.c  -O2 -flto -fno-use-linker-plugin -flto-partition=none   scan-assembler \\tddiv\\t
FAIL: gcc.target/mips/div-1.c  -O2 -flto -fno-use-linker-plugin -flto-partition=none   scan-assembler \\tmflo\\t
FAIL: gcc.target/mips/div-1.c  -O2 -flto -fuse-linker-plugin -fno-fat-lto-objects   scan-assembler \\tddiv\\t
FAIL: gcc.target/mips/div-1.c  -O2 -flto -fuse-linker-plugin -fno-fat-lto-objects   scan-assembler \\tmflo\\t
FAIL: gcc.target/mips/div-10.c  -O0   scan-assembler \\tdivu\\t
FAIL: gcc.target/mips/div-10.c  -O0   scan-assembler \\tmflo\\t
FAIL: gcc.target/mips/div-10.c  -O1   scan-assembler \\tdivu\\t
FAIL: gcc.target/mips/div-10.c  -O1   scan-assembler \\tmflo\\t
FAIL: gcc.target/mips/div-10.c  -O2   scan-assembler \\tdivu\\t
FAIL: gcc.target/mips/div-10.c  -O2   scan-assembler \\tmflo\\t
FAIL: gcc.target/mips/div-10.c  -O3 -fomit-frame-pointer   scan-assembler \\tdivu\\t
FAIL: gcc.target/mips/div-10.c  -O3 -fomit-frame-pointer   scan-assembler \\tmflo\\t
FAIL: gcc.target/mips/div-10.c  -O3 -g   scan-assembler \\tdivu\\t
FAIL: gcc.target/mips/div-10.c  -O3 -g   scan-assembler \\tmflo\\t
FAIL: gcc.target/mips/div-10.c  -Os   scan-assembler \\tdivu\\t
FAIL: gcc.target/mips/div-10.c  -Os   scan-assembler \\tmflo\\t
FAIL: gcc.target/mips/div-10.c  -O2 -flto -fno-use-linker-plugin -flto-partition=none   scan-assembler \\tdivu\\t
FAIL: gcc.target/mips/div-10.c  -O2 -flto -fno-use-linker-plugin -flto-partition=none   scan-assembler \\tmflo\\t
FAIL: gcc.target/mips/div-10.c  -O2 -flto -fuse-linker-plugin -fno-fat-lto-objects   scan-assembler \\tdivu\\t
FAIL: gcc.target/mips/div-10.c  -O2 -flto -fuse-linker-plugin -fno-fat-lto-objects   scan-assembler \\tmflo\\t
FAIL: gcc.target/mips/div-11.c  -O0   scan-assembler \\tdiv\\t
FAIL: gcc.target/mips/div-11.c  -O0   scan-assembler \\tmfhi\\t
FAIL: gcc.target/mips/div-11.c  -O1   scan-assembler \\tdiv\\t
FAIL: gcc.target/mips/div-11.c  -O1   scan-assembler \\tmfhi\\t
FAIL: gcc.target/mips/div-11.c  -O2   scan-assembler \\tdiv\\t
FAIL: gcc.target/mips/div-11.c  -O2   scan-assembler \\tmfhi\\t
FAIL: gcc.target/mips/div-11.c  -O3 -fomit-frame-pointer   scan-assembler \\tdiv\\t
FAIL: gcc.target/mips/div-11.c  -O3 -fomit-frame-pointer   scan-assembler \\tmfhi\\t
FAIL: gcc.target/mips/div-11.c  -O3 -g   scan-assembler \\tdiv\\t
FAIL: gcc.target/mips/div-11.c  -O3 -g   scan-assembler \\tmfhi\\t
FAIL: gcc.target/mips/div-11.c  -Os   scan-assembler \\tdiv\\t
FAIL: gcc.target/mips/div-11.c  -Os   scan-assembler \\tmfhi\\t
FAIL: gcc.target/mips/div-11.c  -O2 -flto -fno-use-linker-plugin -flto-partition=none   scan-assembler \\tdiv\\t
FAIL: gcc.target/mips/div-11.c  -O2 -flto -fno-use-linker-plugin -flto-partition=none   scan-assembler \\tmfhi\\t
FAIL: gcc.target/mips/div-11.c  -O2 -flto -fuse-linker-plugin -fno-fat-lto-objects   scan-assembler \\tdiv\\t
FAIL: gcc.target/mips/div-11.c  -O2 -flto -fuse-linker-plugin -fno-fat-lto-objects   scan-assembler \\tmfhi\\t
FAIL: gcc.target/mips/div-12.c  -O0   scan-assembler \\tdivu\\t
FAIL: gcc.target/mips/div-12.c  -O0   scan-assembler \\tmfhi\\t
FAIL: gcc.target/mips/div-12.c  -O1   scan-assembler \\tdivu\\t
FAIL: gcc.target/mips/div-12.c  -O1   scan-assembler \\tmfhi\\t
FAIL: gcc.target/mips/div-12.c  -O2   scan-assembler \\tdivu\\t
FAIL: gcc.target/mips/div-12.c  -O2   scan-assembler \\tmfhi\\t
FAIL: gcc.target/mips/div-12.c  -O3 -fomit-frame-pointer   scan-assembler \\tdivu\\t
FAIL: gcc.target/mips/div-12.c  -O3 -fomit-frame-pointer   scan-assembler \\tmfhi\\t
FAIL: gcc.target/mips/div-12.c  -O3 -g   scan-assembler \\tdivu\\t
FAIL: gcc.target/mips/div-12.c  -O3 -g   scan-assembler \\tmfhi\\t
FAIL: gcc.target/mips/div-12.c  -Os   scan-assembler \\tdivu\\t
FAIL: gcc.target/mips/div-12.c  -Os   scan-assembler \\tmfhi\\t
FAIL: gcc.target/mips/div-12.c  -O2 -flto -fno-use-linker-plugin -flto-partition=none   scan-assembler \\tdivu\\t
FAIL: gcc.target/mips/div-12.c  -O2 -flto -fno-use-linker-plugin -flto-partition=none   scan-assembler \\tmfhi\\t
FAIL: gcc.target/mips/div-12.c  -O2 -flto -fuse-linker-plugin -fno-fat-lto-objects   scan-assembler \\tdivu\\t
FAIL: gcc.target/mips/div-12.c  -O2 -flto -fuse-linker-plugin -fno-fat-lto-objects   scan-assembler \\tmfhi\\t
FAIL: gcc.target/mips/div-2.c  -O0   scan-assembler \\tddivu\\t
FAIL: gcc.target/mips/div-2.c  -O0   scan-assembler \\tmflo\\t
FAIL: gcc.target/mips/div-2.c  -O1   scan-assembler \\tddivu\\t
FAIL: gcc.target/mips/div-2.c  -O1   scan-assembler \\tmflo\\t
FAIL: gcc.target/mips/div-2.c  -O2   scan-assembler \\tddivu\\t
FAIL: gcc.target/mips/div-2.c  -O2   scan-assembler \\tmflo\\t
FAIL: gcc.target/mips/div-2.c  -O3 -fomit-frame-pointer   scan-assembler \\tddivu\\t
FAIL: gcc.target/mips/div-2.c  -O3 -fomit-frame-pointer   scan-assembler \\tmflo\\t
FAIL: gcc.target/mips/div-2.c  -O3 -g   scan-assembler \\tddivu\\t
FAIL: gcc.target/mips/div-2.c  -O3 -g   scan-assembler \\tmflo\\t
FAIL: gcc.target/mips/div-2.c  -Os   scan-assembler \\tddivu\\t
FAIL: gcc.target/mips/div-2.c  -Os   scan-assembler \\tmflo\\t
FAIL: gcc.target/mips/div-2.c  -O2 -flto -fno-use-linker-plugin -flto-partition=none   scan-assembler \\tddivu\\t
FAIL: gcc.target/mips/div-2.c  -O2 -flto -fno-use-linker-plugin -flto-partition=none   scan-assembler \\tmflo\\t
FAIL: gcc.target/mips/div-2.c  -O2 -flto -fuse-linker-plugin -fno-fat-lto-objects   scan-assembler \\tddivu\\t
FAIL: gcc.target/mips/div-2.c  -O2 -flto -fuse-linker-plugin -fno-fat-lto-objects   scan-assembler \\tmflo\\t
FAIL: gcc.target/mips/div-3.c  -O0   scan-assembler \\tddiv\\t
FAIL: gcc.target/mips/div-3.c  -O0   scan-assembler \\tmfhi\\t
FAIL: gcc.target/mips/div-3.c  -O1   scan-assembler \\tddiv\\t
FAIL: gcc.target/mips/div-3.c  -O1   scan-assembler \\tmfhi\\t
FAIL: gcc.target/mips/div-3.c  -O2   scan-assembler \\tddiv\\t
FAIL: gcc.target/mips/div-3.c  -O2   scan-assembler \\tmfhi\\t
FAIL: gcc.target/mips/div-3.c  -O3 -fomit-frame-pointer   scan-assembler \\tddiv\\t
FAIL: gcc.target/mips/div-3.c  -O3 -fomit-frame-pointer   scan-assembler \\tmfhi\\t
FAIL: gcc.target/mips/div-3.c  -O3 -g   scan-assembler \\tddiv\\t
FAIL: gcc.target/mips/div-3.c  -O3 -g   scan-assembler \\tmfhi\\t
FAIL: gcc.target/mips/div-3.c  -Os   scan-assembler \\tddiv\\t
FAIL: gcc.target/mips/div-3.c  -Os   scan-assembler \\tmfhi\\t
FAIL: gcc.target/mips/div-3.c  -O2 -flto -fno-use-linker-plugin -flto-partition=none   scan-assembler \\tddiv\\t
FAIL: gcc.target/mips/div-3.c  -O2 -flto -fno-use-linker-plugin -flto-partition=none   scan-assembler \\tmfhi\\t
FAIL: gcc.target/mips/div-3.c  -O2 -flto -fuse-linker-plugin -fno-fat-lto-objects   scan-assembler \\tddiv\\t
FAIL: gcc.target/mips/div-3.c  -O2 -flto -fuse-linker-plugin -fno-fat-lto-objects   scan-assembler \\tmfhi\\t
FAIL: gcc.target/mips/div-4.c  -O0   scan-assembler \\tddivu\\t
FAIL: gcc.target/mips/div-4.c  -O0   scan-assembler \\tmfhi\\t
FAIL: gcc.target/mips/div-4.c  -O1   scan-assembler \\tddivu\\t
FAIL: gcc.target/mips/div-4.c  -O1   scan-assembler \\tmfhi\\t
FAIL: gcc.target/mips/div-4.c  -O2   scan-assembler \\tddivu\\t
FAIL: gcc.target/mips/div-4.c  -O2   scan-assembler \\tmfhi\\t
FAIL: gcc.target/mips/div-4.c  -O3 -fomit-frame-pointer   scan-assembler \\tddivu\\t
FAIL: gcc.target/mips/div-4.c  -O3 -fomit-frame-pointer   scan-assembler \\tmfhi\\t
FAIL: gcc.target/mips/div-4.c  -O3 -g   scan-assembler \\tddivu\\t
FAIL: gcc.target/mips/div-4.c  -O3 -g   scan-assembler \\tmfhi\\t
FAIL: gcc.target/mips/div-4.c  -Os   scan-assembler \\tddivu\\t
FAIL: gcc.target/mips/div-4.c  -Os   scan-assembler \\tmfhi\\t
FAIL: gcc.target/mips/div-4.c  -O2 -flto -fno-use-linker-plugin -flto-partition=none   scan-assembler \\tddivu\\t
FAIL: gcc.target/mips/div-4.c  -O2 -flto -fno-use-linker-plugin -flto-partition=none   scan-assembler \\tmfhi\\t
FAIL: gcc.target/mips/div-4.c  -O2 -flto -fuse-linker-plugin -fno-fat-lto-objects   scan-assembler \\tddivu\\t
FAIL: gcc.target/mips/div-4.c  -O2 -flto -fuse-linker-plugin -fno-fat-lto-objects   scan-assembler \\tmfhi\\t
FAIL: gcc.target/mips/div-5.c  -O0   scan-assembler \\tdiv\\t
FAIL: gcc.target/mips/div-5.c  -O0   scan-assembler \\tmflo\\t
FAIL: gcc.target/mips/div-5.c  -O1   scan-assembler \\tdiv\\t
FAIL: gcc.target/mips/div-5.c  -O1   scan-assembler \\tmflo\\t
FAIL: gcc.target/mips/div-5.c  -O2   scan-assembler \\tdiv\\t
FAIL: gcc.target/mips/div-5.c  -O2   scan-assembler \\tmflo\\t
FAIL: gcc.target/mips/div-5.c  -O3 -fomit-frame-pointer   scan-assembler \\tdiv\\t
FAIL: gcc.target/mips/div-5.c  -O3 -fomit-frame-pointer   scan-assembler \\tmflo\\t
FAIL: gcc.target/mips/div-5.c  -O3 -g   scan-assembler \\tdiv\\t
FAIL: gcc.target/mips/div-5.c  -O3 -g   scan-assembler \\tmflo\\t
FAIL: gcc.target/mips/div-5.c  -Os   scan-assembler \\tdiv\\t
FAIL: gcc.target/mips/div-5.c  -Os   scan-assembler \\tmflo\\t
FAIL: gcc.target/mips/div-5.c  -O2 -flto -fno-use-linker-plugin -flto-partition=none   scan-assembler \\tdiv\\t
FAIL: gcc.target/mips/div-5.c  -O2 -flto -fno-use-linker-plugin -flto-partition=none   scan-assembler \\tmflo\\t
FAIL: gcc.target/mips/div-5.c  -O2 -flto -fuse-linker-plugin -fno-fat-lto-objects   scan-assembler \\tdiv\\t
FAIL: gcc.target/mips/div-5.c  -O2 -flto -fuse-linker-plugin -fno-fat-lto-objects   scan-assembler \\tmflo\\t
FAIL: gcc.target/mips/div-6.c  -O0   scan-assembler \\tdivu\\t
FAIL: gcc.target/mips/div-6.c  -O0   scan-assembler \\tmflo\\t
FAIL: gcc.target/mips/div-6.c  -O1   scan-assembler \\tdivu\\t
FAIL: gcc.target/mips/div-6.c  -O1   scan-assembler \\tmflo\\t
FAIL: gcc.target/mips/div-6.c  -O2   scan-assembler \\tdivu\\t
FAIL: gcc.target/mips/div-6.c  -O2   scan-assembler \\tmflo\\t
FAIL: gcc.target/mips/div-6.c  -O3 -fomit-frame-pointer   scan-assembler \\tdivu\\t
FAIL: gcc.target/mips/div-6.c  -O3 -fomit-frame-pointer   scan-assembler \\tmflo\\t
FAIL: gcc.target/mips/div-6.c  -O3 -g   scan-assembler \\tdivu\\t
FAIL: gcc.target/mips/div-6.c  -O3 -g   scan-assembler \\tmflo\\t
FAIL: gcc.target/mips/div-6.c  -Os   scan-assembler \\tdivu\\t
FAIL: gcc.target/mips/div-6.c  -Os   scan-assembler \\tmflo\\t
FAIL: gcc.target/mips/div-6.c  -O2 -flto -fno-use-linker-plugin -flto-partition=none   scan-assembler \\tdivu\\t
FAIL: gcc.target/mips/div-6.c  -O2 -flto -fno-use-linker-plugin -flto-partition=none   scan-assembler \\tmflo\\t
FAIL: gcc.target/mips/div-6.c  -O2 -flto -fuse-linker-plugin -fno-fat-lto-objects   scan-assembler \\tdivu\\t
FAIL: gcc.target/mips/div-6.c  -O2 -flto -fuse-linker-plugin -fno-fat-lto-objects   scan-assembler \\tmflo\\t
FAIL: gcc.target/mips/div-7.c  -O0   scan-assembler \\tdiv\\t
FAIL: gcc.target/mips/div-7.c  -O0   scan-assembler \\tmfhi\\t
FAIL: gcc.target/mips/div-7.c  -O1   scan-assembler \\tdiv\\t
FAIL: gcc.target/mips/div-7.c  -O1   scan-assembler \\tmfhi\\t
FAIL: gcc.target/mips/div-7.c  -O2   scan-assembler \\tdiv\\t
FAIL: gcc.target/mips/div-7.c  -O2   scan-assembler \\tmfhi\\t
FAIL: gcc.target/mips/div-7.c  -O3 -fomit-frame-pointer   scan-assembler \\tdiv\\t
FAIL: gcc.target/mips/div-7.c  -O3 -fomit-frame-pointer   scan-assembler \\tmfhi\\t
FAIL: gcc.target/mips/div-7.c  -O3 -g   scan-assembler \\tdiv\\t
FAIL: gcc.target/mips/div-7.c  -O3 -g   scan-assembler \\tmfhi\\t
FAIL: gcc.target/mips/div-7.c  -Os   scan-assembler \\tdiv\\t
FAIL: gcc.target/mips/div-7.c  -Os   scan-assembler \\tmfhi\\t
FAIL: gcc.target/mips/div-7.c  -O2 -flto -fno-use-linker-plugin -flto-partition=none   scan-assembler \\tdiv\\t
FAIL: gcc.target/mips/div-7.c  -O2 -flto -fno-use-linker-plugin -flto-partition=none   scan-assembler \\tmfhi\\t
FAIL: gcc.target/mips/div-7.c  -O2 -flto -fuse-linker-plugin -fno-fat-lto-objects   scan-assembler \\tdiv\\t
FAIL: gcc.target/mips/div-7.c  -O2 -flto -fuse-linker-plugin -fno-fat-lto-objects   scan-assembler \\tmfhi\\t
FAIL: gcc.target/mips/div-8.c  -O0   scan-assembler \\tdivu\\t
FAIL: gcc.target/mips/div-8.c  -O0   scan-assembler \\tmfhi\\t
FAIL: gcc.target/mips/div-8.c  -O1   scan-assembler \\tdivu\\t
FAIL: gcc.target/mips/div-8.c  -O1   scan-assembler \\tmfhi\\t
FAIL: gcc.target/mips/div-8.c  -O2   scan-assembler \\tdivu\\t
FAIL: gcc.target/mips/div-8.c  -O2   scan-assembler \\tmfhi\\t
FAIL: gcc.target/mips/div-8.c  -O3 -fomit-frame-pointer   scan-assembler \\tdivu\\t
FAIL: gcc.target/mips/div-8.c  -O3 -fomit-frame-pointer   scan-assembler \\tmfhi\\t
FAIL: gcc.target/mips/div-8.c  -O3 -g   scan-assembler \\tdivu\\t
FAIL: gcc.target/mips/div-8.c  -O3 -g   scan-assembler \\tmfhi\\t
FAIL: gcc.target/mips/div-8.c  -Os   scan-assembler \\tdivu\\t
FAIL: gcc.target/mips/div-8.c  -Os   scan-assembler \\tmfhi\\t
FAIL: gcc.target/mips/div-8.c  -O2 -flto -fno-use-linker-plugin -flto-partition=none   scan-assembler \\tdivu\\t
FAIL: gcc.target/mips/div-8.c  -O2 -flto -fno-use-linker-plugin -flto-partition=none   scan-assembler \\tmfhi\\t
FAIL: gcc.target/mips/div-8.c  -O2 -flto -fuse-linker-plugin -fno-fat-lto-objects   scan-assembler \\tdivu\\t
FAIL: gcc.target/mips/div-8.c  -O2 -flto -fuse-linker-plugin -fno-fat-lto-objects   scan-assembler \\tmfhi\\t
FAIL: gcc.target/mips/div-9.c  -O0   scan-assembler \\tdiv\\t
FAIL: gcc.target/mips/div-9.c  -O0   scan-assembler \\tmflo\\t
FAIL: gcc.target/mips/div-9.c  -O1   scan-assembler \\tdiv\\t
FAIL: gcc.target/mips/div-9.c  -O1   scan-assembler \\tmflo\\t
FAIL: gcc.target/mips/div-9.c  -O2   scan-assembler \\tdiv\\t
FAIL: gcc.target/mips/div-9.c  -O2   scan-assembler \\tmflo\\t
FAIL: gcc.target/mips/div-9.c  -O3 -fomit-frame-pointer   scan-assembler \\tdiv\\t
FAIL: gcc.target/mips/div-9.c  -O3 -fomit-frame-pointer   scan-assembler \\tmflo\\t
FAIL: gcc.target/mips/div-9.c  -O3 -g   scan-assembler \\tdiv\\t
FAIL: gcc.target/mips/div-9.c  -O3 -g   scan-assembler \\tmflo\\t
FAIL: gcc.target/mips/div-9.c  -Os   scan-assembler \\tdiv\\t
FAIL: gcc.target/mips/div-9.c  -Os   scan-assembler \\tmflo\\t
FAIL: gcc.target/mips/div-9.c  -O2 -flto -fno-use-linker-plugin -flto-partition=none   scan-assembler \\tdiv\\t
FAIL: gcc.target/mips/div-9.c  -O2 -flto -fno-use-linker-plugin -flto-partition=none   scan-assembler \\tmflo\\t
FAIL: gcc.target/mips/div-9.c  -O2 -flto -fuse-linker-plugin -fno-fat-lto-objects   scan-assembler \\tdiv\\t
FAIL: gcc.target/mips/div-9.c  -O2 -flto -fuse-linker-plugin -fno-fat-lto-objects   scan-assembler \\tmflo\\t
FAIL: gcc.target/mips/dmult-1.c  -O0   scan-assembler \\tdmult\\t
FAIL: gcc.target/mips/dmult-1.c  -O0   scan-assembler \\tmflo\\t
FAIL: gcc.target/mips/dmult-1.c  -O1   scan-assembler \\tdmult\\t
FAIL: gcc.target/mips/dmult-1.c  -O1   scan-assembler \\tmflo\\t
FAIL: gcc.target/mips/dmult-1.c  -O2   scan-assembler \\tdmult\\t
FAIL: gcc.target/mips/dmult-1.c  -O2   scan-assembler \\tmflo\\t
FAIL: gcc.target/mips/dmult-1.c  -O3 -fomit-frame-pointer   scan-assembler \\tdmult\\t
FAIL: gcc.target/mips/dmult-1.c  -O3 -fomit-frame-pointer   scan-assembler \\tmflo\\t
FAIL: gcc.target/mips/dmult-1.c  -O3 -g   scan-assembler \\tdmult\\t
FAIL: gcc.target/mips/dmult-1.c  -O3 -g   scan-assembler \\tmflo\\t
FAIL: gcc.target/mips/dmult-1.c  -Os   scan-assembler \\tdmult\\t
FAIL: gcc.target/mips/dmult-1.c  -Os   scan-assembler \\tmflo\\t
FAIL: gcc.target/mips/dmult-1.c  -O2 -flto -fno-use-linker-plugin -flto-partition=none   scan-assembler \\tdmult\\t
FAIL: gcc.target/mips/dmult-1.c  -O2 -flto -fno-use-linker-plugin -flto-partition=none   scan-assembler \\tmflo\\t
FAIL: gcc.target/mips/dmult-1.c  -O2 -flto -fuse-linker-plugin -fno-fat-lto-objects   scan-assembler \\tdmult\\t
FAIL: gcc.target/mips/dmult-1.c  -O2 -flto -fuse-linker-plugin -fno-fat-lto-objects   scan-assembler \\tmflo\\t
FAIL: gcc.target/mips/mult-12.c  -O1   scan-assembler \\tmultu?\\t
FAIL: gcc.target/mips/mult-12.c  -O1   scan-assembler \\tmflo\\t
FAIL: gcc.target/mips/mult-12.c  -O2   scan-assembler \\tmultu?\\t
FAIL: gcc.target/mips/mult-12.c  -O2   scan-assembler \\tmflo\\t
FAIL: gcc.target/mips/mult-12.c  -O3 -fomit-frame-pointer   scan-assembler \\tmultu?\\t
FAIL: gcc.target/mips/mult-12.c  -O3 -fomit-frame-pointer   scan-assembler \\tmflo\\t
FAIL: gcc.target/mips/mult-12.c  -O3 -g   scan-assembler \\tmultu?\\t
FAIL: gcc.target/mips/mult-12.c  -O3 -g   scan-assembler \\tmflo\\t
FAIL: gcc.target/mips/mult-12.c  -Os   scan-assembler \\tmultu?\\t
FAIL: gcc.target/mips/mult-12.c  -Os   scan-assembler \\tmflo\\t
FAIL: gcc.target/mips/mult-12.c  -O2 -flto -fno-use-linker-plugin -flto-partition=none   scan-assembler \\tmultu?\\t
FAIL: gcc.target/mips/mult-12.c  -O2 -flto -fno-use-linker-plugin -flto-partition=none   scan-assembler \\tmflo\\t
FAIL: gcc.target/mips/mult-12.c  -O2 -flto -fuse-linker-plugin -fno-fat-lto-objects   scan-assembler \\tmultu?\\t
FAIL: gcc.target/mips/mult-12.c  -O2 -flto -fuse-linker-plugin -fno-fat-lto-objects   scan-assembler \\tmflo\\t
FAIL: gcc.target/mips/mult-13.c  -O1   scan-assembler \\tmultu?\\t
FAIL: gcc.target/mips/mult-13.c  -O1   scan-assembler \\tmflo\\t
FAIL: gcc.target/mips/mult-13.c  -O2   scan-assembler \\tmultu?\\t
FAIL: gcc.target/mips/mult-13.c  -O2   scan-assembler \\tmflo\\t
FAIL: gcc.target/mips/mult-13.c  -O3 -fomit-frame-pointer   scan-assembler \\tmultu?\\t
FAIL: gcc.target/mips/mult-13.c  -O3 -fomit-frame-pointer   scan-assembler \\tmflo\\t
FAIL: gcc.target/mips/mult-13.c  -O3 -g   scan-assembler \\tmultu?\\t
FAIL: gcc.target/mips/mult-13.c  -O3 -g   scan-assembler \\tmflo\\t
FAIL: gcc.target/mips/mult-13.c  -Os   scan-assembler \\tmultu?\\t
FAIL: gcc.target/mips/mult-13.c  -Os   scan-assembler \\tmflo\\t
FAIL: gcc.target/mips/mult-13.c  -O2 -flto -fno-use-linker-plugin -flto-partition=none   scan-assembler \\tmultu?\\t
FAIL: gcc.target/mips/mult-13.c  -O2 -flto -fno-use-linker-plugin -flto-partition=none   scan-assembler \\tmflo\\t
FAIL: gcc.target/mips/mult-13.c  -O2 -flto -fuse-linker-plugin -fno-fat-lto-objects   scan-assembler \\tmultu?\\t
FAIL: gcc.target/mips/mult-13.c  -O2 -flto -fuse-linker-plugin -fno-fat-lto-objects   scan-assembler \\tmflo\\t
FAIL: gcc.target/mips/mult-14.c  -O1   scan-assembler \\tmult\\t
FAIL: gcc.target/mips/mult-18.c  -O1   scan-assembler \\tmultu?\\t
FAIL: gcc.target/mips/mult-18.c  -O1   scan-assembler \\tmflo\\t
FAIL: gcc.target/mips/mult-18.c  -O2   scan-assembler \\tmultu?\\t
FAIL: gcc.target/mips/mult-18.c  -O2   scan-assembler \\tmflo\\t
FAIL: gcc.target/mips/mult-18.c  -O3 -fomit-frame-pointer   scan-assembler \\tmultu?\\t
FAIL: gcc.target/mips/mult-18.c  -O3 -fomit-frame-pointer   scan-assembler \\tmflo\\t
FAIL: gcc.target/mips/mult-18.c  -O3 -g   scan-assembler \\tmultu?\\t
FAIL: gcc.target/mips/mult-18.c  -O3 -g   scan-assembler \\tmflo\\t
FAIL: gcc.target/mips/mult-18.c  -Os   scan-assembler \\tmultu?\\t
FAIL: gcc.target/mips/mult-18.c  -Os   scan-assembler \\tmflo\\t
FAIL: gcc.target/mips/mult-18.c  -O2 -flto -fno-use-linker-plugin -flto-partition=none   scan-assembler \\tmultu?\\t
FAIL: gcc.target/mips/mult-18.c  -O2 -flto -fno-use-linker-plugin -flto-partition=none   scan-assembler \\tmflo\\t
FAIL: gcc.target/mips/mult-18.c  -O2 -flto -fuse-linker-plugin -fno-fat-lto-objects   scan-assembler \\tmultu?\\t
FAIL: gcc.target/mips/mult-18.c  -O2 -flto -fuse-linker-plugin -fno-fat-lto-objects   scan-assembler \\tmflo\\t
FAIL: gcc.target/mips/mult-19.c  -O1   scan-assembler \\tmultu?\\t
FAIL: gcc.target/mips/mult-19.c  -O1   scan-assembler \\tmflo\\t
FAIL: gcc.target/mips/mult-19.c  -O2   scan-assembler \\tmultu?\\t
FAIL: gcc.target/mips/mult-19.c  -O2   scan-assembler \\tmflo\\t
FAIL: gcc.target/mips/mult-19.c  -O3 -fomit-frame-pointer   scan-assembler \\tmultu?\\t
FAIL: gcc.target/mips/mult-19.c  -O3 -fomit-frame-pointer   scan-assembler \\tmflo\\t
FAIL: gcc.target/mips/mult-19.c  -O3 -g   scan-assembler \\tmultu?\\t
FAIL: gcc.target/mips/mult-19.c  -O3 -g   scan-assembler \\tmflo\\t
FAIL: gcc.target/mips/mult-19.c  -Os   scan-assembler \\tmultu?\\t
FAIL: gcc.target/mips/mult-19.c  -Os   scan-assembler \\tmflo\\t
FAIL: gcc.target/mips/mult-19.c  -O2 -flto -fno-use-linker-plugin -flto-partition=none   scan-assembler \\tmultu?\\t
FAIL: gcc.target/mips/mult-19.c  -O2 -flto -fno-use-linker-plugin -flto-partition=none   scan-assembler \\tmflo\\t
FAIL: gcc.target/mips/mult-19.c  -O2 -flto -fuse-linker-plugin -fno-fat-lto-objects   scan-assembler \\tmultu?\\t
FAIL: gcc.target/mips/mult-19.c  -O2 -flto -fuse-linker-plugin -fno-fat-lto-objects   scan-assembler \\tmflo\\t
FAIL: gcc.target/mips/mult-2.c  -O1   scan-assembler \\tdmult\\t
FAIL: gcc.target/mips/mult-6.c  -O1   scan-assembler \\tdmultu?\\t
FAIL: gcc.target/mips/mult-6.c  -O1   scan-assembler \\tmflo\\t
FAIL: gcc.target/mips/mult-6.c  -O2   scan-assembler \\tdmultu?\\t
FAIL: gcc.target/mips/mult-6.c  -O2   scan-assembler \\tmflo\\t
FAIL: gcc.target/mips/mult-6.c  -O3 -fomit-frame-pointer   scan-assembler \\tdmultu?\\t
FAIL: gcc.target/mips/mult-6.c  -O3 -fomit-frame-pointer   scan-assembler \\tmflo\\t
FAIL: gcc.target/mips/mult-6.c  -O3 -g   scan-assembler \\tdmultu?\\t
FAIL: gcc.target/mips/mult-6.c  -O3 -g   scan-assembler \\tmflo\\t
FAIL: gcc.target/mips/mult-6.c  -Os   scan-assembler \\tdmultu?\\t
FAIL: gcc.target/mips/mult-6.c  -Os   scan-assembler \\tmflo\\t
FAIL: gcc.target/mips/mult-6.c  -O2 -flto -fno-use-linker-plugin -flto-partition=none   scan-assembler \\tdmultu?\\t
FAIL: gcc.target/mips/mult-6.c  -O2 -flto -fno-use-linker-plugin -flto-partition=none   scan-assembler \\tmflo\\t
FAIL: gcc.target/mips/mult-6.c  -O2 -flto -fuse-linker-plugin -fno-fat-lto-objects   scan-assembler \\tdmultu?\\t
FAIL: gcc.target/mips/mult-6.c  -O2 -flto -fuse-linker-plugin -fno-fat-lto-objects   scan-assembler \\tmflo\\t
FAIL: gcc.target/mips/mult-7.c  -O1   scan-assembler \\tdmultu?\\t
FAIL: gcc.target/mips/mult-7.c  -O1   scan-assembler \\tmflo\\t
FAIL: gcc.target/mips/mult-7.c  -O2   scan-assembler \\tdmultu?\\t
FAIL: gcc.target/mips/mult-7.c  -O2   scan-assembler \\tmflo\\t
FAIL: gcc.target/mips/mult-7.c  -O3 -fomit-frame-pointer   scan-assembler \\tdmultu?\\t
FAIL: gcc.target/mips/mult-7.c  -O3 -fomit-frame-pointer   scan-assembler \\tmflo\\t
FAIL: gcc.target/mips/mult-7.c  -O3 -g   scan-assembler \\tdmultu?\\t
FAIL: gcc.target/mips/mult-7.c  -O3 -g   scan-assembler \\tmflo\\t
FAIL: gcc.target/mips/mult-7.c  -Os   scan-assembler \\tdmultu?\\t
FAIL: gcc.target/mips/mult-7.c  -Os   scan-assembler \\tmflo\\t
FAIL: gcc.target/mips/mult-7.c  -O2 -flto -fno-use-linker-plugin -flto-partition=none   scan-assembler \\tdmultu?\\t
FAIL: gcc.target/mips/mult-7.c  -O2 -flto -fno-use-linker-plugin -flto-partition=none   scan-assembler \\tmflo\\t
FAIL: gcc.target/mips/mult-7.c  -O2 -flto -fuse-linker-plugin -fno-fat-lto-objects   scan-assembler \\tdmultu?\\t
FAIL: gcc.target/mips/mult-7.c  -O2 -flto -fuse-linker-plugin -fno-fat-lto-objects   scan-assembler \\tmflo\\t
UNRESOLVED: gcc.target/mips/octeon2-pipe-1.c  -O2 -flto -fuse-linker-plugin -fno-fat-lto-objects   scan-rtl-dump sched2 "octeon_mult\\\\*17"
UNRESOLVED: gcc.target/mips/pr54240.c  -O2 -flto -fuse-linker-plugin -fno-fat-lto-objects   scan-tree-dump phiopt1 "Hoisting adjacent loads"

		=== gcc Summary ===

# of expected passes		92440
# of unexpected failures	777
# of unexpected successes	8
# of expected failures		334
# of unresolved testcases	30
# of unsupported tests		1676
/home/aaro/gcctest/build/gcc/xgcc  version 4.8.0 (GCC) 

		=== libatomic tests ===


Running target unix

		=== libatomic Summary ===

# of expected passes		34
# of unsupported tests		10
		=== libgomp tests ===


Running target unix

		=== libgomp Summary ===

# of expected passes		1257
# of unsupported tests		1
		=== libmudflap tests ===


Running target unix
FAIL: libmudflap.c++/pass41-frag.cxx ( -O) execution test
FAIL: libmudflap.c++/pass41-frag.cxx (-O2) execution test
FAIL: libmudflap.c++/pass41-frag.cxx (-O3) execution test
ERROR: tcl error sourcing /home/aaro/gcctest/gcc-4.8.0/libmudflap/testsuite/libmudflap.cth/cthfrags.exp.
ERROR: couldn't compile regular expression pattern: out of memory

		=== libmudflap Summary ===

# of expected passes		1253
# of unexpected failures	3
		=== libstdc++ tests ===


Running target unix
FAIL: libstdc++-abi/abi_check

		=== libstdc++ Summary ===

# of expected passes		8317
# of unexpected failures	1
# of expected failures		45
# of unsupported tests		564

Compiler version: 4.8.0 (GCC) 
Platform: mipsel-unknown-linux-gnu
configure flags: --with-arch=loongson2f --with-abi=32 --enable-targets=all --disable-nls --enable-languages=c,c++ --host=mipsel-unknown-linux-gnu --build=mipsel-unknown-linux-gnu --target=mipsel-unknown-linux-gnu --with-system-zlib --with-sysroot=/ --disable-static --enable-shared


Index Nav: [Date Index] [Subject Index] [Author Index] [Thread Index]
Message Nav: [Date Prev] [Date Next] [Thread Prev] [Thread Next]