This is the mail archive of the gcc-testresults@gcc.gnu.org mailing list for the GCC project.


Index Nav: [Date Index] [Subject Index] [Author Index] [Thread Index]
Message Nav: [Date Prev] [Date Next] [Thread Prev] [Thread Next]
Other format: [Raw text]

Results for 4.7.3 20130323 (prerelease) [gcc-4_7-branch revision 196999] (GCC) testsuite on x86_64-unknown-linux-gnu


LAST_UPDATED: Sat Mar 23 03:40:05 UTC 2013 (revision 196999)

Native configuration is x86_64-unknown-linux-gnu

		=== g++ tests ===


Running target unix

		=== g++ Summary for unix ===

# of expected passes		41814
# of expected failures		278
# of unsupported tests		382

Running target unix/-m32

		=== g++ Summary for unix/-m32 ===

# of expected passes		40729
# of expected failures		278
# of unsupported tests		312

		=== g++ Summary ===

# of expected passes		82543
# of expected failures		556
# of unsupported tests		694
/export/users/nightly/gcc.svn/test-intel64coreavxi/gcc-build-4.7/bld/gcc/testsuite/g++/../../g++  version 4.7.3 20130323 (prerelease) [gcc-4_7-branch revision 196999] (GCC) 

		=== gcc tests ===


Running target unix
XPASS: gcc.dg/inline_3.c (test for excess errors)
XPASS: gcc.dg/inline_4.c (test for excess errors)
XPASS: gcc.dg/unroll_2.c (test for excess errors)
XPASS: gcc.dg/unroll_3.c (test for excess errors)
XPASS: gcc.dg/unroll_4.c (test for excess errors)
XPASS: gcc.dg/guality/example.c  -O0  execution test
XPASS: gcc.dg/guality/example.c  -O1  execution test
XPASS: gcc.dg/guality/example.c  -O2  execution test
XPASS: gcc.dg/guality/example.c  -O2 -flto -fno-use-linker-plugin -flto-partition=none  execution test
XPASS: gcc.dg/guality/guality.c  -O0  execution test
XPASS: gcc.dg/guality/inline-params.c  -O2  execution test
XPASS: gcc.dg/guality/inline-params.c  -O3 -fomit-frame-pointer  execution test
XPASS: gcc.dg/guality/inline-params.c  -O3 -g  execution test
XPASS: gcc.dg/guality/inline-params.c  -Os  execution test
XPASS: gcc.dg/guality/inline-params.c  -O2 -flto -fno-use-linker-plugin -flto-partition=none  execution test
XPASS: gcc.dg/guality/inline-params.c  -O2 -flto -fuse-linker-plugin -fno-fat-lto-objects  execution test
XPASS: gcc.dg/guality/pr41353-1.c  -O0  line 28 j == 28 + 37
XPASS: gcc.dg/guality/pr41353-1.c  -O1  line 28 j == 28 + 37
XPASS: gcc.dg/guality/pr41353-1.c  -O2  line 28 j == 28 + 37
XPASS: gcc.dg/guality/pr41353-1.c  -O3 -fomit-frame-pointer  line 28 j == 28 + 37
XPASS: gcc.dg/guality/pr41353-1.c  -O3 -g  line 28 j == 28 + 37
XPASS: gcc.dg/guality/pr41353-1.c  -Os  line 28 j == 28 + 37
XPASS: gcc.dg/guality/pr41353-1.c  -O2 -flto -fno-use-linker-plugin -flto-partition=none  line 28 j == 28 + 37
XPASS: gcc.dg/guality/pr41353-1.c  -O2 -flto -fuse-linker-plugin -fno-fat-lto-objects  line 28 j == 28 + 37
XPASS: gcc.dg/guality/pr41447-1.c  -O0  execution test
XPASS: gcc.dg/guality/pr41447-1.c  -O1  execution test
XPASS: gcc.dg/guality/pr41447-1.c  -O2  execution test
XPASS: gcc.dg/guality/pr41447-1.c  -O3 -fomit-frame-pointer  execution test
XPASS: gcc.dg/guality/pr41447-1.c  -O3 -g  execution test
XPASS: gcc.dg/guality/pr41447-1.c  -Os  execution test
XPASS: gcc.dg/guality/pr41447-1.c  -O2 -flto -fno-use-linker-plugin -flto-partition=none  execution test
XPASS: gcc.dg/guality/pr41447-1.c  -O2 -flto -fuse-linker-plugin -fno-fat-lto-objects  execution test
XPASS: gcc.dg/guality/pr41616-1.c  -O0  execution test
XPASS: gcc.dg/guality/pr41616-1.c  -O1  execution test
XPASS: gcc.dg/guality/pr41616-1.c  -O2  execution test
XPASS: gcc.dg/guality/pr41616-1.c  -O3 -fomit-frame-pointer  execution test
XPASS: gcc.dg/guality/pr41616-1.c  -O3 -g  execution test
XPASS: gcc.dg/guality/pr41616-1.c  -Os  execution test
XPASS: gcc.dg/guality/pr41616-1.c  -O2 -flto -fno-use-linker-plugin -flto-partition=none  execution test
FAIL: gcc.dg/vect/vect-109.c scan-tree-dump-times vect "Vectorizing an unaligned access" 3
FAIL: gcc.dg/vect/vect-119.c scan-tree-dump-times vect "Detected interleaving of size 2" 1
FAIL: gcc.dg/vect/vect-35-big-array.c scan-tree-dump-times vect "can't determine dependence between" 1
FAIL: gcc.dg/vect/vect-91.c scan-tree-dump-times vect "accesses have the same alignment." 2
FAIL: gcc.dg/vect/vect-91.c scan-tree-dump-times vect "Alignment of access forced using peeling" 3
XPASS: gcc.dg/vect/vect-multitypes-4.c scan-tree-dump-times vect "Vectorizing an unaligned access" 8
FAIL: gcc.dg/vect/vect-multitypes-4.c scan-tree-dump-times vect "Vectorizing an unaligned access" 4
FAIL: gcc.dg/vect/vect-multitypes-6.c scan-tree-dump-times vect "Vectorizing an unaligned access" 6
FAIL: gcc.dg/vect/vect-outer-4c-big-array.c scan-tree-dump-times vect "zero step in outer loop." 1
FAIL: gcc.dg/vect/vect-over-widen-1.c scan-tree-dump-times vect "vect_recog_over_widening_pattern: detected" 8
FAIL: gcc.dg/vect/vect-over-widen-4.c scan-tree-dump-times vect "vect_recog_over_widening_pattern: detected" 8
FAIL: gcc.dg/vect/vect-peel-1.c scan-tree-dump-times vect "Alignment of access forced using peeling" 1
XPASS: gcc.dg/vect/vect-peel-3.c scan-tree-dump-times vect "Alignment of access forced using peeling" 1
FAIL: gcc.dg/vect/vect-peel-4.c scan-tree-dump-times vect "Vectorizing an unaligned access" 1
FAIL: gcc.dg/vect/vect-reduc-dot-s16a.c scan-tree-dump-times vect "vect_recog_dot_prod_pattern: detected" 1
FAIL: gcc.dg/vect/vect-reduc-dot-s8a.c scan-tree-dump-times vect "vect_recog_dot_prod_pattern: detected" 1
FAIL: gcc.dg/vect/vect-reduc-dot-s8a.c scan-tree-dump-times vect "vect_recog_widen_mult_pattern: detected" 1
FAIL: gcc.dg/vect/vect-reduc-dot-u8a.c scan-tree-dump-times vect "vect_recog_dot_prod_pattern: detected" 1
FAIL: gcc.dg/vect/vect-reduc-dot-u8b.c scan-tree-dump-times vect "vect_recog_dot_prod_pattern: detected" 1
FAIL: gcc.dg/vect/vect-reduc-pattern-1a.c scan-tree-dump-times vect "vect_recog_widen_sum_pattern: detected" 1
FAIL: gcc.dg/vect/vect-reduc-pattern-1b-big-array.c scan-tree-dump-times vect "vect_recog_widen_sum_pattern: detected" 1
FAIL: gcc.dg/vect/vect-reduc-pattern-1c-big-array.c scan-tree-dump-times vect "vect_recog_widen_sum_pattern: detected" 1
FAIL: gcc.dg/vect/vect-reduc-pattern-2a.c scan-tree-dump-times vect "vect_recog_widen_sum_pattern: detected" 1
FAIL: gcc.dg/vect/vect-reduc-pattern-2b-big-array.c scan-tree-dump-times vect "vect_recog_widen_sum_pattern: detected" 1
FAIL: gcc.dg/vect/vect-widen-mult-const-s16.c scan-tree-dump-times vect "vect_recog_widen_mult_pattern: detected" 2
FAIL: gcc.dg/vect/vect-widen-mult-const-u16.c scan-tree-dump-times vect "vect_recog_widen_mult_pattern: detected" 2
FAIL: gcc.dg/vect/vect-widen-mult-half-u8.c scan-tree-dump-times vect "vect_recog_widen_mult_pattern: detected" 2
FAIL: gcc.dg/vect/vect-widen-mult-half.c scan-tree-dump-times vect "vect_recog_widen_mult_pattern: detected" 1
FAIL: gcc.dg/vect/vect-widen-mult-sum.c scan-tree-dump-times vect "vect_recog_widen_mult_pattern: detected" 1
FAIL: gcc.dg/vect/vect-widen-mult-u16.c scan-tree-dump-times vect "vect_recog_widen_mult_pattern: detected" 1
FAIL: gcc.dg/vect/slp-perm-9.c scan-tree-dump-times vect "vectorized 1 loops" 2
FAIL: gcc.dg/vect/slp-perm-9.c scan-tree-dump-times vect "vectorizing stmts using SLP" 1
FAIL: gcc.dg/vect/slp-reduc-6.c scan-tree-dump-times vect "different interleaving chains in one node" 1
FAIL: gcc.dg/vect/slp-widen-mult-half.c scan-tree-dump-times vect "vect_recog_widen_mult_pattern: detected" 2
FAIL: gcc.dg/vect/vect-109.c -flto  scan-tree-dump-times vect "Vectorizing an unaligned access" 3
FAIL: gcc.dg/vect/vect-119.c -flto  scan-tree-dump-times vect "Detected interleaving of size 2" 1
FAIL: gcc.dg/vect/vect-35-big-array.c -flto  scan-tree-dump-times vect "can't determine dependence between" 1
FAIL: gcc.dg/vect/vect-91.c -flto  scan-tree-dump-times vect "accesses have the same alignment." 2
FAIL: gcc.dg/vect/vect-91.c -flto  scan-tree-dump-times vect "Alignment of access forced using peeling" 3
XPASS: gcc.dg/vect/vect-multitypes-4.c -flto  scan-tree-dump-times vect "Vectorizing an unaligned access" 8
FAIL: gcc.dg/vect/vect-multitypes-4.c -flto  scan-tree-dump-times vect "Vectorizing an unaligned access" 4
FAIL: gcc.dg/vect/vect-multitypes-6.c -flto  scan-tree-dump-times vect "Vectorizing an unaligned access" 6
FAIL: gcc.dg/vect/vect-outer-4c-big-array.c -flto  scan-tree-dump-times vect "zero step in outer loop." 1
FAIL: gcc.dg/vect/vect-over-widen-1.c -flto  scan-tree-dump-times vect "vect_recog_over_widening_pattern: detected" 8
FAIL: gcc.dg/vect/vect-over-widen-4.c -flto  scan-tree-dump-times vect "vect_recog_over_widening_pattern: detected" 8
FAIL: gcc.dg/vect/vect-peel-1.c -flto  scan-tree-dump-times vect "Alignment of access forced using peeling" 1
XPASS: gcc.dg/vect/vect-peel-3.c -flto  scan-tree-dump-times vect "Alignment of access forced using peeling" 1
FAIL: gcc.dg/vect/vect-peel-4.c -flto  scan-tree-dump-times vect "Vectorizing an unaligned access" 1
FAIL: gcc.dg/vect/vect-reduc-dot-s16a.c -flto  scan-tree-dump-times vect "vect_recog_dot_prod_pattern: detected" 1
FAIL: gcc.dg/vect/vect-reduc-dot-s8a.c -flto  scan-tree-dump-times vect "vect_recog_dot_prod_pattern: detected" 1
FAIL: gcc.dg/vect/vect-reduc-dot-s8a.c -flto  scan-tree-dump-times vect "vect_recog_widen_mult_pattern: detected" 1
FAIL: gcc.dg/vect/vect-reduc-dot-u8a.c -flto  scan-tree-dump-times vect "vect_recog_dot_prod_pattern: detected" 1
FAIL: gcc.dg/vect/vect-reduc-dot-u8b.c -flto  scan-tree-dump-times vect "vect_recog_dot_prod_pattern: detected" 1
FAIL: gcc.dg/vect/vect-reduc-pattern-1a.c -flto  scan-tree-dump-times vect "vect_recog_widen_sum_pattern: detected" 1
FAIL: gcc.dg/vect/vect-reduc-pattern-1b-big-array.c -flto  scan-tree-dump-times vect "vect_recog_widen_sum_pattern: detected" 1
FAIL: gcc.dg/vect/vect-reduc-pattern-1c-big-array.c -flto  scan-tree-dump-times vect "vect_recog_widen_sum_pattern: detected" 1
FAIL: gcc.dg/vect/vect-reduc-pattern-2a.c -flto  scan-tree-dump-times vect "vect_recog_widen_sum_pattern: detected" 1
FAIL: gcc.dg/vect/vect-reduc-pattern-2b-big-array.c -flto  scan-tree-dump-times vect "vect_recog_widen_sum_pattern: detected" 1
FAIL: gcc.dg/vect/vect-widen-mult-const-s16.c -flto  scan-tree-dump-times vect "vect_recog_widen_mult_pattern: detected" 2
FAIL: gcc.dg/vect/vect-widen-mult-const-u16.c -flto  scan-tree-dump-times vect "vect_recog_widen_mult_pattern: detected" 2
FAIL: gcc.dg/vect/vect-widen-mult-half-u8.c -flto  scan-tree-dump-times vect "vect_recog_widen_mult_pattern: detected" 2
FAIL: gcc.dg/vect/vect-widen-mult-half.c -flto  scan-tree-dump-times vect "vect_recog_widen_mult_pattern: detected" 1
FAIL: gcc.dg/vect/vect-widen-mult-sum.c -flto  scan-tree-dump-times vect "vect_recog_widen_mult_pattern: detected" 1
FAIL: gcc.dg/vect/vect-widen-mult-u16.c -flto  scan-tree-dump-times vect "vect_recog_widen_mult_pattern: detected" 1
FAIL: gcc.dg/vect/slp-perm-9.c -flto  scan-tree-dump-times vect "vectorized 1 loops" 2
FAIL: gcc.dg/vect/slp-perm-9.c -flto  scan-tree-dump-times vect "vectorizing stmts using SLP" 1
FAIL: gcc.dg/vect/slp-reduc-6.c -flto  scan-tree-dump-times vect "different interleaving chains in one node" 1
FAIL: gcc.dg/vect/slp-widen-mult-half.c -flto  scan-tree-dump-times vect "vect_recog_widen_mult_pattern: detected" 2
FAIL: gcc.dg/vect/no-vfa-vect-depend-1.c scan-tree-dump-times vect "dependence distance negative" 1
FAIL: gcc.dg/vect/no-vfa-vect-dv-2.c scan-tree-dump-times vect "accesses have the same alignment." 1
FAIL: gcc.dg/vect/wrapv-vect-reduc-dot-s8b.c scan-tree-dump-times vect "vect_recog_dot_prod_pattern: detected" 1
FAIL: gcc.dg/vect/wrapv-vect-reduc-dot-s8b.c scan-tree-dump-times vect "vect_recog_widen_mult_pattern: detected" 1
FAIL: gcc.dg/vect/no-scevccp-vect-iv-3.c scan-tree-dump-times vect "vect_recog_widen_sum_pattern: detected" 1
FAIL: gcc.dg/vect/no-scevccp-outer-7.c scan-tree-dump-times vect "vect_recog_widen_mult_pattern: detected" 1

		=== gcc Summary for unix ===

# of expected passes		93217
# of unexpected failures	70
# of unexpected successes	9
# of expected failures		326
# of unsupported tests		1551

Running target unix/-m32
XPASS: gcc.dg/inline_3.c (test for excess errors)
XPASS: gcc.dg/inline_4.c (test for excess errors)
XPASS: gcc.dg/unroll_2.c (test for excess errors)
XPASS: gcc.dg/unroll_3.c (test for excess errors)
XPASS: gcc.dg/unroll_4.c (test for excess errors)
XPASS: gcc.dg/guality/example.c  -O0  execution test
XPASS: gcc.dg/guality/example.c  -O1  execution test
XPASS: gcc.dg/guality/example.c  -O2  execution test
XPASS: gcc.dg/guality/example.c  -O2 -flto -fno-use-linker-plugin -flto-partition=none  execution test
XPASS: gcc.dg/guality/guality.c  -O0  execution test
XPASS: gcc.dg/guality/guality.c  -O1  execution test
XPASS: gcc.dg/guality/guality.c  -O2  execution test
XPASS: gcc.dg/guality/guality.c  -O3 -fomit-frame-pointer  execution test
XPASS: gcc.dg/guality/guality.c  -O3 -g  execution test
XPASS: gcc.dg/guality/guality.c  -Os  execution test
XPASS: gcc.dg/guality/guality.c  -O2 -flto -fno-use-linker-plugin -flto-partition=none  execution test
XPASS: gcc.dg/guality/guality.c  -O2 -flto -fuse-linker-plugin -fno-fat-lto-objects  execution test
XPASS: gcc.dg/guality/inline-params.c  -O2  execution test
XPASS: gcc.dg/guality/inline-params.c  -O3 -fomit-frame-pointer  execution test
XPASS: gcc.dg/guality/inline-params.c  -O3 -g  execution test
XPASS: gcc.dg/guality/inline-params.c  -Os  execution test
XPASS: gcc.dg/guality/inline-params.c  -O2 -flto -fno-use-linker-plugin -flto-partition=none  execution test
XPASS: gcc.dg/guality/inline-params.c  -O2 -flto -fuse-linker-plugin -fno-fat-lto-objects  execution test
XPASS: gcc.dg/guality/pr41353-1.c  -O0  line 28 j == 28 + 37
XPASS: gcc.dg/guality/pr41353-1.c  -O1  line 28 j == 28 + 37
XPASS: gcc.dg/guality/pr41353-1.c  -O2  line 28 j == 28 + 37
XPASS: gcc.dg/guality/pr41353-1.c  -O3 -fomit-frame-pointer  line 28 j == 28 + 37
XPASS: gcc.dg/guality/pr41353-1.c  -O3 -g  line 28 j == 28 + 37
XPASS: gcc.dg/guality/pr41353-1.c  -Os  line 28 j == 28 + 37
XPASS: gcc.dg/guality/pr41353-1.c  -O2 -flto -fno-use-linker-plugin -flto-partition=none  line 28 j == 28 + 37
XPASS: gcc.dg/guality/pr41353-1.c  -O2 -flto -fuse-linker-plugin -fno-fat-lto-objects  line 28 j == 28 + 37
XPASS: gcc.dg/guality/pr41447-1.c  -O0  execution test
XPASS: gcc.dg/guality/pr41447-1.c  -O1  execution test
XPASS: gcc.dg/guality/pr41447-1.c  -Os  execution test
XPASS: gcc.dg/guality/pr41447-1.c  -O2 -flto -fuse-linker-plugin -fno-fat-lto-objects  execution test
XPASS: gcc.dg/guality/pr41616-1.c  -O0  execution test
XPASS: gcc.dg/guality/pr41616-1.c  -O1  execution test
XPASS: gcc.dg/guality/pr41616-1.c  -O2  execution test
XPASS: gcc.dg/guality/pr41616-1.c  -O3 -fomit-frame-pointer  execution test
XPASS: gcc.dg/guality/pr41616-1.c  -O3 -g  execution test
XPASS: gcc.dg/guality/pr41616-1.c  -Os  execution test
XPASS: gcc.dg/guality/pr41616-1.c  -O2 -flto -fno-use-linker-plugin -flto-partition=none  execution test
FAIL: gcc.dg/guality/vla-1.c  -Os  line 17 sizeof (a) == 6
FAIL: gcc.dg/vect/vect-109.c scan-tree-dump-times vect "Vectorizing an unaligned access" 3
FAIL: gcc.dg/vect/vect-119.c scan-tree-dump-times vect "Detected interleaving of size 2" 1
FAIL: gcc.dg/vect/vect-35-big-array.c scan-tree-dump-times vect "can't determine dependence between" 1
FAIL: gcc.dg/vect/vect-91.c scan-tree-dump-times vect "accesses have the same alignment." 2
FAIL: gcc.dg/vect/vect-91.c scan-tree-dump-times vect "Alignment of access forced using peeling" 3
XPASS: gcc.dg/vect/vect-multitypes-4.c scan-tree-dump-times vect "Vectorizing an unaligned access" 8
FAIL: gcc.dg/vect/vect-multitypes-4.c scan-tree-dump-times vect "Vectorizing an unaligned access" 4
FAIL: gcc.dg/vect/vect-multitypes-6.c scan-tree-dump-times vect "Vectorizing an unaligned access" 6
FAIL: gcc.dg/vect/vect-outer-4c-big-array.c scan-tree-dump-times vect "zero step in outer loop." 1
FAIL: gcc.dg/vect/vect-over-widen-1.c scan-tree-dump-times vect "vect_recog_over_widening_pattern: detected" 8
FAIL: gcc.dg/vect/vect-over-widen-4.c scan-tree-dump-times vect "vect_recog_over_widening_pattern: detected" 8
FAIL: gcc.dg/vect/vect-peel-1.c scan-tree-dump-times vect "Alignment of access forced using peeling" 1
XPASS: gcc.dg/vect/vect-peel-3.c scan-tree-dump-times vect "Alignment of access forced using peeling" 1
FAIL: gcc.dg/vect/vect-peel-4.c scan-tree-dump-times vect "Vectorizing an unaligned access" 1
FAIL: gcc.dg/vect/vect-reduc-dot-s16a.c scan-tree-dump-times vect "vect_recog_dot_prod_pattern: detected" 1
FAIL: gcc.dg/vect/vect-reduc-dot-s8a.c scan-tree-dump-times vect "vect_recog_dot_prod_pattern: detected" 1
FAIL: gcc.dg/vect/vect-reduc-dot-s8a.c scan-tree-dump-times vect "vect_recog_widen_mult_pattern: detected" 1
FAIL: gcc.dg/vect/vect-reduc-dot-u8a.c scan-tree-dump-times vect "vect_recog_dot_prod_pattern: detected" 1
FAIL: gcc.dg/vect/vect-reduc-dot-u8b.c scan-tree-dump-times vect "vect_recog_dot_prod_pattern: detected" 1
FAIL: gcc.dg/vect/vect-reduc-pattern-1a.c scan-tree-dump-times vect "vect_recog_widen_sum_pattern: detected" 1
FAIL: gcc.dg/vect/vect-reduc-pattern-1b-big-array.c scan-tree-dump-times vect "vect_recog_widen_sum_pattern: detected" 1
FAIL: gcc.dg/vect/vect-reduc-pattern-1c-big-array.c scan-tree-dump-times vect "vect_recog_widen_sum_pattern: detected" 1
FAIL: gcc.dg/vect/vect-reduc-pattern-2a.c scan-tree-dump-times vect "vect_recog_widen_sum_pattern: detected" 1
FAIL: gcc.dg/vect/vect-reduc-pattern-2b-big-array.c scan-tree-dump-times vect "vect_recog_widen_sum_pattern: detected" 1
FAIL: gcc.dg/vect/vect-widen-mult-const-s16.c scan-tree-dump-times vect "vect_recog_widen_mult_pattern: detected" 2
FAIL: gcc.dg/vect/vect-widen-mult-const-u16.c scan-tree-dump-times vect "vect_recog_widen_mult_pattern: detected" 2
FAIL: gcc.dg/vect/vect-widen-mult-half-u8.c scan-tree-dump-times vect "vect_recog_widen_mult_pattern: detected" 2
FAIL: gcc.dg/vect/vect-widen-mult-half.c scan-tree-dump-times vect "vect_recog_widen_mult_pattern: detected" 1
FAIL: gcc.dg/vect/vect-widen-mult-sum.c scan-tree-dump-times vect "vect_recog_widen_mult_pattern: detected" 1
FAIL: gcc.dg/vect/vect-widen-mult-u16.c scan-tree-dump-times vect "vect_recog_widen_mult_pattern: detected" 1
FAIL: gcc.dg/vect/slp-perm-9.c scan-tree-dump-times vect "vectorized 1 loops" 2
FAIL: gcc.dg/vect/slp-perm-9.c scan-tree-dump-times vect "vectorizing stmts using SLP" 1
FAIL: gcc.dg/vect/slp-reduc-6.c scan-tree-dump-times vect "different interleaving chains in one node" 1
FAIL: gcc.dg/vect/slp-widen-mult-half.c scan-tree-dump-times vect "vect_recog_widen_mult_pattern: detected" 2
FAIL: gcc.dg/vect/vect-109.c -flto  scan-tree-dump-times vect "Vectorizing an unaligned access" 3
FAIL: gcc.dg/vect/vect-119.c -flto  scan-tree-dump-times vect "Detected interleaving of size 2" 1
FAIL: gcc.dg/vect/vect-35-big-array.c -flto  scan-tree-dump-times vect "can't determine dependence between" 1
FAIL: gcc.dg/vect/vect-91.c -flto  scan-tree-dump-times vect "accesses have the same alignment." 2
FAIL: gcc.dg/vect/vect-91.c -flto  scan-tree-dump-times vect "Alignment of access forced using peeling" 3
XPASS: gcc.dg/vect/vect-multitypes-4.c -flto  scan-tree-dump-times vect "Vectorizing an unaligned access" 8
FAIL: gcc.dg/vect/vect-multitypes-4.c -flto  scan-tree-dump-times vect "Vectorizing an unaligned access" 4
FAIL: gcc.dg/vect/vect-multitypes-6.c -flto  scan-tree-dump-times vect "Vectorizing an unaligned access" 6
FAIL: gcc.dg/vect/vect-outer-4c-big-array.c -flto  scan-tree-dump-times vect "zero step in outer loop." 1
FAIL: gcc.dg/vect/vect-over-widen-1.c -flto  scan-tree-dump-times vect "vect_recog_over_widening_pattern: detected" 8
FAIL: gcc.dg/vect/vect-over-widen-4.c -flto  scan-tree-dump-times vect "vect_recog_over_widening_pattern: detected" 8
FAIL: gcc.dg/vect/vect-peel-1.c -flto  scan-tree-dump-times vect "Alignment of access forced using peeling" 1
XPASS: gcc.dg/vect/vect-peel-3.c -flto  scan-tree-dump-times vect "Alignment of access forced using peeling" 1
FAIL: gcc.dg/vect/vect-peel-4.c -flto  scan-tree-dump-times vect "Vectorizing an unaligned access" 1
FAIL: gcc.dg/vect/vect-reduc-dot-s16a.c -flto  scan-tree-dump-times vect "vect_recog_dot_prod_pattern: detected" 1
FAIL: gcc.dg/vect/vect-reduc-dot-s8a.c -flto  scan-tree-dump-times vect "vect_recog_dot_prod_pattern: detected" 1
FAIL: gcc.dg/vect/vect-reduc-dot-s8a.c -flto  scan-tree-dump-times vect "vect_recog_widen_mult_pattern: detected" 1
FAIL: gcc.dg/vect/vect-reduc-dot-u8a.c -flto  scan-tree-dump-times vect "vect_recog_dot_prod_pattern: detected" 1
FAIL: gcc.dg/vect/vect-reduc-dot-u8b.c -flto  scan-tree-dump-times vect "vect_recog_dot_prod_pattern: detected" 1
FAIL: gcc.dg/vect/vect-reduc-pattern-1a.c -flto  scan-tree-dump-times vect "vect_recog_widen_sum_pattern: detected" 1
FAIL: gcc.dg/vect/vect-reduc-pattern-1b-big-array.c -flto  scan-tree-dump-times vect "vect_recog_widen_sum_pattern: detected" 1
FAIL: gcc.dg/vect/vect-reduc-pattern-1c-big-array.c -flto  scan-tree-dump-times vect "vect_recog_widen_sum_pattern: detected" 1
FAIL: gcc.dg/vect/vect-reduc-pattern-2a.c -flto  scan-tree-dump-times vect "vect_recog_widen_sum_pattern: detected" 1
FAIL: gcc.dg/vect/vect-reduc-pattern-2b-big-array.c -flto  scan-tree-dump-times vect "vect_recog_widen_sum_pattern: detected" 1
FAIL: gcc.dg/vect/vect-widen-mult-const-s16.c -flto  scan-tree-dump-times vect "vect_recog_widen_mult_pattern: detected" 2
FAIL: gcc.dg/vect/vect-widen-mult-const-u16.c -flto  scan-tree-dump-times vect "vect_recog_widen_mult_pattern: detected" 2
FAIL: gcc.dg/vect/vect-widen-mult-half-u8.c -flto  scan-tree-dump-times vect "vect_recog_widen_mult_pattern: detected" 2
FAIL: gcc.dg/vect/vect-widen-mult-half.c -flto  scan-tree-dump-times vect "vect_recog_widen_mult_pattern: detected" 1
FAIL: gcc.dg/vect/vect-widen-mult-sum.c -flto  scan-tree-dump-times vect "vect_recog_widen_mult_pattern: detected" 1
FAIL: gcc.dg/vect/vect-widen-mult-u16.c -flto  scan-tree-dump-times vect "vect_recog_widen_mult_pattern: detected" 1
FAIL: gcc.dg/vect/slp-perm-9.c -flto  scan-tree-dump-times vect "vectorized 1 loops" 2
FAIL: gcc.dg/vect/slp-perm-9.c -flto  scan-tree-dump-times vect "vectorizing stmts using SLP" 1
FAIL: gcc.dg/vect/slp-reduc-6.c -flto  scan-tree-dump-times vect "different interleaving chains in one node" 1
FAIL: gcc.dg/vect/slp-widen-mult-half.c -flto  scan-tree-dump-times vect "vect_recog_widen_mult_pattern: detected" 2
FAIL: gcc.dg/vect/no-vfa-vect-depend-1.c scan-tree-dump-times vect "dependence distance negative" 1
FAIL: gcc.dg/vect/no-vfa-vect-dv-2.c scan-tree-dump-times vect "accesses have the same alignment." 1
FAIL: gcc.dg/vect/wrapv-vect-reduc-dot-s8b.c scan-tree-dump-times vect "vect_recog_dot_prod_pattern: detected" 1
FAIL: gcc.dg/vect/wrapv-vect-reduc-dot-s8b.c scan-tree-dump-times vect "vect_recog_widen_mult_pattern: detected" 1
FAIL: gcc.dg/vect/no-scevccp-vect-iv-3.c scan-tree-dump-times vect "vect_recog_widen_sum_pattern: detected" 1
FAIL: gcc.dg/vect/no-scevccp-outer-7.c scan-tree-dump-times vect "vect_recog_widen_mult_pattern: detected" 1

		=== gcc Summary for unix/-m32 ===

# of expected passes		41551
# of unexpected failures	70
# of unexpected successes	9
# of expected failures		206
# of unsupported tests		535

		=== gcc Summary ===

# of expected passes		134768
# of unexpected failures	140
# of unexpected successes	18
# of expected failures		532
# of unsupported tests		2086
/export/users/nightly/gcc.svn/test-intel64coreavxi/gcc-build-4.7/bld/gcc/xgcc  version 4.7.3 20130323 (prerelease) [gcc-4_7-branch revision 196999] (GCC) 

		=== gfortran tests ===


Running target unix
FAIL: gfortran.dg/vect/fast-math-mgrid-resid.f scan-tree-dump-times optimized "vect_var[^\\\\n]*\\\\+ " 13

		=== gfortran Summary for unix ===

# of expected passes		39645
# of expected failures		39
# of unsupported tests		36

Running target unix/-m32
FAIL: gfortran.dg/vect/fast-math-mgrid-resid.f scan-tree-dump-times optimized "vect_var[^\\\\n]*\\\\+ " 13

		=== gfortran Summary for unix/-m32 ===

# of expected passes		39355
# of expected failures		39
# of unsupported tests		177

		=== gfortran Summary ===

# of expected passes		79000
# of expected failures		78
# of unsupported tests		213
/export/users/nightly/gcc.svn/test-intel64coreavxi/gcc-build-4.7/bld/gcc/testsuite/gfortran/../../gfortran  version 4.7.3 20130323 (prerelease) [gcc-4_7-branch revision 196999] (GCC) 

		=== objc tests ===


Running target unix

		=== objc Summary for unix ===

# of expected passes		1304
# of expected failures		6

Running target unix/-m32

		=== objc Summary for unix/-m32 ===

# of expected passes		1304
# of expected failures		6

		=== objc Summary ===

# of expected passes		2608
# of expected failures		12
/export/users/nightly/gcc.svn/test-intel64coreavxi/gcc-build-4.7/bld/gcc/xgcc  version 4.7.3 20130323 (prerelease) [gcc-4_7-branch revision 196999] (GCC) 

		=== boehm-gc tests ===


Running target unix/-m32

		=== boehm-gc Summary for unix/-m32 ===

# of expected passes		4

Running target unix

		=== boehm-gc Summary for unix ===

# of expected passes		4

		=== boehm-gc Summary ===

# of expected passes		24
# of unsupported tests		2
		=== libffi tests ===


Running target unix/-m32

		=== libffi Summary for unix/-m32 ===

# of expected passes		24

Running target unix

		=== libffi Summary for unix ===

# of expected passes		24

		=== libffi Summary ===

# of expected passes		3268
# of expected failures		20
# of unsupported tests		110
		=== libgomp tests ===


Running target unix/-m32

		=== libgomp Summary for unix/-m32 ===

# of expected passes		46

Running target unix

		=== libgomp Summary for unix ===

# of expected passes		46

		=== libgomp Summary ===

# of expected passes		5984
		=== libitm tests ===


Running target unix/-m32

		=== libitm Summary for unix/-m32 ===

# of expected passes		4
# of expected failures		1
# of unsupported tests		1

Running target unix

		=== libitm Summary for unix ===

# of expected passes		4
# of expected failures		1
# of unsupported tests		1

		=== libitm Summary ===

# of expected passes		52
# of expected failures		6
# of unsupported tests		2
		=== libjava tests ===


Running target unix/-m32

		=== libjava Summary for unix/-m32 ===


Running target unix

		=== libjava Summary for unix ===


		=== libjava Summary ===

# of expected passes		5148
		=== libmudflap tests ===


Running target unix/-m32

		=== libmudflap Summary for unix/-m32 ===

# of expected passes		264

Running target unix
FAIL: libmudflap.c++/pass55-frag.cxx ( -O) execution test

		=== libmudflap Summary for unix ===

# of expected passes		264

		=== libmudflap Summary ===

# of expected passes		2871
# of unexpected failures	1
		=== libstdc++ tests ===


Running target unix

		=== libstdc++ Summary for unix ===

# of expected passes		8980
# of expected failures		45
# of unsupported tests		146

Running target unix/-m32

		=== libstdc++ Summary for unix/-m32 ===

# of expected passes		8980
# of expected failures		45
# of unsupported tests		146

		=== libstdc++ Summary ===

# of expected passes		17960
# of expected failures		90
# of unsupported tests		292

Compiler version: 4.7.3 20130323 (prerelease) [gcc-4_7-branch revision 196999] (GCC) 
Platform: x86_64-unknown-linux-gnu
configure flags: --with-arch=core-avx-i --with-cpu=core-avx-i --prefix=/usr/local --enable-clocale=gnu --with-system-zlib --enable-shared --with-demangler-in-ld --with-fpmath=sse --enable-languages=c,c++,fortran,java,lto,objc


Index Nav: [Date Index] [Subject Index] [Author Index] [Thread Index]
Message Nav: [Date Prev] [Date Next] [Thread Prev] [Thread Next]