This is the mail archive of the gcc-testresults@gcc.gnu.org mailing list for the GCC project.


Index Nav: [Date Index] [Subject Index] [Author Index] [Thread Index]
Message Nav: [Date Prev] [Date Next] [Thread Prev] [Thread Next]
Other format: [Raw text]

Results for 4.8.0 (GCC) testsuite on x86_64-apple-darwin12.3.0


LAST_UPDATED: Obtained from SVN: tags/gcc_4_8_0_release revision 196953

Native configuration is x86_64-apple-darwin12.3.0

		=== g++ tests ===


Running target unix/-m32
UNRESOLVED: g++.dg/ext/label13.C -std=gnu++98 compilation failed to produce executable
UNRESOLVED: g++.dg/ext/label13.C -std=gnu++11 compilation failed to produce executable

		=== g++ Summary for unix/-m32 ===

# of expected passes		51131
# of expected failures		294
# of unresolved testcases	2
# of unsupported tests		709

Running target unix/-m64
UNRESOLVED: g++.dg/ext/label13.C -std=gnu++98 compilation failed to produce executable
UNRESOLVED: g++.dg/ext/label13.C -std=gnu++11 compilation failed to produce executable

		=== g++ Summary for unix/-m64 ===

# of expected passes		51921
# of expected failures		294
# of unresolved testcases	2
# of unsupported tests		935

		=== g++ Summary ===

# of expected passes		103052
# of expected failures		588
# of unresolved testcases	4
# of unsupported tests		1644
/sw/src/fink.build/gcc48-4.8.0-1000/darwin_objdir/gcc/testsuite/g++/../../xg++  version 4.8.0 (GCC) 

		=== gcc tests ===


Running target unix/-m32
FAIL: gcc.c-torture/execute/pr51447.c execution,  -O0 
FAIL: gcc.c-torture/execute/pr51447.c execution,  -O1 
FAIL: gcc.c-torture/execute/pr51447.c execution,  -O2 
FAIL: gcc.c-torture/execute/pr51447.c execution,  -O3 -fomit-frame-pointer 
FAIL: gcc.c-torture/execute/pr51447.c execution,  -O3 -g 
FAIL: gcc.c-torture/execute/pr51447.c execution,  -Os 
FAIL: gcc.c-torture/execute/pr51447.c execution,  -Og -g 
FAIL: gcc.c-torture/execute/pr51447.c execution,  -O2 -flto -flto-partition=none 
FAIL: gcc.c-torture/execute/pr51447.c execution,  -O2 -flto 
FAIL: gcc.dg/tree-prof/pr44777.c execution,    -fprofile-generate -D_PROFILE_GENERATE
UNRESOLVED: gcc.dg/tree-prof/pr44777.c compilation,  -fprofile-use -D_PROFILE_USE
UNRESOLVED: gcc.dg/tree-prof/pr44777.c execution,    -fprofile-use -D_PROFILE_USE
FAIL: gcc.dg/tree-prof/pr52027.c compilation,  -fprofile-use -D_PROFILE_USE
UNRESOLVED: gcc.dg/tree-prof/pr52027.c execution,    -fprofile-use -D_PROFILE_USE

		=== gcc Summary for unix/-m32 ===

# of expected passes		89682
# of unexpected failures	11
# of expected failures		261
# of unresolved testcases	3
# of unsupported tests		2146

Running target unix/-m64
FAIL: gcc.dg/tree-prof/pr34999.c compilation,  -fprofile-use -D_PROFILE_USE
UNRESOLVED: gcc.dg/tree-prof/pr34999.c execution,    -fprofile-use -D_PROFILE_USE
FAIL: gcc.dg/tree-prof/pr45354.c compilation,  -fprofile-use -D_PROFILE_USE
UNRESOLVED: gcc.dg/tree-prof/pr45354.c execution,    -fprofile-use -D_PROFILE_USE
FAIL: gcc.dg/tree-prof/pr50907.c compilation,  -fprofile-use -D_PROFILE_USE
UNRESOLVED: gcc.dg/tree-prof/pr50907.c execution,    -fprofile-use -D_PROFILE_USE
FAIL: gcc.dg/tree-prof/pr52027.c compilation,  -fprofile-use -D_PROFILE_USE
UNRESOLVED: gcc.dg/tree-prof/pr52027.c execution,    -fprofile-use -D_PROFILE_USE
FAIL: gcc.target/i386/pr49866.c (test for excess errors)

		=== gcc Summary for unix/-m64 ===

# of expected passes		90052
# of unexpected failures	5
# of expected failures		264
# of unresolved testcases	4
# of unsupported tests		2427

		=== gcc Summary ===

# of expected passes		179734
# of unexpected failures	16
# of expected failures		525
# of unresolved testcases	7
# of unsupported tests		4573
/sw/src/fink.build/gcc48-4.8.0-1000/darwin_objdir/gcc/xgcc  version 4.8.0 (GCC) 

		=== gfortran tests ===


Running target unix/-m32
XPASS: gfortran.dg/do_1.f90  -O0  execution test
XPASS: gfortran.dg/do_1.f90  -O1  execution test
XPASS: gfortran.dg/do_1.f90  -O2  execution test
XPASS: gfortran.dg/do_1.f90  -O3 -fomit-frame-pointer  execution test
XPASS: gfortran.dg/do_1.f90  -O3 -fomit-frame-pointer -funroll-loops  execution test
XPASS: gfortran.dg/do_1.f90  -O3 -fomit-frame-pointer -funroll-all-loops -finline-functions  execution test
XPASS: gfortran.dg/do_1.f90  -O3 -g  execution test
XPASS: gfortran.dg/do_1.f90  -Os  execution test

		=== gfortran Summary for unix/-m32 ===

# of expected passes		43050
# of unexpected successes	8
# of expected failures		56
# of unsupported tests		210

Running target unix/-m64
XPASS: gfortran.dg/do_1.f90  -O0  execution test
XPASS: gfortran.dg/do_1.f90  -O1  execution test
XPASS: gfortran.dg/do_1.f90  -O2  execution test
XPASS: gfortran.dg/do_1.f90  -O3 -fomit-frame-pointer  execution test
XPASS: gfortran.dg/do_1.f90  -O3 -fomit-frame-pointer -funroll-loops  execution test
XPASS: gfortran.dg/do_1.f90  -O3 -fomit-frame-pointer -funroll-all-loops -finline-functions  execution test
XPASS: gfortran.dg/do_1.f90  -O3 -g  execution test
XPASS: gfortran.dg/do_1.f90  -Os  execution test

		=== gfortran Summary for unix/-m64 ===

# of expected passes		43337
# of unexpected successes	8
# of expected failures		56
# of unsupported tests		72

		=== gfortran Summary ===

# of expected passes		86387
# of unexpected successes	16
# of expected failures		112
# of unsupported tests		282
/sw/src/fink.build/gcc48-4.8.0-1000/darwin_objdir/gcc/testsuite/gfortran/../../gfortran  version 4.8.0 (GCC) 

		=== obj-c++ tests ===


Running target unix/-m32
FAIL: obj-c++.dg/cxx-ivars-3.mm -fnext-runtime execution test
FAIL: obj-c++.dg/gnu-api-2-objc.mm -fnext-runtime execution test
FAIL: obj-c++.dg/torture/strings/string1.mm  -O2 -flto -flto-partition=none  -fnext-runtime (test for excess errors)
FAIL: obj-c++.dg/torture/strings/string1.mm  -O2 -flto  -fnext-runtime (test for excess errors)

		=== obj-c++ Summary for unix/-m32 ===

# of expected passes		3155
# of unexpected failures	4
# of expected failures		2
# of unsupported tests		68

Running target unix/-m64
FAIL: obj-c++.dg/gnu-api-2-objc.mm -fnext-runtime execution test
FAIL: obj-c++.dg/method-12.mm -fnext-runtime (test for excess errors)
FAIL: obj-c++.dg/proto-lossage-7.mm -fnext-runtime (test for excess errors)
FAIL: obj-c++.dg/syntax-error-1.mm -fnext-runtime (test for excess errors)
FAIL: obj-c++.dg/property/at-property-13.mm -fgnu-runtime execution test
FAIL: obj-c++.dg/strings/const-cfstring-5.mm -fnext-runtime (test for excess errors)
FAIL: obj-c++.dg/strings/const-str-12.mm -fnext-runtime (test for excess errors)
FAIL: obj-c++.dg/torture/strings/const-str-10.mm  -O0  -fnext-runtime (test for excess errors)
UNRESOLVED: obj-c++.dg/torture/strings/const-str-10.mm  -O0  -fnext-runtime  scan-assembler .section __DATA, __objc_stringobj
UNRESOLVED: obj-c++.dg/torture/strings/const-str-10.mm  -O0  -fnext-runtime  scan-assembler .quad\\t_OBJC_CLASS_._NSConstantString\\n\\t.quad\\t.*\\n\\t.long\\t5\\n\\t.space
FAIL: obj-c++.dg/torture/strings/const-str-10.mm  -O1  -fnext-runtime (test for excess errors)
UNRESOLVED: obj-c++.dg/torture/strings/const-str-10.mm  -O1  -fnext-runtime  scan-assembler .section __DATA, __objc_stringobj
UNRESOLVED: obj-c++.dg/torture/strings/const-str-10.mm  -O1  -fnext-runtime  scan-assembler .quad\\t_OBJC_CLASS_._NSConstantString\\n\\t.quad\\t.*\\n\\t.long\\t5\\n\\t.space
FAIL: obj-c++.dg/torture/strings/const-str-10.mm  -O2  -fnext-runtime (test for excess errors)
UNRESOLVED: obj-c++.dg/torture/strings/const-str-10.mm  -O2  -fnext-runtime  scan-assembler .section __DATA, __objc_stringobj
UNRESOLVED: obj-c++.dg/torture/strings/const-str-10.mm  -O2  -fnext-runtime  scan-assembler .quad\\t_OBJC_CLASS_._NSConstantString\\n\\t.quad\\t.*\\n\\t.long\\t5\\n\\t.space
FAIL: obj-c++.dg/torture/strings/const-str-10.mm  -O3 -fomit-frame-pointer  -fnext-runtime (test for excess errors)
UNRESOLVED: obj-c++.dg/torture/strings/const-str-10.mm  -O3 -fomit-frame-pointer  -fnext-runtime  scan-assembler .section __DATA, __objc_stringobj
UNRESOLVED: obj-c++.dg/torture/strings/const-str-10.mm  -O3 -fomit-frame-pointer  -fnext-runtime  scan-assembler .quad\\t_OBJC_CLASS_._NSConstantString\\n\\t.quad\\t.*\\n\\t.long\\t5\\n\\t.space
FAIL: obj-c++.dg/torture/strings/const-str-10.mm  -O3 -g  -fnext-runtime (test for excess errors)
UNRESOLVED: obj-c++.dg/torture/strings/const-str-10.mm  -O3 -g  -fnext-runtime  scan-assembler .section __DATA, __objc_stringobj
UNRESOLVED: obj-c++.dg/torture/strings/const-str-10.mm  -O3 -g  -fnext-runtime  scan-assembler .quad\\t_OBJC_CLASS_._NSConstantString\\n\\t.quad\\t.*\\n\\t.long\\t5\\n\\t.space
FAIL: obj-c++.dg/torture/strings/const-str-10.mm  -Os  -fnext-runtime (test for excess errors)
UNRESOLVED: obj-c++.dg/torture/strings/const-str-10.mm  -Os  -fnext-runtime  scan-assembler .section __DATA, __objc_stringobj
UNRESOLVED: obj-c++.dg/torture/strings/const-str-10.mm  -Os  -fnext-runtime  scan-assembler .quad\\t_OBJC_CLASS_._NSConstantString\\n\\t.quad\\t.*\\n\\t.long\\t5\\n\\t.space
FAIL: obj-c++.dg/torture/strings/const-str-10.mm  -O2 -flto -flto-partition=none  -fnext-runtime (test for excess errors)
UNRESOLVED: obj-c++.dg/torture/strings/const-str-10.mm  -O2 -flto -flto-partition=none  -fnext-runtime  scan-assembler .section __DATA, __objc_stringobj
UNRESOLVED: obj-c++.dg/torture/strings/const-str-10.mm  -O2 -flto -flto-partition=none  -fnext-runtime  scan-assembler .quad\\t_OBJC_CLASS_._NSConstantString\\n\\t.quad\\t.*\\n\\t.long\\t5\\n\\t.space
FAIL: obj-c++.dg/torture/strings/const-str-10.mm  -O2 -flto  -fnext-runtime (test for excess errors)
UNRESOLVED: obj-c++.dg/torture/strings/const-str-10.mm  -O2 -flto  -fnext-runtime  scan-assembler .section __DATA, __objc_stringobj
UNRESOLVED: obj-c++.dg/torture/strings/const-str-10.mm  -O2 -flto  -fnext-runtime  scan-assembler .quad\\t_OBJC_CLASS_._NSConstantString\\n\\t.quad\\t.*\\n\\t.long\\t5\\n\\t.space
FAIL: obj-c++.dg/torture/strings/const-str-11.mm  -O0  -fnext-runtime (test for excess errors)
UNRESOLVED: obj-c++.dg/torture/strings/const-str-11.mm  -O0  -fnext-runtime  scan-assembler .section __DATA, __objc_stringobj
UNRESOLVED: obj-c++.dg/torture/strings/const-str-11.mm  -O0  -fnext-runtime  scan-assembler .quad\\t_OBJC_CLASS_._XStr\\n\\t.quad\\t.*\\n\\t.long\\t5\\n\\t.space
FAIL: obj-c++.dg/torture/strings/const-str-11.mm  -O1  -fnext-runtime (test for excess errors)
UNRESOLVED: obj-c++.dg/torture/strings/const-str-11.mm  -O1  -fnext-runtime  scan-assembler .section __DATA, __objc_stringobj
UNRESOLVED: obj-c++.dg/torture/strings/const-str-11.mm  -O1  -fnext-runtime  scan-assembler .quad\\t_OBJC_CLASS_._XStr\\n\\t.quad\\t.*\\n\\t.long\\t5\\n\\t.space
FAIL: obj-c++.dg/torture/strings/const-str-11.mm  -O2  -fnext-runtime (test for excess errors)
UNRESOLVED: obj-c++.dg/torture/strings/const-str-11.mm  -O2  -fnext-runtime  scan-assembler .section __DATA, __objc_stringobj
UNRESOLVED: obj-c++.dg/torture/strings/const-str-11.mm  -O2  -fnext-runtime  scan-assembler .quad\\t_OBJC_CLASS_._XStr\\n\\t.quad\\t.*\\n\\t.long\\t5\\n\\t.space
FAIL: obj-c++.dg/torture/strings/const-str-11.mm  -O3 -fomit-frame-pointer  -fnext-runtime (test for excess errors)
UNRESOLVED: obj-c++.dg/torture/strings/const-str-11.mm  -O3 -fomit-frame-pointer  -fnext-runtime  scan-assembler .section __DATA, __objc_stringobj
UNRESOLVED: obj-c++.dg/torture/strings/const-str-11.mm  -O3 -fomit-frame-pointer  -fnext-runtime  scan-assembler .quad\\t_OBJC_CLASS_._XStr\\n\\t.quad\\t.*\\n\\t.long\\t5\\n\\t.space
FAIL: obj-c++.dg/torture/strings/const-str-11.mm  -O3 -g  -fnext-runtime (test for excess errors)
UNRESOLVED: obj-c++.dg/torture/strings/const-str-11.mm  -O3 -g  -fnext-runtime  scan-assembler .section __DATA, __objc_stringobj
UNRESOLVED: obj-c++.dg/torture/strings/const-str-11.mm  -O3 -g  -fnext-runtime  scan-assembler .quad\\t_OBJC_CLASS_._XStr\\n\\t.quad\\t.*\\n\\t.long\\t5\\n\\t.space
FAIL: obj-c++.dg/torture/strings/const-str-11.mm  -Os  -fnext-runtime (test for excess errors)
UNRESOLVED: obj-c++.dg/torture/strings/const-str-11.mm  -Os  -fnext-runtime  scan-assembler .section __DATA, __objc_stringobj
UNRESOLVED: obj-c++.dg/torture/strings/const-str-11.mm  -Os  -fnext-runtime  scan-assembler .quad\\t_OBJC_CLASS_._XStr\\n\\t.quad\\t.*\\n\\t.long\\t5\\n\\t.space
FAIL: obj-c++.dg/torture/strings/const-str-11.mm  -O2 -flto -flto-partition=none  -fnext-runtime (test for excess errors)
UNRESOLVED: obj-c++.dg/torture/strings/const-str-11.mm  -O2 -flto -flto-partition=none  -fnext-runtime  scan-assembler .section __DATA, __objc_stringobj
UNRESOLVED: obj-c++.dg/torture/strings/const-str-11.mm  -O2 -flto -flto-partition=none  -fnext-runtime  scan-assembler .quad\\t_OBJC_CLASS_._XStr\\n\\t.quad\\t.*\\n\\t.long\\t5\\n\\t.space
FAIL: obj-c++.dg/torture/strings/const-str-11.mm  -O2 -flto  -fnext-runtime (test for excess errors)
UNRESOLVED: obj-c++.dg/torture/strings/const-str-11.mm  -O2 -flto  -fnext-runtime  scan-assembler .section __DATA, __objc_stringobj
UNRESOLVED: obj-c++.dg/torture/strings/const-str-11.mm  -O2 -flto  -fnext-runtime  scan-assembler .quad\\t_OBJC_CLASS_._XStr\\n\\t.quad\\t.*\\n\\t.long\\t5\\n\\t.space
FAIL: obj-c++.dg/torture/strings/const-str-9.mm  -O0  -fnext-runtime (test for excess errors)
UNRESOLVED: obj-c++.dg/torture/strings/const-str-9.mm  -O0  -fnext-runtime  scan-assembler .section __DATA, __objc_stringobj
UNRESOLVED: obj-c++.dg/torture/strings/const-str-9.mm  -O0  -fnext-runtime  scan-assembler .quad\\t_OBJC_CLASS_._NSConstantString\\n\\t.quad\\t.*\\n\\t.long\\t5\\n\\t.space
FAIL: obj-c++.dg/torture/strings/const-str-9.mm  -O1  -fnext-runtime (test for excess errors)
UNRESOLVED: obj-c++.dg/torture/strings/const-str-9.mm  -O1  -fnext-runtime  scan-assembler .section __DATA, __objc_stringobj
UNRESOLVED: obj-c++.dg/torture/strings/const-str-9.mm  -O1  -fnext-runtime  scan-assembler .quad\\t_OBJC_CLASS_._NSConstantString\\n\\t.quad\\t.*\\n\\t.long\\t5\\n\\t.space
FAIL: obj-c++.dg/torture/strings/const-str-9.mm  -O2  -fnext-runtime (test for excess errors)
UNRESOLVED: obj-c++.dg/torture/strings/const-str-9.mm  -O2  -fnext-runtime  scan-assembler .section __DATA, __objc_stringobj
UNRESOLVED: obj-c++.dg/torture/strings/const-str-9.mm  -O2  -fnext-runtime  scan-assembler .quad\\t_OBJC_CLASS_._NSConstantString\\n\\t.quad\\t.*\\n\\t.long\\t5\\n\\t.space
FAIL: obj-c++.dg/torture/strings/const-str-9.mm  -O3 -fomit-frame-pointer  -fnext-runtime (test for excess errors)
UNRESOLVED: obj-c++.dg/torture/strings/const-str-9.mm  -O3 -fomit-frame-pointer  -fnext-runtime  scan-assembler .section __DATA, __objc_stringobj
UNRESOLVED: obj-c++.dg/torture/strings/const-str-9.mm  -O3 -fomit-frame-pointer  -fnext-runtime  scan-assembler .quad\\t_OBJC_CLASS_._NSConstantString\\n\\t.quad\\t.*\\n\\t.long\\t5\\n\\t.space
FAIL: obj-c++.dg/torture/strings/const-str-9.mm  -O3 -g  -fnext-runtime (test for excess errors)
UNRESOLVED: obj-c++.dg/torture/strings/const-str-9.mm  -O3 -g  -fnext-runtime  scan-assembler .section __DATA, __objc_stringobj
UNRESOLVED: obj-c++.dg/torture/strings/const-str-9.mm  -O3 -g  -fnext-runtime  scan-assembler .quad\\t_OBJC_CLASS_._NSConstantString\\n\\t.quad\\t.*\\n\\t.long\\t5\\n\\t.space
FAIL: obj-c++.dg/torture/strings/const-str-9.mm  -Os  -fnext-runtime (test for excess errors)
UNRESOLVED: obj-c++.dg/torture/strings/const-str-9.mm  -Os  -fnext-runtime  scan-assembler .section __DATA, __objc_stringobj
UNRESOLVED: obj-c++.dg/torture/strings/const-str-9.mm  -Os  -fnext-runtime  scan-assembler .quad\\t_OBJC_CLASS_._NSConstantString\\n\\t.quad\\t.*\\n\\t.long\\t5\\n\\t.space
FAIL: obj-c++.dg/torture/strings/const-str-9.mm  -O2 -flto -flto-partition=none  -fnext-runtime (test for excess errors)
UNRESOLVED: obj-c++.dg/torture/strings/const-str-9.mm  -O2 -flto -flto-partition=none  -fnext-runtime  scan-assembler .section __DATA, __objc_stringobj
UNRESOLVED: obj-c++.dg/torture/strings/const-str-9.mm  -O2 -flto -flto-partition=none  -fnext-runtime  scan-assembler .quad\\t_OBJC_CLASS_._NSConstantString\\n\\t.quad\\t.*\\n\\t.long\\t5\\n\\t.space
FAIL: obj-c++.dg/torture/strings/const-str-9.mm  -O2 -flto  -fnext-runtime (test for excess errors)
UNRESOLVED: obj-c++.dg/torture/strings/const-str-9.mm  -O2 -flto  -fnext-runtime  scan-assembler .section __DATA, __objc_stringobj
UNRESOLVED: obj-c++.dg/torture/strings/const-str-9.mm  -O2 -flto  -fnext-runtime  scan-assembler .quad\\t_OBJC_CLASS_._NSConstantString\\n\\t.quad\\t.*\\n\\t.long\\t5\\n\\t.space
FAIL: obj-c++.dg/torture/strings/string1.mm  -O2 -flto -flto-partition=none  -fnext-runtime (test for excess errors)
FAIL: obj-c++.dg/torture/strings/string1.mm  -O2 -flto  -fnext-runtime (test for excess errors)

		=== obj-c++ Summary for unix/-m64 ===

# of expected passes		3028
# of unexpected failures	33
# of expected failures		19
# of unresolved testcases	48
# of unsupported tests		73

		=== obj-c++ Summary ===

# of expected passes		6183
# of unexpected failures	37
# of expected failures		21
# of unresolved testcases	48
# of unsupported tests		141
/sw/src/fink.build/gcc48-4.8.0-1000/darwin_objdir/gcc/testsuite/obj-c++/../../xg++  version 4.8.0 (GCC) 

		=== objc tests ===


Running target unix/-m32
FAIL: objc.dg/gnu-api-2-objc.m -fnext-runtime execution test
FAIL: objc.dg/no-extra-load.m -fnext-runtime (test for excess errors)
UNRESOLVED: objc.dg/no-extra-load.m -fnext-runtime  scan-assembler-not L_objc_msgSend\\\\\$non_lazy_ptr
FAIL: objc.dg/objc-foreach-4.m -fnext-runtime (test for excess errors)
FAIL: objc.dg/objc-foreach-5.m -fnext-runtime (test for excess errors)
UNRESOLVED: objc.dg/objc-foreach-5.m -fnext-runtime  scan-assembler _addStuffUp:
FAIL: objc.dg/torture/strings/string1.m  -O2 -flto -flto-partition=none  -fnext-runtime (test for excess errors)
FAIL: objc.dg/torture/strings/string1.m  -O2 -flto  -fnext-runtime (test for excess errors)
FAIL: objc.dg/torture/strings/string2.m  -O2 -flto -flto-partition=none  -fnext-runtime (test for excess errors)
FAIL: objc.dg/torture/strings/string2.m  -O2 -flto  -fnext-runtime (test for excess errors)
FAIL: objc.dg/torture/strings/string3.m  -O2 -flto -flto-partition=none  -fnext-runtime (test for excess errors)
FAIL: objc.dg/torture/strings/string3.m  -O2 -flto  -fnext-runtime (test for excess errors)
FAIL: objc.dg/torture/strings/string4.m  -O2 -flto -flto-partition=none  -fnext-runtime (test for excess errors)
FAIL: objc.dg/torture/strings/string4.m  -O2 -flto  -fnext-runtime (test for excess errors)

		=== objc Summary for unix/-m32 ===

# of expected passes		6085
# of unexpected failures	12
# of expected failures		6
# of unresolved testcases	2
# of unsupported tests		85

Running target unix/-m64
FAIL: objc.dg/encode-7-next-64bit.m -fnext-runtime (test for excess errors)
UNRESOLVED: objc.dg/encode-7-next-64bit.m -fnext-runtime compilation failed to produce executable
FAIL: objc.dg/gnu-api-2-objc.m -fnext-runtime execution test
FAIL: objc.dg/image-info.m -fnext-runtime (test for excess errors)
UNRESOLVED: objc.dg/image-info.m -fnext-runtime  scan-assembler \\t.section __DATA, __objc_imageinfo.*\\n\\t.align.*\\nL_OBJC_ImageInfo.*:\\n\\t.long\\t0\\n\\t.long\\t17
FAIL: objc.dg/method-6.m -fnext-runtime (test for excess errors)
FAIL: objc.dg/no-extra-load.m -fnext-runtime (test for excess errors)
UNRESOLVED: objc.dg/no-extra-load.m -fnext-runtime  scan-assembler-not L_objc_msgSend\\\\\$non_lazy_ptr
FAIL: objc.dg/objc-foreach-4.m -fnext-runtime (test for excess errors)
FAIL: objc.dg/objc-foreach-5.m -fnext-runtime (test for excess errors)
UNRESOLVED: objc.dg/objc-foreach-5.m -fnext-runtime  scan-assembler _addStuffUp:
FAIL: objc.dg/pr23214.m -fnext-runtime (test for excess errors)
UNRESOLVED: objc.dg/pr23214.m -fnext-runtime compilation failed to produce executable
FAIL: objc.dg/proto-lossage-7.m -fnext-runtime (test for excess errors)
FAIL: objc.dg/symtab-1.m -fnext-runtime (test for excess errors)
UNRESOLVED: objc.dg/symtab-1.m -fnext-runtime  scan-assembler-not L_OBJC_Symbols
FAIL: objc.dg/zero-link-1.m -fnext-runtime (test for excess errors)
UNRESOLVED: objc.dg/zero-link-1.m -fnext-runtime  scan-assembler-not _OBJC_ClassRef_Base
UNRESOLVED: objc.dg/zero-link-1.m -fnext-runtime  scan-assembler objc_getClass
FAIL: objc.dg/zero-link-2.m -fnext-runtime (test for excess errors)
UNRESOLVED: objc.dg/zero-link-2.m -fnext-runtime  scan-assembler _OBJC_ClassRef_Base
UNRESOLVED: objc.dg/zero-link-2.m -fnext-runtime  scan-assembler-not objc_getClass
FAIL: objc.dg/zero-link-3.m -fnext-runtime (test for excess errors)
UNRESOLVED: objc.dg/zero-link-3.m -fnext-runtime compilation failed to produce executable
FAIL: objc.dg/property/at-property-13.m -fgnu-runtime execution test
FAIL: objc.dg/strings/const-cfstring-5.m -fnext-runtime (test for excess errors)
FAIL: objc.dg/strings/const-str-12b.m -fnext-runtime (test for excess errors)
FAIL: objc.dg/torture/strings/const-str-10.m  -O0  -fnext-runtime (test for excess errors)
UNRESOLVED: objc.dg/torture/strings/const-str-10.m  -O0  -fnext-runtime  scan-assembler .section __DATA, __objc_stringobj
UNRESOLVED: objc.dg/torture/strings/const-str-10.m  -O0  -fnext-runtime  scan-assembler .quad\\t_OBJC_CLASS_._NSConstantString\\n\\t.quad\\t.*\\n\\t.long\\t5\\n\\t.space
FAIL: objc.dg/torture/strings/const-str-10.m  -O1  -fnext-runtime (test for excess errors)
UNRESOLVED: objc.dg/torture/strings/const-str-10.m  -O1  -fnext-runtime  scan-assembler .section __DATA, __objc_stringobj
UNRESOLVED: objc.dg/torture/strings/const-str-10.m  -O1  -fnext-runtime  scan-assembler .quad\\t_OBJC_CLASS_._NSConstantString\\n\\t.quad\\t.*\\n\\t.long\\t5\\n\\t.space
FAIL: objc.dg/torture/strings/const-str-10.m  -O2  -fnext-runtime (test for excess errors)
UNRESOLVED: objc.dg/torture/strings/const-str-10.m  -O2  -fnext-runtime  scan-assembler .section __DATA, __objc_stringobj
UNRESOLVED: objc.dg/torture/strings/const-str-10.m  -O2  -fnext-runtime  scan-assembler .quad\\t_OBJC_CLASS_._NSConstantString\\n\\t.quad\\t.*\\n\\t.long\\t5\\n\\t.space
FAIL: objc.dg/torture/strings/const-str-10.m  -O3 -fomit-frame-pointer  -fnext-runtime (test for excess errors)
UNRESOLVED: objc.dg/torture/strings/const-str-10.m  -O3 -fomit-frame-pointer  -fnext-runtime  scan-assembler .section __DATA, __objc_stringobj
UNRESOLVED: objc.dg/torture/strings/const-str-10.m  -O3 -fomit-frame-pointer  -fnext-runtime  scan-assembler .quad\\t_OBJC_CLASS_._NSConstantString\\n\\t.quad\\t.*\\n\\t.long\\t5\\n\\t.space
FAIL: objc.dg/torture/strings/const-str-10.m  -O3 -g  -fnext-runtime (test for excess errors)
UNRESOLVED: objc.dg/torture/strings/const-str-10.m  -O3 -g  -fnext-runtime  scan-assembler .section __DATA, __objc_stringobj
UNRESOLVED: objc.dg/torture/strings/const-str-10.m  -O3 -g  -fnext-runtime  scan-assembler .quad\\t_OBJC_CLASS_._NSConstantString\\n\\t.quad\\t.*\\n\\t.long\\t5\\n\\t.space
FAIL: objc.dg/torture/strings/const-str-10.m  -Os  -fnext-runtime (test for excess errors)
UNRESOLVED: objc.dg/torture/strings/const-str-10.m  -Os  -fnext-runtime  scan-assembler .section __DATA, __objc_stringobj
UNRESOLVED: objc.dg/torture/strings/const-str-10.m  -Os  -fnext-runtime  scan-assembler .quad\\t_OBJC_CLASS_._NSConstantString\\n\\t.quad\\t.*\\n\\t.long\\t5\\n\\t.space
FAIL: objc.dg/torture/strings/const-str-10.m  -O2 -flto -flto-partition=none  -fnext-runtime (test for excess errors)
UNRESOLVED: objc.dg/torture/strings/const-str-10.m  -O2 -flto -flto-partition=none  -fnext-runtime  scan-assembler .section __DATA, __objc_stringobj
UNRESOLVED: objc.dg/torture/strings/const-str-10.m  -O2 -flto -flto-partition=none  -fnext-runtime  scan-assembler .quad\\t_OBJC_CLASS_._NSConstantString\\n\\t.quad\\t.*\\n\\t.long\\t5\\n\\t.space
FAIL: objc.dg/torture/strings/const-str-10.m  -O2 -flto  -fnext-runtime (test for excess errors)
UNRESOLVED: objc.dg/torture/strings/const-str-10.m  -O2 -flto  -fnext-runtime  scan-assembler .section __DATA, __objc_stringobj
UNRESOLVED: objc.dg/torture/strings/const-str-10.m  -O2 -flto  -fnext-runtime  scan-assembler .quad\\t_OBJC_CLASS_._NSConstantString\\n\\t.quad\\t.*\\n\\t.long\\t5\\n\\t.space
FAIL: objc.dg/torture/strings/const-str-11.m  -O0  -fnext-runtime (test for excess errors)
UNRESOLVED: objc.dg/torture/strings/const-str-11.m  -O0  -fnext-runtime  scan-assembler .section __DATA, __objc_stringobj
UNRESOLVED: objc.dg/torture/strings/const-str-11.m  -O0  -fnext-runtime  scan-assembler .quad\\t_OBJC_CLASS_._XStr\\n\\t.quad\\t.*\\n\\t.long\\t5\\n\\t.space
FAIL: objc.dg/torture/strings/const-str-11.m  -O1  -fnext-runtime (test for excess errors)
UNRESOLVED: objc.dg/torture/strings/const-str-11.m  -O1  -fnext-runtime  scan-assembler .section __DATA, __objc_stringobj
UNRESOLVED: objc.dg/torture/strings/const-str-11.m  -O1  -fnext-runtime  scan-assembler .quad\\t_OBJC_CLASS_._XStr\\n\\t.quad\\t.*\\n\\t.long\\t5\\n\\t.space
FAIL: objc.dg/torture/strings/const-str-11.m  -O2  -fnext-runtime (test for excess errors)
UNRESOLVED: objc.dg/torture/strings/const-str-11.m  -O2  -fnext-runtime  scan-assembler .section __DATA, __objc_stringobj
UNRESOLVED: objc.dg/torture/strings/const-str-11.m  -O2  -fnext-runtime  scan-assembler .quad\\t_OBJC_CLASS_._XStr\\n\\t.quad\\t.*\\n\\t.long\\t5\\n\\t.space
FAIL: objc.dg/torture/strings/const-str-11.m  -O3 -fomit-frame-pointer  -fnext-runtime (test for excess errors)
UNRESOLVED: objc.dg/torture/strings/const-str-11.m  -O3 -fomit-frame-pointer  -fnext-runtime  scan-assembler .section __DATA, __objc_stringobj
UNRESOLVED: objc.dg/torture/strings/const-str-11.m  -O3 -fomit-frame-pointer  -fnext-runtime  scan-assembler .quad\\t_OBJC_CLASS_._XStr\\n\\t.quad\\t.*\\n\\t.long\\t5\\n\\t.space
FAIL: objc.dg/torture/strings/const-str-11.m  -O3 -g  -fnext-runtime (test for excess errors)
UNRESOLVED: objc.dg/torture/strings/const-str-11.m  -O3 -g  -fnext-runtime  scan-assembler .section __DATA, __objc_stringobj
UNRESOLVED: objc.dg/torture/strings/const-str-11.m  -O3 -g  -fnext-runtime  scan-assembler .quad\\t_OBJC_CLASS_._XStr\\n\\t.quad\\t.*\\n\\t.long\\t5\\n\\t.space
FAIL: objc.dg/torture/strings/const-str-11.m  -Os  -fnext-runtime (test for excess errors)
UNRESOLVED: objc.dg/torture/strings/const-str-11.m  -Os  -fnext-runtime  scan-assembler .section __DATA, __objc_stringobj
UNRESOLVED: objc.dg/torture/strings/const-str-11.m  -Os  -fnext-runtime  scan-assembler .quad\\t_OBJC_CLASS_._XStr\\n\\t.quad\\t.*\\n\\t.long\\t5\\n\\t.space
FAIL: objc.dg/torture/strings/const-str-11.m  -O2 -flto -flto-partition=none  -fnext-runtime (test for excess errors)
UNRESOLVED: objc.dg/torture/strings/const-str-11.m  -O2 -flto -flto-partition=none  -fnext-runtime  scan-assembler .section __DATA, __objc_stringobj
UNRESOLVED: objc.dg/torture/strings/const-str-11.m  -O2 -flto -flto-partition=none  -fnext-runtime  scan-assembler .quad\\t_OBJC_CLASS_._XStr\\n\\t.quad\\t.*\\n\\t.long\\t5\\n\\t.space
FAIL: objc.dg/torture/strings/const-str-11.m  -O2 -flto  -fnext-runtime (test for excess errors)
UNRESOLVED: objc.dg/torture/strings/const-str-11.m  -O2 -flto  -fnext-runtime  scan-assembler .section __DATA, __objc_stringobj
UNRESOLVED: objc.dg/torture/strings/const-str-11.m  -O2 -flto  -fnext-runtime  scan-assembler .quad\\t_OBJC_CLASS_._XStr\\n\\t.quad\\t.*\\n\\t.long\\t5\\n\\t.space
FAIL: objc.dg/torture/strings/const-str-9.m  -O0  -fnext-runtime (test for excess errors)
UNRESOLVED: objc.dg/torture/strings/const-str-9.m  -O0  -fnext-runtime  scan-assembler .section __DATA, __objc_stringobj
UNRESOLVED: objc.dg/torture/strings/const-str-9.m  -O0  -fnext-runtime  scan-assembler .quad\\t_OBJC_CLASS_._NSConstantString\\n\\t.quad\\t.*\\n\\t.long\\t5\\n\\t.space
FAIL: objc.dg/torture/strings/const-str-9.m  -O1  -fnext-runtime (test for excess errors)
UNRESOLVED: objc.dg/torture/strings/const-str-9.m  -O1  -fnext-runtime  scan-assembler .section __DATA, __objc_stringobj
UNRESOLVED: objc.dg/torture/strings/const-str-9.m  -O1  -fnext-runtime  scan-assembler .quad\\t_OBJC_CLASS_._NSConstantString\\n\\t.quad\\t.*\\n\\t.long\\t5\\n\\t.space
FAIL: objc.dg/torture/strings/const-str-9.m  -O2  -fnext-runtime (test for excess errors)
UNRESOLVED: objc.dg/torture/strings/const-str-9.m  -O2  -fnext-runtime  scan-assembler .section __DATA, __objc_stringobj
UNRESOLVED: objc.dg/torture/strings/const-str-9.m  -O2  -fnext-runtime  scan-assembler .quad\\t_OBJC_CLASS_._NSConstantString\\n\\t.quad\\t.*\\n\\t.long\\t5\\n\\t.space
FAIL: objc.dg/torture/strings/const-str-9.m  -O3 -fomit-frame-pointer  -fnext-runtime (test for excess errors)
UNRESOLVED: objc.dg/torture/strings/const-str-9.m  -O3 -fomit-frame-pointer  -fnext-runtime  scan-assembler .section __DATA, __objc_stringobj
UNRESOLVED: objc.dg/torture/strings/const-str-9.m  -O3 -fomit-frame-pointer  -fnext-runtime  scan-assembler .quad\\t_OBJC_CLASS_._NSConstantString\\n\\t.quad\\t.*\\n\\t.long\\t5\\n\\t.space
FAIL: objc.dg/torture/strings/const-str-9.m  -O3 -g  -fnext-runtime (test for excess errors)
UNRESOLVED: objc.dg/torture/strings/const-str-9.m  -O3 -g  -fnext-runtime  scan-assembler .section __DATA, __objc_stringobj
UNRESOLVED: objc.dg/torture/strings/const-str-9.m  -O3 -g  -fnext-runtime  scan-assembler .quad\\t_OBJC_CLASS_._NSConstantString\\n\\t.quad\\t.*\\n\\t.long\\t5\\n\\t.space
FAIL: objc.dg/torture/strings/const-str-9.m  -Os  -fnext-runtime (test for excess errors)
UNRESOLVED: objc.dg/torture/strings/const-str-9.m  -Os  -fnext-runtime  scan-assembler .section __DATA, __objc_stringobj
UNRESOLVED: objc.dg/torture/strings/const-str-9.m  -Os  -fnext-runtime  scan-assembler .quad\\t_OBJC_CLASS_._NSConstantString\\n\\t.quad\\t.*\\n\\t.long\\t5\\n\\t.space
FAIL: objc.dg/torture/strings/const-str-9.m  -O2 -flto -flto-partition=none  -fnext-runtime (test for excess errors)
UNRESOLVED: objc.dg/torture/strings/const-str-9.m  -O2 -flto -flto-partition=none  -fnext-runtime  scan-assembler .section __DATA, __objc_stringobj
UNRESOLVED: objc.dg/torture/strings/const-str-9.m  -O2 -flto -flto-partition=none  -fnext-runtime  scan-assembler .quad\\t_OBJC_CLASS_._NSConstantString\\n\\t.quad\\t.*\\n\\t.long\\t5\\n\\t.space
FAIL: objc.dg/torture/strings/const-str-9.m  -O2 -flto  -fnext-runtime (test for excess errors)
UNRESOLVED: objc.dg/torture/strings/const-str-9.m  -O2 -flto  -fnext-runtime  scan-assembler .section __DATA, __objc_stringobj
UNRESOLVED: objc.dg/torture/strings/const-str-9.m  -O2 -flto  -fnext-runtime  scan-assembler .quad\\t_OBJC_CLASS_._NSConstantString\\n\\t.quad\\t.*\\n\\t.long\\t5\\n\\t.space
FAIL: objc.dg/torture/strings/string1.m  -O2 -flto -flto-partition=none  -fnext-runtime (test for excess errors)
FAIL: objc.dg/torture/strings/string1.m  -O2 -flto  -fnext-runtime (test for excess errors)
FAIL: objc.dg/torture/strings/string2.m  -O2 -flto -flto-partition=none  -fnext-runtime (test for excess errors)
FAIL: objc.dg/torture/strings/string2.m  -O2 -flto  -fnext-runtime (test for excess errors)
FAIL: objc.dg/torture/strings/string3.m  -O2 -flto -flto-partition=none  -fnext-runtime (test for excess errors)
FAIL: objc.dg/torture/strings/string3.m  -O2 -flto  -fnext-runtime (test for excess errors)
FAIL: objc.dg/torture/strings/string4.m  -O2 -flto -flto-partition=none  -fnext-runtime (test for excess errors)
FAIL: objc.dg/torture/strings/string4.m  -O2 -flto  -fnext-runtime (test for excess errors)

		=== objc Summary for unix/-m64 ===

# of expected passes		5944
# of unexpected failures	48
# of expected failures		14
# of unresolved testcases	59
# of unsupported tests		91

		=== objc Summary ===

# of expected passes		12029
# of unexpected failures	60
# of expected failures		20
# of unresolved testcases	61
# of unsupported tests		176
/sw/src/fink.build/gcc48-4.8.0-1000/darwin_objdir/gcc/xgcc  version 4.8.0 (GCC) 

		=== boehm-gc tests ===


Running target unix/-m32

		=== boehm-gc Summary for unix/-m32 ===

# of expected passes		12
# of unsupported tests		1

Running target unix/-m64

		=== boehm-gc Summary for unix/-m64 ===

# of expected passes		12
# of unsupported tests		1

		=== boehm-gc Summary ===

# of expected passes		24
# of unsupported tests		2
		=== libatomic tests ===


Running target unix/-m32

		=== libatomic Summary for unix/-m32 ===

# of expected passes		44
# of unsupported tests		5

Running target unix/-m64

		=== libatomic Summary for unix/-m64 ===

# of expected passes		54

		=== libatomic Summary ===

# of expected passes		98
# of unsupported tests		5
		=== libffi tests ===


Running target unix/-m32

		=== libffi Summary for unix/-m32 ===

# of expected passes		1819
# of unsupported tests		55

Running target unix/-m64

		=== libffi Summary for unix/-m64 ===

# of expected passes		1819
# of unsupported tests		55

		=== libffi Summary ===

# of expected passes		3638
# of unsupported tests		110
		=== libgomp tests ===


Running target unix/-m32
FAIL: libgomp.c/sort-1.c execution test

		=== libgomp Summary for unix/-m32 ===

# of expected passes		2991
# of unexpected failures	1
# of unsupported tests		3

Running target unix/-m64
FAIL: libgomp.c/sort-1.c execution test

		=== libgomp Summary for unix/-m64 ===

# of expected passes		2991
# of unexpected failures	1
# of unsupported tests		3

		=== libgomp Summary ===

# of expected passes		5982
# of unexpected failures	2
# of unsupported tests		6
		=== libitm tests ===


Running target unix/-m32

		=== libitm Summary for unix/-m32 ===

# of expected passes		26
# of expected failures		3
# of unsupported tests		1

Running target unix/-m64

		=== libitm Summary for unix/-m64 ===

# of expected passes		26
# of expected failures		3
# of unsupported tests		1

		=== libitm Summary ===

# of expected passes		52
# of expected failures		6
# of unsupported tests		2
		=== libjava tests ===


Running target unix/-m32
FAIL: PR16923.c compilation
FAIL: sourcelocation output - source compiled test
FAIL: sourcelocation -findirect-dispatch output - source compiled test
FAIL: sourcelocation -O3 output - source compiled test
FAIL: sourcelocation -O3 -findirect-dispatch output - source compiled test

		=== libjava Summary for unix/-m32 ===

# of expected passes		2580
# of unexpected failures	5

Running target unix/-m64
FAIL: Throw_2 execution - source compiled test
FAIL: Throw_2 -findirect-dispatch execution - source compiled test
FAIL: Throw_2 -O3 execution - source compiled test
FAIL: Throw_2 -O3 -findirect-dispatch execution - source compiled test
FAIL: sourcelocation output - source compiled test
FAIL: sourcelocation -findirect-dispatch output - source compiled test
FAIL: sourcelocation -O3 output - source compiled test
FAIL: sourcelocation -O3 -findirect-dispatch output - source compiled test

		=== libjava Summary for unix/-m64 ===

# of expected passes		2574
# of unexpected failures	8
# of untested testcases		4

		=== libjava Summary ===

# of expected passes		5154
# of unexpected failures	13
# of untested testcases		4
		=== libstdc++ tests ===


Running target unix/-m32

		=== libstdc++ Summary for unix/-m32 ===

# of expected passes		8159
# of expected failures		45
# of unsupported tests		642

Running target unix/-m64

		=== libstdc++ Summary for unix/-m64 ===

# of expected passes		8157
# of expected failures		45
# of unsupported tests		643

		=== libstdc++ Summary ===

# of expected passes		16316
# of expected failures		90
# of unsupported tests		1285

Compiler version: 4.8.0 (GCC) 
Platform: x86_64-apple-darwin12.3.0
configure flags: --prefix=/sw --prefix=/sw/lib/gcc4.8 --mandir=/sw/share/man --infodir=/sw/lib/gcc4.8/info --enable-languages=c,c++,fortran,lto,objc,obj-c++,java --with-gmp=/sw --with-libiconv-prefix=/sw --with-isl=/sw --with-cloog=/sw --with-mpc=/sw --with-system-zlib --enable-checking=release --x-includes=/usr/X11R6/include --x-libraries=/usr/X11R6/lib --program-suffix=-fsf-4.8


Index Nav: [Date Index] [Subject Index] [Author Index] [Thread Index]
Message Nav: [Date Prev] [Date Next] [Thread Prev] [Thread Next]