This is the mail archive of the gcc-testresults@gcc.gnu.org mailing list for the GCC project.


Index Nav: [Date Index] [Subject Index] [Author Index] [Thread Index]
Message Nav: [Date Prev] [Date Next] [Thread Prev] [Thread Next]
Other format: [Raw text]

Results for 4.8.0 (GCC) testsuite on i386-apple-darwin10.8.0


LAST_UPDATED: Obtained from SVN: tags/gcc_4_8_0_release revision 196953

Native configuration is i386-apple-darwin10.8.0

		=== g++ tests ===


Running target unix/-m32
WARNING: g++.dg/ext/label13.C -std=gnu++98 compilation failed to produce executable
WARNING: g++.dg/ext/label13.C -std=gnu++11 compilation failed to produce executable

		=== g++ Summary for unix/-m32 ===

# of expected passes		51118
# of expected failures		294
# of unsupported tests		713

Running target unix/-m64
WARNING: g++.dg/ext/label13.C -std=gnu++98 compilation failed to produce executable
WARNING: g++.dg/ext/label13.C -std=gnu++11 compilation failed to produce executable

		=== g++ Summary for unix/-m64 ===

# of expected passes		51888
# of expected failures		294
# of unsupported tests		954

		=== g++ Summary ===

# of expected passes		103006
# of expected failures		588
# of unsupported tests		1667
/sw_i386/src/fink.build/gcc48-4.8.0-1000/darwin_objdir/gcc/testsuite/g++/../../xg++  version 4.8.0 (GCC) 

		=== gcc tests ===


Running target unix/-m32
FAIL: gcc.c-torture/execute/pr51447.c execution,  -O0 
FAIL: gcc.c-torture/execute/pr51447.c execution,  -O1 
FAIL: gcc.c-torture/execute/pr51447.c execution,  -O2 
FAIL: gcc.c-torture/execute/pr51447.c execution,  -O3 -fomit-frame-pointer 
FAIL: gcc.c-torture/execute/pr51447.c execution,  -O3 -g 
FAIL: gcc.c-torture/execute/pr51447.c execution,  -Os 
FAIL: gcc.c-torture/execute/pr51447.c execution,  -Og -g 
FAIL: gcc.c-torture/execute/pr51447.c execution,  -O2 -flto -flto-partition=none 
FAIL: gcc.c-torture/execute/pr51447.c execution,  -O2 -flto 
FAIL: gcc.dg/torture/pr53922.c  -O0  execution test
FAIL: gcc.dg/torture/pr53922.c  -O1  execution test
FAIL: gcc.dg/torture/pr53922.c  -O2  execution test
FAIL: gcc.dg/torture/pr53922.c  -O3 -fomit-frame-pointer  execution test
FAIL: gcc.dg/torture/pr53922.c  -O3 -g  execution test
FAIL: gcc.dg/torture/pr53922.c  -Os  execution test
FAIL: gcc.dg/torture/pr53922.c  -O2 -flto -flto-partition=none  execution test
FAIL: gcc.dg/torture/pr53922.c  -O2 -flto  execution test
FAIL: gcc.dg/tree-prof/pr52027.c compilation,  -fprofile-use -D_PROFILE_USE
UNRESOLVED: gcc.dg/tree-prof/pr52027.c execution,    -fprofile-use -D_PROFILE_USE
FAIL: gcc.misc-tests/gcov-14.c execution test
FAIL: gcc.misc-tests/gcov-14.c gcov failed: gcov-14.c.gov does not exist

		=== gcc Summary for unix/-m32 ===

# of expected passes		89645
# of unexpected failures	20
# of expected failures		261
# of unresolved testcases	1
# of unsupported tests		2163

Running target unix/-m64
FAIL: gcc.dg/torture/pr53922.c  -O0  execution test
FAIL: gcc.dg/torture/pr53922.c  -O1  execution test
FAIL: gcc.dg/torture/pr53922.c  -O2  execution test
FAIL: gcc.dg/torture/pr53922.c  -O3 -fomit-frame-pointer  execution test
FAIL: gcc.dg/torture/pr53922.c  -O3 -g  execution test
FAIL: gcc.dg/torture/pr53922.c  -Os  execution test
FAIL: gcc.dg/torture/pr53922.c  -O2 -flto -flto-partition=none  execution test
FAIL: gcc.dg/torture/pr53922.c  -O2 -flto  execution test
FAIL: gcc.dg/tree-prof/pr34999.c compilation,  -fprofile-use -D_PROFILE_USE
UNRESOLVED: gcc.dg/tree-prof/pr34999.c execution,    -fprofile-use -D_PROFILE_USE
FAIL: gcc.dg/tree-prof/pr52027.c compilation,  -fprofile-use -D_PROFILE_USE
UNRESOLVED: gcc.dg/tree-prof/pr52027.c execution,    -fprofile-use -D_PROFILE_USE
FAIL: gcc.misc-tests/gcov-14.c execution test
FAIL: gcc.misc-tests/gcov-14.c gcov failed: gcov-14.c.gov does not exist
FAIL: gcc.target/i386/pr49866.c (test for excess errors)

		=== gcc Summary for unix/-m64 ===

# of expected passes		90007
# of unexpected failures	13
# of expected failures		264
# of unresolved testcases	2
# of unsupported tests		2449

		=== gcc Summary ===

# of expected passes		179652
# of unexpected failures	33
# of expected failures		525
# of unresolved testcases	3
# of unsupported tests		4612
/sw_i386/src/fink.build/gcc48-4.8.0-1000/darwin_objdir/gcc/xgcc  version 4.8.0 (GCC) 

		=== gfortran tests ===


Running target unix/-m32
XPASS: gfortran.dg/do_1.f90  -O0  execution test
XPASS: gfortran.dg/do_1.f90  -O1  execution test
XPASS: gfortran.dg/do_1.f90  -O2  execution test
XPASS: gfortran.dg/do_1.f90  -O3 -fomit-frame-pointer  execution test
XPASS: gfortran.dg/do_1.f90  -O3 -fomit-frame-pointer -funroll-loops  execution test
XPASS: gfortran.dg/do_1.f90  -O3 -fomit-frame-pointer -funroll-all-loops -finline-functions  execution test
XPASS: gfortran.dg/do_1.f90  -O3 -g  execution test
XPASS: gfortran.dg/do_1.f90  -Os  execution test
WARNING: program timed out.
FAIL: gfortran.dg/spread_scalar_source.f90  -O3 -g  (test for excess errors)

		=== gfortran Summary for unix/-m32 ===

# of expected passes		43029
# of unexpected failures	1
# of unexpected successes	8
# of expected failures		56
# of unsupported tests		222

Running target unix/-m64
XPASS: gfortran.dg/do_1.f90  -O0  execution test
XPASS: gfortran.dg/do_1.f90  -O1  execution test
XPASS: gfortran.dg/do_1.f90  -O2  execution test
XPASS: gfortran.dg/do_1.f90  -O3 -fomit-frame-pointer  execution test
XPASS: gfortran.dg/do_1.f90  -O3 -fomit-frame-pointer -funroll-loops  execution test
XPASS: gfortran.dg/do_1.f90  -O3 -fomit-frame-pointer -funroll-all-loops -finline-functions  execution test
XPASS: gfortran.dg/do_1.f90  -O3 -g  execution test
XPASS: gfortran.dg/do_1.f90  -Os  execution test

		=== gfortran Summary for unix/-m64 ===

# of expected passes		43333
# of unexpected successes	8
# of expected failures		56
# of unsupported tests		76

		=== gfortran Summary ===

# of expected passes		86362
# of unexpected failures	1
# of unexpected successes	16
# of expected failures		112
# of unsupported tests		298
/sw_i386/src/fink.build/gcc48-4.8.0-1000/darwin_objdir/gcc/testsuite/gfortran/../../gfortran  version 4.8.0 (GCC) 

		=== obj-c++ tests ===


Running target unix/-m32
FAIL: obj-c++.dg/torture/strings/string1.mm  -O2 -flto -flto-partition=none  -fnext-runtime (test for excess errors)
FAIL: obj-c++.dg/torture/strings/string1.mm  -O2 -flto  -fnext-runtime (test for excess errors)

		=== obj-c++ Summary for unix/-m32 ===

# of expected passes		3157
# of unexpected failures	2
# of expected failures		2
# of unsupported tests		68

Running target unix/-m64
FAIL: obj-c++.dg/torture/strings/string1.mm  -O2 -flto -flto-partition=none  -fnext-runtime (test for excess errors)
FAIL: obj-c++.dg/torture/strings/string1.mm  -O2 -flto  -fnext-runtime (test for excess errors)

		=== obj-c++ Summary for unix/-m64 ===

# of expected passes		3107
# of unexpected failures	2
# of expected failures		19
# of unsupported tests		73

		=== obj-c++ Summary ===

# of expected passes		6264
# of unexpected failures	4
# of expected failures		21
# of unsupported tests		141
/sw_i386/src/fink.build/gcc48-4.8.0-1000/darwin_objdir/gcc/testsuite/obj-c++/../../xg++  version 4.8.0 (GCC) 

		=== objc tests ===


Running target unix/-m32
FAIL: objc.dg/torture/strings/string1.m  -O2 -flto -flto-partition=none  -fnext-runtime (test for excess errors)
FAIL: objc.dg/torture/strings/string1.m  -O2 -flto  -fnext-runtime (test for excess errors)
FAIL: objc.dg/torture/strings/string2.m  -O2 -flto -flto-partition=none  -fnext-runtime (test for excess errors)
FAIL: objc.dg/torture/strings/string2.m  -O2 -flto  -fnext-runtime (test for excess errors)
FAIL: objc.dg/torture/strings/string3.m  -O2 -flto -flto-partition=none  -fnext-runtime (test for excess errors)
FAIL: objc.dg/torture/strings/string3.m  -O2 -flto  -fnext-runtime (test for excess errors)
FAIL: objc.dg/torture/strings/string4.m  -O2 -flto -flto-partition=none  -fnext-runtime (test for excess errors)
FAIL: objc.dg/torture/strings/string4.m  -O2 -flto  -fnext-runtime (test for excess errors)

		=== objc Summary for unix/-m32 ===

# of expected passes		6091
# of unexpected failures	8
# of expected failures		6
# of unsupported tests		85

Running target unix/-m64
FAIL: objc.dg/torture/strings/string1.m  -O2 -flto -flto-partition=none  -fnext-runtime (test for excess errors)
FAIL: objc.dg/torture/strings/string1.m  -O2 -flto  -fnext-runtime (test for excess errors)
FAIL: objc.dg/torture/strings/string2.m  -O2 -flto -flto-partition=none  -fnext-runtime (test for excess errors)
FAIL: objc.dg/torture/strings/string2.m  -O2 -flto  -fnext-runtime (test for excess errors)
FAIL: objc.dg/torture/strings/string3.m  -O2 -flto -flto-partition=none  -fnext-runtime (test for excess errors)
FAIL: objc.dg/torture/strings/string3.m  -O2 -flto  -fnext-runtime (test for excess errors)
FAIL: objc.dg/torture/strings/string4.m  -O2 -flto -flto-partition=none  -fnext-runtime (test for excess errors)
FAIL: objc.dg/torture/strings/string4.m  -O2 -flto  -fnext-runtime (test for excess errors)

		=== objc Summary for unix/-m64 ===

# of expected passes		6043
# of unexpected failures	8
# of expected failures		14
# of unsupported tests		91

		=== objc Summary ===

# of expected passes		12134
# of unexpected failures	16
# of expected failures		20
# of unsupported tests		176
/sw_i386/src/fink.build/gcc48-4.8.0-1000/darwin_objdir/gcc/xgcc  version 4.8.0 (GCC) 

		=== boehm-gc tests ===


Running target unix/-m32

		=== boehm-gc Summary for unix/-m32 ===

# of expected passes		12
# of unsupported tests		1

Running target unix/-m64

		=== boehm-gc Summary for unix/-m64 ===

# of expected passes		12
# of unsupported tests		1

		=== boehm-gc Summary ===

# of expected passes		24
# of unsupported tests		2
		=== libatomic tests ===


Running target unix/-m32

		=== libatomic Summary for unix/-m32 ===

# of expected passes		44
# of unsupported tests		5

Running target unix/-m64

		=== libatomic Summary for unix/-m64 ===

# of expected passes		54

		=== libatomic Summary ===

# of expected passes		98
# of unsupported tests		5
		=== libffi tests ===


Running target unix/-m32

		=== libffi Summary for unix/-m32 ===

# of expected passes		1819
# of unsupported tests		55

Running target unix/-m64

		=== libffi Summary for unix/-m64 ===

# of expected passes		1819
# of unsupported tests		55

		=== libffi Summary ===

# of expected passes		3638
# of unsupported tests		110
		=== libgomp tests ===


Running target unix/-m32

		=== libgomp Summary for unix/-m32 ===

# of expected passes		2992
# of unsupported tests		3

Running target unix/-m64

		=== libgomp Summary for unix/-m64 ===

# of expected passes		2992
# of unsupported tests		3

		=== libgomp Summary ===

# of expected passes		5984
# of unsupported tests		6
		=== libitm tests ===


Running target unix/-m32

		=== libitm Summary for unix/-m32 ===

# of expected passes		26
# of expected failures		3
# of unsupported tests		1

Running target unix/-m64

		=== libitm Summary for unix/-m64 ===

# of expected passes		26
# of expected failures		3
# of unsupported tests		1

		=== libitm Summary ===

# of expected passes		52
# of expected failures		6
# of unsupported tests		2
		=== libjava tests ===


Running target unix/-m32
FAIL: sourcelocation output - source compiled test
FAIL: sourcelocation -findirect-dispatch output - source compiled test
FAIL: sourcelocation -O3 output - source compiled test
FAIL: sourcelocation -O3 -findirect-dispatch output - source compiled test

		=== libjava Summary for unix/-m32 ===

# of expected passes		2582
# of unexpected failures	4

Running target unix/-m64
FAIL: PR16923.c compilation
FAIL: Throw_2 execution - source compiled test
FAIL: Throw_2 -findirect-dispatch execution - source compiled test
FAIL: Throw_2 -O3 execution - source compiled test
FAIL: Throw_2 -O3 -findirect-dispatch execution - source compiled test
FAIL: sourcelocation output - source compiled test
FAIL: sourcelocation -findirect-dispatch output - source compiled test
FAIL: sourcelocation -O3 output - source compiled test
FAIL: sourcelocation -O3 -findirect-dispatch output - source compiled test

		=== libjava Summary for unix/-m64 ===

# of expected passes		2572
# of unexpected failures	9
# of untested testcases		4

		=== libjava Summary ===

# of expected passes		5154
# of unexpected failures	13
# of untested testcases		4
		=== libstdc++ tests ===


Running target unix/-m32
WARNING: program timed out.
FAIL: 30_threads/condition_variable/54185.cc execution test

		=== libstdc++ Summary for unix/-m32 ===

# of expected passes		8080
# of unexpected failures	1
# of expected failures		45
# of unsupported tests		647

Running target unix/-m64
WARNING: program timed out.
FAIL: 30_threads/condition_variable/54185.cc execution test

		=== libstdc++ Summary for unix/-m64 ===

# of expected passes		8078
# of unexpected failures	1
# of expected failures		45
# of unsupported tests		648

		=== libstdc++ Summary ===

# of expected passes		16158
# of unexpected failures	2
# of expected failures		90
# of unsupported tests		1295

Compiler version: 4.8.0 (GCC) 
Platform: i386-apple-darwin10.8.0
configure flags: --prefix=/sw_i386 --prefix=/sw_i386/lib/gcc4.8 --mandir=/sw_i386/share/man --infodir=/sw_i386/lib/gcc4.8/info --enable-languages=c,c++,fortran,lto,objc,obj-c++,java --with-gmp=/sw_i386 --with-libiconv-prefix=/sw_i386 --with-isl=/sw_i386 --with-cloog=/sw_i386 --with-mpc=/sw_i386 --with-system-zlib --enable-checking=release --x-includes=/usr/X11R6/include --x-libraries=/usr/X11R6/lib --program-suffix=-fsf-4.8


Index Nav: [Date Index] [Subject Index] [Author Index] [Thread Index]
Message Nav: [Date Prev] [Date Next] [Thread Prev] [Thread Next]