This is the mail archive of the
gcc-testresults@gcc.gnu.org
mailing list for the GCC project.
Results for 4.8.0 20130316 (prerelease) (GCC) testsuite on arm-unknown-rtems4.11
- From: Sebastian Huber <sebastian dot huber at embedded-brains dot de>
- To: gcc-testresults at gcc dot gnu dot org
- Date: Thu, 21 Mar 2013 14:36:55 +0100
- Subject: Results for 4.8.0 20130316 (prerelease) (GCC) testsuite on arm-unknown-rtems4.11
LAST_UPDATED: Obtained from SVN: branches/gcc-4_8-branch revision 196699
Target is arm-unknown-rtems4.11
Host is x86_64-unknown-linux-gnu
=== gcc tests ===
Running target rtems-arm-edb7312
FAIL: gcc.c-torture/execute/20101011-1.c execution, -O0
FAIL: gcc.c-torture/execute/20101011-1.c execution, -O1
FAIL: gcc.c-torture/execute/20101011-1.c execution, -O2
FAIL: gcc.c-torture/execute/20101011-1.c execution, -O3 -fomit-frame-pointer
FAIL: gcc.c-torture/execute/20101011-1.c execution, -O3 -g
FAIL: gcc.c-torture/execute/20101011-1.c execution, -Os
FAIL: gcc.c-torture/execute/20101011-1.c execution, -Og -g
FAIL: gcc.c-torture/execute/20101011-1.c execution, -O2 -flto
-fno-use-linker-plugin -flto-partition=none
FAIL: gcc.c-torture/execute/20101011-1.c execution, -O2 -flto
-fuse-linker-plugin -fno-fat-lto-objects
FAIL: gcc.dg/atomic-flag.c (test for excess errors)
WARNING: gcc.dg/atomic-flag.c compilation failed to produce executable
FAIL: gcc.dg/fshort-wchar.c (test for excess errors)
FAIL: gcc.dg/pr41574.c (test for excess errors)
FAIL: gcc.dg/uninit-13.c unconditional (test for warnings, line 8)
FAIL: gcc.dg/uninit-13.c (test for excess errors)
FAIL: gcc.dg/lto/pr54709 c_lto_pr54709_0.o-c_lto_pr54709_1.o link, -fPIC
-fvisibility=hidden -flto
UNRESOLVED: gcc.dg/lto/pr54709 c_lto_pr54709_0.o-c_lto_pr54709_1.o execute
-fPIC -fvisibility=hidden -flto
FAIL: gcc.dg/tls/pr42894.c (test for excess errors)
FAIL: gcc.dg/tree-ssa/sra-12.c scan-tree-dump-times release_ssa "l;" 0
FAIL: gcc.target/arm/g2.c scan-assembler mla[ \\t].*
FAIL: gcc.target/arm/neon-vext-execute.c execution test
FAIL: gcc.target/arm/pr42172-1.c scan-assembler-times ldr 1
FAIL: gcc.target/arm/pr42575.c scan-assembler-not mov
FAIL: gcc.target/arm/scd42-2.c scan-assembler mov[ \\t].*272
FAIL: gcc.target/arm/neon/vrndaf32.c (test for excess errors)
FAIL: gcc.target/arm/neon/vrndf32.c (test for excess errors)
FAIL: gcc.target/arm/neon/vrndmf32.c (test for excess errors)
FAIL: gcc.target/arm/neon/vrndnf32.c (test for excess errors)
FAIL: gcc.target/arm/neon/vrndpf32.c (test for excess errors)
FAIL: gcc.target/arm/neon/vrndqaf32.c (test for excess errors)
FAIL: gcc.target/arm/neon/vrndqf32.c (test for excess errors)
FAIL: gcc.target/arm/neon/vrndqmf32.c (test for excess errors)
FAIL: gcc.target/arm/neon/vrndqnf32.c (test for excess errors)
FAIL: gcc.target/arm/neon/vrndqpf32.c (test for excess errors)
=== gcc Summary ===
# of expected passes 85985
# of unexpected failures 32
# of expected failures 248
# of unresolved testcases 1
# of unsupported tests 1662
/scratch/git-rtems-testing/gcc/b-arm-gcc/gcc/xgcc version 4.8.0 20130316
(prerelease) (GCC)
Host is x86_64-unknown-linux-gnu
=== g++ tests ===
Running target rtems-arm-edb7312
=== g++ Summary ===
# of expected passes 48236
# of expected failures 283
# of unsupported tests 1006
/scratch/git-rtems-testing/gcc/b-arm-gcc/gcc/testsuite/g++/../../xg++ version
4.8.0 20130316 (prerelease) (GCC)
Compiler version: 4.8.0 20130316 (prerelease) (GCC)
Platform: arm-unknown-rtems4.11
configure flags: --disable-werror --enable-threads=rtems --with-gnu-as
--disable-multilib --enable-lto --enable-newlib-mb --enable-newlib-iconv
--with-gnu-ld --with-newlib --verbose --with-system-zlib --disable-nls
--enable-version-specific-runtime-libs --enable-languages=c,c++
--target=arm-rtems4.11
--prefix=/scratch/git-rtems-testing/gcc/install-4.8.0-RC-20130316
--
Sebastian Huber, embedded brains GmbH
Address : Dornierstr. 4, D-82178 Puchheim, Germany
Phone : +49 89 189 47 41-16
Fax : +49 89 189 47 41-09
E-Mail : sebastian.huber@embedded-brains.de
PGP : Public key available on request.
Diese Nachricht ist keine geschäftliche Mitteilung im Sinne des EHUG.