This is the mail archive of the gcc-testresults@gcc.gnu.org mailing list for the GCC project.


Index Nav: [Date Index] [Subject Index] [Author Index] [Thread Index]
Message Nav: [Date Prev] [Date Next] [Thread Prev] [Thread Next]
Other format: [Raw text]

Results for 4.8.0 20130318 (prerelease) [gcc-4_8-branch revision 196783] (Debian 4.8-20130318-1) testsuite on i486-pc-kfreebsd-gnu


LAST_UPDATED: Mon Mar 18 22:38:30 UTC 2013 (revision 196783)

Target: i486-kfreebsd-gnu
gcc version 4.8.0 20130318 (prerelease) [gcc-4_8-branch revision 196783] (Debian 4.8-20130318-1) 
Native configuration is i486-pc-kfreebsd-gnu

		=== g++ tests ===


Running target unix
FAIL: g++.dg/plugin/attribute_plugin.c compilation
FAIL: g++.dg/plugin/pragma_plugin.c compilation
FAIL: g++.dg/plugin/selfassign.c compilation
FAIL: g++.dg/plugin/dumb_plugin.c compilation
FAIL: g++.dg/plugin/header_plugin.c compilation
FAIL: g++.dg/plugin/decl_plugin.c compilation

		=== g++ Summary for unix ===

# of expected passes		51068
# of unexpected failures	6
# of expected failures		290
# of unsupported tests		536

Running target unix/-fstack-protector
FAIL: g++.dg/plugin/attribute_plugin.c compilation
FAIL: g++.dg/plugin/pragma_plugin.c compilation
FAIL: g++.dg/plugin/selfassign.c compilation
FAIL: g++.dg/plugin/dumb_plugin.c compilation
FAIL: g++.dg/plugin/header_plugin.c compilation
FAIL: g++.dg/plugin/decl_plugin.c compilation

		=== g++ Summary for unix/-fstack-protector ===

# of expected passes		51068
# of unexpected failures	6
# of expected failures		290
# of unsupported tests		536

		=== g++ Summary ===

# of expected passes		102136
# of unexpected failures	12
# of expected failures		580
# of unsupported tests		1072
/build/buildd-gcc-4.8_4.8-20130318-1-kfreebsd-i386-yTy3lu/gcc-4.8-4.8-20130318/build/gcc/testsuite/g++/../../xg++  version 4.8.0 20130318 (prerelease) [gcc-4_8-branch revision 196783] (Debian 4.8-20130318-1) 

		=== gcc tests ===


Running target unix
FAIL: gcc.c-torture/compile/pr46534.c  -O0  (test for excess errors)
FAIL: gcc.c-torture/compile/pr46534.c  -O1  (test for excess errors)
FAIL: gcc.c-torture/compile/pr46534.c  -O2  (test for excess errors)
FAIL: gcc.c-torture/compile/pr46534.c  -O3 -fomit-frame-pointer  (test for excess errors)
FAIL: gcc.c-torture/compile/pr46534.c  -O3 -g  (test for excess errors)
FAIL: gcc.c-torture/compile/pr46534.c  -Os  (test for excess errors)
FAIL: gcc.c-torture/compile/pr46534.c  -O2 -flto -fno-use-linker-plugin -flto-partition=none  (test for excess errors)
FAIL: gcc.c-torture/compile/pr46534.c  -O2 -flto -fuse-linker-plugin -fno-fat-lto-objects  (test for excess errors)
WARNING: program timed out.
WARNING: program timed out.
WARNING: program timed out.
WARNING: program timed out.
WARNING: program timed out.
WARNING: program timed out.
WARNING: program timed out.
WARNING: program timed out.
FAIL: gcc.dg/split-5.c execution test
FAIL: largefile.c  -O0 -g -I. -Dwith_PCH (internal compiler error)
FAIL: largefile.c  -O0 -g -I. -Dwith_PCH (test for excess errors)
FAIL: gcc.dg/pch/largefile.c  -O0 -g assembly comparison
FAIL: largefile.c   -O0  -I. -Dwith_PCH (internal compiler error)
FAIL: largefile.c   -O0  -I. -Dwith_PCH (test for excess errors)
FAIL: gcc.dg/pch/largefile.c   -O0  assembly comparison
FAIL: largefile.c   -O1  -I. -Dwith_PCH (internal compiler error)
FAIL: largefile.c   -O1  -I. -Dwith_PCH (test for excess errors)
FAIL: gcc.dg/pch/largefile.c   -O1  assembly comparison
FAIL: largefile.c   -O2  -I. -Dwith_PCH (internal compiler error)
FAIL: largefile.c   -O2  -I. -Dwith_PCH (test for excess errors)
FAIL: gcc.dg/pch/largefile.c   -O2  assembly comparison
FAIL: largefile.c   -O3 -fomit-frame-pointer  -I. -Dwith_PCH (internal compiler error)
FAIL: largefile.c   -O3 -fomit-frame-pointer  -I. -Dwith_PCH (test for excess errors)
FAIL: gcc.dg/pch/largefile.c   -O3 -fomit-frame-pointer  assembly comparison
FAIL: largefile.c   -O3 -g  -I. -Dwith_PCH (test for excess errors)
FAIL: gcc.dg/pch/largefile.c  -O3 -g  assembly comparison
FAIL: largefile.c   -Os  -I. -Dwith_PCH (internal compiler error)
FAIL: largefile.c   -Os  -I. -Dwith_PCH (test for excess errors)
FAIL: gcc.dg/pch/largefile.c   -Os  assembly comparison
FAIL: gcc.dg/plugin/selfassign.c compilation
FAIL: gcc.dg/plugin/ggcplug.c compilation
FAIL: gcc.dg/plugin/one_time_plugin.c compilation
FAIL: gcc.dg/plugin/start_unit_plugin.c compilation
FAIL: gcc.dg/plugin/finish_unit_plugin.c compilation

		=== gcc Summary for unix ===

# of expected passes		91779
# of unexpected failures	34
# of expected failures		263
# of unsupported tests		1114

Running target unix/-fstack-protector
FAIL: gcc.c-torture/compile/pr46534.c  -O0  (test for excess errors)
FAIL: gcc.c-torture/compile/pr46534.c  -O1  (test for excess errors)
FAIL: gcc.c-torture/compile/pr46534.c  -O2  (test for excess errors)
FAIL: gcc.c-torture/compile/pr46534.c  -O3 -fomit-frame-pointer  (test for excess errors)
FAIL: gcc.c-torture/compile/pr46534.c  -O3 -g  (test for excess errors)
FAIL: gcc.c-torture/compile/pr46534.c  -Os  (test for excess errors)
FAIL: gcc.c-torture/compile/pr46534.c  -O2 -flto -fno-use-linker-plugin -flto-partition=none  (test for excess errors)
FAIL: gcc.c-torture/compile/pr46534.c  -O2 -flto -fuse-linker-plugin -fno-fat-lto-objects  (test for excess errors)
WARNING: program timed out.
WARNING: program timed out.
WARNING: program timed out.
WARNING: program timed out.
WARNING: program timed out.
WARNING: program timed out.
WARNING: program timed out.
WARNING: program timed out.
FAIL: gcc.dg/split-5.c execution test
FAIL: gcc.dg/stack-usage-1.c scan-file foo\\t(256|264)\\tstatic
FAIL: gcc.dg/superblock.c scan-rtl-dump-times sched2 "ADVANCING TO" 2
FAIL: largefile.c  -O0 -g -I. -Dwith_PCH (internal compiler error)
FAIL: largefile.c  -O0 -g -I. -Dwith_PCH (test for excess errors)
FAIL: gcc.dg/pch/largefile.c  -O0 -g assembly comparison
FAIL: largefile.c   -O0  -I. -Dwith_PCH (internal compiler error)
FAIL: largefile.c   -O0  -I. -Dwith_PCH (test for excess errors)
FAIL: gcc.dg/pch/largefile.c   -O0  assembly comparison
FAIL: largefile.c   -O1  -I. -Dwith_PCH (internal compiler error)
FAIL: largefile.c   -O1  -I. -Dwith_PCH (test for excess errors)
FAIL: gcc.dg/pch/largefile.c   -O1  assembly comparison
FAIL: largefile.c   -O2  -I. -Dwith_PCH (internal compiler error)
FAIL: largefile.c   -O2  -I. -Dwith_PCH (test for excess errors)
FAIL: gcc.dg/pch/largefile.c   -O2  assembly comparison
FAIL: largefile.c   -O3 -fomit-frame-pointer  -I. -Dwith_PCH (internal compiler error)
FAIL: largefile.c   -O3 -fomit-frame-pointer  -I. -Dwith_PCH (test for excess errors)
FAIL: gcc.dg/pch/largefile.c   -O3 -fomit-frame-pointer  assembly comparison
FAIL: largefile.c   -O3 -g  -I. -Dwith_PCH (internal compiler error)
FAIL: largefile.c   -O3 -g  -I. -Dwith_PCH (test for excess errors)
FAIL: gcc.dg/pch/largefile.c   -O3 -g  assembly comparison
FAIL: largefile.c   -Os  -I. -Dwith_PCH (internal compiler error)
FAIL: largefile.c   -Os  -I. -Dwith_PCH (test for excess errors)
FAIL: gcc.dg/pch/largefile.c   -Os  assembly comparison
FAIL: gcc.dg/plugin/selfassign.c compilation
FAIL: gcc.dg/plugin/ggcplug.c compilation
FAIL: gcc.dg/plugin/one_time_plugin.c compilation
FAIL: gcc.dg/plugin/start_unit_plugin.c compilation
FAIL: gcc.dg/plugin/finish_unit_plugin.c compilation

		=== gcc Summary for unix/-fstack-protector ===

# of expected passes		91778
# of unexpected failures	37
# of expected failures		263
# of unsupported tests		1114

		=== gcc Summary ===

# of expected passes		183557
# of unexpected failures	71
# of expected failures		526
# of unsupported tests		2228
/build/buildd-gcc-4.8_4.8-20130318-1-kfreebsd-i386-yTy3lu/gcc-4.8-4.8-20130318/build/gcc/xgcc  version 4.8.0 20130318 (prerelease) [gcc-4_8-branch revision 196783] (Debian 4.8-20130318-1) 

		=== gfortran tests ===


Running target unix
FAIL: gfortran.dg/allocatable_function_1.f90  -O0   scan-tree-dump-times original "free" 10
FAIL: gfortran.dg/allocatable_function_1.f90  -O1   scan-tree-dump-times original "free" 10
FAIL: gfortran.dg/allocatable_function_1.f90  -O2   scan-tree-dump-times original "free" 10
FAIL: gfortran.dg/allocatable_function_1.f90  -O3 -fomit-frame-pointer   scan-tree-dump-times original "free" 10
FAIL: gfortran.dg/allocatable_function_1.f90  -O3 -fomit-frame-pointer -funroll-loops   scan-tree-dump-times original "free" 10
FAIL: gfortran.dg/allocatable_function_1.f90  -O3 -fomit-frame-pointer -funroll-all-loops -finline-functions   scan-tree-dump-times original "free" 10
FAIL: gfortran.dg/allocatable_function_1.f90  -O3 -g   scan-tree-dump-times original "free" 10
FAIL: gfortran.dg/allocatable_function_1.f90  -Os   scan-tree-dump-times original "free" 10
XPASS: gfortran.dg/do_1.f90  -O0  execution test
XPASS: gfortran.dg/do_1.f90  -O1  execution test
XPASS: gfortran.dg/do_1.f90  -O2  execution test
XPASS: gfortran.dg/do_1.f90  -O3 -fomit-frame-pointer  execution test
XPASS: gfortran.dg/do_1.f90  -O3 -fomit-frame-pointer -funroll-loops  execution test
XPASS: gfortran.dg/do_1.f90  -O3 -fomit-frame-pointer -funroll-all-loops -finline-functions  execution test
XPASS: gfortran.dg/do_1.f90  -O3 -g  execution test
XPASS: gfortran.dg/do_1.f90  -Os  execution test

		=== gfortran Summary for unix ===

# of expected passes		43076
# of unexpected failures	8
# of unexpected successes	8
# of expected failures		56
# of unsupported tests		229

Running target unix/-fstack-protector
FAIL: gfortran.dg/allocatable_function_1.f90  -O0   scan-tree-dump-times original "free" 10
FAIL: gfortran.dg/allocatable_function_1.f90  -O1   scan-tree-dump-times original "free" 10
FAIL: gfortran.dg/allocatable_function_1.f90  -O2   scan-tree-dump-times original "free" 10
FAIL: gfortran.dg/allocatable_function_1.f90  -O3 -fomit-frame-pointer   scan-tree-dump-times original "free" 10
FAIL: gfortran.dg/allocatable_function_1.f90  -O3 -fomit-frame-pointer -funroll-loops   scan-tree-dump-times original "free" 10
FAIL: gfortran.dg/allocatable_function_1.f90  -O3 -fomit-frame-pointer -funroll-all-loops -finline-functions   scan-tree-dump-times original "free" 10
FAIL: gfortran.dg/allocatable_function_1.f90  -O3 -g   scan-tree-dump-times original "free" 10
FAIL: gfortran.dg/allocatable_function_1.f90  -Os   scan-tree-dump-times original "free" 10
XPASS: gfortran.dg/do_1.f90  -O0  execution test
XPASS: gfortran.dg/do_1.f90  -O1  execution test
XPASS: gfortran.dg/do_1.f90  -O2  execution test
XPASS: gfortran.dg/do_1.f90  -O3 -fomit-frame-pointer  execution test
XPASS: gfortran.dg/do_1.f90  -O3 -fomit-frame-pointer -funroll-loops  execution test
XPASS: gfortran.dg/do_1.f90  -O3 -fomit-frame-pointer -funroll-all-loops -finline-functions  execution test
XPASS: gfortran.dg/do_1.f90  -O3 -g  execution test
XPASS: gfortran.dg/do_1.f90  -Os  execution test

		=== gfortran Summary for unix/-fstack-protector ===

# of expected passes		43076
# of unexpected failures	8
# of unexpected successes	8
# of expected failures		56
# of unsupported tests		229

		=== gfortran Summary ===

# of expected passes		86152
# of unexpected failures	16
# of unexpected successes	16
# of expected failures		112
# of unsupported tests		458
/build/buildd-gcc-4.8_4.8-20130318-1-kfreebsd-i386-yTy3lu/gcc-4.8-4.8-20130318/build/gcc/testsuite/gfortran/../../gfortran  version 4.8.0 20130318 (prerelease) [gcc-4_8-branch revision 196783] (Debian 4.8-20130318-1) 

		=== obj-c++ tests ===


Running target unix

		=== obj-c++ Summary for unix ===

# of expected passes		1450
# of expected failures		2
# of unsupported tests		86

Running target unix/-fstack-protector

		=== obj-c++ Summary for unix/-fstack-protector ===

# of expected passes		1450
# of expected failures		2
# of unsupported tests		86

		=== obj-c++ Summary ===

# of expected passes		2900
# of expected failures		4
# of unsupported tests		172
/build/buildd-gcc-4.8_4.8-20130318-1-kfreebsd-i386-yTy3lu/gcc-4.8-4.8-20130318/build/gcc/testsuite/obj-c++/../../xg++  version 4.8.0 20130318 (prerelease) [gcc-4_8-branch revision 196783] (Debian 4.8-20130318-1) 

		=== objc tests ===


Running target unix

		=== objc Summary for unix ===

# of expected passes		2988
# of expected failures		6
# of unsupported tests		74

Running target unix/-fstack-protector

		=== objc Summary for unix/-fstack-protector ===

# of expected passes		2988
# of expected failures		6
# of unsupported tests		74

		=== objc Summary ===

# of expected passes		5976
# of expected failures		12
# of unsupported tests		148
/build/buildd-gcc-4.8_4.8-20130318-1-kfreebsd-i386-yTy3lu/gcc-4.8-4.8-20130318/build/gcc/xgcc  version 4.8.0 20130318 (prerelease) [gcc-4_8-branch revision 196783] (Debian 4.8-20130318-1) 

		=== boehm-gc tests ===


Running target unix

		=== boehm-gc Summary for unix ===

# of expected passes		12
# of unsupported tests		1

Running target unix/-fstack-protector

		=== boehm-gc Summary for unix/-fstack-protector ===

# of expected passes		12
# of unsupported tests		1

		=== boehm-gc Summary ===

# of expected passes		24
# of unsupported tests		2
		=== libatomic tests ===


Running target unix

		=== libatomic Summary for unix ===

# of expected passes		44
# of unsupported tests		5

Running target unix/-fstack-protector

		=== libatomic Summary for unix/-fstack-protector ===

# of expected passes		44
# of unsupported tests		5

		=== libatomic Summary ===

# of expected passes		88
# of unsupported tests		10
		=== libgomp tests ===


Running target unix
FAIL: libgomp.c/lock-2.c execution test
FAIL: libgomp.graphite/force-parallel-7.c execution test

		=== libgomp Summary for unix ===

# of expected passes		2990
# of unexpected failures	2
# of unsupported tests		3

Running target unix/-fstack-protector
FAIL: libgomp.c/lock-1.c execution test
FAIL: libgomp.c/lock-2.c execution test
FAIL: libgomp.graphite/force-parallel-7.c execution test

		=== libgomp Summary for unix/-fstack-protector ===

# of expected passes		2989
# of unexpected failures	3
# of unsupported tests		3

		=== libgomp Summary ===

# of expected passes		5979
# of unexpected failures	5
# of unsupported tests		6
		=== libmudflap tests ===


Running target unix
FAIL: libmudflap.c++/pass41-frag.cxx (-static) execution test
FAIL: libmudflap.c++/pass41-frag.cxx ( -O) execution test
FAIL: libmudflap.c++/pass41-frag.cxx (-O2) execution test
FAIL: libmudflap.c++/pass41-frag.cxx (-O3) execution test

		=== libmudflap Summary for unix ===

# of expected passes		1902
# of unexpected failures	4

Running target unix/-fstack-protector
FAIL: libmudflap.c++/pass41-frag.cxx (-static) execution test
FAIL: libmudflap.c++/pass41-frag.cxx ( -O) execution test
FAIL: libmudflap.c++/pass41-frag.cxx (-O2) execution test
FAIL: libmudflap.c++/pass41-frag.cxx (-O3) execution test

		=== libmudflap Summary for unix/-fstack-protector ===

# of expected passes		1902
# of unexpected failures	4

		=== libmudflap Summary ===

# of expected passes		3804
# of unexpected failures	8
		=== libstdc++ tests ===


Running target unix
XPASS: 22_locale/ctype/is/char/2.cc execution test
FAIL: 22_locale/time_get/get_date/wchar_t/4.cc execution test
FAIL: 26_numerics/headers/cmath/c99_classification_macros_c.cc (test for excess errors)
FAIL: 30_threads/condition_variable/members/53841.cc (test for excess errors)

		=== libstdc++ Summary for unix ===

# of expected passes		8872
# of unexpected failures	3
# of unexpected successes	1
# of expected failures		44
# of unsupported tests		388

Running target unix/-fstack-protector
XPASS: 22_locale/ctype/is/char/2.cc execution test
FAIL: 22_locale/time_get/get_date/wchar_t/4.cc execution test
FAIL: 26_numerics/headers/cmath/c99_classification_macros_c.cc (test for excess errors)
FAIL: 30_threads/condition_variable/members/53841.cc (test for excess errors)

		=== libstdc++ Summary for unix/-fstack-protector ===

# of expected passes		8872
# of unexpected failures	3
# of unexpected successes	1
# of expected failures		44
# of unsupported tests		388

		=== libstdc++ Summary ===

# of expected passes		17744
# of unexpected failures	6
# of unexpected successes	2
# of expected failures		88
# of unsupported tests		776

Compiler version: 4.8.0 20130318 (prerelease) [gcc-4_8-branch revision 196783] (Debian 4.8-20130318-1) 
Platform: i486-pc-kfreebsd-gnu
configure flags: -v --with-pkgversion='Debian 4.8-20130318-1' --with-bugurl=file:///usr/share/doc/gcc-4.8/README.Bugs --enable-languages=c,c++,fortran,objc,obj-c++ --prefix=/usr --program-suffix=-4.8 --enable-shared --enable-linker-build-id --libexecdir=/usr/lib --without-included-gettext --enable-threads=posix --with-gxx-include-dir=/usr/include/c++/4.8 --libdir=/usr/lib --enable-nls --with-sysroot=/ --enable-clocale=gnu --enable-libstdcxx-debug --enable-libstdcxx-time=yes --disable-libitm --enable-plugin --with-system-zlib --enable-objc-gc --enable-multiarch --with-arch-32=i586 --with-tune=generic --enable-checking=release --build=i486-kfreebsd-gnu --host=i486-kfreebsd-gnu --target=i486-kfreebsd-gnu
BOOT_CFLAGS=


Build Dependencies:
Desired=Unknown/Install/Remove/Purge/Hold
| Status=Not/Inst/Conf-files/Unpacked/halF-conf/Half-inst/trig-aWait/Trig-pend
|/ Err?=(none)/Reinst-required (Status,Err: uppercase=bad)
||/ Name                               Version                Architecture  Description
+++-==================================-======================-=============-===============================================================================
ii  binutils                           2.22-8                 kfreebsd-i386 GNU assembler, linker and binary utilities
ii  g++-4.7                            4.7.2-5                kfreebsd-i386 GNU C++ compiler
ii  libc0.1:kfreebsd-i386              2.13-38                kfreebsd-i386 Embedded GNU C Library: Shared libraries
ii  libcloog-isl-dev:kfreebsd-i386     0.18.0-1               kfreebsd-i386 Chunky Loop Generator (development files)
ii  libgmp-dev:kfreebsd-i386           2:5.0.5+dfsg-2         kfreebsd-i386 Multiprecision arithmetic library developers tools
ii  libisl-dev:kfreebsd-i386           0.11.1-2               kfreebsd-i386 manipulating sets and relations of integer points bounded by linear constraints
ii  libmpc-dev:kfreebsd-i386           0.9-4                  kfreebsd-i386 multiple precision complex floating-point library development package
ii  libmpfr-dev:kfreebsd-i386          3.1.1-1                kfreebsd-i386 multiple precision floating-point computation developers tools


gcc-gfdl-build:
  Build a dummy s-tm-texi without access to the texinfo sources

gcc-textdomain:
  Set gettext's domain and textdomain to the versioned package name.

gcc-driver-extra-langs:
  Add options and specs for languages that are not built from a source
  (but built from separate sources).

gcc-hash-style-both:
  Link using --hash-style=both (alpha, amd64, armel, armhf, ia64, i386, powerpc, ppc64, s390, sparc)

libstdc++-pic:
  Build and install libstdc++_pic.a library.

libstdc++-doclink:
  adjust hrefs to point to the local documentation

libstdc++-man-3cxx:
  Install libstdc++ man pages with suffix .3cxx instead of .3

libstdc++-test-installed:
  Add support to run the libstdc++-v3 testsuite using the
  installed shared libraries.

libjava-stacktrace:
  libgcj: Lookup source file name and line number in separated
  debug files found in /usr/lib/debug

libjava-jnipath:
  - Add /usr/lib/jni and /usr/lib/<multiarch>/jni to java.library.path.
  - When running the i386 binaries on amd64, look in
  - /usr/lib32/gcj-x.y and /usr/lib32/jni instead.

libjava-sjlj:
  Don't try to use _Unwind_Backtrace on SJLJ targets.
  See bug #387875, #388505, GCC PR 29206.

libjava-disable-plugin:
  Don't build the gcjwebplugin, even when configured with --enable-plugin

alpha-no-ev4-directive:
  never emit .ev4 directive.

boehm-gc-getnprocs:
  boehm-gc/pthread_support.c (GC_get_nprocs): Use sysconf as fallback.

note-gnu-stack:
  Add .note.GNU-stack sections for gcc's crt files, libffi and boehm-gc
  Taken from FC.

libgomp-omp_h-multilib:
  Fix up omp.h for multilibs.

sparc-force-cpu:
  On sparc default to ultrasparc (v9a) in 32bit mode

pr24619:
  Proposed patch for PR mudflap/24619 (instrumentation of dlopen)

gccgo-version:
  Omit the subminor number from the go libdir

pr47818:
  Fix PR ada/47818: Pragma Assert is rejected with No_Implementation_Pragmas restriction.

pr49940:
  Apply proposed patch for PR ada/49940.

pr49944:
  apply proposed patch for PR ada/49444.

gcc-base-version:
  Set base version to 4.8, introduce full version 4.8.x.

mudflapth-link:
  Link libmudflapth.so with -lpthread

libmudflap-x32:
  Fix libmudflap build failure for x32 multilibs

libgo-testsuite:
  Only run the libgo testsuite for flags configured in RUNTESTFLAGS

gcc-target-include-asm:
  Search \$(builddir)/sys-include for the asm header files

libgo-revert-timeout-exp:

gcc-sysroot:
  Allow building --with-sysroot=/

ada-kfreebsd:
  Fix gnat build failure on kfreebsd.

arm-multilib-defaults:
  Set MULTILIB_DEFAULTS for ARM multilib builds

gcc-ice-hack:
  Retry the build on an ice, save the calling options and preprocessed
  source when the ice is reproducible.

gcc-ice-apport:
  Report an ICE to apport (if apport is available
  and the environment variable GCC_NOAPPORT is not set)

libjava-fixed-symlinks:
  Remove unneed '..' elements from symlinks in JAVA_HOME

libstdc++-arm-wno-abi:
  Temporary work around:
  On arm-linux-gnueabi run the libstdc++v3 testsuite with -Wno-abi

ada-mips:
  Improve support for mips.

libffi-ro-eh_frame_sect:
  PR libffi/47248, force a read only eh frame section.

gcc-multiarch:
  - Remaining multiarch patches, not yet submitted upstream.
  - Add MULTIARCH_DIRNAME definitions for multilib configurations,
  which are used for the non-multilib builds.

libjava-multiarch:
  Install libjava libraries to multiarch location

libjava-nobiarch-check:
  For biarch builds, disable the testsuite for the non-default architecture
  for runtime libraries, which are not built by default (libjava).

config-ml:
  - Disable some biarch libraries for biarch builds.
  - Fix multilib builds on kernels which don't support all multilibs.

g++-multiarch-incdir:
  Use /usr/include/<multiarch>/c++/4.x as the include directory
  for host dependent c++ header files.

gcc-multilib-multiarch:
  Don't auto-detect multilib osdirnames.

mips-fix-loongson2f-nop:
  On mips, pass -mfix-loongson2f-nop to as, if -mno-fix-loongson2f-nop
  is not passed.

libgomp-kfreebsd-testsuite:
  Disable lock-2.c test on kfreebsd-*

Counting all warnings,
there are 0 warnings in stage3 of this bootstrap.

Number of warnings per file:

Number of warning types:


Index Nav: [Date Index] [Subject Index] [Author Index] [Thread Index]
Message Nav: [Date Prev] [Date Next] [Thread Prev] [Thread Next]