This is the mail archive of the gcc-testresults@gcc.gnu.org mailing list for the GCC project.


Index Nav: [Date Index] [Subject Index] [Author Index] [Thread Index]
Message Nav: [Date Prev] [Date Next] [Thread Prev] [Thread Next]
Other format: [Raw text]

Results for 4.8.0 20130316 (experimental) [trunk revision 196694] (Debian 4.8-20130315-1) testsuite on sparc-unknown-linux-gnu


LAST_UPDATED: Sat Mar 16 01:59:10 UTC 2013 (revision 196694)

Target: sparc-linux-gnu
gcc version 4.8.0 20130316 (experimental) [trunk revision 196694] (Debian 4.8-20130315-1) 
Native configuration is sparc-unknown-linux-gnu

		=== g++ tests ===


Running target unix
FAIL: g++.dg/plugin/attribute_plugin.c compilation
FAIL: g++.dg/plugin/pragma_plugin.c compilation
FAIL: g++.dg/plugin/selfassign.c compilation
FAIL: g++.dg/plugin/dumb_plugin.c compilation
FAIL: g++.dg/plugin/header_plugin.c compilation
FAIL: g++.dg/plugin/decl_plugin.c compilation

		=== g++ Summary for unix ===

# of expected passes		49944
# of unexpected failures	6
# of expected failures		290
# of unsupported tests		884

Running target unix/-fstack-protector
FAIL: g++.dg/plugin/attribute_plugin.c compilation
FAIL: g++.dg/plugin/pragma_plugin.c compilation
FAIL: g++.dg/plugin/selfassign.c compilation
FAIL: g++.dg/plugin/dumb_plugin.c compilation
FAIL: g++.dg/plugin/header_plugin.c compilation
FAIL: g++.dg/plugin/decl_plugin.c compilation

		=== g++ Summary for unix/-fstack-protector ===

# of expected passes		49944
# of unexpected failures	6
# of expected failures		290
# of unsupported tests		884

Running target unix/-m64
FAIL: g++.dg/plugin/attribute_plugin.c compilation
FAIL: g++.dg/plugin/pragma_plugin.c compilation
FAIL: g++.dg/plugin/selfassign.c compilation
FAIL: g++.dg/plugin/dumb_plugin.c compilation
FAIL: g++.dg/plugin/header_plugin.c compilation
FAIL: g++.dg/plugin/decl_plugin.c compilation

		=== g++ Summary for unix/-m64 ===

# of expected passes		51184
# of unexpected failures	6
# of expected failures		290
# of unsupported tests		874

		=== g++ Summary ===

# of expected passes		151072
# of unexpected failures	18
# of expected failures		870
# of unsupported tests		2642
/build/buildd-gcc-4.8_4.8-20130315-1-sparc-efDi8l/gcc-4.8-4.8-20130315/build/gcc/testsuite/g++/../../xg++  version 4.8.0 20130316 (experimental) [trunk revision 196694] (Debian 4.8-20130315-1) 

		=== gcc tests ===


Running target unix
FAIL: gcc.dg/plugin/selfassign.c compilation
FAIL: gcc.dg/plugin/ggcplug.c compilation
FAIL: gcc.dg/plugin/one_time_plugin.c compilation
FAIL: gcc.dg/plugin/start_unit_plugin.c compilation
FAIL: gcc.dg/plugin/finish_unit_plugin.c compilation
FAIL: gcc.target/sparc/vec-init-1-vis2.c execution test
FAIL: gcc.target/sparc/vec-init-2-vis2.c execution test
FAIL: gcc.target/sparc/vec-init-3-vis2.c execution test

		=== gcc Summary for unix ===

# of expected passes		82495
# of unexpected failures	8
# of expected failures		327
# of unsupported tests		1611

Running target unix/-fstack-protector
FAIL: gcc.dg/superblock.c scan-rtl-dump-times sched2 "ADVANCING TO" 2
FAIL: gcc.dg/plugin/selfassign.c compilation
FAIL: gcc.dg/plugin/ggcplug.c compilation
FAIL: gcc.dg/plugin/one_time_plugin.c compilation
FAIL: gcc.dg/plugin/start_unit_plugin.c compilation
FAIL: gcc.dg/plugin/finish_unit_plugin.c compilation
FAIL: gcc.target/sparc/vec-init-1-vis2.c execution test
FAIL: gcc.target/sparc/vec-init-2-vis2.c execution test
FAIL: gcc.target/sparc/vec-init-3-vis2.c execution test

		=== gcc Summary for unix/-fstack-protector ===

# of expected passes		82494
# of unexpected failures	9
# of expected failures		327
# of unsupported tests		1611

Running target unix/-m64
FAIL: gcc.dg/plugin/selfassign.c compilation
FAIL: gcc.dg/plugin/ggcplug.c compilation
FAIL: gcc.dg/plugin/one_time_plugin.c compilation
FAIL: gcc.dg/plugin/start_unit_plugin.c compilation
FAIL: gcc.dg/plugin/finish_unit_plugin.c compilation
FAIL: gcc.target/sparc/vec-init-1-vis2.c execution test
FAIL: gcc.target/sparc/vec-init-2-vis2.c execution test
FAIL: gcc.target/sparc/vec-init-3-vis2.c execution test

		=== gcc Summary for unix/-m64 ===

# of expected passes		83201
# of unexpected failures	8
# of expected failures		316
# of unsupported tests		1572

		=== gcc Summary ===

# of expected passes		248190
# of unexpected failures	25
# of expected failures		970
# of unsupported tests		4794
/build/buildd-gcc-4.8_4.8-20130315-1-sparc-efDi8l/gcc-4.8-4.8-20130315/build/gcc/xgcc  version 4.8.0 20130316 (experimental) [trunk revision 196694] (Debian 4.8-20130315-1) 

		=== gfortran tests ===


Running target unix
XPASS: gfortran.dg/do_1.f90  -O0  execution test
XPASS: gfortran.dg/do_1.f90  -O1  execution test
XPASS: gfortran.dg/do_1.f90  -O2  execution test
XPASS: gfortran.dg/do_1.f90  -O3 -fomit-frame-pointer  execution test
XPASS: gfortran.dg/do_1.f90  -O3 -fomit-frame-pointer -funroll-loops  execution test
XPASS: gfortran.dg/do_1.f90  -O3 -fomit-frame-pointer -funroll-all-loops -finline-functions  execution test
XPASS: gfortran.dg/do_1.f90  -O3 -g  execution test
XPASS: gfortran.dg/do_1.f90  -Os  execution test
FAIL: gfortran.dg/streamio_4.f90  -O2  execution test
FAIL: gfortran.dg/streamio_4.f90  -O3 -fomit-frame-pointer  execution test
FAIL: gfortran.dg/streamio_4.f90  -O3 -g  execution test

		=== gfortran Summary for unix ===

# of expected passes		42996
# of unexpected failures	3
# of unexpected successes	8
# of expected failures		58
# of unsupported tests		270

Running target unix/-fstack-protector
XPASS: gfortran.dg/do_1.f90  -O0  execution test
XPASS: gfortran.dg/do_1.f90  -O1  execution test
XPASS: gfortran.dg/do_1.f90  -O2  execution test
XPASS: gfortran.dg/do_1.f90  -O3 -fomit-frame-pointer  execution test
XPASS: gfortran.dg/do_1.f90  -O3 -fomit-frame-pointer -funroll-loops  execution test
XPASS: gfortran.dg/do_1.f90  -O3 -fomit-frame-pointer -funroll-all-loops -finline-functions  execution test
XPASS: gfortran.dg/do_1.f90  -O3 -g  execution test
XPASS: gfortran.dg/do_1.f90  -Os  execution test

		=== gfortran Summary for unix/-fstack-protector ===

# of expected passes		42999
# of unexpected successes	8
# of expected failures		58
# of unsupported tests		270

Running target unix/-m64
XPASS: gfortran.dg/do_1.f90  -O0  execution test
XPASS: gfortran.dg/do_1.f90  -O1  execution test
XPASS: gfortran.dg/do_1.f90  -O2  execution test
XPASS: gfortran.dg/do_1.f90  -O3 -fomit-frame-pointer  execution test
XPASS: gfortran.dg/do_1.f90  -O3 -fomit-frame-pointer -funroll-loops  execution test
XPASS: gfortran.dg/do_1.f90  -O3 -fomit-frame-pointer -funroll-all-loops -finline-functions  execution test
XPASS: gfortran.dg/do_1.f90  -O3 -g  execution test
XPASS: gfortran.dg/do_1.f90  -Os  execution test

		=== gfortran Summary for unix/-m64 ===

# of expected passes		43326
# of unexpected successes	8
# of expected failures		58
# of unsupported tests		109

		=== gfortran Summary ===

# of expected passes		129321
# of unexpected failures	3
# of unexpected successes	24
# of expected failures		174
# of unsupported tests		649
/build/buildd-gcc-4.8_4.8-20130315-1-sparc-efDi8l/gcc-4.8-4.8-20130315/build/gcc/testsuite/gfortran/../../gfortran  version 4.8.0 20130316 (experimental) [trunk revision 196694] (Debian 4.8-20130315-1) 

		=== obj-c++ tests ===


Running target unix

		=== obj-c++ Summary for unix ===

# of expected passes		1450
# of expected failures		2
# of unsupported tests		86

Running target unix/-fstack-protector

		=== obj-c++ Summary for unix/-fstack-protector ===

# of expected passes		1450
# of expected failures		2
# of unsupported tests		86

Running target unix/-m64

		=== obj-c++ Summary for unix/-m64 ===

# of expected passes		1442
# of expected failures		10
# of unsupported tests		86

		=== obj-c++ Summary ===

# of expected passes		4342
# of expected failures		14
# of unsupported tests		258
/build/buildd-gcc-4.8_4.8-20130315-1-sparc-efDi8l/gcc-4.8-4.8-20130315/build/gcc/testsuite/obj-c++/../../xg++  version 4.8.0 20130316 (experimental) [trunk revision 196694] (Debian 4.8-20130315-1) 

		=== objc tests ===


Running target unix

		=== objc Summary for unix ===

# of expected passes		2994
# of unsupported tests		74

Running target unix/-fstack-protector

		=== objc Summary for unix/-fstack-protector ===

# of expected passes		2994
# of unsupported tests		74

Running target unix/-m64

		=== objc Summary for unix/-m64 ===

# of expected passes		2994
# of unsupported tests		74

		=== objc Summary ===

# of expected passes		8982
# of unsupported tests		222
/build/buildd-gcc-4.8_4.8-20130315-1-sparc-efDi8l/gcc-4.8-4.8-20130315/build/gcc/xgcc  version 4.8.0 20130316 (experimental) [trunk revision 196694] (Debian 4.8-20130315-1) 

		=== boehm-gc tests ===


Running target unix

		=== boehm-gc Summary for unix ===

# of expected passes		12
# of unsupported tests		1

Running target unix/-fstack-protector

		=== boehm-gc Summary for unix/-fstack-protector ===

# of expected passes		12
# of unsupported tests		1

Running target unix/-m64

		=== boehm-gc Summary for unix/-m64 ===

# of expected passes		12
# of unsupported tests		1

		=== boehm-gc Summary ===

# of expected passes		36
# of unsupported tests		3
		=== libatomic tests ===


Running target unix

		=== libatomic Summary for unix ===

# of expected passes		34
# of unsupported tests		10

Running target unix/-fstack-protector

		=== libatomic Summary for unix/-fstack-protector ===

# of expected passes		34
# of unsupported tests		10

Running target unix/-m64

		=== libatomic Summary for unix/-m64 ===

# of expected passes		44
# of unsupported tests		5

		=== libatomic Summary ===

# of expected passes		112
# of unsupported tests		25
		=== libgomp tests ===


Running target unix
WARNING: program timed out.
FAIL: libgomp.c/lock-3.c execution test

		=== libgomp Summary for unix ===

# of expected passes		2995
# of unexpected failures	1
# of unsupported tests		1

Running target unix/-fstack-protector
WARNING: program timed out.
FAIL: libgomp.c/lock-3.c execution test

		=== libgomp Summary for unix/-fstack-protector ===

# of expected passes		2995
# of unexpected failures	1
# of unsupported tests		1

Running target unix/-m64
FAIL: libgomp.c/sort-1.c execution test

		=== libgomp Summary for unix/-m64 ===

# of expected passes		2995
# of unexpected failures	1
# of unsupported tests		1

		=== libgomp Summary ===

# of expected passes		8985
# of unexpected failures	3
# of unsupported tests		3
		=== libmudflap tests ===


Running target unix
FAIL: libmudflap.c++/pass41-frag.cxx (-static) execution test
FAIL: libmudflap.c++/pass41-frag.cxx ( -O) execution test
FAIL: libmudflap.c++/pass41-frag.cxx (-O2) execution test
FAIL: libmudflap.c++/pass41-frag.cxx (-O3) execution test

		=== libmudflap Summary for unix ===

# of expected passes		1902
# of unexpected failures	4

Running target unix/-fstack-protector
FAIL: libmudflap.c++/pass41-frag.cxx (-static) execution test
FAIL: libmudflap.c++/pass41-frag.cxx ( -O) execution test
FAIL: libmudflap.c++/pass41-frag.cxx (-O2) execution test
FAIL: libmudflap.c++/pass41-frag.cxx (-O3) execution test

		=== libmudflap Summary for unix/-fstack-protector ===

# of expected passes		1902
# of unexpected failures	4

Running target unix/-m64
FAIL: libmudflap.c++/pass41-frag.cxx (-static) execution test
FAIL: libmudflap.c++/pass41-frag.cxx ( -O) execution test
FAIL: libmudflap.c++/pass41-frag.cxx (-O2) execution test
FAIL: libmudflap.c++/pass41-frag.cxx (-O3) execution test
FAIL: libmudflap.cth/pass37-frag.c (-O0) execution test
FAIL: libmudflap.cth/pass37-frag.c (-O0) output pattern test
FAIL: libmudflap.cth/pass37-frag.c (-O0) (rerun 1) execution test
FAIL: libmudflap.cth/pass37-frag.c (-O0) (rerun 1) output pattern test
FAIL: libmudflap.cth/pass37-frag.c (-O0) (rerun 2) execution test
FAIL: libmudflap.cth/pass37-frag.c (-O0) (rerun 2) output pattern test
FAIL: libmudflap.cth/pass37-frag.c (-O0) (rerun 3) execution test
FAIL: libmudflap.cth/pass37-frag.c (-O0) (rerun 3) output pattern test
FAIL: libmudflap.cth/pass37-frag.c (-O0) (rerun 4) execution test
FAIL: libmudflap.cth/pass37-frag.c (-O0) (rerun 4) output pattern test
FAIL: libmudflap.cth/pass37-frag.c (-O0) (rerun 5) execution test
FAIL: libmudflap.cth/pass37-frag.c (-O0) (rerun 5) output pattern test
FAIL: libmudflap.cth/pass37-frag.c (-O0) (rerun 6) execution test
FAIL: libmudflap.cth/pass37-frag.c (-O0) (rerun 6) output pattern test
FAIL: libmudflap.cth/pass37-frag.c (-O0) (rerun 7) execution test
FAIL: libmudflap.cth/pass37-frag.c (-O0) (rerun 7) output pattern test
FAIL: libmudflap.cth/pass37-frag.c (-O0) (rerun 8) execution test
FAIL: libmudflap.cth/pass37-frag.c (-O0) (rerun 8) output pattern test
FAIL: libmudflap.cth/pass37-frag.c (-O0) (rerun 9) execution test
FAIL: libmudflap.cth/pass37-frag.c (-O0) (rerun 9) output pattern test
FAIL: libmudflap.cth/pass37-frag.c (-O0) (rerun 10) execution test
FAIL: libmudflap.cth/pass37-frag.c (-O0) (rerun 10) output pattern test
FAIL: libmudflap.cth/pass37-frag.c (-O0) (rerun 11) execution test
FAIL: libmudflap.cth/pass37-frag.c (-O0) (rerun 11) output pattern test
FAIL: libmudflap.cth/pass37-frag.c (-O0) (rerun 12) execution test
FAIL: libmudflap.cth/pass37-frag.c (-O0) (rerun 12) output pattern test
FAIL: libmudflap.cth/pass37-frag.c (-O0) (rerun 13) execution test
FAIL: libmudflap.cth/pass37-frag.c (-O0) (rerun 13) output pattern test
FAIL: libmudflap.cth/pass37-frag.c (-O0) (rerun 14) execution test
FAIL: libmudflap.cth/pass37-frag.c (-O0) (rerun 14) output pattern test
FAIL: libmudflap.cth/pass37-frag.c (-O0) (rerun 15) execution test
FAIL: libmudflap.cth/pass37-frag.c (-O0) (rerun 15) output pattern test
FAIL: libmudflap.cth/pass37-frag.c (-O0) (rerun 16) execution test
FAIL: libmudflap.cth/pass37-frag.c (-O0) (rerun 16) output pattern test
FAIL: libmudflap.cth/pass37-frag.c (-O0) (rerun 17) execution test
FAIL: libmudflap.cth/pass37-frag.c (-O0) (rerun 17) output pattern test
FAIL: libmudflap.cth/pass37-frag.c (-O0) (rerun 18) execution test
FAIL: libmudflap.cth/pass37-frag.c (-O0) (rerun 18) output pattern test
FAIL: libmudflap.cth/pass37-frag.c (-O0) (rerun 19) execution test
FAIL: libmudflap.cth/pass37-frag.c (-O0) (rerun 19) output pattern test
FAIL: libmudflap.cth/pass39-frag.c (-O0) execution test
FAIL: libmudflap.cth/pass39-frag.c (-O0) output pattern test
FAIL: libmudflap.cth/pass39-frag.c (-O0) (rerun 1) execution test
FAIL: libmudflap.cth/pass39-frag.c (-O0) (rerun 1) output pattern test
FAIL: libmudflap.cth/pass39-frag.c (-O0) (rerun 2) execution test
FAIL: libmudflap.cth/pass39-frag.c (-O0) (rerun 2) output pattern test
FAIL: libmudflap.cth/pass39-frag.c (-O0) (rerun 3) execution test
FAIL: libmudflap.cth/pass39-frag.c (-O0) (rerun 3) output pattern test
FAIL: libmudflap.cth/pass39-frag.c (-O0) (rerun 4) execution test
FAIL: libmudflap.cth/pass39-frag.c (-O0) (rerun 4) output pattern test
FAIL: libmudflap.cth/pass39-frag.c (-O0) (rerun 5) execution test
FAIL: libmudflap.cth/pass39-frag.c (-O0) (rerun 5) output pattern test
FAIL: libmudflap.cth/pass39-frag.c (-O0) (rerun 6) execution test
FAIL: libmudflap.cth/pass39-frag.c (-O0) (rerun 6) output pattern test
FAIL: libmudflap.cth/pass39-frag.c (-O0) (rerun 7) execution test
FAIL: libmudflap.cth/pass39-frag.c (-O0) (rerun 7) output pattern test
FAIL: libmudflap.cth/pass39-frag.c (-O0) (rerun 8) execution test
FAIL: libmudflap.cth/pass39-frag.c (-O0) (rerun 8) output pattern test
FAIL: libmudflap.cth/pass39-frag.c (-O0) (rerun 9) execution test
FAIL: libmudflap.cth/pass39-frag.c (-O0) (rerun 9) output pattern test
FAIL: libmudflap.cth/pass39-frag.c (-O0) (rerun 10) execution test
FAIL: libmudflap.cth/pass39-frag.c (-O0) (rerun 10) output pattern test
FAIL: libmudflap.cth/pass39-frag.c (-O0) (rerun 11) execution test
FAIL: libmudflap.cth/pass39-frag.c (-O0) (rerun 11) output pattern test
FAIL: libmudflap.cth/pass39-frag.c (-O0) (rerun 12) execution test
FAIL: libmudflap.cth/pass39-frag.c (-O0) (rerun 12) output pattern test
FAIL: libmudflap.cth/pass39-frag.c (-O0) (rerun 13) execution test
FAIL: libmudflap.cth/pass39-frag.c (-O0) (rerun 13) output pattern test
FAIL: libmudflap.cth/pass39-frag.c (-O0) (rerun 14) execution test
FAIL: libmudflap.cth/pass39-frag.c (-O0) (rerun 14) output pattern test
FAIL: libmudflap.cth/pass39-frag.c (-O0) (rerun 15) execution test
FAIL: libmudflap.cth/pass39-frag.c (-O0) (rerun 15) output pattern test
FAIL: libmudflap.cth/pass39-frag.c (-O0) (rerun 16) execution test
FAIL: libmudflap.cth/pass39-frag.c (-O0) (rerun 16) output pattern test
FAIL: libmudflap.cth/pass39-frag.c (-O0) (rerun 17) execution test
FAIL: libmudflap.cth/pass39-frag.c (-O0) (rerun 17) output pattern test
FAIL: libmudflap.cth/pass39-frag.c (-O0) (rerun 18) execution test
FAIL: libmudflap.cth/pass39-frag.c (-O0) (rerun 18) output pattern test
FAIL: libmudflap.cth/pass39-frag.c (-O0) (rerun 19) execution test
FAIL: libmudflap.cth/pass39-frag.c (-O0) (rerun 19) output pattern test
FAIL: libmudflap.cth/pass40-frag.c (-O0) execution test
FAIL: libmudflap.cth/pass40-frag.c (-O0) output pattern test
FAIL: libmudflap.cth/pass59-frag.c (-O0) execution test
FAIL: libmudflap.cth/pass59-frag.c (-O0) output pattern test
FAIL: libmudflap.cth/pass37-frag.c (-O2) execution test
FAIL: libmudflap.cth/pass37-frag.c (-O2) output pattern test
FAIL: libmudflap.cth/pass37-frag.c (-O2) (rerun 1) execution test
FAIL: libmudflap.cth/pass37-frag.c (-O2) (rerun 1) output pattern test
FAIL: libmudflap.cth/pass37-frag.c (-O2) (rerun 2) execution test
FAIL: libmudflap.cth/pass37-frag.c (-O2) (rerun 2) output pattern test
FAIL: libmudflap.cth/pass37-frag.c (-O2) (rerun 3) execution test
FAIL: libmudflap.cth/pass37-frag.c (-O2) (rerun 3) output pattern test
FAIL: libmudflap.cth/pass37-frag.c (-O2) (rerun 4) execution test
FAIL: libmudflap.cth/pass37-frag.c (-O2) (rerun 4) output pattern test
FAIL: libmudflap.cth/pass37-frag.c (-O2) (rerun 5) execution test
FAIL: libmudflap.cth/pass37-frag.c (-O2) (rerun 5) output pattern test
FAIL: libmudflap.cth/pass37-frag.c (-O2) (rerun 6) execution test
FAIL: libmudflap.cth/pass37-frag.c (-O2) (rerun 6) output pattern test
FAIL: libmudflap.cth/pass37-frag.c (-O2) (rerun 7) execution test
FAIL: libmudflap.cth/pass37-frag.c (-O2) (rerun 7) output pattern test
FAIL: libmudflap.cth/pass37-frag.c (-O2) (rerun 8) execution test
FAIL: libmudflap.cth/pass37-frag.c (-O2) (rerun 8) output pattern test
FAIL: libmudflap.cth/pass37-frag.c (-O2) (rerun 9) execution test
FAIL: libmudflap.cth/pass37-frag.c (-O2) (rerun 9) output pattern test
FAIL: libmudflap.cth/pass37-frag.c (-O2) (rerun 10) execution test
FAIL: libmudflap.cth/pass37-frag.c (-O2) (rerun 10) output pattern test
FAIL: libmudflap.cth/pass37-frag.c (-O2) (rerun 11) execution test
FAIL: libmudflap.cth/pass37-frag.c (-O2) (rerun 11) output pattern test
FAIL: libmudflap.cth/pass37-frag.c (-O2) (rerun 12) execution test
FAIL: libmudflap.cth/pass37-frag.c (-O2) (rerun 12) output pattern test
FAIL: libmudflap.cth/pass37-frag.c (-O2) (rerun 13) execution test
FAIL: libmudflap.cth/pass37-frag.c (-O2) (rerun 13) output pattern test
FAIL: libmudflap.cth/pass37-frag.c (-O2) (rerun 14) execution test
FAIL: libmudflap.cth/pass37-frag.c (-O2) (rerun 14) output pattern test
FAIL: libmudflap.cth/pass37-frag.c (-O2) (rerun 15) execution test
FAIL: libmudflap.cth/pass37-frag.c (-O2) (rerun 15) output pattern test
FAIL: libmudflap.cth/pass37-frag.c (-O2) (rerun 16) execution test
FAIL: libmudflap.cth/pass37-frag.c (-O2) (rerun 16) output pattern test
FAIL: libmudflap.cth/pass37-frag.c (-O2) (rerun 17) execution test
FAIL: libmudflap.cth/pass37-frag.c (-O2) (rerun 17) output pattern test
FAIL: libmudflap.cth/pass37-frag.c (-O2) (rerun 18) execution test
FAIL: libmudflap.cth/pass37-frag.c (-O2) (rerun 18) output pattern test
FAIL: libmudflap.cth/pass37-frag.c (-O2) (rerun 19) execution test
FAIL: libmudflap.cth/pass37-frag.c (-O2) (rerun 19) output pattern test
FAIL: libmudflap.cth/pass39-frag.c (-O2) execution test
FAIL: libmudflap.cth/pass39-frag.c (-O2) output pattern test
FAIL: libmudflap.cth/pass39-frag.c (-O2) (rerun 1) execution test
FAIL: libmudflap.cth/pass39-frag.c (-O2) (rerun 1) output pattern test
FAIL: libmudflap.cth/pass39-frag.c (-O2) (rerun 2) execution test
FAIL: libmudflap.cth/pass39-frag.c (-O2) (rerun 2) output pattern test
FAIL: libmudflap.cth/pass39-frag.c (-O2) (rerun 3) execution test
FAIL: libmudflap.cth/pass39-frag.c (-O2) (rerun 3) output pattern test
FAIL: libmudflap.cth/pass39-frag.c (-O2) (rerun 4) execution test
FAIL: libmudflap.cth/pass39-frag.c (-O2) (rerun 4) output pattern test
FAIL: libmudflap.cth/pass39-frag.c (-O2) (rerun 5) execution test
FAIL: libmudflap.cth/pass39-frag.c (-O2) (rerun 5) output pattern test
FAIL: libmudflap.cth/pass39-frag.c (-O2) (rerun 6) execution test
FAIL: libmudflap.cth/pass39-frag.c (-O2) (rerun 6) output pattern test
FAIL: libmudflap.cth/pass39-frag.c (-O2) (rerun 7) execution test
FAIL: libmudflap.cth/pass39-frag.c (-O2) (rerun 7) output pattern test
FAIL: libmudflap.cth/pass39-frag.c (-O2) (rerun 8) execution test
FAIL: libmudflap.cth/pass39-frag.c (-O2) (rerun 8) output pattern test
FAIL: libmudflap.cth/pass39-frag.c (-O2) (rerun 9) execution test
FAIL: libmudflap.cth/pass39-frag.c (-O2) (rerun 9) output pattern test
FAIL: libmudflap.cth/pass39-frag.c (-O2) (rerun 10) execution test
FAIL: libmudflap.cth/pass39-frag.c (-O2) (rerun 10) output pattern test
FAIL: libmudflap.cth/pass39-frag.c (-O2) (rerun 11) execution test
FAIL: libmudflap.cth/pass39-frag.c (-O2) (rerun 11) output pattern test
FAIL: libmudflap.cth/pass39-frag.c (-O2) (rerun 12) execution test
FAIL: libmudflap.cth/pass39-frag.c (-O2) (rerun 12) output pattern test
FAIL: libmudflap.cth/pass39-frag.c (-O2) (rerun 13) execution test
FAIL: libmudflap.cth/pass39-frag.c (-O2) (rerun 13) output pattern test
FAIL: libmudflap.cth/pass39-frag.c (-O2) (rerun 14) execution test
FAIL: libmudflap.cth/pass39-frag.c (-O2) (rerun 14) output pattern test
FAIL: libmudflap.cth/pass39-frag.c (-O2) (rerun 15) execution test
FAIL: libmudflap.cth/pass39-frag.c (-O2) (rerun 15) output pattern test
FAIL: libmudflap.cth/pass39-frag.c (-O2) (rerun 16) execution test
FAIL: libmudflap.cth/pass39-frag.c (-O2) (rerun 16) output pattern test
FAIL: libmudflap.cth/pass39-frag.c (-O2) (rerun 17) execution test
FAIL: libmudflap.cth/pass39-frag.c (-O2) (rerun 17) output pattern test
FAIL: libmudflap.cth/pass39-frag.c (-O2) (rerun 18) execution test
FAIL: libmudflap.cth/pass39-frag.c (-O2) (rerun 18) output pattern test
FAIL: libmudflap.cth/pass39-frag.c (-O2) (rerun 19) execution test
FAIL: libmudflap.cth/pass39-frag.c (-O2) (rerun 19) output pattern test
FAIL: libmudflap.cth/pass40-frag.c (-O2) execution test
FAIL: libmudflap.cth/pass40-frag.c (-O2) output pattern test
FAIL: libmudflap.cth/pass59-frag.c (-O2) execution test
FAIL: libmudflap.cth/pass59-frag.c (-O2) output pattern test
FAIL: libmudflap.cth/pass37-frag.c (-O3) execution test
FAIL: libmudflap.cth/pass37-frag.c (-O3) output pattern test
FAIL: libmudflap.cth/pass37-frag.c (-O3) (rerun 1) execution test
FAIL: libmudflap.cth/pass37-frag.c (-O3) (rerun 1) output pattern test
FAIL: libmudflap.cth/pass37-frag.c (-O3) (rerun 2) execution test
FAIL: libmudflap.cth/pass37-frag.c (-O3) (rerun 2) output pattern test
FAIL: libmudflap.cth/pass37-frag.c (-O3) (rerun 3) execution test
FAIL: libmudflap.cth/pass37-frag.c (-O3) (rerun 3) output pattern test
FAIL: libmudflap.cth/pass37-frag.c (-O3) (rerun 4) execution test
FAIL: libmudflap.cth/pass37-frag.c (-O3) (rerun 4) output pattern test
FAIL: libmudflap.cth/pass37-frag.c (-O3) (rerun 5) execution test
FAIL: libmudflap.cth/pass37-frag.c (-O3) (rerun 5) output pattern test
FAIL: libmudflap.cth/pass37-frag.c (-O3) (rerun 6) execution test
FAIL: libmudflap.cth/pass37-frag.c (-O3) (rerun 6) output pattern test
FAIL: libmudflap.cth/pass37-frag.c (-O3) (rerun 7) execution test
FAIL: libmudflap.cth/pass37-frag.c (-O3) (rerun 7) output pattern test
FAIL: libmudflap.cth/pass37-frag.c (-O3) (rerun 8) execution test
FAIL: libmudflap.cth/pass37-frag.c (-O3) (rerun 8) output pattern test
FAIL: libmudflap.cth/pass37-frag.c (-O3) (rerun 9) execution test
FAIL: libmudflap.cth/pass37-frag.c (-O3) (rerun 9) output pattern test
FAIL: libmudflap.cth/pass37-frag.c (-O3) (rerun 10) execution test
FAIL: libmudflap.cth/pass37-frag.c (-O3) (rerun 10) output pattern test
FAIL: libmudflap.cth/pass37-frag.c (-O3) (rerun 11) execution test
FAIL: libmudflap.cth/pass37-frag.c (-O3) (rerun 11) output pattern test
FAIL: libmudflap.cth/pass37-frag.c (-O3) (rerun 12) execution test
FAIL: libmudflap.cth/pass37-frag.c (-O3) (rerun 12) output pattern test
FAIL: libmudflap.cth/pass37-frag.c (-O3) (rerun 13) execution test
FAIL: libmudflap.cth/pass37-frag.c (-O3) (rerun 13) output pattern test
FAIL: libmudflap.cth/pass37-frag.c (-O3) (rerun 14) execution test
FAIL: libmudflap.cth/pass37-frag.c (-O3) (rerun 14) output pattern test
FAIL: libmudflap.cth/pass37-frag.c (-O3) (rerun 15) execution test
FAIL: libmudflap.cth/pass37-frag.c (-O3) (rerun 15) output pattern test
FAIL: libmudflap.cth/pass37-frag.c (-O3) (rerun 16) execution test
FAIL: libmudflap.cth/pass37-frag.c (-O3) (rerun 16) output pattern test
FAIL: libmudflap.cth/pass37-frag.c (-O3) (rerun 17) execution test
FAIL: libmudflap.cth/pass37-frag.c (-O3) (rerun 17) output pattern test
FAIL: libmudflap.cth/pass37-frag.c (-O3) (rerun 18) execution test
FAIL: libmudflap.cth/pass37-frag.c (-O3) (rerun 18) output pattern test
FAIL: libmudflap.cth/pass37-frag.c (-O3) (rerun 19) execution test
FAIL: libmudflap.cth/pass37-frag.c (-O3) (rerun 19) output pattern test
FAIL: libmudflap.cth/pass39-frag.c (-O3) execution test
FAIL: libmudflap.cth/pass39-frag.c (-O3) output pattern test
FAIL: libmudflap.cth/pass39-frag.c (-O3) (rerun 1) execution test
FAIL: libmudflap.cth/pass39-frag.c (-O3) (rerun 1) output pattern test
FAIL: libmudflap.cth/pass39-frag.c (-O3) (rerun 2) execution test
FAIL: libmudflap.cth/pass39-frag.c (-O3) (rerun 2) output pattern test
FAIL: libmudflap.cth/pass39-frag.c (-O3) (rerun 3) execution test
FAIL: libmudflap.cth/pass39-frag.c (-O3) (rerun 3) output pattern test
FAIL: libmudflap.cth/pass39-frag.c (-O3) (rerun 4) execution test
FAIL: libmudflap.cth/pass39-frag.c (-O3) (rerun 4) output pattern test
FAIL: libmudflap.cth/pass39-frag.c (-O3) (rerun 5) execution test
FAIL: libmudflap.cth/pass39-frag.c (-O3) (rerun 5) output pattern test
FAIL: libmudflap.cth/pass39-frag.c (-O3) (rerun 6) execution test
FAIL: libmudflap.cth/pass39-frag.c (-O3) (rerun 6) output pattern test
FAIL: libmudflap.cth/pass39-frag.c (-O3) (rerun 7) execution test
FAIL: libmudflap.cth/pass39-frag.c (-O3) (rerun 7) output pattern test
FAIL: libmudflap.cth/pass39-frag.c (-O3) (rerun 8) execution test
FAIL: libmudflap.cth/pass39-frag.c (-O3) (rerun 8) output pattern test
FAIL: libmudflap.cth/pass39-frag.c (-O3) (rerun 9) execution test
FAIL: libmudflap.cth/pass39-frag.c (-O3) (rerun 9) output pattern test
FAIL: libmudflap.cth/pass39-frag.c (-O3) (rerun 10) execution test
FAIL: libmudflap.cth/pass39-frag.c (-O3) (rerun 10) output pattern test
FAIL: libmudflap.cth/pass39-frag.c (-O3) (rerun 11) execution test
FAIL: libmudflap.cth/pass39-frag.c (-O3) (rerun 11) output pattern test
FAIL: libmudflap.cth/pass39-frag.c (-O3) (rerun 12) execution test
FAIL: libmudflap.cth/pass39-frag.c (-O3) (rerun 12) output pattern test
FAIL: libmudflap.cth/pass39-frag.c (-O3) (rerun 13) execution test
FAIL: libmudflap.cth/pass39-frag.c (-O3) (rerun 13) output pattern test
FAIL: libmudflap.cth/pass39-frag.c (-O3) (rerun 14) execution test
FAIL: libmudflap.cth/pass39-frag.c (-O3) (rerun 14) output pattern test
FAIL: libmudflap.cth/pass39-frag.c (-O3) (rerun 15) execution test
FAIL: libmudflap.cth/pass39-frag.c (-O3) (rerun 15) output pattern test
FAIL: libmudflap.cth/pass39-frag.c (-O3) (rerun 16) execution test
FAIL: libmudflap.cth/pass39-frag.c (-O3) (rerun 16) output pattern test
FAIL: libmudflap.cth/pass39-frag.c (-O3) (rerun 17) execution test
FAIL: libmudflap.cth/pass39-frag.c (-O3) (rerun 17) output pattern test
FAIL: libmudflap.cth/pass39-frag.c (-O3) (rerun 18) execution test
FAIL: libmudflap.cth/pass39-frag.c (-O3) (rerun 18) output pattern test
FAIL: libmudflap.cth/pass39-frag.c (-O3) (rerun 19) execution test
FAIL: libmudflap.cth/pass39-frag.c (-O3) (rerun 19) output pattern test
FAIL: libmudflap.cth/pass40-frag.c (-O3) execution test
FAIL: libmudflap.cth/pass40-frag.c (-O3) output pattern test
FAIL: libmudflap.cth/pass59-frag.c (-O3) execution test
FAIL: libmudflap.cth/pass59-frag.c (-O3) output pattern test

		=== libmudflap Summary for unix/-m64 ===

# of expected passes		1650
# of unexpected failures	256

		=== libmudflap Summary ===

# of expected passes		5454
# of unexpected failures	264
		=== libstdc++ tests ===


Running target unix
FAIL: 22_locale/time_get/get_date/wchar_t/4.cc execution test

		=== libstdc++ Summary for unix ===

# of expected passes		8958
# of unexpected failures	1
# of expected failures		45
# of unsupported tests		243

Running target unix/-fstack-protector
FAIL: 22_locale/time_get/get_date/wchar_t/4.cc execution test

		=== libstdc++ Summary for unix/-fstack-protector ===

# of expected passes		8958
# of unexpected failures	1
# of expected failures		45
# of unsupported tests		243

Running target unix/-m64
FAIL: libstdc++-abi/abi_check
FAIL: 22_locale/time_get/get_date/wchar_t/4.cc execution test

		=== libstdc++ Summary for unix/-m64 ===

# of expected passes		8957
# of unexpected failures	2
# of expected failures		45
# of unsupported tests		243

		=== libstdc++ Summary ===

# of expected passes		26873
# of unexpected failures	4
# of expected failures		135
# of unsupported tests		729

Compiler version: 4.8.0 20130316 (experimental) [trunk revision 196694] (Debian 4.8-20130315-1) 
Platform: sparc-unknown-linux-gnu
configure flags: -v --with-pkgversion='Debian 4.8-20130315-1' --with-bugurl=file:///usr/share/doc/gcc-4.8/README.Bugs --enable-languages=c,c++,fortran,objc,obj-c++ --prefix=/usr --program-suffix=-4.8 --enable-shared --enable-linker-build-id --libexecdir=/usr/lib --without-included-gettext --enable-threads=posix --with-gxx-include-dir=/usr/include/c++/4.8 --libdir=/usr/lib --enable-nls --with-sysroot=/ --enable-clocale=gnu --enable-libstdcxx-debug --enable-libstdcxx-time=yes --enable-gnu-unique-object --disable-libitm --enable-plugin --with-system-zlib --enable-objc-gc --enable-multiarch --enable-targets=all --with-long-double-128 --enable-checking=release --build=sparc-linux-gnu --host=sparc-linux-gnu --target=sparc-linux-gnu
BOOT_CFLAGS=


Build Dependencies:
Desired=Unknown/Install/Remove/Purge/Hold
| Status=Not/Inst/Conf-files/Unpacked/halF-conf/Half-inst/trig-aWait/Trig-pend
|/ Err?=(none)/Reinst-required (Status,Err: uppercase=bad)
||/ Name                               Version                Architecture Description
+++-==================================-======================-============-===============================================================================
ii  binutils                           2.22-7.1               sparc        GNU assembler, linker and binary utilities
ii  g++-4.6                            4.6.3-15               sparc        GNU C++ compiler
ii  g++-4.6-multilib                   4.6.3-15               sparc        GNU C++ compiler (multilib files)
ii  g++-multilib                       4:4.6.3-8              sparc        GNU C++ compiler (multilib files)
ii  libc6:sparc                        2.13-38                sparc        Embedded GNU C Library: Shared libraries
ii  libcloog-isl-dev:sparc             0.18.0-1               sparc        Chunky Loop Generator (development files)
ii  libgmp-dev:sparc                   2:5.0.5+dfsg-2         sparc        Multiprecision arithmetic library developers tools
ii  libisl-dev:sparc                   0.11.1-2               sparc        manipulating sets and relations of integer points bounded by linear constraints
ii  libmpc-dev:sparc                   0.9-4                  sparc        multiple precision complex floating-point library development package
ii  libmpfr-dev:sparc                  3.1.1-1                sparc        multiple precision floating-point computation developers tools


gcc-gfdl-build:
  Build a dummy s-tm-texi without access to the texinfo sources

gcc-textdomain:
  Set gettext's domain and textdomain to the versioned package name.

gcc-driver-extra-langs:
  Add options and specs for languages that are not built from a source
  (but built from separate sources).

gcc-hash-style-both:
  Link using --hash-style=both (alpha, amd64, armel, armhf, ia64, i386, powerpc, ppc64, s390, sparc)

libstdc++-pic:
  Build and install libstdc++_pic.a library.

libstdc++-doclink:
  adjust hrefs to point to the local documentation

libstdc++-man-3cxx:
  Install libstdc++ man pages with suffix .3cxx instead of .3

libstdc++-test-installed:
  Add support to run the libstdc++-v3 testsuite using the
  installed shared libraries.

libjava-stacktrace:
  libgcj: Lookup source file name and line number in separated
  debug files found in /usr/lib/debug

libjava-jnipath:
  - Add /usr/lib/jni and /usr/lib/<multiarch>/jni to java.library.path.
  - When running the i386 binaries on amd64, look in
  - /usr/lib32/gcj-x.y and /usr/lib32/jni instead.

libjava-sjlj:
  Don't try to use _Unwind_Backtrace on SJLJ targets.
  See bug #387875, #388505, GCC PR 29206.

libjava-disable-plugin:
  Don't build the gcjwebplugin, even when configured with --enable-plugin

alpha-no-ev4-directive:
  never emit .ev4 directive.

boehm-gc-getnprocs:
  boehm-gc/pthread_support.c (GC_get_nprocs): Use sysconf as fallback.

note-gnu-stack:
  Add .note.GNU-stack sections for gcc's crt files, libffi and boehm-gc
  Taken from FC.

libgomp-omp_h-multilib:
  Fix up omp.h for multilibs.

sparc-force-cpu:
  On sparc default to ultrasparc (v9a) in 32bit mode

pr24619:
  Proposed patch for PR mudflap/24619 (instrumentation of dlopen)

gccgo-version:
  Omit the subminor number from the go libdir

pr47818:
  Fix PR ada/47818: Pragma Assert is rejected with No_Implementation_Pragmas restriction.

pr49940:
  Apply proposed patch for PR ada/49940.

pr49944:
  apply proposed patch for PR ada/49444.

gcc-base-version:
  Set base version to 4.8, introduce full version 4.8.x.

mudflapth-link:
  Link libmudflapth.so with -lpthread

libmudflap-x32:
  Fix libmudflap build failure for x32 multilibs

libgo-testsuite:
  Only run the libgo testsuite for flags configured in RUNTESTFLAGS

gcc-target-include-asm:
  Search \$(builddir)/sys-include for the asm header files

libgo-revert-timeout-exp:

gcc-sysroot:
  Allow building --with-sysroot=/

ada-kfreebsd:
  Fix gnat build failure on kfreebsd.

arm-multilib-soft:
  ARM hard/soft float multilib support

arm-multilib-defaults:
  Set MULTILIB_DEFAULTS for ARM multilib builds

gcc-ice-hack:
  Retry the build on an ice, save the calling options and preprocessed
  source when the ice is reproducible.

gcc-ice-apport:
  Report an ICE to apport (if apport is available
  and the environment variable GCC_NOAPPORT is not set)

libjava-fixed-symlinks:
  Remove unneed '..' elements from symlinks in JAVA_HOME

libstdc++-arm-wno-abi:
  Temporary work around:
  On arm-linux-gnueabi run the libstdc++v3 testsuite with -Wno-abi

ada-mips:
  Improve support for mips.

libffi-ro-eh_frame_sect:
  PR libffi/47248, force a read only eh frame section.

gcc-multiarch:
  - Remaining multiarch patches, not yet submitted upstream.
  - Add MULTIARCH_DIRNAME definitions for multilib configurations,
  which are used for the non-multilib builds.

libjava-multiarch:
  Install libjava libraries to multiarch location

libjava-nobiarch-check:
  For biarch builds, disable the testsuite for the non-default architecture
  for runtime libraries, which are not built by default (libjava).

config-ml:
  - Disable some biarch libraries for biarch builds.
  - Fix multilib builds on kernels which don't support all multilibs.

g++-multiarch-incdir:
  Use /usr/include/<multiarch>/c++/4.x as the include directory
  for host dependent c++ header files.

gcc-multilib-multiarch:
  Don't auto-detect multilib osdirnames.

mips-fix-loongson2f-nop:
  On mips, pass -mfix-loongson2f-nop to as, if -mno-fix-loongson2f-nop
  is not passed.

libgomp-kfreebsd-testsuite:
  Disable lock-2.c test on kfreebsd-*

Counting all warnings,
there are 0 warnings in stage3 of this bootstrap.

Number of warnings per file:

Number of warning types:


Index Nav: [Date Index] [Subject Index] [Author Index] [Thread Index]
Message Nav: [Date Prev] [Date Next] [Thread Prev] [Thread Next]