This is the mail archive of the gcc-testresults@gcc.gnu.org mailing list for the GCC project.


Index Nav: [Date Index] [Subject Index] [Author Index] [Thread Index]
Message Nav: [Date Prev] [Date Next] [Thread Prev] [Thread Next]
Other format: [Raw text]

Results for 4.8.0 20130315 (experimental) [trunk revision 196691] (GCC) gcc testsuite on mn10300-unknown-elf


Debian 5 on x86_64
cross tool versions:
GNU assembler (GNU Binutils) 2.18.50.20080419
GNU gdb 6.8.50.20080419-cvs
GNU ld (GNU Binutils) 2.18.50.20080419

GNU Make 3.81
expect version 5.43.0
host gcc version: gcc (GCC) 4.8.0 20130314 (experimental) [trunk revision 196665]
LAST_UPDATED: Fri Mar 15 23:36:44 UTC 2013 (revision 196691)

Target is mn10300-unknown-elf
Host   is x86_64-unknown-linux-gnu

		=== gcc tests ===


Running target mn10300-sim
FAIL: gcc.c-torture/compile/20000804-1.c  -O0  (test for excess errors)
FAIL: gcc.c-torture/compile/pr53410-2.c  -O1  (internal compiler error)
FAIL: gcc.c-torture/compile/pr53410-2.c  -O1  (test for excess errors)
FAIL: gcc.c-torture/compile/pr53410-2.c  -O2  (internal compiler error)
FAIL: gcc.c-torture/compile/pr53410-2.c  -O2  (test for excess errors)
FAIL: gcc.c-torture/compile/pr53410-2.c  -O3 -fomit-frame-pointer  (internal compiler error)
FAIL: gcc.c-torture/compile/pr53410-2.c  -O3 -fomit-frame-pointer  (test for excess errors)
FAIL: gcc.c-torture/compile/pr53410-2.c  -O3 -g  (internal compiler error)
FAIL: gcc.c-torture/compile/pr53410-2.c  -O3 -g  (test for excess errors)
FAIL: gcc.c-torture/compile/pr53410-2.c  -Os  (internal compiler error)
FAIL: gcc.c-torture/compile/pr53410-2.c  -Os  (test for excess errors)
FAIL: gcc.c-torture/compile/pr53410-2.c  -O2 -flto -flto-partition=none  (internal compiler error)
FAIL: gcc.c-torture/compile/pr53410-2.c  -O2 -flto -flto-partition=none  (test for excess errors)
FAIL: gcc.c-torture/compile/pr53410-2.c  -O2 -flto  (internal compiler error)
FAIL: gcc.c-torture/compile/pr53410-2.c  -O2 -flto  (test for excess errors)
FAIL: gcc.c-torture/execute/20010209-1.c compilation,  -O3 -fomit-frame-pointer  (internal compiler error)
UNRESOLVED: gcc.c-torture/execute/20010209-1.c execution,  -O3 -fomit-frame-pointer 
FAIL: gcc.c-torture/execute/20010209-1.c compilation,  -O3 -fomit-frame-pointer -funroll-loops  (internal compiler error)
UNRESOLVED: gcc.c-torture/execute/20010209-1.c execution,  -O3 -fomit-frame-pointer -funroll-loops 
FAIL: gcc.c-torture/execute/20010209-1.c compilation,  -O3 -fomit-frame-pointer -funroll-all-loops -finline-functions  (internal compiler error)
UNRESOLVED: gcc.c-torture/execute/20010209-1.c execution,  -O3 -fomit-frame-pointer -funroll-all-loops -finline-functions 
FAIL: gcc.c-torture/execute/20010209-1.c compilation,  -O3 -g  (internal compiler error)
UNRESOLVED: gcc.c-torture/execute/20010209-1.c execution,  -O3 -g 
FAIL: gcc.c-torture/execute/20040811-1.c compilation,  -Os  (internal compiler error)
UNRESOLVED: gcc.c-torture/execute/20040811-1.c execution,  -Os 
FAIL: gcc.c-torture/execute/20040811-1.c compilation,  -Og -g  (internal compiler error)
UNRESOLVED: gcc.c-torture/execute/20040811-1.c execution,  -Og -g 
FAIL: gcc.c-torture/execute/20081218-1.c execution,  -O2 
FAIL: gcc.c-torture/execute/20081218-1.c execution,  -O3 -fomit-frame-pointer 
FAIL: gcc.c-torture/execute/20081218-1.c execution,  -O3 -fomit-frame-pointer -funroll-loops 
FAIL: gcc.c-torture/execute/20081218-1.c execution,  -O3 -fomit-frame-pointer -funroll-all-loops -finline-functions 
FAIL: gcc.c-torture/execute/20081218-1.c execution,  -O3 -g 
FAIL: gcc.c-torture/execute/20081218-1.c execution,  -Os 
FAIL: gcc.c-torture/execute/20081218-1.c execution,  -O2 -flto -flto-partition=none 
FAIL: gcc.c-torture/execute/20081218-1.c execution,  -O2 -flto 
FAIL: gcc.c-torture/execute/20101011-1.c execution,  -O0 
FAIL: gcc.c-torture/execute/20101011-1.c execution,  -O1 
FAIL: gcc.c-torture/execute/20101011-1.c execution,  -O2 
FAIL: gcc.c-torture/execute/20101011-1.c execution,  -O3 -fomit-frame-pointer 
FAIL: gcc.c-torture/execute/20101011-1.c execution,  -O3 -g 
FAIL: gcc.c-torture/execute/20101011-1.c execution,  -Os 
FAIL: gcc.c-torture/execute/20101011-1.c execution,  -Og -g 
FAIL: gcc.c-torture/execute/20101011-1.c execution,  -O2 -flto -flto-partition=none 
FAIL: gcc.c-torture/execute/20101011-1.c execution,  -O2 -flto 
FAIL: gcc.c-torture/execute/bitfld-3.c compilation,  -O0  (internal compiler error)
UNRESOLVED: gcc.c-torture/execute/bitfld-3.c execution,  -O0 
FAIL: gcc.c-torture/execute/bitfld-3.c compilation,  -O2  (internal compiler error)
UNRESOLVED: gcc.c-torture/execute/bitfld-3.c execution,  -O2 
FAIL: gcc.c-torture/execute/bitfld-3.c compilation,  -O3 -fomit-frame-pointer  (internal compiler error)
UNRESOLVED: gcc.c-torture/execute/bitfld-3.c execution,  -O3 -fomit-frame-pointer 
FAIL: gcc.c-torture/execute/bitfld-3.c compilation,  -O3 -g  (internal compiler error)
UNRESOLVED: gcc.c-torture/execute/bitfld-3.c execution,  -O3 -g 
FAIL: gcc.c-torture/execute/bitfld-3.c compilation,  -Og -g  (internal compiler error)
UNRESOLVED: gcc.c-torture/execute/bitfld-3.c execution,  -Og -g 
FAIL: gcc.c-torture/execute/bitfld-3.c compilation,  -O2 -flto -flto-partition=none  (internal compiler error)
UNRESOLVED: gcc.c-torture/execute/bitfld-3.c execution,  -O2 -flto -flto-partition=none 
FAIL: gcc.c-torture/execute/bitfld-3.c compilation,  -O2 -flto  (internal compiler error)
UNRESOLVED: gcc.c-torture/execute/bitfld-3.c execution,  -O2 -flto 
FAIL: gcc.c-torture/execute/bitfld-5.c compilation,  -O0  (internal compiler error)
UNRESOLVED: gcc.c-torture/execute/bitfld-5.c execution,  -O0 
FAIL: gcc.c-torture/execute/memset-1.c execution,  -O0 
FAIL: gcc.c-torture/execute/memset-1.c execution,  -O1 
FAIL: gcc.c-torture/execute/memset-1.c execution,  -O2 
FAIL: gcc.c-torture/execute/memset-1.c execution,  -O3 -fomit-frame-pointer 
FAIL: gcc.c-torture/execute/memset-1.c execution,  -O3 -fomit-frame-pointer -funroll-loops 
FAIL: gcc.c-torture/execute/memset-1.c execution,  -O3 -fomit-frame-pointer -funroll-all-loops -finline-functions 
FAIL: gcc.c-torture/execute/memset-1.c execution,  -O3 -g 
FAIL: gcc.c-torture/execute/memset-1.c execution,  -Os 
FAIL: gcc.c-torture/execute/memset-1.c execution,  -Og -g 
FAIL: gcc.c-torture/execute/memset-1.c execution,  -O2 -flto -flto-partition=none 
FAIL: gcc.c-torture/execute/memset-1.c execution,  -O2 -flto 
FAIL: gcc.c-torture/execute/memset-2.c execution,  -O0 
FAIL: gcc.c-torture/execute/memset-2.c execution,  -O1 
FAIL: gcc.c-torture/execute/memset-2.c execution,  -O2 
FAIL: gcc.c-torture/execute/memset-2.c execution,  -O3 -fomit-frame-pointer 
FAIL: gcc.c-torture/execute/memset-2.c execution,  -O3 -fomit-frame-pointer -funroll-loops 
FAIL: gcc.c-torture/execute/memset-2.c execution,  -O3 -fomit-frame-pointer -funroll-all-loops -finline-functions 
FAIL: gcc.c-torture/execute/memset-2.c execution,  -O3 -g 
FAIL: gcc.c-torture/execute/memset-2.c execution,  -Os 
FAIL: gcc.c-torture/execute/memset-2.c execution,  -Og -g 
FAIL: gcc.c-torture/execute/memset-2.c execution,  -O2 -flto -flto-partition=none 
FAIL: gcc.c-torture/execute/memset-2.c execution,  -O2 -flto 
FAIL: gcc.c-torture/execute/memset-3.c execution,  -O0 
FAIL: gcc.c-torture/execute/memset-3.c execution,  -O1 
FAIL: gcc.c-torture/execute/memset-3.c execution,  -O2 
FAIL: gcc.c-torture/execute/memset-3.c execution,  -O3 -fomit-frame-pointer 
FAIL: gcc.c-torture/execute/memset-3.c execution,  -O3 -fomit-frame-pointer -funroll-loops 
FAIL: gcc.c-torture/execute/memset-3.c execution,  -O3 -fomit-frame-pointer -funroll-all-loops -finline-functions 
FAIL: gcc.c-torture/execute/memset-3.c execution,  -O3 -g 
FAIL: gcc.c-torture/execute/memset-3.c execution,  -Os 
FAIL: gcc.c-torture/execute/memset-3.c execution,  -Og -g 
FAIL: gcc.c-torture/execute/memset-3.c execution,  -O2 -flto -flto-partition=none 
FAIL: gcc.c-torture/execute/memset-3.c execution,  -O2 -flto 
FAIL: gcc.c-torture/execute/pr32244-1.c compilation,  -O0  (internal compiler error)
UNRESOLVED: gcc.c-torture/execute/pr32244-1.c execution,  -O0 
FAIL: gcc.c-torture/execute/pr53645-2.c compilation,  -O0  (internal compiler error)
UNRESOLVED: gcc.c-torture/execute/pr53645-2.c execution,  -O0 
FAIL: gcc.c-torture/execute/scal-to-vec1.c compilation,  -O0  (internal compiler error)
UNRESOLVED: gcc.c-torture/execute/scal-to-vec1.c execution,  -O0 
FAIL: gcc.c-torture/execute/simd-2.c compilation,  -O0  (internal compiler error)
UNRESOLVED: gcc.c-torture/execute/simd-2.c execution,  -O0 
FAIL: gcc.c-torture/execute/simd-2.c compilation,  -O2  (internal compiler error)
UNRESOLVED: gcc.c-torture/execute/simd-2.c execution,  -O2 
FAIL: gcc.c-torture/execute/simd-2.c compilation,  -O3 -fomit-frame-pointer  (internal compiler error)
UNRESOLVED: gcc.c-torture/execute/simd-2.c execution,  -O3 -fomit-frame-pointer 
FAIL: gcc.c-torture/execute/simd-2.c compilation,  -O3 -g  (internal compiler error)
UNRESOLVED: gcc.c-torture/execute/simd-2.c execution,  -O3 -g 
FAIL: gcc.c-torture/execute/simd-2.c compilation,  -Os  (internal compiler error)
UNRESOLVED: gcc.c-torture/execute/simd-2.c execution,  -Os 
FAIL: gcc.c-torture/execute/simd-2.c compilation,  -Og -g  (internal compiler error)
UNRESOLVED: gcc.c-torture/execute/simd-2.c execution,  -Og -g 
FAIL: gcc.c-torture/execute/simd-2.c compilation,  -O2 -flto -flto-partition=none  (internal compiler error)
UNRESOLVED: gcc.c-torture/execute/simd-2.c execution,  -O2 -flto -flto-partition=none 
FAIL: gcc.c-torture/execute/simd-2.c compilation,  -O2 -flto  (internal compiler error)
UNRESOLVED: gcc.c-torture/execute/simd-2.c execution,  -O2 -flto 
FAIL: gcc.c-torture/execute/simd-5.c compilation,  -O0  (internal compiler error)
UNRESOLVED: gcc.c-torture/execute/simd-5.c execution,  -O0 
FAIL: gcc.c-torture/execute/simd-5.c compilation,  -O1  (internal compiler error)
UNRESOLVED: gcc.c-torture/execute/simd-5.c execution,  -O1 
FAIL: gcc.c-torture/execute/simd-5.c compilation,  -O2  (internal compiler error)
UNRESOLVED: gcc.c-torture/execute/simd-5.c execution,  -O2 
FAIL: gcc.c-torture/execute/simd-5.c compilation,  -O3 -fomit-frame-pointer  (internal compiler error)
UNRESOLVED: gcc.c-torture/execute/simd-5.c execution,  -O3 -fomit-frame-pointer 
FAIL: gcc.c-torture/execute/simd-5.c compilation,  -O3 -g  (internal compiler error)
UNRESOLVED: gcc.c-torture/execute/simd-5.c execution,  -O3 -g 
FAIL: gcc.c-torture/execute/simd-5.c compilation,  -Og -g  (internal compiler error)
UNRESOLVED: gcc.c-torture/execute/simd-5.c execution,  -Og -g 
FAIL: gcc.c-torture/execute/simd-5.c compilation,  -O2 -flto -flto-partition=none  (internal compiler error)
UNRESOLVED: gcc.c-torture/execute/simd-5.c execution,  -O2 -flto -flto-partition=none 
FAIL: gcc.c-torture/execute/simd-5.c compilation,  -O2 -flto  (internal compiler error)
UNRESOLVED: gcc.c-torture/execute/simd-5.c execution,  -O2 -flto 
FAIL: gcc.c-torture/execute/simd-6.c compilation,  -O1  (internal compiler error)
UNRESOLVED: gcc.c-torture/execute/simd-6.c execution,  -O1 
FAIL: gcc.c-torture/execute/simd-6.c compilation,  -O2  (internal compiler error)
UNRESOLVED: gcc.c-torture/execute/simd-6.c execution,  -O2 
FAIL: gcc.c-torture/execute/simd-6.c compilation,  -O3 -fomit-frame-pointer  (internal compiler error)
UNRESOLVED: gcc.c-torture/execute/simd-6.c execution,  -O3 -fomit-frame-pointer 
FAIL: gcc.c-torture/execute/simd-6.c compilation,  -O3 -g  (internal compiler error)
UNRESOLVED: gcc.c-torture/execute/simd-6.c execution,  -O3 -g 
FAIL: gcc.c-torture/execute/simd-6.c compilation,  -Og -g  (internal compiler error)
UNRESOLVED: gcc.c-torture/execute/simd-6.c execution,  -Og -g 
FAIL: gcc.c-torture/execute/simd-6.c compilation,  -O2 -flto -flto-partition=none  (internal compiler error)
UNRESOLVED: gcc.c-torture/execute/simd-6.c execution,  -O2 -flto -flto-partition=none 
FAIL: gcc.c-torture/execute/simd-6.c compilation,  -O2 -flto  (internal compiler error)
UNRESOLVED: gcc.c-torture/execute/simd-6.c execution,  -O2 -flto 
FAIL: gcc.c-torture/execute/strlen-1.c execution,  -O3 -fomit-frame-pointer 
FAIL: gcc.c-torture/execute/strlen-1.c execution,  -O3 -fomit-frame-pointer -funroll-loops 
FAIL: gcc.c-torture/execute/strlen-1.c execution,  -O3 -fomit-frame-pointer -funroll-all-loops -finline-functions 
FAIL: gcc.c-torture/execute/strlen-1.c execution,  -O3 -g 
FAIL: gcc.c-torture/execute/vla-dealloc-1.c compilation,  -Os  (internal compiler error)
UNRESOLVED: gcc.c-torture/execute/vla-dealloc-1.c execution,  -Os 
FAIL: gcc.c-torture/execute/vla-dealloc-1.c compilation,  -Og -g  (internal compiler error)
UNRESOLVED: gcc.c-torture/execute/vla-dealloc-1.c execution,  -Og -g 
WARNING: program timed out.
FAIL: tmpdir-gcc.dg-struct-layout-1/t001 c_compat_x_tst.o-c_compat_y_tst.o execute 
WARNING: program timed out.
FAIL: tmpdir-gcc.dg-struct-layout-1/t002 c_compat_x_tst.o-c_compat_y_tst.o execute 
WARNING: program timed out.
FAIL: tmpdir-gcc.dg-struct-layout-1/t003 c_compat_x_tst.o-c_compat_y_tst.o execute 
FAIL: tmpdir-gcc.dg-struct-layout-1/t018 c_compat_y_tst.o compile,  (internal compiler error)
UNRESOLVED: tmpdir-gcc.dg-struct-layout-1/t018 c_compat_x_tst.o-c_compat_y_tst.o link 
UNRESOLVED: tmpdir-gcc.dg-struct-layout-1/t018 c_compat_x_tst.o-c_compat_y_tst.o execute 
FAIL: tmpdir-gcc.dg-struct-layout-1/t023 c_compat_y_tst.o compile,  (internal compiler error)
UNRESOLVED: tmpdir-gcc.dg-struct-layout-1/t023 c_compat_x_tst.o-c_compat_y_tst.o link 
UNRESOLVED: tmpdir-gcc.dg-struct-layout-1/t023 c_compat_x_tst.o-c_compat_y_tst.o execute 
FAIL: tmpdir-gcc.dg-struct-layout-1/t024 c_compat_y_tst.o compile,  (internal compiler error)
UNRESOLVED: tmpdir-gcc.dg-struct-layout-1/t024 c_compat_x_tst.o-c_compat_y_tst.o link 
UNRESOLVED: tmpdir-gcc.dg-struct-layout-1/t024 c_compat_x_tst.o-c_compat_y_tst.o execute 
FAIL: tmpdir-gcc.dg-struct-layout-1/t025 c_compat_x_tst.o-c_compat_y_tst.o execute 
FAIL: tmpdir-gcc.dg-struct-layout-1/t026 c_compat_x_tst.o-c_compat_y_tst.o execute 
FAIL: tmpdir-gcc.dg-struct-layout-1/t027 c_compat_x_tst.o-c_compat_y_tst.o execute 
FAIL: tmpdir-gcc.dg-struct-layout-1/t028 c_compat_x_tst.o-c_compat_y_tst.o execute 
FAIL: gcc.dg/debug/pr49294.c -gdwarf-2 -g1 (internal compiler error)
FAIL: gcc.dg/debug/pr49294.c -gdwarf-2 -g1 (test for excess errors)
FAIL: gcc.dg/debug/pr49294.c -gdwarf-2 (internal compiler error)
FAIL: gcc.dg/debug/pr49294.c -gdwarf-2 (test for excess errors)
FAIL: gcc.dg/debug/pr49294.c -gdwarf-2 -g3 (internal compiler error)
FAIL: gcc.dg/debug/pr49294.c -gdwarf-2 -g3 (test for excess errors)
FAIL: gcc.dg/debug/pr49294.c -gstabs1 (internal compiler error)
FAIL: gcc.dg/debug/pr49294.c -gstabs1 (test for excess errors)
FAIL: gcc.dg/debug/pr49294.c -gstabs (internal compiler error)
FAIL: gcc.dg/debug/pr49294.c -gstabs (test for excess errors)
FAIL: gcc.dg/debug/pr49294.c -gstabs3 (internal compiler error)
FAIL: gcc.dg/debug/pr49294.c -gstabs3 (test for excess errors)
FAIL: gcc.dg/debug/pr49294.c -gstabs+1 (internal compiler error)
FAIL: gcc.dg/debug/pr49294.c -gstabs+1 (test for excess errors)
FAIL: gcc.dg/debug/pr49294.c -gstabs+ (internal compiler error)
FAIL: gcc.dg/debug/pr49294.c -gstabs+ (test for excess errors)
FAIL: gcc.dg/debug/pr49294.c -gstabs+3 (internal compiler error)
FAIL: gcc.dg/debug/pr49294.c -gstabs+3 (test for excess errors)
FAIL: gcc.dg/c99-stdint-7.c (test for excess errors)
FAIL: gcc.dg/hoist-register-pressure-1.c scan-rtl-dump hoist "PRE/HOIST: end of bb .* copying expression"
FAIL: gcc.dg/hoist-register-pressure-2.c scan-rtl-dump hoist "PRE/HOIST: end of bb .* copying expression"
FAIL: gcc.dg/hoist-register-pressure-3.c scan-rtl-dump hoist "PRE/HOIST: end of bb .* copying expression"
FAIL: gcc.dg/lower-subreg-1.c scan-rtl-dump subreg1 "Splitting reg"
FAIL: gcc.dg/setjmp-1.c spurious clobbered warning (test for bogus messages, line 16)
UNRESOLVED: gcc.dg/superblock.c scan-rtl-dump-times sched2 "ADVANCING TO" 2
FAIL: c-c++-common/vector-scalar.c  -Wc++-compat  (internal compiler error)
FAIL: c-c++-common/vector-scalar.c  -Wc++-compat  (test for excess errors)
FAIL: gcc.dg/ipa/iinline-4.c scan-ipa-dump inline "hooray4[^\\\\n]*inline copy in test4"
FAIL: gcc.dg/ipa/inline-5.c scan-ipa-dump-times inline "Will be eliminated" 4
FAIL: gcc.dg/lto/pr54625-1 c_lto_pr54625-1_1.o assemble, -O0 -flto -flto-partition=none 
UNRESOLVED: gcc.dg/lto/pr54625-1 c_lto_pr54625-1_0.o-c_lto_pr54625-1_1.o link -O0 -flto -flto-partition=none 
UNRESOLVED: gcc.dg/lto/pr54625-1 c_lto_pr54625-1_0.o-c_lto_pr54625-1_1.o execute -O0 -flto -flto-partition=none 
FAIL: gcc.dg/lto/pr54625-1 c_lto_pr54625-1_1.o assemble, -O2 -flto -flto-partition=none 
UNRESOLVED: gcc.dg/lto/pr54625-1 c_lto_pr54625-1_0.o-c_lto_pr54625-1_1.o link -O2 -flto -flto-partition=none 
UNRESOLVED: gcc.dg/lto/pr54625-1 c_lto_pr54625-1_0.o-c_lto_pr54625-1_1.o execute -O2 -flto -flto-partition=none 
FAIL: gcc.dg/lto/pr54625-1 c_lto_pr54625-1_1.o assemble, -O0 -flto -flto-partition=1to1 
UNRESOLVED: gcc.dg/lto/pr54625-1 c_lto_pr54625-1_0.o-c_lto_pr54625-1_1.o link -O0 -flto -flto-partition=1to1 
UNRESOLVED: gcc.dg/lto/pr54625-1 c_lto_pr54625-1_0.o-c_lto_pr54625-1_1.o execute -O0 -flto -flto-partition=1to1 
FAIL: gcc.dg/lto/pr54625-1 c_lto_pr54625-1_1.o assemble, -O2 -flto -flto-partition=1to1 
UNRESOLVED: gcc.dg/lto/pr54625-1 c_lto_pr54625-1_0.o-c_lto_pr54625-1_1.o link -O2 -flto -flto-partition=1to1 
UNRESOLVED: gcc.dg/lto/pr54625-1 c_lto_pr54625-1_0.o-c_lto_pr54625-1_1.o execute -O2 -flto -flto-partition=1to1 
FAIL: gcc.dg/lto/pr54625-1 c_lto_pr54625-1_1.o assemble, -O0 -flto 
UNRESOLVED: gcc.dg/lto/pr54625-1 c_lto_pr54625-1_0.o-c_lto_pr54625-1_1.o link -O0 -flto 
UNRESOLVED: gcc.dg/lto/pr54625-1 c_lto_pr54625-1_0.o-c_lto_pr54625-1_1.o execute -O0 -flto 
FAIL: gcc.dg/lto/pr54625-1 c_lto_pr54625-1_1.o assemble, -O2 -flto
UNRESOLVED: gcc.dg/lto/pr54625-1 c_lto_pr54625-1_0.o-c_lto_pr54625-1_1.o link -O2 -flto
UNRESOLVED: gcc.dg/lto/pr54625-1 c_lto_pr54625-1_0.o-c_lto_pr54625-1_1.o execute -O2 -flto
FAIL: gcc.dg/lto/pr54625-2 c_lto_pr54625-2_1.o assemble, -O0 -flto -flto-partition=none 
UNRESOLVED: gcc.dg/lto/pr54625-2 c_lto_pr54625-2_0.o-c_lto_pr54625-2_1.o link -O0 -flto -flto-partition=none 
UNRESOLVED: gcc.dg/lto/pr54625-2 c_lto_pr54625-2_0.o-c_lto_pr54625-2_1.o execute -O0 -flto -flto-partition=none 
FAIL: gcc.dg/lto/pr54625-2 c_lto_pr54625-2_1.o assemble, -O2 -flto -flto-partition=none 
UNRESOLVED: gcc.dg/lto/pr54625-2 c_lto_pr54625-2_0.o-c_lto_pr54625-2_1.o link -O2 -flto -flto-partition=none 
UNRESOLVED: gcc.dg/lto/pr54625-2 c_lto_pr54625-2_0.o-c_lto_pr54625-2_1.o execute -O2 -flto -flto-partition=none 
FAIL: gcc.dg/lto/pr54625-2 c_lto_pr54625-2_1.o assemble, -O0 -flto -flto-partition=1to1 
UNRESOLVED: gcc.dg/lto/pr54625-2 c_lto_pr54625-2_0.o-c_lto_pr54625-2_1.o link -O0 -flto -flto-partition=1to1 
UNRESOLVED: gcc.dg/lto/pr54625-2 c_lto_pr54625-2_0.o-c_lto_pr54625-2_1.o execute -O0 -flto -flto-partition=1to1 
FAIL: gcc.dg/lto/pr54625-2 c_lto_pr54625-2_1.o assemble, -O2 -flto -flto-partition=1to1 
UNRESOLVED: gcc.dg/lto/pr54625-2 c_lto_pr54625-2_0.o-c_lto_pr54625-2_1.o link -O2 -flto -flto-partition=1to1 
UNRESOLVED: gcc.dg/lto/pr54625-2 c_lto_pr54625-2_0.o-c_lto_pr54625-2_1.o execute -O2 -flto -flto-partition=1to1 
FAIL: gcc.dg/lto/pr54625-2 c_lto_pr54625-2_1.o assemble, -O0 -flto 
UNRESOLVED: gcc.dg/lto/pr54625-2 c_lto_pr54625-2_0.o-c_lto_pr54625-2_1.o link -O0 -flto 
UNRESOLVED: gcc.dg/lto/pr54625-2 c_lto_pr54625-2_0.o-c_lto_pr54625-2_1.o execute -O0 -flto 
FAIL: gcc.dg/lto/pr54625-2 c_lto_pr54625-2_1.o assemble, -O2 -flto
UNRESOLVED: gcc.dg/lto/pr54625-2 c_lto_pr54625-2_0.o-c_lto_pr54625-2_1.o link -O2 -flto
UNRESOLVED: gcc.dg/lto/pr54625-2 c_lto_pr54625-2_0.o-c_lto_pr54625-2_1.o execute -O2 -flto
FAIL: gcc.dg/lto/pr54709 c_lto_pr54709_0.o-c_lto_pr54709_1.o link,  -fPIC -fvisibility=hidden -flto 
UNRESOLVED: gcc.dg/lto/pr54709 c_lto_pr54709_0.o-c_lto_pr54709_1.o execute  -fPIC -fvisibility=hidden -flto 
FAIL: c-c++-common/torture/vector-compare-1.c  -O0  (internal compiler error)
FAIL: c-c++-common/torture/vector-compare-1.c  -O0  (test for excess errors)
UNRESOLVED: c-c++-common/torture/vector-compare-1.c  -O0  compilation failed to produce executable
FAIL: c-c++-common/torture/vshuf-v4hi.c  -O1  (internal compiler error)
FAIL: c-c++-common/torture/vshuf-v4hi.c  -O1  (test for excess errors)
FAIL: c-c++-common/torture/vshuf-v4hi.c  -O2  (internal compiler error)
FAIL: c-c++-common/torture/vshuf-v4hi.c  -O2  (test for excess errors)
FAIL: c-c++-common/torture/vshuf-v4hi.c  -O2 -flto -flto-partition=none  (internal compiler error)
FAIL: c-c++-common/torture/vshuf-v4hi.c  -O2 -flto -flto-partition=none  (test for excess errors)
FAIL: c-c++-common/torture/vshuf-v4hi.c  -O2 -flto  (internal compiler error)
FAIL: c-c++-common/torture/vshuf-v4hi.c  -O2 -flto  (test for excess errors)
FAIL: c-c++-common/torture/vshuf-v8qi.c  -O1  (internal compiler error)
FAIL: c-c++-common/torture/vshuf-v8qi.c  -O1  (test for excess errors)
FAIL: gcc.dg/torture/pr47917.c  -O0  (test for excess errors)
FAIL: gcc.dg/torture/pr47917.c  -O1  (test for excess errors)
FAIL: gcc.dg/torture/pr47917.c  -O2  (test for excess errors)
FAIL: gcc.dg/torture/pr47917.c  -O3 -fomit-frame-pointer  (test for excess errors)
FAIL: gcc.dg/torture/pr47917.c  -O3 -g  (test for excess errors)
FAIL: gcc.dg/torture/pr47917.c  -Os  (test for excess errors)
FAIL: gcc.dg/torture/pr47917.c  -O2 -flto -flto-partition=none  (test for excess errors)
FAIL: gcc.dg/torture/pr47917.c  -O2 -flto  (test for excess errors)
FAIL: gcc.dg/torture/pr48493.c  -O0  (internal compiler error)
FAIL: gcc.dg/torture/pr48493.c  -O0  (test for excess errors)
XPASS: gcc.dg/tree-ssa/20040204-1.c scan-tree-dump-times optimized "link_error" 0
FAIL: gcc.dg/tree-ssa/ssa-dom-thread-4.c scan-tree-dump-times dom1 "Threaded" 3
FAIL: gcc.dg/tree-ssa/vector-4.c scan-tree-dump-times gimple "VEC_PERM_EXPR <a, b, { 0, 4, 1, 5 }>;" 1

		=== gcc Summary ===

# of expected passes		77733
# of unexpected failures	186
# of unexpected successes	1
# of expected failures		103
# of unresolved testcases	75
# of unsupported tests		1407
/home/mstein/sim/trunk/mn10300-elf/build/gcc/xgcc  version 4.8.0 20130315 (experimental) [trunk revision 196691] (GCC) 


Compiler version: 4.8.0 20130315 (experimental) [trunk revision 196691] (GCC) gcc 
Platform: mn10300-unknown-elf
configure flags: --target=mn10300-elf --prefix=/home/mstein/cross-local/mn10300-elf --enable-languages=c --disable-nls --disable-build-warnings --with-sysroot=/home/mstein/cross-local/mn10300-elf --with-build-sysroot=/home/mstein/cross-local/mn10300-elf --with-ld=/home/mstein/cross-local/mn10300-elf/usr/bin/ld --with-as=/home/mstein/cross-local/mn10300-elf/usr/bin/as --disable-libssp --with-mpfr=/opt/cfarm/mpfr-2.4.1 --with-gmp=/opt/cfarm/gmp-4.2.4 --with-libelf=/opt/cfarm/libelf-0.8.12 --with-mpc=/opt/cfarm/mpc-0.8


Index Nav: [Date Index] [Subject Index] [Author Index] [Thread Index]
Message Nav: [Date Prev] [Date Next] [Thread Prev] [Thread Next]