This is the mail archive of the gcc-testresults@gcc.gnu.org mailing list for the GCC project.


Index Nav: [Date Index] [Subject Index] [Author Index] [Thread Index]
Message Nav: [Date Prev] [Date Next] [Thread Prev] [Thread Next]
Other format: [Raw text]

Results for 4.6.4 20130315 (prerelease) [gcc-4_6-branch revision 196677] (GCC) testsuite on i386-pc-solaris2.9


LAST_UPDATED: Fri Mar 15 14:07:01 UTC 2013 (revision 196677)

		=== acats tests ===

		=== acats Summary ===
# of expected passes		2321
# of unexpected failures	0
Native configuration is i386-pc-solaris2.9

		=== g++ tests ===


Running target unix
XPASS: g++.dg/uninit-pred-3_b.C (test for excess errors)
FAIL: g++.dg/lto/20091219 cp_lto_20091219_0.o-cp_lto_20091219_0.o link, -O3 -flto
UNRESOLVED: g++.dg/lto/20091219 cp_lto_20091219_0.o-cp_lto_20091219_0.o execute -O3 -flto
FAIL: g++.dg/torture/pr31863.C  -O2 -flto  (test for excess errors)

		=== g++ Summary ===

# of expected passes		26957
# of unexpected failures	2
# of unexpected successes	1
# of expected failures		169
# of unresolved testcases	1
# of unsupported tests		257
/var/gcc/regression/gcc-4.6-branch/9-gcc/build/gcc/testsuite/g++/../../g++  version 4.6.4 20130315 (prerelease) [gcc-4_6-branch revision 196677] (GCC) 

		=== gcc tests ===


Running target unix
FAIL: gcc.dg/lto/20110201-1 c_lto_20110201-1_0.o-c_lto_20110201-1_0.o link,  -O0 -flto 
UNRESOLVED: gcc.dg/lto/20110201-1 c_lto_20110201-1_0.o-c_lto_20110201-1_0.o execute  -O0 -flto 

		=== gcc Summary ===

# of expected passes		75663
# of unexpected failures	1
# of expected failures		211
# of unresolved testcases	1
# of unsupported tests		1504
/var/gcc/regression/gcc-4.6-branch/9-gcc/build/gcc/xgcc  version 4.6.4 20130315 (prerelease) [gcc-4_6-branch revision 196677] (GCC) 

		=== gfortran tests ===


Running target unix

		=== gfortran Summary ===

# of expected passes		38671
# of expected failures		41
# of unsupported tests		365
/var/gcc/regression/gcc-4.6-branch/9-gcc/build/gcc/testsuite/gfortran/../../gfortran  version 4.6.4 20130315 (prerelease) [gcc-4_6-branch revision 196677] (GCC) 

		=== gnat tests ===


Running target unix

		=== gnat Summary ===

# of expected passes		878
# of expected failures		10
# of unsupported tests		3
/var/gcc/regression/gcc-4.6-branch/9-gcc/build/gcc/gnatmake version 4.6.4 20130315 (prerelease) [gcc-4_6-branch revision 196677]

		=== objc tests ===


Running target unix

		=== objc Summary ===

# of expected passes		2920
# of expected failures		6
# of unsupported tests		74
/var/gcc/regression/gcc-4.6-branch/9-gcc/build/gcc/xgcc  version 4.6.4 20130315 (prerelease) [gcc-4_6-branch revision 196677] (GCC) 

		=== libffi tests ===


Running target unix

		=== libffi Summary ===

# of expected passes		1634
# of expected failures		10
# of unsupported tests		15
		=== libgomp tests ===


Running target unix

		=== libgomp Summary ===

# of expected passes		2628
# of unsupported tests		3
		=== libjava tests ===


Running target unix
FAIL: Divide_1 output - source compiled test
FAIL: Divide_1 -findirect-dispatch output - source compiled test
FAIL: Divide_1 -O3 output - source compiled test
FAIL: Divide_1 -O3 -findirect-dispatch output - source compiled test
FAIL: InvokeInterface execution - source compiled test
FAIL: InvokeInterface -O3 execution - source compiled test

		=== libjava Summary ===

# of expected passes		2566
# of unexpected failures	6
# of untested testcases		2
		=== libstdc++ tests ===


Running target unix

		=== libstdc++ Summary ===

# of expected passes		6908
# of expected failures		86
# of unsupported tests		745

Compiler version: 4.6.4 20130315 (prerelease) [gcc-4_6-branch revision 196677] (GCC) 
Platform: i386-pc-solaris2.9
configure flags: --prefix=/vol/gcc --target=i386-pc-solaris2.9 --with-gmp-include=/vol/gcc/include --with-gmp-lib=/vol/gcc/lib --with-mpfr-include=/vol/gcc/include --with-mpfr-lib=/vol/gcc/lib --with-mpc-include=/vol/gcc/include --with-mpc-lib=/vol/gcc/lib --enable-languages=all,ada --without-ppl --without-isl --without-cloog
BOOT_CFLAGS=-g -O2


Index Nav: [Date Index] [Subject Index] [Author Index] [Thread Index]
Message Nav: [Date Prev] [Date Next] [Thread Prev] [Thread Next]