This is the mail archive of the gcc-testresults@gcc.gnu.org mailing list for the GCC project.


Index Nav: [Date Index] [Subject Index] [Author Index] [Thread Index]
Message Nav: [Date Prev] [Date Next] [Thread Prev] [Thread Next]
Other format: [Raw text]

Results for 4.8.0 20130311 (experimental) (GCC) testsuite on i686-pc-cygwin


Native configuration is i686-pc-cygwin
Verified false positives marked with [*]
Many test-for-excess-error FAILs also appear to be bogus.

		=== g++ tests ===


Running target unix
FAIL: g++.dg/debug/pr54499.C (internal compiler error)
FAIL: g++.dg/debug/pr54499.C (test for excess errors)
FAIL: g++.dg/debug/pr54499.C (internal compiler error)
FAIL: g++.dg/debug/pr54499.C (test for excess errors)
FAIL: g++.dg/debug/pr54499.C (internal compiler error)
FAIL: g++.dg/debug/pr54499.C (test for excess errors)
FAIL: g++.dg/debug/pr54499.C (internal compiler error)
FAIL: g++.dg/debug/pr54499.C (test for excess errors)
FAIL: g++.dg/debug/pr54499.C (internal compiler error)
FAIL: g++.dg/debug/pr54499.C (test for excess errors)
FAIL: g++.dg/debug/pr54499.C (internal compiler error)
FAIL: g++.dg/debug/pr54499.C (test for excess errors)
FAIL: g++.dg/debug/pr54499.C (internal compiler error)
FAIL: g++.dg/debug/pr54499.C (test for excess errors)
FAIL: g++.dg/debug/pr54499.C (internal compiler error)
FAIL: g++.dg/debug/pr54499.C (test for excess errors)
FAIL: g++.dg/debug/pr54499.C (internal compiler error)
FAIL: g++.dg/debug/pr54499.C (test for excess errors)
FAIL: g++.dg/debug/dwarf2/nested-4.C scan-assembler-times debug_types 2
FAIL: g++.dg/debug/dwarf2/nested-4.C scan-assembler-times debug_types 2
FAIL: g++.dg/debug/dwarf2/nested-4.C scan-assembler-times debug_types 2
FAIL: g++.dg/debug/dwarf2/nested-4.C scan-assembler-times debug_types 2
FAIL: g++.dg/debug/dwarf2/thunk1.C scan-assembler-times LFB3 5
FAIL: g++.dg/debug/dwarf2/thunk1.C scan-assembler-times LFB3 5
FAIL: g++.dg/debug/dwarf2/thunk1.C scan-assembler-times LFB3 5
FAIL: g++.dg/debug/dwarf2/thunk1.C scan-assembler-times LFB3 5
FAIL: g++.dg/abi/thunk5.C scan-assembler weak.*ZTv
FAIL: g++.dg/abi/thunk5.C scan-assembler weak.*ZTv
FAIL: g++.dg/cpp0x/auto27.C (test for excess errors)
FAIL: g++.dg/cpp0x/variadic60.C (test for excess errors)
FAIL: g++.dg/ext/anon-struct4.C (test for excess errors)
FAIL: g++.dg/ext/dllexport2.C (test for excess errors)
FAIL: g++.dg/ext/dllexport2.C (test for excess errors)
FAIL: g++.dg/ext/dllexport5.C (test for excess errors)
FAIL: g++.dg/ext/dllexport5.C (test for excess errors)
FAIL: g++.dg/ext/visibility/anon8.C (test for excess errors)
FAIL: g++.dg/ext/visibility/anon8.C (test for excess errors)
FAIL: g++.dg/init/brace2.C (test for excess errors)
FAIL: g++.dg/init/brace6.C (test for excess errors)
FAIL: g++.dg/init/cleanup3.C scan-assembler-not _tcf
FAIL: g++.dg/init/cleanup3.C scan-assembler-not _tcf
FAIL: g++.dg/opt/devirt2.C scan-assembler-times xyzzy 2
FAIL: g++.dg/opt/devirt2.C scan-assembler-times xyzzy 2
FAIL: g++.dg/other/anon-union3.C (test for excess errors)
FAIL: g++.dg/other/anon3.C (test for excess errors)
FAIL: g++.dg/parse/error11.C (test for excess errors)
FAIL: g++.dg/parse/error12.C (test for excess errors)
FAIL: g++.dg/parse/template21.C (test for excess errors)
FAIL: g++.dg/parse/tmpl-outside1.C (test for excess errors)
FAIL: g++.dg/parse/tmpl-outside2.C (test for excess errors)
FAIL: g++.dg/template/arg2.C (test for excess errors)
[*]WARNING: program timed out.
[*]FAIL: g++.dg/template/lookup6.C (test for excess errors)
FAIL: g++.dg/template/nontype25.C (test for excess errors)
FAIL: g++.dg/template/qualttp18.C (test for excess errors)
FAIL: g++.dg/warn/format8.C (test for excess errors)
ERROR: (DejaGnu) proc "the" does not exist.
[*]WARNING: program timed out.
[*]FAIL: g++.dg/torture/pr48165.C (test for excess errors)
[*]WARNING: program timed out.
[*]FAIL: g++.dg/torture/pr48661.C (test for excess errors)
[*]WARNING: program timed out.
[*]FAIL: g++.dg/torture/vshuf-v16qi.C (test for excess errors)
FAIL: g++.old-deja/g++.brendan/cvt1.C (test for excess errors)
FAIL: g++.old-deja/g++.brendan/enum11.C (test for excess errors)
FAIL: g++.old-deja/g++.brendan/enum8.C (test for excess errors)
FAIL: g++.old-deja/g++.brendan/enum9.C (test for excess errors)
FAIL: g++.old-deja/g++.brendan/friend3.C (test for excess errors)
FAIL: g++.old-deja/g++.brendan/init2.C (test for excess errors)
FAIL: g++.old-deja/g++.brendan/init4.C (test for excess errors)
FAIL: g++.old-deja/g++.brendan/misc14.C (test for excess errors)
XPASS: g++.old-deja/g++.ext/attrib5.C execution test
XPASS: g++.old-deja/g++.ext/attrib5.C execution test
FAIL: g++.old-deja/g++.jason/cond.C (test for excess errors)
FAIL: g++.old-deja/g++.law/init1.C (test for excess errors)
FAIL: g++.old-deja/g++.law/operators32.C (test for excess errors)
FAIL: g++.old-deja/g++.other/init5.C execution test
FAIL: g++.old-deja/g++.other/init5.C execution test
FAIL: g++.old-deja/g++.other/linkage4.C (test for excess errors)
FAIL: g++.old-deja/g++.other/using3.C (test for excess errors)
FAIL: g++.old-deja/g++.pt/enum6.C (test for excess errors)
FAIL: g++.old-deja/g++.pt/explicit70.C (test for excess errors)
FAIL: g++.old-deja/g++.pt/memtemp87.C (test for excess errors)
FAIL: g++.old-deja/g++.pt/overload13.C (test for excess errors)
FAIL: g++.old-deja/g++.pt/ptrmem6.C (test for excess errors)

		=== g++ Summary ===

# of expected passes		51578
# of unexpected failures	78
# of unexpected successes	2
# of expected failures		292
# of unsupported tests		844
/gnu/gcc/obj/gcc/testsuite/g++/../../xg++  version 4.8.0 20130311
(experimental) (GCC)

		=== gcc tests ===


Running target unix
[*]FAIL: gcc.c-torture/compile/20040124-1.c (test for excess errors)
[*]FAIL: gcc.c-torture/compile/20040727-1.c (test for excess errors)
[*]WARNING: program timed out.
[*]WARNING: program timed out.
[*]FAIL: gcc.c-torture/execute/920730-1.c compilation,  -O2 -flto
-fuse-linker-plugin -fno-fat-lto-objects
[*]UNRESOLVED: gcc.c-torture/execute/920730-1.c execution,  -O2 -flto
-fuse-linker-plugin -fno-fat-lto-objects
[*]FAIL: gcc.c-torture/execute/ipa-sra-1.c compilation,  -O2 -flto
-fuse-linker-plugin -fno-fat-lto-objects
[*]UNRESOLVED: gcc.c-torture/execute/ipa-sra-1.c execution,  -O2 -flto
-fuse-linker-plugin -fno-fat-lto-objects
[*]FAIL: gcc.c-torture/execute/loop-2e.c compilation,  -O3 -fomit-frame-pointer
[*]UNRESOLVED: gcc.c-torture/execute/loop-2e.c execution,  -O3
-fomit-frame-pointer
[*]FAIL: gcc.c-torture/execute/pr22098-3.c compilation,  -O2 -flto
-fuse-linker-plugin -fno-fat-lto-objects
[*]UNRESOLVED: gcc.c-torture/execute/pr22098-3.c execution,  -O2 -flto
-fuse-linker-plugin -fno-fat-lto-objects
[*]WARNING: program timed out.
[*]WARNING: program timed out.
[*]WARNING: program timed out.
[*]WARNING: program timed out.
[*]FAIL: gcc.c-torture/execute/ieee/inf-3.c compilation,  -O1
[*]UNRESOLVED: gcc.c-torture/execute/ieee/inf-3.c execution,  -O1
[*]WARNING: program timed out.
FAIL: gcc.dg/c99-predef-1.c (test for excess errors)
FAIL: gcc.dg/lto/trans-mem-3 c_lto_trans-mem-3_1.o assemble, -flto
FAIL: largefile.c (internal compiler error)
FAIL: largefile.c (test for excess errors)
FAIL: gcc.dg/pch/largefile.c  -O0 -g assembly comparison
FAIL: largefile.c (internal compiler error)
FAIL: largefile.c (test for excess errors)
FAIL: gcc.dg/pch/largefile.c   -O0  assembly comparison
FAIL: largefile.c (internal compiler error)
FAIL: largefile.c (test for excess errors)
FAIL: gcc.dg/pch/largefile.c   -O1  assembly comparison
FAIL: largefile.c (internal compiler error)
FAIL: largefile.c (test for excess errors)
FAIL: gcc.dg/pch/largefile.c   -O2  assembly comparison
FAIL: largefile.c (internal compiler error)
FAIL: largefile.c (test for excess errors)
FAIL: gcc.dg/pch/largefile.c   -O3 -fomit-frame-pointer  assembly comparison
FAIL: largefile.c (internal compiler error)
FAIL: largefile.c (test for excess errors)
FAIL: gcc.dg/pch/largefile.c   -O3 -g  assembly comparison
FAIL: largefile.c (internal compiler error)
FAIL: largefile.c (test for excess errors)
FAIL: gcc.dg/pch/largefile.c   -Os  assembly comparison
ERROR: (DejaGnu) proc "the" does not exist.
[*]WARNING: program timed out.
[*]FAIL: c-c++-common/torture/complex-sign-sub.c (test for excess errors)
FAIL: gcc.dg/torture/builtin-math-5.c scan-tree-dump-times original "cexpf" 2
FAIL: gcc.dg/torture/builtin-math-5.c scan-tree-dump-times original "cexp " 2
FAIL: gcc.dg/torture/builtin-math-5.c scan-tree-dump-times original "cexpl" 2
FAIL: gcc.dg/torture/builtin-math-5.c scan-tree-dump-times original "cpowf" 18
FAIL: gcc.dg/torture/builtin-math-5.c scan-tree-dump-times original "cpow " 18
FAIL: gcc.dg/torture/builtin-math-5.c scan-tree-dump-times original "cpowl" 18
FAIL: gcc.dg/torture/builtin-math-5.c scan-tree-dump-times original "cexpf" 2
FAIL: gcc.dg/torture/builtin-math-5.c scan-tree-dump-times original "cexp " 2
FAIL: gcc.dg/torture/builtin-math-5.c scan-tree-dump-times original "cexpl" 2
FAIL: gcc.dg/torture/builtin-math-5.c scan-tree-dump-times original "cpowf" 18
FAIL: gcc.dg/torture/builtin-math-5.c scan-tree-dump-times original "cpow " 18
FAIL: gcc.dg/torture/builtin-math-5.c scan-tree-dump-times original "cpowl" 18
FAIL: gcc.dg/torture/builtin-math-5.c scan-tree-dump-times original "cexpf" 2
FAIL: gcc.dg/torture/builtin-math-5.c scan-tree-dump-times original "cexp " 2
FAIL: gcc.dg/torture/builtin-math-5.c scan-tree-dump-times original "cexpl" 2
FAIL: gcc.dg/torture/builtin-math-5.c scan-tree-dump-times original "cpowf" 18
FAIL: gcc.dg/torture/builtin-math-5.c scan-tree-dump-times original "cpow " 18
FAIL: gcc.dg/torture/builtin-math-5.c scan-tree-dump-times original "cpowl" 18
FAIL: gcc.dg/torture/builtin-math-5.c scan-tree-dump-times original "cexpf" 2
FAIL: gcc.dg/torture/builtin-math-5.c scan-tree-dump-times original "cexp " 2
FAIL: gcc.dg/torture/builtin-math-5.c scan-tree-dump-times original "cexpl" 2
FAIL: gcc.dg/torture/builtin-math-5.c scan-tree-dump-times original "cpowf" 18
FAIL: gcc.dg/torture/builtin-math-5.c scan-tree-dump-times original "cpow " 18
FAIL: gcc.dg/torture/builtin-math-5.c scan-tree-dump-times original "cpowl" 18
FAIL: gcc.dg/torture/builtin-math-5.c scan-tree-dump-times original "cexpf" 2
FAIL: gcc.dg/torture/builtin-math-5.c scan-tree-dump-times original "cexp " 2
FAIL: gcc.dg/torture/builtin-math-5.c scan-tree-dump-times original "cexpl" 2
FAIL: gcc.dg/torture/builtin-math-5.c scan-tree-dump-times original "cpowf" 18
FAIL: gcc.dg/torture/builtin-math-5.c scan-tree-dump-times original "cpow " 18
FAIL: gcc.dg/torture/builtin-math-5.c scan-tree-dump-times original "cpowl" 18
FAIL: gcc.dg/torture/builtin-math-5.c scan-tree-dump-times original "cexpf" 2
FAIL: gcc.dg/torture/builtin-math-5.c scan-tree-dump-times original "cexp " 2
FAIL: gcc.dg/torture/builtin-math-5.c scan-tree-dump-times original "cexpl" 2
FAIL: gcc.dg/torture/builtin-math-5.c scan-tree-dump-times original "cpowf" 18
FAIL: gcc.dg/torture/builtin-math-5.c scan-tree-dump-times original "cpow " 18
FAIL: gcc.dg/torture/builtin-math-5.c scan-tree-dump-times original "cpowl" 18
FAIL: gcc.dg/torture/builtin-math-5.c scan-tree-dump-times original "cexpf" 2
FAIL: gcc.dg/torture/builtin-math-5.c scan-tree-dump-times original "cexp " 2
FAIL: gcc.dg/torture/builtin-math-5.c scan-tree-dump-times original "cexpl" 2
FAIL: gcc.dg/torture/builtin-math-5.c scan-tree-dump-times original "cpowf" 18
FAIL: gcc.dg/torture/builtin-math-5.c scan-tree-dump-times original "cpow " 18
FAIL: gcc.dg/torture/builtin-math-5.c scan-tree-dump-times original "cpowl" 18
FAIL: gcc.dg/torture/builtin-math-5.c scan-tree-dump-times original "cexpf" 2
FAIL: gcc.dg/torture/builtin-math-5.c scan-tree-dump-times original "cexp " 2
FAIL: gcc.dg/torture/builtin-math-5.c scan-tree-dump-times original "cexpl" 2
FAIL: gcc.dg/torture/builtin-math-5.c scan-tree-dump-times original "cpowf" 18
FAIL: gcc.dg/torture/builtin-math-5.c scan-tree-dump-times original "cpow " 18
FAIL: gcc.dg/torture/builtin-math-5.c scan-tree-dump-times original "cpowl" 18
FAIL: gcc.dg/torture/builtin-math-5.c scan-tree-dump-times original "cexpf" 2
FAIL: gcc.dg/torture/builtin-math-5.c scan-tree-dump-times original "cexp " 2
FAIL: gcc.dg/torture/builtin-math-5.c scan-tree-dump-times original "cexpl" 2
FAIL: gcc.dg/torture/builtin-math-5.c scan-tree-dump-times original "cpowf" 18
FAIL: gcc.dg/torture/builtin-math-5.c scan-tree-dump-times original "cpow " 18
FAIL: gcc.dg/torture/builtin-math-5.c scan-tree-dump-times original "cpowl" 18
FAIL: gcc.dg/torture/builtin-math-5.c scan-tree-dump-times original "cexpf" 2
FAIL: gcc.dg/torture/builtin-math-5.c scan-tree-dump-times original "cexp " 2
FAIL: gcc.dg/torture/builtin-math-5.c scan-tree-dump-times original "cexpl" 2
FAIL: gcc.dg/torture/builtin-math-5.c scan-tree-dump-times original "cpowf" 18
FAIL: gcc.dg/torture/builtin-math-5.c scan-tree-dump-times original "cpow " 18
FAIL: gcc.dg/torture/builtin-math-5.c scan-tree-dump-times original "cpowl" 18
[*]WARNING: program timed out.
[*]FAIL: gcc.dg/torture/pr44806.c (test for excess errors)
[*]FAIL: gcc.dg/torture/stackalign/alloca-6.c (test for excess errors)
[*]FAIL: gcc.dg/torture/stackalign/vararg-3.c (test for excess errors)
[*]WARNING: program timed out.
[*]WARNING: program timed out.
FAIL: gcc.dg/vect/fast-math-bb-slp-call-3.c execution test
FAIL: gcc.target/i386/pr25993.c (test for excess errors)
FAIL: gcc.target/i386/pr55458.c  (test for errors, line 10)

		=== gcc Summary ===

# of expected passes		93439
# of unexpected failures	97
# of expected failures		213
# of unresolved testcases	5
# of unsupported tests		1255
/gnu/gcc/obj/gcc/xgcc  version 4.8.0 20130311 (experimental) (GCC)

		=== libstdc++ tests ===


Running target unix
FAIL: 17_intro/using_namespace_std_tr1_neg.cc (test for excess errors)
FAIL: 18_support/exception_ptr/requirements_neg.cc (test for excess errors)
FAIL: 20_util/auto_ptr/assign_neg.cc (test for excess errors)
FAIL: 20_util/bind/ref_neg.cc (test for excess errors)
FAIL: 20_util/default_delete/48631_neg.cc (test for excess errors)
FAIL: 20_util/function/cmp/cmp_neg.cc (test for excess errors)
FAIL: 20_util/function/cmp/cmp_neg.cc (test for excess errors)
FAIL: 20_util/headers/type_traits/types_std_c++0x_neg.cc (test for excess errors)
FAIL: 20_util/headers/type_traits/types_std_c++0x_neg.cc (test for excess errors)
FAIL: 20_util/make_signed/requirements/typedefs_neg.cc (test for excess errors)
FAIL: 20_util/make_signed/requirements/typedefs_neg.cc (test for excess errors)
FAIL: 20_util/make_unsigned/requirements/typedefs_neg.cc (test for excess errors)
FAIL: 20_util/make_unsigned/requirements/typedefs_neg.cc (test for excess errors)
FAIL: 20_util/ratio/operations/ops_overflow_neg.cc (test for excess errors)
FAIL: 20_util/ratio/operations/ops_overflow_neg.cc (test for excess errors)
FAIL: 20_util/reference_wrapper/ref_neg.cc (test for excess errors)
FAIL: 20_util/unique_ptr/assign/48635_neg.cc (test for excess errors)
FAIL: 20_util/unique_ptr/assign/48635_neg.cc (test for excess errors)
FAIL: 22_locale/ctype/scan/wchar_t/1.cc execution test
FAIL: 22_locale/ctype/scan/wchar_t/1.cc execution test
FAIL: 22_locale/ctype/scan/wchar_t/1.cc execution test
FAIL: 23_containers/list/23781_neg.cc (test for excess errors)
FAIL: 23_containers/map/23781_neg.cc (test for excess errors)
FAIL: 23_containers/map/operators/1_neg.cc (test for excess errors)
FAIL: 23_containers/map/operators/1_neg.cc (test for excess errors)
FAIL: 23_containers/multimap/23781_neg.cc (test for excess errors)
FAIL: 23_containers/multiset/23781_neg.cc (test for excess errors)
FAIL: 23_containers/set/23781_neg.cc (test for excess errors)
FAIL: 23_containers/set/operators/1_neg.cc (test for excess errors)
FAIL: 23_containers/set/operators/1_neg.cc (test for excess errors)
FAIL: 26_numerics/headers/cmath/types_std_c++0x_neg.cc (test for excess errors)
FAIL: 26_numerics/headers/cmath/types_std_c++0x_neg.cc (test for excess errors)
FAIL:
26_numerics/random/linear_congruential_engine/requirements/non_uint_neg.cc
(test for excess errors)
FAIL:
26_numerics/random/linear_congruential_engine/requirements/non_uint_neg.cc
(test for excess errors)
FAIL:
26_numerics/random/linear_congruential_engine/requirements/non_uint_neg.cc
(test for excess errors)
FAIL: 27_io/basic_filebuf/seekpos/char/1-io.cc execution test
FAIL: 27_io/basic_filebuf/seekpos/char/1-io.cc execution test
FAIL: 27_io/basic_filebuf/seekpos/char/2-io.cc execution test
FAIL: 27_io/basic_filebuf/seekpos/char/2-io.cc execution test
FAIL: 27_io/basic_ostream/inserters_arithmetic/wchar_t/4402.cc execution test
FAIL: 27_io/basic_ostream/inserters_arithmetic/wchar_t/4402.cc execution test
FAIL: 27_io/basic_ostream/inserters_arithmetic/wchar_t/4402.cc execution test
FAIL: 27_io/ios_base/cons/assign_neg.cc (test for excess errors)
FAIL: 27_io/ios_base/cons/assign_neg.cc (test for excess errors)
FAIL: 27_io/ios_base/cons/copy_neg.cc (test for excess errors)
FAIL: 27_io/ios_base/cons/copy_neg.cc (test for excess errors)
FAIL: 29_atomics/atomic_integral/operators/bitwise_neg.cc (test for excess errors)
FAIL: 29_atomics/atomic_integral/operators/bitwise_neg.cc (test for excess errors)
FAIL: 29_atomics/atomic_integral/operators/decrement_neg.cc (test for excess
errors)
FAIL: 29_atomics/atomic_integral/operators/decrement_neg.cc (test for excess
errors)
FAIL: 29_atomics/atomic_integral/operators/increment_neg.cc (test for excess
errors)
FAIL: 29_atomics/atomic_integral/operators/increment_neg.cc (test for excess
errors)
FAIL: 29_atomics/headers/atomic/types_std_c++0x_neg.cc (test for excess errors)
FAIL: 29_atomics/headers/atomic/types_std_c++0x_neg.cc (test for excess errors)
FAIL: 30_threads/condition_variable/members/1.cc execution test
FAIL: 30_threads/condition_variable/members/2.cc execution test
FAIL: 30_threads/condition_variable/members/2.cc execution test
FAIL: 30_threads/condition_variable_any/members/1.cc execution test
FAIL: 30_threads/condition_variable_any/members/2.cc execution test
FAIL: 30_threads/condition_variable_any/members/2.cc execution test
FAIL: decimal/cast_neg.cc (test for excess errors)
FAIL: decimal/mixed-mode-arith_neg.cc (test for excess errors)
FAIL: decimal/mixed-mode-cmp_neg.cc (test for excess errors)
FAIL: decimal/operator_neg.cc (test for excess errors)
FAIL: ext/codecvt/wchar_t.cc execution test
FAIL: ext/slist/23781_neg.cc (test for excess errors)
FAIL:
tr1/5_numerical_facilities/random/linear_congruential/requirements/non_uint_neg.cc
(test for excess errors)
FAIL:
tr1/5_numerical_facilities/random/linear_congruential/requirements/non_uint_neg.cc
(test for excess errors)
FAIL:
tr1/5_numerical_facilities/random/linear_congruential/requirements/non_uint_neg.cc
(test for excess errors)
FAIL:
tr1/5_numerical_facilities/random/linear_congruential/requirements/non_uint_neg.cc
(test for excess errors)
FAIL: tr1/6_containers/unordered_map/requirements/iterator_neg.cc (test for
excess errors)
FAIL: tr1/6_containers/unordered_map/requirements/iterator_neg.cc (test for
excess errors)
FAIL: tr1/6_containers/unordered_map/requirements/iterator_neg.cc (test for
excess errors)
FAIL: tr1/6_containers/unordered_map/requirements/iterator_null_neg.cc (test
for excess errors)
FAIL: tr1/6_containers/unordered_map/requirements/iterator_null_neg.cc (test
for excess errors)
FAIL: tr1/6_containers/unordered_map/requirements/iterator_null_neg.cc (test
for excess errors)
FAIL: tr1/6_containers/unordered_multimap/requirements/iterator_neg.cc (test
for excess errors)
FAIL: tr1/6_containers/unordered_multimap/requirements/iterator_neg.cc (test
for excess errors)
FAIL: tr1/6_containers/unordered_multimap/requirements/iterator_neg.cc (test
for excess errors)
FAIL: tr1/6_containers/unordered_multimap/requirements/iterator_null_neg.cc
(test for excess errors)
FAIL: tr1/6_containers/unordered_multimap/requirements/iterator_null_neg.cc
(test for excess errors)
FAIL: tr1/6_containers/unordered_multimap/requirements/iterator_null_neg.cc
(test for excess errors)
FAIL: tr1/6_containers/unordered_multiset/requirements/iterator_neg.cc (test
for excess errors)
FAIL: tr1/6_containers/unordered_multiset/requirements/iterator_neg.cc (test
for excess errors)
FAIL: tr1/6_containers/unordered_multiset/requirements/iterator_neg.cc (test
for excess errors)
FAIL: tr1/6_containers/unordered_multiset/requirements/iterator_null_neg.cc
(test for excess errors)
FAIL: tr1/6_containers/unordered_multiset/requirements/iterator_null_neg.cc
(test for excess errors)
FAIL: tr1/6_containers/unordered_multiset/requirements/iterator_null_neg.cc
(test for excess errors)
FAIL: tr1/6_containers/unordered_set/requirements/iterator_neg.cc (test for
excess errors)
FAIL: tr1/6_containers/unordered_set/requirements/iterator_neg.cc (test for
excess errors)
FAIL: tr1/6_containers/unordered_set/requirements/iterator_neg.cc (test for
excess errors)
FAIL: tr1/6_containers/unordered_set/requirements/iterator_null_neg.cc (test
for excess errors)
FAIL: tr1/6_containers/unordered_set/requirements/iterator_null_neg.cc (test
for excess errors)
FAIL: tr1/6_containers/unordered_set/requirements/iterator_null_neg.cc (test
for excess errors)

		=== libstdc++ Summary ===

# of expected passes		18667
# of unexpected failures	94
# of expected failures		94
# of unsupported tests		1671

Compiler version: 4.8.0 20130311 (experimental) (GCC)
Platform: i686-pc-cygwin
configure flags: --prefix=/gnu/usr -v --with-gmp=/usr --with-mpfr=/usr
--enable-bootstrap --enable-version-specific-runtime-libs --enable-static
--enable-shared --enable-shared-libgcc --disable-__cxa_atexit --with-gnu-ld
--with-gnu-as --with-dwarf2 --disable-sjlj-exceptions --disable-symvers
--enable-lto --enable-java-awt=gtk --enable-libjava --enable-interpreter
--program-suffix=-4 --enable-libgomp --enable-libssp --enable-libada
--enable-threads=posix --with-arch=i686 --with-tune=generic CC=gcc-4 CXX=g++-4
CC_FOR_TARGET=gcc-4 CXX_FOR_TARGET=g++-4
--with-ecj-jar=/usr/share/java/ecj.jar --disable-win32-registry
--disable-libgcj-debug --enable-graphite --enable-decimal-float
--with-plugin-ld=ld --enable-languages=c,c++,fortran,java,objc,obj-c++


Index Nav: [Date Index] [Subject Index] [Author Index] [Thread Index]
Message Nav: [Date Prev] [Date Next] [Thread Prev] [Thread Next]