This is the mail archive of the gcc-testresults@gcc.gnu.org mailing list for the GCC project.


Index Nav: [Date Index] [Subject Index] [Author Index] [Thread Index]
Message Nav: [Date Prev] [Date Next] [Thread Prev] [Thread Next]
Other format: [Raw text]

Results for 4.7.3 20130313 (prerelease) (GCC) testsuite on arm-none-eabi


LAST_UPDATED: Wed Mar 13 18:22:33 UTC 2013 (/branches/gcc-4_7-branch revision 196628)

Target is arm-none-eabi
Host   is i686-pc-linux-gnu

		=== g++ tests ===


Running target arm-sim-fsf
FAIL: g++.dg/lookup/builtin5.C -std=c++11  scan-assembler _ZSt5atanhd
FAIL: g++.dg/simulate-thread/atomics-1.C  -O0 -g  (test for excess errors)
FAIL: g++.dg/simulate-thread/atomics-1.C  -O1 -g  (test for excess errors)
FAIL: g++.dg/simulate-thread/atomics-1.C  -O2 -g -std=c++98  (test for excess errors)
FAIL: g++.dg/simulate-thread/atomics-1.C  -O3 -g -std=c++11  (test for excess errors)
FAIL: g++.dg/simulate-thread/atomics-1.C  -Os -g  (test for excess errors)
FAIL: g++.dg/simulate-thread/atomics-2.C  -O0 -g  (test for excess errors)
FAIL: g++.dg/simulate-thread/atomics-2.C  -O1 -g  (test for excess errors)
FAIL: g++.dg/simulate-thread/atomics-2.C  -O2 -g -std=c++98  (test for excess errors)
FAIL: g++.dg/simulate-thread/atomics-2.C  -O3 -g -std=c++11  (test for excess errors)
FAIL: g++.dg/simulate-thread/atomics-2.C  -Os -g  (test for excess errors)

		=== g++ Summary ===

# of expected passes		45075
# of unexpected failures	11
# of expected failures		279
# of unsupported tests		774
/scratch/gcc/nightly-2013-03-13-4.7/arm-none-eabi/obj/test-4.7-0-arm-none-eabi/host-i686-pc-linux-gnu/fsf-4.7/bin/arm-none-eabi-g++  version 4.7.3 20130313 (prerelease) (GCC) 


		=== Summary adjusted for local xfails ===

# of unexpected failures        11
# of expected passes            45075
# of expected failures          279
# of unsupported tests          774
Host   is i686-pc-linux-gnu

		=== gcc tests ===


Running target arm-sim-fsf
FAIL: gcc.dg/atomic-flag.c (test for excess errors)
UNRESOLVED: gcc.dg/atomic-flag.c compilation failed to produce executable
FAIL: gcc.dg/uninit-13.c unconditional (test for warnings, line 8)
FAIL: gcc.dg/uninit-13.c (test for excess errors)
FAIL: gcc.dg/tree-ssa/sra-12.c scan-tree-dump-times release_ssa "l;" 0
FAIL: gcc.dg/vect/slp-perm-8.c scan-tree-dump-times vect "vectorized 1 loops" 2
FAIL: gcc.dg/vect/slp-perm-8.c -flto  scan-tree-dump-times vect "vectorized 1 loops" 2
FAIL: gcc.target/arm/pr42172-1.c scan-assembler-times ldr 1
FAIL: gcc.target/arm/pr42575.c scan-assembler-not mov

		=== gcc Summary ===

# of expected passes		80158
# of unexpected failures	8
# of expected failures		248
# of unresolved testcases	1
# of unsupported tests		1594
/scratch/gcc/nightly-2013-03-13-4.7/arm-none-eabi/obj/test-4.7-0-arm-none-eabi/host-i686-pc-linux-gnu/fsf-4.7/bin/arm-none-eabi-gcc  version 4.7.3 20130313 (prerelease) (GCC) 


		=== Summary adjusted for local xfails ===

# of unexpected failures        8
# of expected passes            80158
# of expected failures          248
# of unresolved testcases       1
# of unsupported tests          1594
Host   is i686-pc-linux-gnu

		=== libstdc++ tests ===


Running target arm-sim-fsf
ERROR: tcl error sourcing /scratch/gcc/nightly-2013-03-13-4.7/src/gcc-4.7/libstdc++-v3/testsuite/libstdc++-abi/abi.exp.
ERROR: can't read "baseline_subdir_switch": no such variable
FAIL: 22_locale/collate/transform/wchar_t/28277.cc execution test
FAIL: 23_containers/vector/profile/vector.cc execution test
FAIL: 27_io/basic_filebuf/underflow/wchar_t/11603.cc execution test
FAIL: 27_io/basic_stringbuf/overflow/wchar_t/1.cc execution test
FAIL: 29_atomics/atomic/cons/49445.cc (test for excess errors)
UNRESOLVED: 29_atomics/atomic/cons/49445.cc compilation failed to produce executable
FAIL: 29_atomics/atomic_flag/clear/1.cc (test for excess errors)
UNRESOLVED: 29_atomics/atomic_flag/clear/1.cc compilation failed to produce executable
FAIL: 29_atomics/atomic_flag/test_and_set/explicit.cc (test for excess errors)
UNRESOLVED: 29_atomics/atomic_flag/test_and_set/explicit.cc compilation failed to produce executable
FAIL: 29_atomics/atomic_flag/test_and_set/implicit.cc (test for excess errors)
UNRESOLVED: 29_atomics/atomic_flag/test_and_set/implicit.cc compilation failed to produce executable
XPASS: ext/stdio_filebuf/char/10063-2.cc execution test
XPASS: ext/stdio_filebuf/char/10063-3.cc execution test
FAIL: tr2/headers/all.cc (test for excess errors)

		=== libstdc++ Summary ===

# of expected passes		7320
# of unexpected failures	9
# of unexpected successes	2
# of expected failures		52
# of unresolved testcases	4
# of unsupported tests		579

		=== Summary adjusted for local xfails ===

# of errors                     2
# of unexpected failures        9
# of expected passes            7320
# of unexpected successes       2
# of expected failures          52
# of unresolved testcases       4
# of unsupported tests          579
Host   is i686-pc-linux-gnu

		=== g++ tests ===


Running target arm-sim-fsf/-mthumb
FAIL: g++.dg/lookup/builtin5.C -std=c++11  scan-assembler _ZSt5atanhd
FAIL: g++.dg/simulate-thread/atomics-1.C  -O0 -g  (test for excess errors)
FAIL: g++.dg/simulate-thread/atomics-1.C  -O1 -g  (test for excess errors)
FAIL: g++.dg/simulate-thread/atomics-1.C  -O2 -g -std=c++98  (test for excess errors)
FAIL: g++.dg/simulate-thread/atomics-1.C  -O3 -g -std=c++11  (test for excess errors)
FAIL: g++.dg/simulate-thread/atomics-1.C  -Os -g  (test for excess errors)
FAIL: g++.dg/simulate-thread/atomics-2.C  -O0 -g  (test for excess errors)
FAIL: g++.dg/simulate-thread/atomics-2.C  -O1 -g  (test for excess errors)
FAIL: g++.dg/simulate-thread/atomics-2.C  -O2 -g -std=c++98  (test for excess errors)
FAIL: g++.dg/simulate-thread/atomics-2.C  -O3 -g -std=c++11  (test for excess errors)
FAIL: g++.dg/simulate-thread/atomics-2.C  -Os -g  (test for excess errors)

		=== g++ Summary ===

# of expected passes		44935
# of unexpected failures	11
# of expected failures		279
# of unsupported tests		790
/scratch/gcc/nightly-2013-03-13-4.7/arm-none-eabi/obj/test-4.7-0-arm-none-eabi/host-i686-pc-linux-gnu/fsf-4.7/bin/arm-none-eabi-g++  version 4.7.3 20130313 (prerelease) (GCC) 


		=== Summary adjusted for local xfails ===

# of unexpected failures        11
# of expected passes            44935
# of expected failures          279
# of unsupported tests          790
Host   is i686-pc-linux-gnu

		=== gcc tests ===


Running target arm-sim-fsf/-mthumb
FAIL: gcc.dg/atomic-flag.c (test for excess errors)
UNRESOLVED: gcc.dg/atomic-flag.c compilation failed to produce executable
FAIL: gcc.dg/uninit-13.c unconditional (test for warnings, line 8)
FAIL: gcc.dg/uninit-13.c (test for excess errors)
FAIL: gcc.dg/tree-ssa/sra-12.c scan-tree-dump-times release_ssa "l;" 0
FAIL: gcc.target/arm/pr42172-1.c scan-assembler-times ldr 1

		=== gcc Summary ===

# of expected passes		73357
# of unexpected failures	5
# of expected failures		106
# of unresolved testcases	1
# of unsupported tests		3493
/scratch/gcc/nightly-2013-03-13-4.7/arm-none-eabi/obj/test-4.7-0-arm-none-eabi/host-i686-pc-linux-gnu/fsf-4.7/bin/arm-none-eabi-gcc  version 4.7.3 20130313 (prerelease) (GCC) 


		=== Summary adjusted for local xfails ===

# of unexpected failures        5
# of expected passes            73357
# of expected failures          106
# of unresolved testcases       1
# of unsupported tests          3493
Host   is i686-pc-linux-gnu

		=== libstdc++ tests ===


Running target arm-sim-fsf/-mthumb
ERROR: tcl error sourcing /scratch/gcc/nightly-2013-03-13-4.7/src/gcc-4.7/libstdc++-v3/testsuite/libstdc++-abi/abi.exp.
ERROR: can't read "baseline_subdir_switch": no such variable
FAIL: 22_locale/collate/transform/wchar_t/28277.cc execution test
FAIL: 23_containers/vector/profile/vector.cc execution test
FAIL: 27_io/basic_filebuf/underflow/wchar_t/11603.cc execution test
FAIL: 27_io/basic_stringbuf/overflow/wchar_t/1.cc execution test
FAIL: 29_atomics/atomic/cons/49445.cc (test for excess errors)
UNRESOLVED: 29_atomics/atomic/cons/49445.cc compilation failed to produce executable
FAIL: 29_atomics/atomic_flag/clear/1.cc (test for excess errors)
UNRESOLVED: 29_atomics/atomic_flag/clear/1.cc compilation failed to produce executable
FAIL: 29_atomics/atomic_flag/test_and_set/explicit.cc (test for excess errors)
UNRESOLVED: 29_atomics/atomic_flag/test_and_set/explicit.cc compilation failed to produce executable
FAIL: 29_atomics/atomic_flag/test_and_set/implicit.cc (test for excess errors)
UNRESOLVED: 29_atomics/atomic_flag/test_and_set/implicit.cc compilation failed to produce executable
XPASS: ext/stdio_filebuf/char/10063-2.cc execution test
XPASS: ext/stdio_filebuf/char/10063-3.cc execution test
FAIL: tr2/headers/all.cc (test for excess errors)

		=== libstdc++ Summary ===

# of expected passes		7320
# of unexpected failures	9
# of unexpected successes	2
# of expected failures		52
# of unresolved testcases	4
# of unsupported tests		579

		=== Summary adjusted for local xfails ===

# of errors                     2
# of unexpected failures        9
# of expected passes            7320
# of unexpected successes       2
# of expected failures          52
# of unresolved testcases       4
# of unsupported tests          579

Compiler version: 4.7.3 20130313 (prerelease) (GCC) 
Platform: arm-none-eabi
configure flags: --build=i686-pc-linux-gnu --host=i686-pc-linux-gnu --target=arm-none-eabi --enable-threads --disable-libmudflap --disable-libssp --disable-libstdcxx-pch --with-gnu-as --with-gnu-ld --enable-languages=c,c++ --disable-shared --enable-lto --with-newlib --disable-nls --prefix=/opt/codesourcery --with-headers=yes --with-sysroot=/opt/codesourcery/arm-none-eabi --with-build-sysroot=/scratch/gcc/nightly-2013-03-13-4.7/arm-none-eabi/install/arm-none-eabi --with-gmp=/scratch/gcc/nightly-2013-03-13-4.7/arm-none-eabi/obj/pkg-4.7-0-arm-none-eabi/fsf-4.7-0-arm-none-eabi.extras/host-libs-i686-pc-linux-gnu/usr --with-mpfr=/scratch/gcc/nightly-2013-03-13-4.7/arm-none-eabi/obj/pkg-4.7-0-arm-none-eabi/fsf-4.7-0-arm-none-eabi.extras/host-libs-i686-pc-linux-gnu/usr --with-mpc=/scratch/gcc/nightly-2013-03-13-4.7/arm-none-eabi/obj/pkg-4.7-0-arm-none-eabi/fsf-4.7-0-arm-none-eabi.extras/host-libs-i686-pc-linux-gnu/usr --with-ppl=/scratch/gcc/nightly-2013-03-13-4.7/arm-none-eabi/obj/p
 kg-4.7-0-arm-none-eabi/fsf-4.7-0-arm-none-eabi.extras/host-libs-i686-pc-linux-gnu/usr --with-host-libstdcxx='-static-libgcc -Wl,-Bstatic,-lstdc++,-Bdynamic -lm' --with-cloog=/scratch/gcc/nightly-2013-03-13-4.7/arm-none-eabi/obj/pkg-4.7-0-arm-none-eabi/fsf-4.7-0-arm-none-eabi.extras/host-libs-i686-pc-linux-gnu/usr --with-libelf=/scratch/gcc/nightly-2013-03-13-4.7/arm-none-eabi/obj/pkg-4.7-0-arm-none-eabi/fsf-4.7-0-arm-none-eabi.extras/host-libs-i686-pc-linux-gnu/usr --disable-libgomp --disable-libitm --enable-poison-system-directories --with-build-time-tools=/scratch/gcc/nightly-2013-03-13-4.7/arm-none-eabi/install/arm-none-eabi/bin --with-build-time-tools=/scratch/gcc/nightly-2013-03-13-4.7/arm-none-eabi/install/arm-none-eabi/bin


Index Nav: [Date Index] [Subject Index] [Author Index] [Thread Index]
Message Nav: [Date Prev] [Date Next] [Thread Prev] [Thread Next]