This is the mail archive of the gcc-testresults@gcc.gnu.org mailing list for the GCC project.


Index Nav: [Date Index] [Subject Index] [Author Index] [Thread Index]
Message Nav: [Date Prev] [Date Next] [Thread Prev] [Thread Next]
Other format: [Raw text]

Results for 4.8.0 20130310 (experimental) testsuite on sparc-unknown-linux-gnu


LAST_UPDATED: Obtained from SVN: trunk revision 196584

		=== acats tests ===
FAIL:	c52103x
FAIL:	c52104x
FAIL:	c52104y

		=== acats Summary ===
# of expected passes		2317
# of unexpected failures	3
Native configuration is sparc-unknown-linux-gnu

		=== g++ tests ===


Running target unix

		=== g++ Summary ===

# of expected passes		48205
# of expected failures		288
# of unsupported tests		915
/mnt/scratch/objdir48/gcc/testsuite/g++/../../xg++  version 4.8.0 20130310 (experimental) (GCC) 

		=== gcc tests ===


Running target unix

		=== gcc Summary ===

# of expected passes		68992
# of expected failures		227
# of unsupported tests		1315
/mnt/scratch/objdir48/gcc/xgcc  version 4.8.0 20130310 (experimental) (GCC) 

		=== gfortran tests ===


Running target unix
XPASS: gfortran.dg/do_1.f90  -O0  execution test
XPASS: gfortran.dg/do_1.f90  -O1  execution test

		=== gfortran Summary ===

# of expected passes		42645
# of unexpected successes	2
# of expected failures		50
# of unsupported tests		275
/mnt/scratch/objdir48/gcc/testsuite/gfortran/../../gfortran  version 4.8.0 20130310 (experimental) (GCC) 

		=== gnat tests ===


Running target unix
FAIL: gnat.dg/null_pointer_deref1.adb execution test
FAIL: gnat.dg/null_pointer_deref3.adb execution test

		=== gnat Summary ===

# of expected passes		1148
# of unexpected failures	2
# of expected failures		17
# of unsupported tests		10
/mnt/scratch/objdir48/gcc/gnatmake version 4.8.0 20130310 (experimental)

		=== libatomic tests ===


Running target unix

		=== libatomic Summary ===

# of expected passes		34
# of unsupported tests		10
		=== libgomp tests ===


Running target unix

		=== libgomp Summary ===

# of expected passes		2947
# of unsupported tests		1
		=== libitm tests ===


Running target unix

		=== libitm Summary ===

# of expected passes		26
# of expected failures		3
# of unsupported tests		1
		=== libstdc++ tests ===


Running target unix
FAIL: 22_locale/messages/members/char/1.cc execution test
FAIL: 22_locale/messages/members/char/2.cc execution test
FAIL: 22_locale/messages/members/char/wrapped_env.cc execution test
FAIL: 22_locale/messages/members/char/wrapped_locale.cc execution test
FAIL: 22_locale/messages_byname/named_equivalence.cc execution test

		=== libstdc++ Summary ===

# of expected passes		8972
# of unexpected failures	5
# of expected failures		45
# of unsupported tests		246

Compiler version: 4.8.0 20130310 (experimental) 
Platform: sparc-unknown-linux-gnu
configure flags: --prefix=/mnt/scratch/install48 --with-gmp=/home/mikpe/pkgs/linux-sparc64/gmp-5.1.1 --with-mpfr=/home/mikpe/pkgs/linux-sparc64/mpfr-3.1.1 --with-mpc=/home/mikpe/pkgs/linux-sparc64/mpc-1.0.1 --enable-multilib --disable-plugin --disable-lto --disable-nls --enable-threads=posix --enable-checking=release --disable-libmudflap --enable-languages=c,c++,fortran,ada --build=sparc-unknown-linux --target=sparc-unknown-linux --with-cpu=ultrasparc --enable-targets=all
BOOT_CFLAGS=-g -O2


Index Nav: [Date Index] [Subject Index] [Author Index] [Thread Index]
Message Nav: [Date Prev] [Date Next] [Thread Prev] [Thread Next]