This is the mail archive of the gcc-testresults@gcc.gnu.org mailing list for the GCC project.


Index Nav: [Date Index] [Subject Index] [Author Index] [Thread Index]
Message Nav: [Date Prev] [Date Next] [Thread Prev] [Thread Next]
Other format: [Raw text]

Results for 4.6.4 20130308 (prerelease) [gcc-4_6-branch revision 196529] (GCC) testsuite on sparc-sun-solaris2.8


LAST_UPDATED: Fri Mar  8 14:02:03 UTC 2013 (revision 196529)

		=== acats tests ===

		=== acats Summary ===
# of expected passes		2321
# of unexpected failures	0
Native configuration is sparc-sun-solaris2.8

		=== g++ tests ===


Running target unix
XPASS: g++.dg/uninit-pred-3_b.C (test for excess errors)
FAIL: g++.dg/lto/20091219 cp_lto_20091219_0.o-cp_lto_20091219_0.o link, -O3 -flto
UNRESOLVED: g++.dg/lto/20091219 cp_lto_20091219_0.o-cp_lto_20091219_0.o execute -O3 -flto
FAIL: g++.dg/torture/pr31863.C  -O2 -flto  (test for excess errors)
WARNING: program timed out.
FAIL: g++.dg/torture/pr45843.C  -O2 -flto -flto-partition=none  (test for excess errors)

		=== g++ Summary for unix ===

# of expected passes		26479
# of unexpected failures	3
# of unexpected successes	1
# of expected failures		170
# of unresolved testcases	1
# of unsupported tests		504

Running target unix/-m64
FAIL: g++.dg/cpp0x/nullptr28.C execution test
XPASS: g++.dg/uninit-pred-3_b.C (test for excess errors)
FAIL: g++.dg/lto/20091219 cp_lto_20091219_0.o-cp_lto_20091219_0.o link, -O3 -flto
UNRESOLVED: g++.dg/lto/20091219 cp_lto_20091219_0.o-cp_lto_20091219_0.o execute -O3 -flto
FAIL: g++.dg/torture/pr31863.C  -O2 -flto  (test for excess errors)

		=== g++ Summary for unix/-m64 ===

# of expected passes		27091
# of unexpected failures	3
# of unexpected successes	1
# of expected failures		170
# of unresolved testcases	1
# of unsupported tests		501

		=== g++ Summary ===

# of expected passes		53570
# of unexpected failures	6
# of unexpected successes	2
# of expected failures		340
# of unresolved testcases	2
# of unsupported tests		1005
/var/gcc/regression/gcc-4.6-branch/8-gcc/build/gcc/testsuite/g++/../../g++  version 4.6.4 20130308 (prerelease) [gcc-4_6-branch revision 196529] (GCC) 

		=== gcc tests ===


Running target unix
WARNING: program timed out.
FAIL: gcc.c-torture/compile/limits-externdecl.c  -O2  (test for excess errors)
WARNING: program timed out.
FAIL: gcc.c-torture/compile/limits-externdecl.c  -O3 -g  (test for excess errors)
FAIL: gcc.c-torture/execute/pr22061-4.c compilation,  -O2 -flto 
UNRESOLVED: gcc.c-torture/execute/pr22061-4.c execution,  -O2 -flto 
WARNING: program timed out.
FAIL: gcc.dg/lto/20110201-1 c_lto_20110201-1_0.o-c_lto_20110201-1_0.o link,  -O0 -flto 
UNRESOLVED: gcc.dg/lto/20110201-1 c_lto_20110201-1_0.o-c_lto_20110201-1_0.o execute  -O0 -flto 

		=== gcc Summary for unix ===

# of expected passes		70633
# of unexpected failures	4
# of expected failures		238
# of unresolved testcases	2
# of unsupported tests		1243

Running target unix/-m64
WARNING: program timed out.
FAIL: gcc.c-torture/execute/builtins/memmove-chk.c compilation,  -O3 -fomit-frame-pointer -funroll-loops 
UNRESOLVED: gcc.c-torture/execute/builtins/memmove-chk.c execution,  -O3 -fomit-frame-pointer -funroll-loops 
WARNING: program timed out.
FAIL: gcc.c-torture/execute/builtins/memmove-chk.c compilation,  -O3 -fomit-frame-pointer -funroll-all-loops -finline-functions 
UNRESOLVED: gcc.c-torture/execute/builtins/memmove-chk.c execution,  -O3 -fomit-frame-pointer -funroll-all-loops -finline-functions 
FAIL: gcc.c-torture/execute/20000227-1.c compilation,  -O2 -flto -flto-partition=none 
UNRESOLVED: gcc.c-torture/execute/20000227-1.c execution,  -O2 -flto -flto-partition=none 
WARNING: program timed out.
WARNING: program timed out.
FAIL: gcc.c-torture/execute/ieee/fp-cmp-3.c compilation,  -O3 -g 
UNRESOLVED: gcc.c-torture/execute/ieee/fp-cmp-3.c execution,  -O3 -g 
WARNING: program timed out.
FAIL: tmpdir-gcc.dg-struct-layout-1/t027 c_compat_x_tst.o compile
WARNING: program timed out.
FAIL: tmpdir-gcc.dg-struct-layout-1/t027 c_compat_y_tst.o compile
UNRESOLVED: tmpdir-gcc.dg-struct-layout-1/t027 c_compat_x_tst.o-c_compat_y_tst.o link 
UNRESOLVED: tmpdir-gcc.dg-struct-layout-1/t027 c_compat_x_tst.o-c_compat_y_tst.o execute 
WARNING: program timed out.
FAIL: tmpdir-gcc.dg-struct-layout-1/t028 c_compat_x_tst.o compile
UNRESOLVED: tmpdir-gcc.dg-struct-layout-1/t028 c_compat_x_tst.o-c_compat_y_tst.o link 
UNRESOLVED: tmpdir-gcc.dg-struct-layout-1/t028 c_compat_x_tst.o-c_compat_y_tst.o execute 

		=== gcc Summary for unix/-m64 ===

# of expected passes		71211
# of unexpected failures	7
# of expected failures		230
# of unresolved testcases	8
# of unsupported tests		1245

		=== gcc Summary ===

# of expected passes		141844
# of unexpected failures	11
# of expected failures		468
# of unresolved testcases	10
# of unsupported tests		2488
/var/gcc/regression/gcc-4.6-branch/8-gcc/build/gcc/xgcc  version 4.6.4 20130308 (prerelease) [gcc-4_6-branch revision 196529] (GCC) 

		=== gfortran tests ===


Running target unix
FAIL: gfortran.dg/minmaxloc_3.f90  -O0  (test for excess errors)
FAIL: gfortran.dg/transfer_array_intrinsic_1.f90  -O1  (test for excess errors)
WARNING: program timed out.
WARNING: program timed out.

		=== gfortran Summary for unix ===

# of expected passes		38582
# of unexpected failures	2
# of expected failures		43
# of unsupported tests		396

Running target unix/-m64
FAIL: gfortran.dg/advance_4.f90  -O3 -fomit-frame-pointer -funroll-all-loops -finline-functions  (test for excess errors)
WARNING: program timed out.
WARNING: program timed out.

		=== gfortran Summary for unix/-m64 ===

# of expected passes		38869
# of unexpected failures	1
# of expected failures		43
# of unsupported tests		252

		=== gfortran Summary ===

# of expected passes		77451
# of unexpected failures	3
# of expected failures		86
# of unsupported tests		648
/var/gcc/regression/gcc-4.6-branch/8-gcc/build/gcc/testsuite/gfortran/../../gfortran  version 4.6.4 20130308 (prerelease) [gcc-4_6-branch revision 196529] (GCC) 

		=== gnat tests ===


Running target unix

		=== gnat Summary for unix ===

# of expected passes		877
# of expected failures		10
# of unsupported tests		4

Running target unix/-m64

		=== gnat Summary for unix/-m64 ===

# of expected passes		877
# of expected failures		10
# of unsupported tests		4

		=== gnat Summary ===

# of expected passes		1754
# of expected failures		20
# of unsupported tests		8
/var/gcc/regression/gcc-4.6-branch/8-gcc/build/gcc/gnatmake version 4.6.4 20130308 (prerelease) [gcc-4_6-branch revision 196529]

		=== objc tests ===


Running target unix

		=== objc Summary for unix ===

# of expected passes		2916
# of expected failures		10
# of unsupported tests		74

Running target unix/-m64

		=== objc Summary for unix/-m64 ===

# of expected passes		2916
# of expected failures		10
# of unsupported tests		74

		=== objc Summary ===

# of expected passes		5832
# of expected failures		20
# of unsupported tests		148
/var/gcc/regression/gcc-4.6-branch/8-gcc/build/gcc/xgcc  version 4.6.4 20130308 (prerelease) [gcc-4_6-branch revision 196529] (GCC) 

		=== libffi tests ===


Running target unix

		=== libffi Summary for unix ===

# of expected passes		1634
# of expected failures		10
# of unsupported tests		15

Running target unix/-m64

		=== libffi Summary for unix/-m64 ===

# of expected passes		1634
# of expected failures		10
# of unsupported tests		15

		=== libffi Summary ===

# of expected passes		3268
# of expected failures		20
# of unsupported tests		30
		=== libgomp tests ===


Running target unix

		=== libgomp Summary for unix ===

# of expected passes		2614
# of unsupported tests		10

Running target unix/-m64
WARNING: program timed out.
FAIL: libgomp.fortran/do2.f90  -O3 -fomit-frame-pointer  (test for excess errors)
WARNING: libgomp.fortran/do2.f90  -O3 -fomit-frame-pointer  compilation failed to produce executable

		=== libgomp Summary for unix/-m64 ===

# of expected passes		2612
# of unexpected failures	1
# of unsupported tests		10

		=== libgomp Summary ===

# of expected passes		5226
# of unexpected failures	1
# of unsupported tests		20
		=== libjava tests ===


Running target unix
FAIL: InvokeInterface execution - source compiled test
FAIL: InvokeInterface -O3 execution - source compiled test

		=== libjava Summary for unix ===

# of expected passes		2570
# of unexpected failures	2
# of untested testcases		2

Running target unix/-m64
WARNING: program timed out.
FAIL: G19990304_01 -O3 -findirect-dispatch compilation from source
WARNING: program timed out.
FAIL: G19990310_01 -findirect-dispatch compilation from source
FAIL: InvokeInterface execution - source compiled test
FAIL: InvokeInterface -O3 execution - source compiled test

		=== libjava Summary for unix/-m64 ===

# of expected passes		2564
# of unexpected failures	4
# of untested testcases		6

		=== libjava Summary ===

# of expected passes		5134
# of unexpected failures	6
# of untested testcases		8
		=== libstdc++ tests ===


Running target unix

		=== libstdc++ Summary for unix ===

# of expected passes		6910
# of expected failures		84
# of unsupported tests		745

Running target unix/-m64
FAIL: ext/pb_ds/regression/hash_data_map_rand.cc (test for excess errors)
WARNING: ext/pb_ds/regression/hash_data_map_rand.cc compilation failed to produce executable
WARNING: program timed out.

		=== libstdc++ Summary for unix/-m64 ===

# of expected passes		6908
# of unexpected failures	1
# of expected failures		84
# of unsupported tests		745

		=== libstdc++ Summary ===

# of expected passes		13818
# of unexpected failures	1
# of expected failures		168
# of unsupported tests		1490

Compiler version: 4.6.4 20130308 (prerelease) [gcc-4_6-branch revision 196529] (GCC) 
Platform: sparc-sun-solaris2.8
configure flags: --prefix=/vol/gcc --target=sparc-sun-solaris2.8 --with-gmp-include=/vol/gcc/include --with-gmp-lib=/vol/gcc/lib --with-mpfr-include=/vol/gcc/include --with-mpfr-lib=/vol/gcc/lib --with-mpc-include=/vol/gcc/include --with-mpc-lib=/vol/gcc/lib --enable-languages=all,ada --without-ppl --without-isl --without-cloog
BOOT_CFLAGS=-g -O2


Index Nav: [Date Index] [Subject Index] [Author Index] [Thread Index]
Message Nav: [Date Prev] [Date Next] [Thread Prev] [Thread Next]