This is the mail archive of the
gcc-testresults@gcc.gnu.org
mailing list for the GCC project.
Results for 4.8.0 20130305 (experimental) [trunk revision 196448] (GCC) testsuite on hppa2.0w-hp-hpux11.00
- From: John David Anglin <dave at hiauly2 dot hia dot nrc dot ca>
- To: dave at hiauly2 dot hia dot nrc dot ca, gcc-testresults at gcc dot gnu dot org
- Date: Sun, 10 Mar 2013 10:54:00 -0400 (EDT)
- Subject: Results for 4.8.0 20130305 (experimental) [trunk revision 196448] (GCC) testsuite on hppa2.0w-hp-hpux11.00
=== acats tests ===
=== acats Summary ===
# of expected passes 2320
# of unexpected failures 0
Native configuration is hppa2.0w-hp-hpux11.00
=== g++ tests ===
Running target unix
FAIL: g++.dg/cpp0x/udlit-string-literal.C (test for excess errors)
UNRESOLVED: g++.dg/ext/label13.C -std=gnu++98 compilation failed to produce executable
UNRESOLVED: g++.dg/ext/label13.C -std=gnu++11 compilation failed to produce executable
WARNING: program timed out.
FAIL: c-c++-common/simulate-thread/bitfields-2.c -Os -g thread simulation test
FAIL: g++.dg/tls/thread_local3.C -std=gnu++11 (test for excess errors)
FAIL: g++.dg/tls/thread_local3.C -std=gnu++11 execution test
FAIL: g++.dg/tls/thread_local4.C -std=gnu++11 (test for excess errors)
FAIL: g++.dg/tls/thread_local4.C -std=gnu++11 execution test
FAIL: g++.dg/tls/thread_local5.C -std=gnu++11 (test for excess errors)
FAIL: g++.dg/tls/thread_local5.C -std=gnu++11 execution test
FAIL: g++.dg/tls/thread_local6.C (test for excess errors)
FAIL: g++.dg/tls/thread_local6.C execution test
=== g++ Summary ===
# of expected passes 45395
# of unexpected failures 10
# of expected failures 294
# of unresolved testcases 2
# of unsupported tests 1197
/home/gnu/gcc/objdir/gcc/testsuite/g++/../../xg++ version 4.8.0 20130305 (experimental) [trunk revision 196448] (GCC)
=== gcc tests ===
Running target unix
WARNING: program timed out.
FAIL: gcc.dg/tree-ssa/pr55579.c scan-tree-dump esra "Created a debug-only replacement for s"
FAIL: gcc.dg/tree-ssa/vector-4.c scan-tree-dump-times gimple "VEC_PERM_EXPR <a, b, { 0, 4, 1, 5 }>;" 1
=== gcc Summary ===
# of expected passes 64817
# of unexpected failures 2
# of expected failures 117
# of unsupported tests 1529
/home/gnu/gcc/objdir/gcc/xgcc version 4.8.0 20130305 (experimental) [trunk revision 196448] (GCC)
=== gfortran tests ===
Running target unix
XPASS: gfortran.dg/do_1.f90 -O0 execution test
XPASS: gfortran.dg/do_1.f90 -O1 execution test
FAIL: gfortran.dg/pr45636.f90 -O scan-tree-dump-times forwprop2 "memset" 0
=== gfortran Summary ===
# of expected passes 41720
# of unexpected failures 1
# of unexpected successes 2
# of expected failures 48
# of unsupported tests 398
/home/gnu/gcc/objdir/gcc/testsuite/gfortran/../../gfortran version 4.8.0 20130305 (experimental) [trunk revision 196448] (GCC)
=== gnat tests ===
Running target unix
=== gnat Summary ===
# of expected passes 1144
# of expected failures 17
# of unsupported tests 12
/home/gnu/gcc/objdir/gcc/gnatmake version 4.8.0 20130305 (experimental) [trunk revision 196448]
=== obj-c++ tests ===
Running target unix
=== obj-c++ Summary ===
# of expected passes 1408
# of expected failures 2
# of unsupported tests 69
/home/gnu/gcc/objdir/gcc/testsuite/obj-c++/../../xg++ version 4.8.0 20130305 (experimental) [trunk revision 196448] (GCC)
=== objc tests ===
Running target unix
=== objc Summary ===
# of expected passes 2912
# of unsupported tests 67
/home/gnu/gcc/objdir/gcc/xgcc version 4.8.0 20130305 (experimental) [trunk revision 196448] (GCC)
=== libatomic tests ===
Running target unix
=== libatomic Summary ===
# of expected passes 4
# of unsupported tests 25
=== libgomp tests ===
Running target unix
=== libgomp Summary ===
# of expected passes 2929
# of unsupported tests 10
=== libstdc++ tests ===
Running target unix
WARNING: program timed out.
FAIL: 23_containers/vector/bool/modifiers/insert/31370.cc execution test
=== libstdc++ Summary ===
# of expected passes 6664
# of unexpected failures 1
# of expected failures 44
# of unsupported tests 723
Compiler version: 4.8.0 20130305 (experimental) [trunk revision 196448] (GCC)
Platform: hppa2.0w-hp-hpux11.00
configure flags:Test Run By dave on Wed Mar 6 02:16:48 EST 2013